65.21.44.205 - - [30/Aug/2026:07:23:23 -0500] "GET /shop/ HTTP/1.1" 200 41174 "-" "Mozilla/5.0 (compatible; AwarioBot/1.0; +https://awario.com/bots.html)" floresyfloresarmenia.com 10.53.129.184
66.249.73.99 - - [30/Aug/2026:07:23:29 -0500] "GET /?item-656565646666625554662.html HTTP/1.1" 200 51898 "-" "Mozilla/5.0 (Linux; Android 6.0.1; Nexus 5X Build/MMB29P) AppleWebKit/537.36 (KHTML, like Gecko) Chrome/151.0.7922.173 Mobile Safari/537.36 (compatible; Googlebot/2.1; +http://www.google.com/bot.html)" floresyfloresarmenia.com 10.53.129.184
69.6.233.64 - - [30/Aug/2026:07:23:29 -0500] "POST /wp-cron.php?doing_wp_cron=1788092609.3424839973449707031250 HTTP/1.1" 200 - "-" "WordPress/7.1; https://floresyfloresarmenia.com" floresyfloresarmenia.com 10.53.129.184
74.7.242.53 - - [30/Aug/2026:07:23:38 -0500] "GET /item-656066626371715062399.html HTTP/2.0" 404 28432 "https://floresyfloresarmenia.com/refederalizejlh.xml" "Mozilla/5.0 AppleWebKit/537.36 (KHTML, like Gecko; compatible; GPTBot/1.4; +https://openai.com/gptbot)" floresyfloresarmenia.com 10.53.129.184
66.249.73.99 - - [30/Aug/2026:07:23:40 -0500] "GET /?item-626564717171712549999.html HTTP/1.1" 200 47980 "-" "Mozilla/5.0 (Linux; Android 6.0.1; Nexus 5X Build/MMB29P) AppleWebKit/537.36 (KHTML, like Gecko) Chrome/151.0.7922.173 Mobile Safari/537.36 (compatible; Googlebot/2.1; +http://www.google.com/bot.html)" floresyfloresarmenia.com 10.53.129.184
66.249.73.99 - - [30/Aug/2026:07:23:46 -0500] "GET /?item-636463676766613437761.html HTTP/1.1" 200 51807 "-" "Mozilla/5.0 (Linux; Android 6.0.1; Nexus 5X Build/MMB29P) AppleWebKit/537.36 (KHTML, like Gecko) Chrome/151.0.7922.173 Mobile Safari/537.36 (compatible; Googlebot/2.1; +http://www.google.com/bot.html)" floresyfloresarmenia.com 10.53.129.184
74.7.242.53 - - [30/Aug/2026:07:23:58 -0500] "GET /item-647062666071634826093.html HTTP/2.0" 404 28432 "https://floresyfloresarmenia.com/epigastricalwzt.xml" "Mozilla/5.0 AppleWebKit/537.36 (KHTML, like Gecko; compatible; GPTBot/1.4; +https://openai.com/gptbot)" floresyfloresarmenia.com 10.53.129.184
66.249.73.166 - - [30/Aug/2026:07:23:58 -0500] "GET /item-646562706170624528182.html HTTP/1.1" 200 45376 "-" "Mozilla/5.0 (Linux; Android 6.0.1; Nexus 5X Build/MMB29P) AppleWebKit/537.36 (KHTML, like Gecko) Chrome/151.0.7922.173 Mobile Safari/537.36 (compatible; Googlebot/2.1; +http://www.google.com/bot.html)" www.floresyfloresarmenia.com 10.53.129.184
74.7.242.53 - - [30/Aug/2026:07:24:18 -0500] "GET /item-656771706466625798462.html HTTP/2.0" 404 28432 "https://floresyfloresarmenia.com/nuagvo.xml" "Mozilla/5.0 AppleWebKit/537.36 (KHTML, like Gecko; compatible; GPTBot/1.4; +https://openai.com/gptbot)" floresyfloresarmenia.com 10.53.129.184
66.249.73.101 - - [30/Aug/2026:07:24:34 -0500] "GET /?item-626361646362672314327.html HTTP/1.1" 200 48255 "-" "Mozilla/5.0 (Linux; Android 6.0.1; Nexus 5X Build/MMB29P) AppleWebKit/537.36 (KHTML, like Gecko) Chrome/151.0.7922.173 Mobile Safari/537.36 (compatible; Googlebot/2.1; +http://www.google.com/bot.html)" floresyfloresarmenia.com 10.53.129.184
66.249.73.100 - - [30/Aug/2026:07:24:35 -0500] "GET /?item-627070647161702884918.html HTTP/1.1" 200 50196 "-" "Mozilla/5.0 (Linux; Android 6.0.1; Nexus 5X Build/MMB29P) AppleWebKit/537.36 (KHTML, like Gecko) Chrome/151.0.7922.173 Mobile Safari/537.36 (compatible; Googlebot/2.1; +http://www.google.com/bot.html)" floresyfloresarmenia.com 10.53.129.184
66.249.73.99 - - [30/Aug/2026:07:24:38 -0500] "GET /?item-657071636562615893521.html HTTP/1.1" 200 45265 "-" "Mozilla/5.0 (Linux; Android 6.0.1; Nexus 5X Build/MMB29P) AppleWebKit/537.36 (KHTML, like Gecko) Chrome/151.0.7922.173 Mobile Safari/537.36 (compatible; Googlebot/2.1; +http://www.google.com/bot.html)" floresyfloresarmenia.com 10.53.129.184
74.7.242.53 - - [30/Aug/2026:07:24:38 -0500] "GET /item-656466626370715462389.html HTTP/2.0" 404 28432 "https://floresyfloresarmenia.com/cytoplastptf.xml" "Mozilla/5.0 AppleWebKit/537.36 (KHTML, like Gecko; compatible; GPTBot/1.4; +https://openai.com/gptbot)" floresyfloresarmenia.com 10.53.129.184
66.249.73.101 - - [30/Aug/2026:07:24:40 -0500] "GET /?item-646463676562624437522.html HTTP/1.1" 200 46644 "-" "Mozilla/5.0 (Linux; Android 6.0.1; Nexus 5X Build/MMB29P) AppleWebKit/537.36 (KHTML, like Gecko) Chrome/151.0.7922.173 Mobile Safari/537.36 (compatible; Googlebot/2.1; +http://www.google.com/bot.html)" floresyfloresarmenia.com 10.53.129.184
66.249.73.99 - - [30/Aug/2026:07:24:43 -0500] "GET /?item-626561656766602515760.html HTTP/1.1" 200 46087 "-" "Mozilla/5.0 (Linux; Android 6.0.1; Nexus 5X Build/MMB29P) AppleWebKit/537.36 (KHTML, like Gecko) Chrome/151.0.7922.173 Mobile Safari/537.36 (compatible; Googlebot/2.1; +http://www.google.com/bot.html)" floresyfloresarmenia.com 10.53.129.184
69.6.233.64 - - [30/Aug/2026:07:24:44 -0500] "POST /wp-cron.php?doing_wp_cron=1788092684.0359261035919189453125 HTTP/1.1" 200 - "-" "WordPress/7.1; https://floresyfloresarmenia.com" floresyfloresarmenia.com 10.53.129.184
66.249.73.99 - - [30/Aug/2026:07:24:50 -0500] "GET /?item-656267666371605276390.htmlm HTTP/1.1" 200 54527 "-" "Mozilla/5.0 (Linux; Android 6.0.1; Nexus 5X Build/MMB29P) AppleWebKit/537.36 (KHTML, like Gecko) Chrome/151.0.7922.173 Mobile Safari/537.36 (compatible; Googlebot/2.1; +http://www.google.com/bot.html)" floresyfloresarmenia.com 10.53.129.184
66.249.73.99 - - [30/Aug/2026:07:24:52 -0500] "GET /?item-636570607066623580862.html HTTP/1.1" 200 46660 "-" "Mozilla/5.0 (Linux; Android 6.0.1; Nexus 5X Build/MMB29P) AppleWebKit/537.36 (KHTML, like Gecko) Chrome/151.0.7922.173 Mobile Safari/537.36 (compatible; Googlebot/2.1; +http://www.google.com/bot.html)" floresyfloresarmenia.com 10.53.129.184
57.141.22.22 - - [30/Aug/2026:07:24:53 -0500] "GET /casino-con-bonificacion-sin-deposito/ HTTP/2.0" 200 46544 "-" "Mozilla/5.0 (Macintosh; Intel Mac OS X 10_15_7) AppleWebKit/537.36 (KHTML, like Gecko) Chrome/145.0.0.0 Safari/537.36 (compatible; meta-externalagent/1.1 (+https://developers.facebook.com/docs/sharing/webmasters/crawler))" floresyfloresarmenia.com 10.53.129.184
66.249.73.99 - - [30/Aug/2026:07:24:58 -0500] "GET /?item-656561676267625517272.html HTTP/1.1" 200 46404 "-" "Mozilla/5.0 (Linux; Android 6.0.1; Nexus 5X Build/MMB29P) AppleWebKit/537.36 (KHTML, like Gecko) Chrome/151.0.7922.173 Mobile Safari/537.36 (compatible; Googlebot/2.1; +http://www.google.com/bot.html)" floresyfloresarmenia.com 10.53.129.184
74.7.242.53 - - [30/Aug/2026:07:24:58 -0500] "GET /item-646665677071714657899.html HTTP/2.0" 404 28432 "https://floresyfloresarmenia.com/intermitshsc.xml" "Mozilla/5.0 AppleWebKit/537.36 (KHTML, like Gecko; compatible; GPTBot/1.4; +https://openai.com/gptbot)" floresyfloresarmenia.com 10.53.129.184
66.249.73.165 - - [30/Aug/2026:07:25:00 -0500] "GET /item-656470637064635483843.html HTTP/1.1" 200 47067 "-" "Mozilla/5.0 (Linux; Android 6.0.1; Nexus 5X Build/MMB29P) AppleWebKit/537.36 (KHTML, like Gecko) Chrome/151.0.7922.173 Mobile Safari/537.36 (compatible; Googlebot/2.1; +http://www.google.com/bot.html)" www.floresyfloresarmenia.com 10.53.129.184
66.249.73.166 - - [30/Aug/2026:07:25:04 -0500] "GET /item-636767627167673772977.html HTTP/1.1" 200 50081 "-" "Mozilla/5.0 (Linux; Android 6.0.1; Nexus 5X Build/MMB29P) AppleWebKit/537.36 (KHTML, like Gecko) Chrome/151.0.7922.173 Mobile Safari/537.36 (compatible; Googlebot/2.1; +http://www.google.com/bot.html)" www.floresyfloresarmenia.com 10.53.129.184
66.249.73.165 - - [30/Aug/2026:07:25:07 -0500] "GET /item-656161656666705115668.html HTTP/1.1" 200 51054 "-" "Mozilla/5.0 (Linux; Android 6.0.1; Nexus 5X Build/MMB29P) AppleWebKit/537.36 (KHTML, like Gecko) Chrome/151.0.7922.173 Mobile Safari/537.36 (compatible; GoogleOther)" www.floresyfloresarmenia.com 10.53.129.184
66.249.73.99 - - [30/Aug/2026:07:25:12 -0500] "GET /?item-646071707164624098942.html HTTP/1.1" 200 45354 "-" "Mozilla/5.0 (Linux; Android 6.0.1; Nexus 5X Build/MMB29P) AppleWebKit/537.36 (KHTML, like Gecko) Chrome/151.0.7922.173 Mobile Safari/537.36 (compatible; Googlebot/2.1; +http://www.google.com/bot.html)" floresyfloresarmenia.com 10.53.129.184
74.7.242.53 - - [30/Aug/2026:07:25:18 -0500] "GET /item-647162706661704928618.html HTTP/2.0" 404 28432 "https://floresyfloresarmenia.com/refederalizejlh.xml" "Mozilla/5.0 AppleWebKit/537.36 (KHTML, like Gecko; compatible; GPTBot/1.4; +https://openai.com/gptbot)" floresyfloresarmenia.com 10.53.129.184
66.249.73.99 - - [30/Aug/2026:07:25:25 -0500] "GET /?item-656163616662715131629.html HTTP/1.1" 200 45964 "-" "Mozilla/5.0 (Linux; Android 6.0.1; Nexus 5X Build/MMB29P) AppleWebKit/537.36 (KHTML, like Gecko) Chrome/151.0.7922.173 Mobile Safari/537.36 (compatible; Googlebot/2.1; +http://www.google.com/bot.html)" floresyfloresarmenia.com 10.53.129.184
66.249.73.99 - - [30/Aug/2026:07:25:26 -0500] "GET /?item-656760606060655700005.html HTTP/1.1" 200 46360 "-" "Mozilla/5.0 (Linux; Android 6.0.1; Nexus 5X Build/MMB29P) AppleWebKit/537.36 (KHTML, like Gecko) Chrome/151.0.7922.173 Mobile Safari/537.36 (compatible; Googlebot/2.1; +http://www.google.com/bot.html)" floresyfloresarmenia.com 10.53.129.184
66.249.73.99 - - [30/Aug/2026:07:25:28 -0500] "GET /?item-646060666662604006620.html HTTP/1.1" 200 44989 "-" "Mozilla/5.0 (Linux; Android 6.0.1; Nexus 5X Build/MMB29P) AppleWebKit/537.36 (KHTML, like Gecko) Chrome/151.0.7922.173 Mobile Safari/537.36 (compatible; Googlebot/2.1; +http://www.google.com/bot.html)" floresyfloresarmenia.com 10.53.129.184
66.249.73.99 - - [30/Aug/2026:07:25:30 -0500] "GET /?item-656470676764715487749.html HTTP/1.1" 200 48909 "-" "Mozilla/5.0 (Linux; Android 6.0.1; Nexus 5X Build/MMB29P) AppleWebKit/537.36 (KHTML, like Gecko) Chrome/151.0.7922.173 Mobile Safari/537.36 (compatible; Googlebot/2.1; +http://www.google.com/bot.html)" floresyfloresarmenia.com 10.53.129.184
66.249.73.99 - - [30/Aug/2026:07:25:33 -0500] "GET /?item-646763676566654737565.html HTTP/1.1" 200 45156 "-" "Mozilla/5.0 (Linux; Android 6.0.1; Nexus 5X Build/MMB29P) AppleWebKit/537.36 (KHTML, like Gecko) Chrome/151.0.7922.173 Mobile Safari/537.36 (compatible; Googlebot/2.1; +http://www.google.com/bot.html)" floresyfloresarmenia.com 10.53.129.184
74.7.242.53 - - [30/Aug/2026:07:25:38 -0500] "GET /item-636570666462713586429.html HTTP/2.0" 404 28432 "https://floresyfloresarmenia.com/epigastricalwzt.xml" "Mozilla/5.0 AppleWebKit/537.36 (KHTML, like Gecko; compatible; GPTBot/1.4; +https://openai.com/gptbot)" floresyfloresarmenia.com 10.53.129.184
66.249.73.99 - - [30/Aug/2026:07:25:38 -0500] "GET /?item-646562656570604525580.html HTTP/1.1" 200 46428 "-" "Mozilla/5.0 (Linux; Android 6.0.1; Nexus 5X Build/MMB29P) AppleWebKit/537.36 (KHTML, like Gecko) Chrome/151.0.7922.173 Mobile Safari/537.36 (compatible; Googlebot/2.1; +http://www.google.com/bot.html)" floresyfloresarmenia.com 10.53.129.184
66.249.73.99 - - [30/Aug/2026:07:25:38 -0500] "GET /?item-626562706467672528477.html HTTP/1.1" 200 48821 "-" "Mozilla/5.0 (Linux; Android 6.0.1; Nexus 5X Build/MMB29P) AppleWebKit/537.36 (KHTML, like Gecko) Chrome/151.0.7922.173 Mobile Safari/537.36 (compatible; Googlebot/2.1; +http://www.google.com/bot.html)" floresyfloresarmenia.com 10.53.129.184
66.249.73.99 - - [30/Aug/2026:07:25:40 -0500] "GET /?item-656461706261715418219.html HTTP/1.1" 200 45642 "-" "Mozilla/5.0 (Linux; Android 6.0.1; Nexus 5X Build/MMB29P) AppleWebKit/537.36 (KHTML, like Gecko) Chrome/151.0.7922.173 Mobile Safari/537.36 (compatible; Googlebot/2.1; +http://www.google.com/bot.html)" floresyfloresarmenia.com 10.53.129.184
69.6.233.64 - - [30/Aug/2026:07:25:42 -0500] "POST /wp-cron.php?doing_wp_cron=1788092742.2187829017639160156250 HTTP/1.1" 200 - "-" "WordPress/7.1; https://floresyfloresarmenia.com" floresyfloresarmenia.com 10.53.129.184
66.249.73.99 - - [30/Aug/2026:07:25:45 -0500] "GET /?item-637170676265613987251.html HTTP/1.1" 200 44987 "-" "Mozilla/5.0 (Linux; Android 6.0.1; Nexus 5X Build/MMB29P) AppleWebKit/537.36 (KHTML, like Gecko) Chrome/151.0.7922.173 Mobile Safari/537.36 (compatible; Googlebot/2.1; +http://www.google.com/bot.html)" floresyfloresarmenia.com 10.53.129.184
66.249.73.99 - - [30/Aug/2026:07:25:47 -0500] "GET /?item-636261716667613219671.html HTTP/1.1" 200 49817 "-" "Mozilla/5.0 (Linux; Android 6.0.1; Nexus 5X Build/MMB29P) AppleWebKit/537.36 (KHTML, like Gecko) Chrome/151.0.7922.173 Mobile Safari/537.36 (compatible; Googlebot/2.1; +http://www.google.com/bot.html)" floresyfloresarmenia.com 10.53.129.184
66.249.73.100 - - [30/Aug/2026:07:25:53 -0500] "GET /?item-656171616465665191456.html HTTP/1.1" 200 48520 "-" "Mozilla/5.0 (Linux; Android 6.0.1; Nexus 5X Build/MMB29P) AppleWebKit/537.36 (KHTML, like Gecko) Chrome/151.0.7922.173 Mobile Safari/537.36 (compatible; Googlebot/2.1; +http://www.google.com/bot.html)" floresyfloresarmenia.com 10.53.129.184
66.249.73.99 - - [30/Aug/2026:07:25:56 -0500] "GET /?item-637171636163623993132.html HTTP/1.1" 200 52423 "-" "Mozilla/5.0 (Linux; Android 6.0.1; Nexus 5X Build/MMB29P) AppleWebKit/537.36 (KHTML, like Gecko) Chrome/151.0.7922.173 Mobile Safari/537.36 (compatible; Googlebot/2.1; +http://www.google.com/bot.html)" floresyfloresarmenia.com 10.53.129.184
74.7.242.53 - - [30/Aug/2026:07:25:58 -0500] "GET /item-636662706467713628479.html HTTP/2.0" 404 28432 "https://floresyfloresarmenia.com/brachmanrth.xml" "Mozilla/5.0 AppleWebKit/537.36 (KHTML, like Gecko; compatible; GPTBot/1.4; +https://openai.com/gptbot)" floresyfloresarmenia.com 10.53.129.184
66.249.73.99 - - [30/Aug/2026:07:26:05 -0500] "GET /?item-646360606460654300405.html HTTP/1.1" 200 49096 "-" "Mozilla/5.0 (Linux; Android 6.0.1; Nexus 5X Build/MMB29P) AppleWebKit/537.36 (KHTML, like Gecko) Chrome/151.0.7922.173 Mobile Safari/537.36 (compatible; Googlebot/2.1; +http://www.google.com/bot.html)" floresyfloresarmenia.com 10.53.129.184
66.249.73.99 - - [30/Aug/2026:07:26:16 -0500] "GET /?item-646362646565624324552.htmlm HTTP/1.1" 200 46781 "-" "Mozilla/5.0 (Linux; Android 6.0.1; Nexus 5X Build/MMB29P) AppleWebKit/537.36 (KHTML, like Gecko) Chrome/151.0.7922.173 Mobile Safari/537.36 (compatible; GoogleOther)" floresyfloresarmenia.com 10.53.129.184
74.7.242.53 - - [30/Aug/2026:07:26:18 -0500] "GET /item-647071676662634897623.html HTTP/2.0" 404 28432 "https://floresyfloresarmenia.com/foraramensbqy.xml" "Mozilla/5.0 AppleWebKit/537.36 (KHTML, like Gecko; compatible; GPTBot/1.4; +https://openai.com/gptbot)" floresyfloresarmenia.com 10.53.129.184
66.249.73.99 - - [30/Aug/2026:07:26:27 -0500] "GET /?item-627060656360712805309.html HTTP/1.1" 200 45443 "-" "Mozilla/5.0 (Linux; Android 6.0.1; Nexus 5X Build/MMB29P) AppleWebKit/537.36 (KHTML, like Gecko) Chrome/151.0.7922.173 Mobile Safari/537.36 (compatible; Googlebot/2.1; +http://www.google.com/bot.html)" floresyfloresarmenia.com 10.53.129.184
74.7.242.53 - - [30/Aug/2026:07:26:38 -0500] "GET /item-656265717066645259864.html HTTP/2.0" 404 28432 "https://floresyfloresarmenia.com/nuagvo.xml" "Mozilla/5.0 AppleWebKit/537.36 (KHTML, like Gecko; compatible; GPTBot/1.4; +https://openai.com/gptbot)" floresyfloresarmenia.com 10.53.129.184
69.6.233.64 - - [30/Aug/2026:07:26:39 -0500] "POST /wp-cron.php?doing_wp_cron=1788092799.2798049449920654296875 HTTP/1.1" 200 - "-" "WordPress/7.1; https://floresyfloresarmenia.com" floresyfloresarmenia.com 10.53.129.184
66.249.73.99 - - [30/Aug/2026:07:26:50 -0500] "GET /?item-627171716567612999571.html HTTP/1.1" 200 52572 "-" "Mozilla/5.0 (Linux; Android 6.0.1; Nexus 5X Build/MMB29P) AppleWebKit/537.36 (KHTML, like Gecko) Chrome/151.0.7922.173 Mobile Safari/537.36 (compatible; Googlebot/2.1; +http://www.google.com/bot.html)" floresyfloresarmenia.com 10.53.129.184
66.249.73.99 - - [30/Aug/2026:07:26:52 -0500] "GET /?item-637165656267643955274.htmlm HTTP/1.1" 200 46940 "-" "Mozilla/5.0 (Linux; Android 6.0.1; Nexus 5X Build/MMB29P) AppleWebKit/537.36 (KHTML, like Gecko) Chrome/151.0.7922.173 Mobile Safari/537.36 (compatible; GoogleOther)" floresyfloresarmenia.com 10.53.129.184
66.249.73.99 - - [30/Aug/2026:07:26:56 -0500] "GET /shop/pg/5817904-1 HTTP/1.1" 200 49595 "-" "Mozilla/5.0 (Linux; Android 6.0.1; Nexus 5X Build/MMB29P) AppleWebKit/537.36 (KHTML, like Gecko) Chrome/151.0.7922.173 Mobile Safari/537.36 (compatible; Googlebot/2.1; +http://www.google.com/bot.html)" floresyfloresarmenia.com 10.53.129.184
74.7.242.53 - - [30/Aug/2026:07:26:58 -0500] "GET /item-636662717070623629882.html HTTP/2.0" 404 28432 "https://floresyfloresarmenia.com/intermitshsc.xml" "Mozilla/5.0 AppleWebKit/537.36 (KHTML, like Gecko; compatible; GPTBot/1.4; +https://openai.com/gptbot)" floresyfloresarmenia.com 10.53.129.184
66.249.73.99 - - [30/Aug/2026:07:27:01 -0500] "GET /?item-656270626170635282183.html HTTP/1.1" 200 47433 "-" "Mozilla/5.0 (Linux; Android 6.0.1; Nexus 5X Build/MMB29P) AppleWebKit/537.36 (KHTML, like Gecko) Chrome/151.0.7922.173 Mobile Safari/537.36 (compatible; Googlebot/2.1; +http://www.google.com/bot.html)" floresyfloresarmenia.com 10.53.129.184
66.249.73.99 - - [30/Aug/2026:07:27:04 -0500] "GET /?item-626566717167632569973.html HTTP/1.1" 200 46978 "-" "Mozilla/5.0 (Linux; Android 6.0.1; Nexus 5X Build/MMB29P) AppleWebKit/537.36 (KHTML, like Gecko) Chrome/151.0.7922.173 Mobile Safari/537.36 (compatible; Googlebot/2.1; +http://www.google.com/bot.html)" floresyfloresarmenia.com 10.53.129.184
74.7.242.53 - - [30/Aug/2026:07:27:18 -0500] "GET /item-656070637166625083962.html HTTP/2.0" 404 28432 "https://floresyfloresarmenia.com/refederalizejlh.xml" "Mozilla/5.0 AppleWebKit/537.36 (KHTML, like Gecko; compatible; GPTBot/1.4; +https://openai.com/gptbot)" floresyfloresarmenia.com 10.53.129.184
66.249.73.99 - - [30/Aug/2026:07:27:20 -0500] "GET /?item-637065706264713858249.html HTTP/1.1" 200 46852 "-" "Mozilla/5.0 (Linux; Android 6.0.1; Nexus 5X Build/MMB29P) AppleWebKit/537.36 (KHTML, like Gecko) Chrome/151.0.7922.173 Mobile Safari/537.36 (compatible; Googlebot/2.1; +http://www.google.com/bot.html)" floresyfloresarmenia.com 10.53.129.184
66.249.73.99 - - [30/Aug/2026:07:27:21 -0500] "GET /?item-636471676265703497258.html HTTP/1.1" 200 46421 "-" "Mozilla/5.0 (Linux; Android 6.0.1; Nexus 5X Build/MMB29P) AppleWebKit/537.36 (KHTML, like Gecko) Chrome/151.0.7922.173 Mobile Safari/537.36 (compatible; Googlebot/2.1; +http://www.google.com/bot.html)" floresyfloresarmenia.com 10.53.129.184
66.249.73.99 - - [30/Aug/2026:07:27:26 -0500] "GET /?item-656366636262625363222.html HTTP/1.1" 200 46432 "-" "Mozilla/5.0 (Linux; Android 6.0.1; Nexus 5X Build/MMB29P) AppleWebKit/537.36 (KHTML, like Gecko) Chrome/151.0.7922.173 Mobile Safari/537.36 (compatible; Googlebot/2.1; +http://www.google.com/bot.html)" floresyfloresarmenia.com 10.53.129.184
66.249.73.99 - - [30/Aug/2026:07:27:29 -0500] "GET /?item-636661617063653611835.html HTTP/1.1" 200 49508 "-" "Mozilla/5.0 (Linux; Android 6.0.1; Nexus 5X Build/MMB29P) AppleWebKit/537.36 (KHTML, like Gecko) Chrome/151.0.7922.173 Mobile Safari/537.36 (compatible; Googlebot/2.1; +http://www.google.com/bot.html)" floresyfloresarmenia.com 10.53.129.184
66.249.73.99 - - [30/Aug/2026:07:27:31 -0500] "GET /?item-656065606371625050392.html HTTP/1.1" 200 49954 "-" "Mozilla/5.0 (Linux; Android 6.0.1; Nexus 5X Build/MMB29P) AppleWebKit/537.36 (KHTML, like Gecko) Chrome/151.0.7922.173 Mobile Safari/537.36 (compatible; Googlebot/2.1; +http://www.google.com/bot.html)" floresyfloresarmenia.com 10.53.129.184
66.249.73.99 - - [30/Aug/2026:07:27:37 -0500] "GET /?item-636566656470663565486.html HTTP/1.1" 200 48525 "-" "Mozilla/5.0 (Linux; Android 6.0.1; Nexus 5X Build/MMB29P) AppleWebKit/537.36 (KHTML, like Gecko) Chrome/151.0.7922.173 Mobile Safari/537.36 (compatible; Googlebot/2.1; +http://www.google.com/bot.html)" floresyfloresarmenia.com 10.53.129.184
74.7.242.53 - - [30/Aug/2026:07:27:38 -0500] "GET /item-636662656471703625498.html HTTP/2.0" 404 28432 "https://floresyfloresarmenia.com/halfwittednesswzp.xml" "Mozilla/5.0 AppleWebKit/537.36 (KHTML, like Gecko; compatible; GPTBot/1.4; +https://openai.com/gptbot)" floresyfloresarmenia.com 10.53.129.184
66.249.73.99 - - [30/Aug/2026:07:27:38 -0500] "GET /?item-636762666571673726597.html HTTP/1.1" 200 46332 "-" "Mozilla/5.0 (Linux; Android 6.0.1; Nexus 5X Build/MMB29P) AppleWebKit/537.36 (KHTML, like Gecko) Chrome/151.0.7922.173 Mobile Safari/537.36 (compatible; Googlebot/2.1; +http://www.google.com/bot.html)" floresyfloresarmenia.com 10.53.129.184
69.6.233.64 - - [30/Aug/2026:07:27:42 -0500] "POST /wp-cron.php?doing_wp_cron=1788092862.2469100952148437500000 HTTP/1.1" 200 - "-" "WordPress/7.1; https://floresyfloresarmenia.com" floresyfloresarmenia.com 10.53.129.184
66.249.73.99 - - [30/Aug/2026:07:27:42 -0500] "GET /?item-626660617065712601859.html HTTP/1.1" 200 46758 "-" "Mozilla/5.0 (Linux; Android 6.0.1; Nexus 5X Build/MMB29P) AppleWebKit/537.36 (KHTML, like Gecko) Chrome/151.0.7922.173 Mobile Safari/537.36 (compatible; Googlebot/2.1; +http://www.google.com/bot.html)" floresyfloresarmenia.com 10.53.129.184
66.249.73.99 - - [30/Aug/2026:07:27:43 -0500] "GET /?item-646566676565664567556.html HTTP/1.1" 200 53294 "-" "Mozilla/5.0 (Linux; Android 6.0.1; Nexus 5X Build/MMB29P) AppleWebKit/537.36 (KHTML, like Gecko) Chrome/151.0.7922.173 Mobile Safari/537.36 (compatible; Googlebot/2.1; +http://www.google.com/bot.html)" floresyfloresarmenia.com 10.53.129.184
66.249.73.164 - - [30/Aug/2026:07:27:51 -0500] "GET /item-636460656671623405692.html HTTP/1.1" 200 48089 "-" "Mozilla/5.0 (Linux; Android 6.0.1; Nexus 5X Build/MMB29P) AppleWebKit/537.36 (KHTML, like Gecko) Chrome/151.0.7922.173 Mobile Safari/537.36 (compatible; GoogleOther)" www.floresyfloresarmenia.com 10.53.129.184
66.249.73.99 - - [30/Aug/2026:07:27:52 -0500] "GET /?item-626262706765602228750.html HTTP/1.1" 200 44927 "-" "Mozilla/5.0 (Linux; Android 6.0.1; Nexus 5X Build/MMB29P) AppleWebKit/537.36 (KHTML, like Gecko) Chrome/151.0.7922.173 Mobile Safari/537.36 (compatible; Googlebot/2.1; +http://www.google.com/bot.html)" floresyfloresarmenia.com 10.53.129.184
66.249.73.100 - - [30/Aug/2026:07:27:58 -0500] "GET /?item-656467666567605476570.html HTTP/1.1" 200 48439 "-" "Mozilla/5.0 (Linux; Android 6.0.1; Nexus 5X Build/MMB29P) AppleWebKit/537.36 (KHTML, like Gecko) Chrome/151.0.7922.173 Mobile Safari/537.36 (compatible; Googlebot/2.1; +http://www.google.com/bot.html)" floresyfloresarmenia.com 10.53.129.184
74.7.242.53 - - [30/Aug/2026:07:27:58 -0500] "GET /item-647165706266674958267.html HTTP/2.0" 404 28432 "https://floresyfloresarmenia.com/epigastricalwzt.xml" "Mozilla/5.0 AppleWebKit/537.36 (KHTML, like Gecko; compatible; GPTBot/1.4; +https://openai.com/gptbot)" floresyfloresarmenia.com 10.53.129.184
66.249.73.100 - - [30/Aug/2026:07:27:59 -0500] "GET /?item-656164627060605142800.html HTTP/1.1" 200 49261 "-" "Mozilla/5.0 (Linux; Android 6.0.1; Nexus 5X Build/MMB29P) AppleWebKit/537.36 (KHTML, like Gecko) Chrome/151.0.7922.173 Mobile Safari/537.36 (compatible; Googlebot/2.1; +http://www.google.com/bot.html)" floresyfloresarmenia.com 10.53.129.184
66.249.73.100 - - [30/Aug/2026:07:28:00 -0500] "GET /?item-627167666770652976785.html HTTP/1.1" 200 45088 "-" "Mozilla/5.0 (Linux; Android 6.0.1; Nexus 5X Build/MMB29P) AppleWebKit/537.36 (KHTML, like Gecko) Chrome/151.0.7922.173 Mobile Safari/537.36 (compatible; Googlebot/2.1; +http://www.google.com/bot.html)" floresyfloresarmenia.com 10.53.129.184
66.249.73.99 - - [30/Aug/2026:07:28:09 -0500] "GET /?item-646667646661634674613.html HTTP/1.1" 200 45739 "-" "Mozilla/5.0 (Linux; Android 6.0.1; Nexus 5X Build/MMB29P) AppleWebKit/537.36 (KHTML, like Gecko) Chrome/151.0.7922.173 Mobile Safari/537.36 (compatible; Googlebot/2.1; +http://www.google.com/bot.html)" floresyfloresarmenia.com 10.53.129.184
66.249.73.99 - - [30/Aug/2026:07:28:10 -0500] "GET /?item-636061616262613011221.html HTTP/1.1" 200 48261 "-" "Mozilla/5.0 (Linux; Android 6.0.1; Nexus 5X Build/MMB29P) AppleWebKit/537.36 (KHTML, like Gecko) Chrome/151.0.7922.173 Mobile Safari/537.36 (compatible; Googlebot/2.1; +http://www.google.com/bot.html)" floresyfloresarmenia.com 10.53.129.184
107.173.135.36 - - [30/Aug/2026:07:28:18 -0500] "GET / HTTP/1.1" 301 - "-" "Mozilla/5.0 (Windows NT 10.0; Win64; x64) AppleWebKit/537.36 (KHTML, like Gecko) Chrome/120.0 Safari/537.36" www.floresyfloresarmenia.com 10.53.129.184
74.7.242.53 - - [30/Aug/2026:07:28:18 -0500] "GET /item-626771706664712798649.html HTTP/2.0" 404 28432 "https://floresyfloresarmenia.com/halfwittednesswzp.xml" "Mozilla/5.0 AppleWebKit/537.36 (KHTML, like Gecko; compatible; GPTBot/1.4; +https://openai.com/gptbot)" floresyfloresarmenia.com 10.53.129.184
57.141.22.86 - - [30/Aug/2026:07:28:21 -0500] "GET /grand-jackpot-slots-apk/ HTTP/2.0" 200 48978 "-" "Mozilla/5.0 (Windows NT 10.0; Win64; x64) AppleWebKit/537.36 (KHTML, like Gecko) Chrome/145.0.0.0 Safari/537.36 (compatible; meta-externalagent/1.1 (+https://developers.facebook.com/docs/sharing/webmasters/crawler))" floresyfloresarmenia.com 10.53.129.184
107.173.135.36 - - [30/Aug/2026:07:28:22 -0500] "GET / HTTP/1.1" 200 56959 "-" "Mozilla/5.0 (Windows NT 10.0; Win64; x64) AppleWebKit/537.36 (KHTML, like Gecko) Chrome/120.0 Safari/537.36" floresyfloresarmenia.com 10.53.129.184
66.249.73.101 - - [30/Aug/2026:07:28:30 -0500] "GET /?item-656461676262715417229.html HTTP/1.1" 200 45607 "-" "Mozilla/5.0 (Linux; Android 6.0.1; Nexus 5X Build/MMB29P) AppleWebKit/537.36 (KHTML, like Gecko) Chrome/151.0.7922.173 Mobile Safari/537.36 (compatible; Googlebot/2.1; +http://www.google.com/bot.html)" floresyfloresarmenia.com 10.53.129.184
66.249.73.100 - - [30/Aug/2026:07:28:36 -0500] "GET /?item-626364626662662342626.html HTTP/1.1" 200 50527 "-" "Mozilla/5.0 (Linux; Android 6.0.1; Nexus 5X Build/MMB29P) AppleWebKit/537.36 (KHTML, like Gecko) Chrome/151.0.7922.173 Mobile Safari/537.36 (compatible; Googlebot/2.1; +http://www.google.com/bot.html)" floresyfloresarmenia.com 10.53.129.184
74.7.242.53 - - [30/Aug/2026:07:28:38 -0500] "GET /item-627060616665712801659.html HTTP/2.0" 404 28432 "https://floresyfloresarmenia.com/epigastricalwzt.xml" "Mozilla/5.0 AppleWebKit/537.36 (KHTML, like Gecko; compatible; GPTBot/1.4; +https://openai.com/gptbot)" floresyfloresarmenia.com 10.53.129.184
69.6.233.64 - - [30/Aug/2026:07:28:40 -0500] "POST /wp-cron.php?doing_wp_cron=1788092920.6884009838104248046875 HTTP/1.1" 200 - "-" "WordPress/7.1; https://floresyfloresarmenia.com" floresyfloresarmenia.com 10.53.129.184
66.249.73.164 - - [30/Aug/2026:07:28:44 -0500] "GET /item-636064647060713044809.html HTTP/1.1" 200 46214 "-" "Mozilla/5.0 (Linux; Android 6.0.1; Nexus 5X Build/MMB29P) AppleWebKit/537.36 (KHTML, like Gecko) Chrome/151.0.7922.173 Mobile Safari/537.36 (compatible; GoogleOther)" www.floresyfloresarmenia.com 10.53.129.184
66.249.73.99 - - [30/Aug/2026:07:28:44 -0500] "GET /?item-656660616670605601680.html HTTP/1.1" 200 51479 "-" "Mozilla/5.0 (Linux; Android 6.0.1; Nexus 5X Build/MMB29P) AppleWebKit/537.36 (KHTML, like Gecko) Chrome/151.0.7922.173 Mobile Safari/537.36 (compatible; Googlebot/2.1; +http://www.google.com/bot.html)" floresyfloresarmenia.com 10.53.129.184
66.249.73.164 - - [30/Aug/2026:07:28:51 -0500] "GET /item-657067647167655874975.htmlm HTTP/1.1" 200 47105 "-" "Mozilla/5.0 (Linux; Android 6.0.1; Nexus 5X Build/MMB29P) AppleWebKit/537.36 (KHTML, like Gecko) Chrome/151.0.7922.173 Mobile Safari/537.36 (compatible; Googlebot/2.1; +http://www.google.com/bot.html)" www.floresyfloresarmenia.com 10.53.129.184
66.249.73.99 - - [30/Aug/2026:07:28:51 -0500] "GET /?item-656462717071675429897.html HTTP/1.1" 200 45080 "-" "Mozilla/5.0 (Linux; Android 6.0.1; Nexus 5X Build/MMB29P) AppleWebKit/537.36 (KHTML, like Gecko) Chrome/151.0.7922.173 Mobile Safari/537.36 (compatible; Googlebot/2.1; +http://www.google.com/bot.html)" floresyfloresarmenia.com 10.53.129.184
66.249.73.99 - - [30/Aug/2026:07:28:54 -0500] "GET /?item-646460606566644400564.html HTTP/1.1" 200 45416 "-" "Mozilla/5.0 (Linux; Android 6.0.1; Nexus 5X Build/MMB29P) AppleWebKit/537.36 (KHTML, like Gecko) Chrome/151.0.7922.173 Mobile Safari/537.36 (compatible; Googlebot/2.1; +http://www.google.com/bot.html)" floresyfloresarmenia.com 10.53.129.184
74.7.242.53 - - [30/Aug/2026:07:28:58 -0500] "GET /item-626370666471642386494.html HTTP/2.0" 404 28432 "https://floresyfloresarmenia.com/halfwittednesswzp.xml" "Mozilla/5.0 AppleWebKit/537.36 (KHTML, like Gecko; compatible; GPTBot/1.4; +https://openai.com/gptbot)" floresyfloresarmenia.com 10.53.129.184
66.249.73.99 - - [30/Aug/2026:07:29:07 -0500] "GET /?item-656065626165615052151.html HTTP/1.1" 200 45234 "-" "Mozilla/5.0 (Linux; Android 6.0.1; Nexus 5X Build/MMB29P) AppleWebKit/537.36 (KHTML, like Gecko) Chrome/151.0.7922.173 Mobile Safari/537.36 (compatible; Googlebot/2.1; +http://www.google.com/bot.html)" floresyfloresarmenia.com 10.53.129.184
66.249.73.99 - - [30/Aug/2026:07:29:11 -0500] "GET /?item-646161706162604118120.html HTTP/1.1" 200 44326 "-" "Mozilla/5.0 (Linux; Android 6.0.1; Nexus 5X Build/MMB29P) AppleWebKit/537.36 (KHTML, like Gecko) Chrome/151.0.7922.173 Mobile Safari/537.36 (compatible; Googlebot/2.1; +http://www.google.com/bot.html)" floresyfloresarmenia.com 10.53.129.184
57.141.22.30 - - [30/Aug/2026:07:29:14 -0500] "GET /jugar-caribbean-poker-celular/ HTTP/2.0" 200 48758 "-" "Mozilla/5.0 (X11; Linux x86_64) AppleWebKit/537.36 (KHTML, like Gecko) Chrome/145.0.0.0 Safari/537.36 (compatible; meta-externalagent/1.1 (+https://developers.facebook.com/docs/sharing/webmasters/crawler))" floresyfloresarmenia.com 10.53.129.184
74.7.242.53 - - [30/Aug/2026:07:29:18 -0500] "GET /item-656071627066645092864.html HTTP/2.0" 404 28432 "https://floresyfloresarmenia.com/pyropesqjj.xml" "Mozilla/5.0 AppleWebKit/537.36 (KHTML, like Gecko; compatible; GPTBot/1.4; +https://openai.com/gptbot)" floresyfloresarmenia.com 10.53.129.184
66.249.73.99 - - [30/Aug/2026:07:29:28 -0500] "GET /?item-636563706760643538704.html HTTP/1.1" 200 54287 "-" "Mozilla/5.0 (Linux; Android 6.0.1; Nexus 5X Build/MMB29P) AppleWebKit/537.36 (KHTML, like Gecko) Chrome/151.0.7922.173 Mobile Safari/537.36 (compatible; Googlebot/2.1; +http://www.google.com/bot.html)" floresyfloresarmenia.com 10.53.129.184
57.141.22.18 - - [30/Aug/2026:07:29:30 -0500] "GET /juego-21-cartas-espanolas/ HTTP/2.0" 200 49185 "-" "Mozilla/5.0 (Windows NT 10.0; Win64; x64) AppleWebKit/537.36 (KHTML, like Gecko) Chrome/145.0.0.0 Safari/537.36 (compatible; meta-externalagent/1.1 (+https://developers.facebook.com/docs/sharing/webmasters/crawler))" floresyfloresarmenia.com 10.53.129.184
66.249.73.99 - - [30/Aug/2026:07:29:33 -0500] "GET /?item-627170637064662983846.html HTTP/1.1" 200 45081 "-" "Mozilla/5.0 (Linux; Android 6.0.1; Nexus 5X Build/MMB29P) AppleWebKit/537.36 (KHTML, like Gecko) Chrome/151.0.7922.173 Mobile Safari/537.36 (compatible; Googlebot/2.1; +http://www.google.com/bot.html)" floresyfloresarmenia.com 10.53.129.184
69.6.233.64 - - [30/Aug/2026:07:29:37 -0500] "POST /wp-cron.php?doing_wp_cron=1788092977.0480790138244628906250 HTTP/1.1" 200 - "-" "WordPress/7.1; https://floresyfloresarmenia.com" floresyfloresarmenia.com 10.53.129.184
74.7.242.53 - - [30/Aug/2026:07:29:38 -0500] "GET /item-637166626271703962298.html HTTP/2.0" 404 28432 "https://floresyfloresarmenia.com/nuagvo.xml" "Mozilla/5.0 AppleWebKit/537.36 (KHTML, like Gecko; compatible; GPTBot/1.4; +https://openai.com/gptbot)" floresyfloresarmenia.com 10.53.129.184
66.249.73.99 - - [30/Aug/2026:07:29:48 -0500] "GET /?item-627066607162672860927.html HTTP/1.1" 200 46746 "-" "Mozilla/5.0 (Linux; Android 6.0.1; Nexus 5X Build/MMB29P) AppleWebKit/537.36 (KHTML, like Gecko) Chrome/151.0.7922.173 Mobile Safari/537.36 (compatible; Googlebot/2.1; +http://www.google.com/bot.html)" floresyfloresarmenia.com 10.53.129.184
66.249.73.99 - - [30/Aug/2026:07:29:49 -0500] "GET /?item-636065616463653051435.html HTTP/1.1" 200 45344 "-" "Mozilla/5.0 (Linux; Android 6.0.1; Nexus 5X Build/MMB29P) AppleWebKit/537.36 (KHTML, like Gecko) Chrome/151.0.7922.173 Mobile Safari/537.36 (compatible; Googlebot/2.1; +http://www.google.com/bot.html)" floresyfloresarmenia.com 10.53.129.184
66.249.73.99 - - [30/Aug/2026:07:29:54 -0500] "GET /?item-646762646570674724587.htmlm HTTP/1.1" 200 50806 "-" "Mozilla/5.0 (Linux; Android 6.0.1; Nexus 5X Build/MMB29P) AppleWebKit/537.36 (KHTML, like Gecko) Chrome/151.0.7922.173 Mobile Safari/537.36 (compatible; Googlebot/2.1; +http://www.google.com/bot.html)" floresyfloresarmenia.com 10.53.129.184
66.249.73.99 - - [30/Aug/2026:07:29:55 -0500] "GET /?item-656763636761655733715.html HTTP/1.1" 200 48194 "-" "Mozilla/5.0 (Linux; Android 6.0.1; Nexus 5X Build/MMB29P) AppleWebKit/537.36 (KHTML, like Gecko) Chrome/151.0.7922.173 Mobile Safari/537.36 (compatible; Googlebot/2.1; +http://www.google.com/bot.html)" floresyfloresarmenia.com 10.53.129.184
74.7.242.53 - - [30/Aug/2026:07:29:58 -0500] "GET /item-646662716370714629389.html HTTP/2.0" 404 28432 "https://floresyfloresarmenia.com/foraramensbqy.xml" "Mozilla/5.0 AppleWebKit/537.36 (KHTML, like Gecko; compatible; GPTBot/1.4; +https://openai.com/gptbot)" floresyfloresarmenia.com 10.53.129.184
66.249.73.164 - - [30/Aug/2026:07:30:01 -0500] "GET /item-656665656262675655227.html HTTP/1.1" 200 45270 "-" "Mozilla/5.0 (Linux; Android 6.0.1; Nexus 5X Build/MMB29P) AppleWebKit/537.36 (KHTML, like Gecko) Chrome/151.0.7922.173 Mobile Safari/537.36 (compatible; GoogleOther)" www.floresyfloresarmenia.com 10.53.129.184
66.249.73.99 - - [30/Aug/2026:07:30:09 -0500] "GET /?item-646670626463604682430.html HTTP/1.1" 200 45224 "-" "Mozilla/5.0 (Linux; Android 6.0.1; Nexus 5X Build/MMB29P) AppleWebKit/537.36 (KHTML, like Gecko) Chrome/151.0.7922.173 Mobile Safari/537.36 (compatible; Googlebot/2.1; +http://www.google.com/bot.html)" floresyfloresarmenia.com 10.53.129.184
74.7.242.53 - - [30/Aug/2026:07:30:18 -0500] "GET /item-627171666563712996539.html HTTP/2.0" 404 28432 "https://floresyfloresarmenia.com/bucketeerzaj.xml" "Mozilla/5.0 AppleWebKit/537.36 (KHTML, like Gecko; compatible; GPTBot/1.4; +https://openai.com/gptbot)" floresyfloresarmenia.com 10.53.129.184
66.249.73.99 - - [30/Aug/2026:07:30:21 -0500] "GET /?item-646567716766634579763.htmlm HTTP/1.1" 200 45174 "-" "Mozilla/5.0 (Linux; Android 6.0.1; Nexus 5X Build/MMB29P) AppleWebKit/537.36 (KHTML, like Gecko) Chrome/151.0.7922.173 Mobile Safari/537.36 (compatible; Googlebot/2.1; +http://www.google.com/bot.html)" floresyfloresarmenia.com 10.53.129.184
66.249.73.99 - - [30/Aug/2026:07:30:22 -0500] "GET /?item-656266626167655262175.htmlm HTTP/1.1" 200 46327 "-" "Mozilla/5.0 (Linux; Android 6.0.1; Nexus 5X Build/MMB29P) AppleWebKit/537.36 (KHTML, like Gecko) Chrome/151.0.7922.173 Mobile Safari/537.36 (compatible; Googlebot/2.1; +http://www.google.com/bot.html)" floresyfloresarmenia.com 10.53.129.184
66.249.73.99 - - [30/Aug/2026:07:30:24 -0500] "GET /?item-636461666661603416610.html HTTP/1.1" 200 44652 "-" "Mozilla/5.0 (Linux; Android 6.0.1; Nexus 5X Build/MMB29P) AppleWebKit/537.36 (KHTML, like Gecko) Chrome/151.0.7922.173 Mobile Safari/537.36 (compatible; Googlebot/2.1; +http://www.google.com/bot.html)" floresyfloresarmenia.com 10.53.129.184
57.141.22.55 - - [30/Aug/2026:07:30:24 -0500] "GET /slots-alto-rtp-dinero-real/ HTTP/2.0" 200 47841 "-" "Mozilla/5.0 (Windows NT 10.0; Win64; x64) AppleWebKit/537.36 (KHTML, like Gecko) Chrome/145.0.0.0 Safari/537.36 (compatible; meta-externalagent/1.1 (+https://developers.facebook.com/docs/sharing/webmasters/crawler))" floresyfloresarmenia.com 10.53.129.184
66.249.73.99 - - [30/Aug/2026:07:30:26 -0500] "GET /?item-646062676361634027313.html HTTP/1.1" 200 48478 "-" "Mozilla/5.0 (Linux; Android 6.0.1; Nexus 5X Build/MMB29P) AppleWebKit/537.36 (KHTML, like Gecko) Chrome/151.0.7922.173 Mobile Safari/537.36 (compatible; Googlebot/2.1; +http://www.google.com/bot.html)" floresyfloresarmenia.com 10.53.129.184
69.6.233.64 - - [30/Aug/2026:07:30:29 -0500] "POST /wp-cron.php?doing_wp_cron=1788093029.8192539215087890625000 HTTP/1.1" 200 - "-" "WordPress/7.1; https://floresyfloresarmenia.com" floresyfloresarmenia.com 10.53.129.184
66.249.73.99 - - [30/Aug/2026:07:30:32 -0500] "GET /?item-646465646670614454681.html HTTP/1.1" 200 48704 "-" "Mozilla/5.0 (Linux; Android 6.0.1; Nexus 5X Build/MMB29P) AppleWebKit/537.36 (KHTML, like Gecko) Chrome/151.0.7922.173 Mobile Safari/537.36 (compatible; Googlebot/2.1; +http://www.google.com/bot.html)" floresyfloresarmenia.com 10.53.129.184
74.7.242.53 - - [30/Aug/2026:07:30:38 -0500] "GET /item-656665717164705659948.html HTTP/2.0" 404 28432 "https://floresyfloresarmenia.com/cytoplastptf.xml" "Mozilla/5.0 AppleWebKit/537.36 (KHTML, like Gecko; compatible; GPTBot/1.4; +https://openai.com/gptbot)" floresyfloresarmenia.com 10.53.129.184
57.141.22.56 - - [30/Aug/2026:07:30:54 -0500] "GET /juegos-tragamonedas-gratis-sin-dinero-real/ HTTP/2.0" 200 47835 "-" "Mozilla/5.0 (Windows NT 10.0; Win64; x64) AppleWebKit/537.36 (KHTML, like Gecko) Chrome/145.0.0.0 Safari/537.36 (compatible; meta-externalagent/1.1 (+https://developers.facebook.com/docs/sharing/webmasters/crawler))" floresyfloresarmenia.com 10.53.129.184
57.141.22.114 - - [30/Aug/2026:07:30:56 -0500] "GET /jugar-texas-holdem-bonus-android-casino-online/ HTTP/2.0" 200 47021 "-" "Mozilla/5.0 (Windows NT 10.0; Win64; x64) AppleWebKit/537.36 (KHTML, like Gecko) Chrome/145.0.0.0 Safari/537.36 (compatible; meta-externalagent/1.1 (+https://developers.facebook.com/docs/sharing/webmasters/crawler))" floresyfloresarmenia.com 10.53.129.184
74.7.242.53 - - [30/Aug/2026:07:30:58 -0500] "GET /item-626460656663712405639.html HTTP/2.0" 404 28431 "https://floresyfloresarmenia.com/grecojbu.xml" "Mozilla/5.0 AppleWebKit/537.36 (KHTML, like Gecko; compatible; GPTBot/1.4; +https://openai.com/gptbot)" floresyfloresarmenia.com 10.53.129.184
66.249.73.100 - - [30/Aug/2026:07:31:11 -0500] "GET /?item-627164716563662949536.html HTTP/1.1" 200 46976 "-" "Mozilla/5.0 (Linux; Android 6.0.1; Nexus 5X Build/MMB29P) AppleWebKit/537.36 (KHTML, like Gecko) Chrome/151.0.7922.173 Mobile Safari/537.36 (compatible; Googlebot/2.1; +http://www.google.com/bot.html)" floresyfloresarmenia.com 10.53.129.184
57.141.22.31 - - [30/Aug/2026:07:31:13 -0500] "GET /casino-seguro-sevilla/ HTTP/2.0" 200 49012 "-" "Mozilla/5.0 (Macintosh; Intel Mac OS X 10_15_7) AppleWebKit/537.36 (KHTML, like Gecko) Chrome/145.0.0.0 Safari/537.36 (compatible; meta-externalagent/1.1 (+https://developers.facebook.com/docs/sharing/webmasters/crawler))" floresyfloresarmenia.com 10.53.129.184
66.249.73.101 - - [30/Aug/2026:07:31:15 -0500] "GET /?item-656570676462675587427.html HTTP/1.1" 200 46840 "-" "Mozilla/5.0 (Linux; Android 6.0.1; Nexus 5X Build/MMB29P) AppleWebKit/537.36 (KHTML, like Gecko) Chrome/151.0.7922.173 Mobile Safari/537.36 (compatible; Googlebot/2.1; +http://www.google.com/bot.html)" floresyfloresarmenia.com 10.53.129.184
74.7.242.53 - - [30/Aug/2026:07:31:18 -0500] "GET /item-626571666270702596288.html HTTP/2.0" 404 28431 "https://floresyfloresarmenia.com/intermitshsc.xml" "Mozilla/5.0 AppleWebKit/537.36 (KHTML, like Gecko; compatible; GPTBot/1.4; +https://openai.com/gptbot)" floresyfloresarmenia.com 10.53.129.184
66.249.73.100 - - [30/Aug/2026:07:31:20 -0500] "GET /?item-646067627063704072838.html HTTP/1.1" 200 52775 "-" "Mozilla/5.0 (Linux; Android 6.0.1; Nexus 5X Build/MMB29P) AppleWebKit/537.36 (KHTML, like Gecko) Chrome/151.0.7922.173 Mobile Safari/537.36 (compatible; GoogleOther)" floresyfloresarmenia.com 10.53.129.184
66.249.73.165 - - [30/Aug/2026:07:31:28 -0500] "GET /cate-hobbies-collections-antiques-artworks HTTP/1.1" 200 51990 "-" "Mozilla/5.0 (Linux; Android 6.0.1; Nexus 5X Build/MMB29P) AppleWebKit/537.36 (KHTML, like Gecko) Chrome/151.0.7922.173 Mobile Safari/537.36 (compatible; Googlebot/2.1; +http://www.google.com/bot.html)" www.floresyfloresarmenia.com 10.53.129.184
57.141.22.102 - - [30/Aug/2026:07:31:28 -0500] "GET /jackpot-acumulado-juego/ HTTP/2.0" 200 47623 "-" "Mozilla/5.0 (Macintosh; Intel Mac OS X 10_15_7) AppleWebKit/537.36 (KHTML, like Gecko) Chrome/145.0.0.0 Safari/537.36 (compatible; meta-externalagent/1.1 (+https://developers.facebook.com/docs/sharing/webmasters/crawler))" floresyfloresarmenia.com 10.53.129.184
66.249.73.100 - - [30/Aug/2026:07:31:33 -0500] "GET /?item-627071636464662893446.html HTTP/1.1" 200 46157 "-" "Mozilla/5.0 (Linux; Android 6.0.1; Nexus 5X Build/MMB29P) AppleWebKit/537.36 (KHTML, like Gecko) Chrome/151.0.7922.173 Mobile Safari/537.36 (compatible; Googlebot/2.1; +http://www.google.com/bot.html)" floresyfloresarmenia.com 10.53.129.184
74.7.242.53 - - [30/Aug/2026:07:31:38 -0500] "GET /item-627063666570702836588.html HTTP/2.0" 404 28432 "https://floresyfloresarmenia.com/halfwittednesswzp.xml" "Mozilla/5.0 AppleWebKit/537.36 (KHTML, like Gecko; compatible; GPTBot/1.4; +https://openai.com/gptbot)" floresyfloresarmenia.com 10.53.129.184
69.6.233.64 - - [30/Aug/2026:07:31:39 -0500] "POST /wp-cron.php?doing_wp_cron=1788093099.1818709373474121093750 HTTP/1.1" 200 - "-" "WordPress/7.1; https://floresyfloresarmenia.com" floresyfloresarmenia.com 10.53.129.184
74.7.242.53 - - [30/Aug/2026:07:31:58 -0500] "GET /item-646665657170704655988.html HTTP/2.0" 404 28432 "https://floresyfloresarmenia.com/refederalizejlh.xml" "Mozilla/5.0 AppleWebKit/537.36 (KHTML, like Gecko; compatible; GPTBot/1.4; +https://openai.com/gptbot)" floresyfloresarmenia.com 10.53.129.184
66.249.73.99 - - [30/Aug/2026:07:32:01 -0500] "GET /?item-626370706560712388509.html HTTP/1.1" 200 46000 "-" "Mozilla/5.0 (Linux; Android 6.0.1; Nexus 5X Build/MMB29P) AppleWebKit/537.36 (KHTML, like Gecko) Chrome/151.0.7922.173 Mobile Safari/537.36 (compatible; Googlebot/2.1; +http://www.google.com/bot.html)" floresyfloresarmenia.com 10.53.129.184
57.141.22.115 - - [30/Aug/2026:07:32:03 -0500] "GET /ruleta-francesa-online-bitcoin/ HTTP/2.0" 200 47714 "-" "Mozilla/5.0 (Macintosh; Intel Mac OS X 10_15_7) AppleWebKit/537.36 (KHTML, like Gecko) Chrome/145.0.0.0 Safari/537.36 (compatible; meta-externalagent/1.1 (+https://developers.facebook.com/docs/sharing/webmasters/crawler))" floresyfloresarmenia.com 10.53.129.184
66.249.73.99 - - [30/Aug/2026:07:32:06 -0500] "GET /?item-657166676066645967064.html HTTP/1.1" 200 46315 "-" "Mozilla/5.0 (Linux; Android 6.0.1; Nexus 5X Build/MMB29P) AppleWebKit/537.36 (KHTML, like Gecko) Chrome/151.0.7922.173 Mobile Safari/537.36 (compatible; Googlebot/2.1; +http://www.google.com/bot.html)" floresyfloresarmenia.com 10.53.129.184
57.141.20.42 - - [30/Aug/2026:07:32:09 -0500] "GET / HTTP/2.0" 200 56963 "-" "facebookexternalhit/1.1 (+http://www.facebook.com/externalhit_uatext.php)" floresyfloresarmenia.com 10.53.129.184
66.249.73.99 - - [30/Aug/2026:07:32:12 -0500] "GET /?item-626166627067712162879.html HTTP/1.1" 200 46473 "-" "Mozilla/5.0 (Linux; Android 6.0.1; Nexus 5X Build/MMB29P) AppleWebKit/537.36 (KHTML, like Gecko) Chrome/151.0.7922.173 Mobile Safari/537.36 (compatible; Googlebot/2.1; +http://www.google.com/bot.html)" floresyfloresarmenia.com 10.53.129.184
74.7.242.53 - - [30/Aug/2026:07:32:18 -0500] "GET /item-637066607162653860925.html HTTP/2.0" 404 28432 "https://floresyfloresarmenia.com/foraramensbqy.xml" "Mozilla/5.0 AppleWebKit/537.36 (KHTML, like Gecko; compatible; GPTBot/1.4; +https://openai.com/gptbot)" floresyfloresarmenia.com 10.53.129.184
66.249.73.99 - - [30/Aug/2026:07:32:19 -0500] "GET /?item-646267676761634277713.html HTTP/1.1" 200 48926 "-" "Mozilla/5.0 (Linux; Android 6.0.1; Nexus 5X Build/MMB29P) AppleWebKit/537.36 (KHTML, like Gecko) Chrome/151.0.7922.173 Mobile Safari/537.36 (compatible; Googlebot/2.1; +http://www.google.com/bot.html)" floresyfloresarmenia.com 10.53.129.184
66.249.73.99 - - [30/Aug/2026:07:32:28 -0500] "GET /?item-647170707163674988937.html HTTP/1.1" 200 44880 "-" "Mozilla/5.0 (Linux; Android 6.0.1; Nexus 5X Build/MMB29P) AppleWebKit/537.36 (KHTML, like Gecko) Chrome/151.0.7922.173 Mobile Safari/537.36 (compatible; Googlebot/2.1; +http://www.google.com/bot.html)" floresyfloresarmenia.com 10.53.129.184
74.7.242.53 - - [30/Aug/2026:07:32:38 -0500] "GET /item-626667656470712675489.html HTTP/2.0" 404 28432 "https://floresyfloresarmenia.com/brachmanrth.xml" "Mozilla/5.0 AppleWebKit/537.36 (KHTML, like Gecko; compatible; GPTBot/1.4; +https://openai.com/gptbot)" floresyfloresarmenia.com 10.53.129.184
69.6.233.64 - - [30/Aug/2026:07:32:44 -0500] "POST /wp-cron.php?doing_wp_cron=1788093164.6613590717315673828125 HTTP/1.1" 200 - "-" "WordPress/7.1; https://floresyfloresarmenia.com" floresyfloresarmenia.com 10.53.129.184
66.249.73.99 - - [30/Aug/2026:07:32:49 -0500] "GET /item-656167666166715176169.htmlm HTTP/1.1" 200 46462 "-" "Mozilla/5.0 (Linux; Android 6.0.1; Nexus 5X Build/MMB29P) AppleWebKit/537.36 (KHTML, like Gecko) Chrome/151.0.7922.173 Mobile Safari/537.36 (compatible; Googlebot/2.1; +http://www.google.com/bot.html)" floresyfloresarmenia.com 10.53.129.184
74.7.242.53 - - [30/Aug/2026:07:32:58 -0500] "GET /item-636664627170623642982.html HTTP/2.0" 404 28432 "https://floresyfloresarmenia.com/pyropesqjj.xml" "Mozilla/5.0 AppleWebKit/537.36 (KHTML, like Gecko; compatible; GPTBot/1.4; +https://openai.com/gptbot)" floresyfloresarmenia.com 10.53.129.184
74.7.242.53 - - [30/Aug/2026:07:33:18 -0500] "GET /item-646663716562704639528.html HTTP/2.0" 404 28432 "https://floresyfloresarmenia.com/pyropesqjj.xml" "Mozilla/5.0 AppleWebKit/537.36 (KHTML, like Gecko; compatible; GPTBot/1.4; +https://openai.com/gptbot)" floresyfloresarmenia.com 10.53.129.184
66.249.73.164 - - [30/Aug/2026:07:33:31 -0500] "GET /item-656462646665655424655.html HTTP/1.1" 200 48909 "-" "Mozilla/5.0 (Linux; Android 6.0.1; Nexus 5X Build/MMB29P) AppleWebKit/537.36 (KHTML, like Gecko) Chrome/151.0.7922.173 Mobile Safari/537.36 (compatible; Googlebot/2.1; +http://www.google.com/bot.html)" www.floresyfloresarmenia.com 10.53.129.184
57.141.22.30 - - [30/Aug/2026:07:33:32 -0500] "GET /roulette-juego-gratis/ HTTP/2.0" 200 48362 "-" "Mozilla/5.0 (Windows NT 10.0; Win64; x64) AppleWebKit/537.36 (KHTML, like Gecko) Chrome/145.0.0.0 Safari/537.36 (compatible; meta-externalagent/1.1 (+https://developers.facebook.com/docs/sharing/webmasters/crawler))" floresyfloresarmenia.com 10.53.129.184
66.249.73.101 - - [30/Aug/2026:07:33:37 -0500] "GET /?item-626462606071652420095.html HTTP/1.1" 200 47415 "-" "Mozilla/5.0 (Linux; Android 6.0.1; Nexus 5X Build/MMB29P) AppleWebKit/537.36 (KHTML, like Gecko) Chrome/151.0.7922.173 Mobile Safari/537.36 (compatible; Googlebot/2.1; +http://www.google.com/bot.html)" floresyfloresarmenia.com 10.53.129.184
69.6.233.64 - - [30/Aug/2026:07:33:37 -0500] "POST /wp-cron.php?doing_wp_cron=1788093217.4260859489440917968750 HTTP/1.1" 200 - "-" "WordPress/7.1; https://floresyfloresarmenia.com" floresyfloresarmenia.com 10.53.129.184
74.7.242.53 - - [30/Aug/2026:07:33:38 -0500] "GET /item-646662637061654623815.html HTTP/2.0" 404 28432 "https://floresyfloresarmenia.com/epigastricalwzt.xml" "Mozilla/5.0 AppleWebKit/537.36 (KHTML, like Gecko; compatible; GPTBot/1.4; +https://openai.com/gptbot)" floresyfloresarmenia.com 10.53.129.184
66.249.73.100 - - [30/Aug/2026:07:33:50 -0500] "GET /?item-636566656570703565588.html HTTP/1.1" 200 44993 "-" "Mozilla/5.0 (Linux; Android 6.0.1; Nexus 5X Build/MMB29P) AppleWebKit/537.36 (KHTML, like Gecko) Chrome/151.0.7922.173 Mobile Safari/537.36 (compatible; Googlebot/2.1; +http://www.google.com/bot.html)" floresyfloresarmenia.com 10.53.129.184
57.141.10.18 - - [30/Aug/2026:07:33:54 -0500] "GET / HTTP/2.0" 200 56965 "-" "facebookexternalhit/1.1 (+http://www.facebook.com/externalhit_uatext.php)" floresyfloresarmenia.com 10.53.129.184
66.249.73.99 - - [30/Aug/2026:07:33:56 -0500] "GET /?item-646560646460624504402.html HTTP/1.1" 200 44235 "-" "Mozilla/5.0 (Linux; Android 6.0.1; Nexus 5X Build/MMB29P) AppleWebKit/537.36 (KHTML, like Gecko) Chrome/151.0.7922.173 Mobile Safari/537.36 (compatible; Googlebot/2.1; +http://www.google.com/bot.html)" floresyfloresarmenia.com 10.53.129.184
74.7.242.53 - - [30/Aug/2026:07:33:58 -0500] "GET /item-646571707166624598962.html HTTP/2.0" 404 28432 "https://floresyfloresarmenia.com/pyropesqjj.xml" "Mozilla/5.0 AppleWebKit/537.36 (KHTML, like Gecko; compatible; GPTBot/1.4; +https://openai.com/gptbot)" floresyfloresarmenia.com 10.53.129.184
66.249.73.164 - - [30/Aug/2026:07:34:10 -0500] "GET /item-636063716570653039585.html HTTP/1.1" 200 44599 "-" "Mozilla/5.0 (Linux; Android 6.0.1; Nexus 5X Build/MMB29P) AppleWebKit/537.36 (KHTML, like Gecko) Chrome/151.0.7922.173 Mobile Safari/537.36 (compatible; GoogleOther)" www.floresyfloresarmenia.com 10.53.129.184
66.249.73.99 - - [30/Aug/2026:07:34:18 -0500] "GET /?item-626462646764602424740.html HTTP/1.1" 200 46835 "-" "Mozilla/5.0 (Linux; Android 6.0.1; Nexus 5X Build/MMB29P) AppleWebKit/537.36 (KHTML, like Gecko) Chrome/151.0.7922.173 Mobile Safari/537.36 (compatible; Googlebot/2.1; +http://www.google.com/bot.html)" floresyfloresarmenia.com 10.53.129.184
74.7.242.53 - - [30/Aug/2026:07:34:18 -0500] "GET /item-636571666471703596498.html HTTP/2.0" 404 28432 "https://floresyfloresarmenia.com/pyropesqjj.xml" "Mozilla/5.0 AppleWebKit/537.36 (KHTML, like Gecko; compatible; GPTBot/1.4; +https://openai.com/gptbot)" floresyfloresarmenia.com 10.53.129.184
69.6.233.64 - - [30/Aug/2026:07:34:22 -0500] "POST /wp-cron.php?doing_wp_cron=1788093262.5364789962768554687500 HTTP/1.1" 200 - "-" "WordPress/7.1; https://floresyfloresarmenia.com" floresyfloresarmenia.com 10.53.129.184
66.249.73.99 - - [30/Aug/2026:07:34:23 -0500] "GET /?item-637065677163603857930.html HTTP/1.1" 200 51917 "-" "Mozilla/5.0 (Linux; Android 6.0.1; Nexus 5X Build/MMB29P) AppleWebKit/537.36 (KHTML, like Gecko) Chrome/151.0.7922.173 Mobile Safari/537.36 (compatible; Googlebot/2.1; +http://www.google.com/bot.html)" floresyfloresarmenia.com 10.53.129.184
