66.249.73.100 - - [30/Aug/2026:08:29:20 -0500] "GET /?item-656271676264655297245.htmlm HTTP/1.1" 200 47737 "-" "Mozilla/5.0 (Linux; Android 6.0.1; Nexus 5X Build/MMB29P) AppleWebKit/537.36 (KHTML, like Gecko) Chrome/151.0.7922.173 Mobile Safari/537.36 (compatible; Googlebot/2.1; +http://www.google.com/bot.html)" floresyfloresarmenia.com 10.53.129.184
66.249.73.99 - - [30/Aug/2026:08:29:22 -0500] "GET /shop/pg/2214900-1 HTTP/1.1" 200 44412 "-" "Mozilla/5.0 (Linux; Android 6.0.1; Nexus 5X Build/MMB29P) AppleWebKit/537.36 (KHTML, like Gecko) Chrome/151.0.7922.173 Mobile Safari/537.36 (compatible; Googlebot/2.1; +http://www.google.com/bot.html)" floresyfloresarmenia.com 10.53.129.184
66.249.73.99 - - [30/Aug/2026:08:29:25 -0500] "GET /?item-636463666063663436036.html HTTP/1.1" 200 47549 "-" "Mozilla/5.0 (Linux; Android 6.0.1; Nexus 5X Build/MMB29P) AppleWebKit/537.36 (KHTML, like Gecko) Chrome/151.0.7922.173 Mobile Safari/537.36 (compatible; Googlebot/2.1; +http://www.google.com/bot.html)" floresyfloresarmenia.com 10.53.129.184
66.249.73.100 - - [30/Aug/2026:08:29:26 -0500] "GET /shop/pg/2214900-3 HTTP/1.1" 200 44028 "-" "Mozilla/5.0 (Linux; Android 6.0.1; Nexus 5X Build/MMB29P) AppleWebKit/537.36 (KHTML, like Gecko) Chrome/151.0.7922.173 Mobile Safari/537.36 (compatible; Googlebot/2.1; +http://www.google.com/bot.html)" floresyfloresarmenia.com 10.53.129.184
74.7.242.53 - - [30/Aug/2026:08:29:26 -0500] "GET /item-636664706561713648519.html HTTP/2.0" 404 28432 "https://floresyfloresarmenia.com/refederalizejlh.xml" "Mozilla/5.0 AppleWebKit/537.36 (KHTML, like Gecko; compatible; GPTBot/1.4; +https://openai.com/gptbot)" floresyfloresarmenia.com 10.53.129.184
66.249.73.100 - - [30/Aug/2026:08:29:28 -0500] "GET /shop/pg/3213249-3 HTTP/1.1" 200 45797 "-" "Mozilla/5.0 (Linux; Android 6.0.1; Nexus 5X Build/MMB29P) AppleWebKit/537.36 (KHTML, like Gecko) Chrome/151.0.7922.173 Mobile Safari/537.36 (compatible; Googlebot/2.1; +http://www.google.com/bot.html)" floresyfloresarmenia.com 10.53.129.184
66.249.73.99 - - [30/Aug/2026:08:29:32 -0500] "GET /?item-637164617061673941817.html HTTP/1.1" 200 47864 "-" "Mozilla/5.0 (Linux; Android 6.0.1; Nexus 5X Build/MMB29P) AppleWebKit/537.36 (KHTML, like Gecko) Chrome/151.0.7922.173 Mobile Safari/537.36 (compatible; Googlebot/2.1; +http://www.google.com/bot.html)" floresyfloresarmenia.com 10.53.129.184
66.249.73.99 - - [30/Aug/2026:08:29:32 -0500] "GET /shop/pg/3213249-2 HTTP/1.1" 200 46007 "-" "Mozilla/5.0 (Linux; Android 6.0.1; Nexus 5X Build/MMB29P) AppleWebKit/537.36 (KHTML, like Gecko) Chrome/151.0.7922.173 Mobile Safari/537.36 (compatible; Googlebot/2.1; +http://www.google.com/bot.html)" floresyfloresarmenia.com 10.53.129.184
66.249.73.100 - - [30/Aug/2026:08:29:34 -0500] "GET /?item-657166616763675961737.html HTTP/1.1" 200 51600 "-" "Mozilla/5.0 (Linux; Android 6.0.1; Nexus 5X Build/MMB29P) AppleWebKit/537.36 (KHTML, like Gecko) Chrome/151.0.7922.173 Mobile Safari/537.36 (compatible; Googlebot/2.1; +http://www.google.com/bot.html)" floresyfloresarmenia.com 10.53.129.184
66.249.73.100 - - [30/Aug/2026:08:29:38 -0500] "GET /shop/pg/3536269-2 HTTP/1.1" 200 45554 "-" "Mozilla/5.0 (Linux; Android 6.0.1; Nexus 5X Build/MMB29P) AppleWebKit/537.36 (KHTML, like Gecko) Chrome/151.0.7922.173 Mobile Safari/537.36 (compatible; Googlebot/2.1; +http://www.google.com/bot.html)" floresyfloresarmenia.com 10.53.129.184
66.249.73.101 - - [30/Aug/2026:08:29:40 -0500] "GET /?item-646371717065634399853.htmlm HTTP/1.1" 200 47958 "-" "Mozilla/5.0 (Linux; Android 6.0.1; Nexus 5X Build/MMB29P) AppleWebKit/537.36 (KHTML, like Gecko) Chrome/151.0.7922.173 Mobile Safari/537.36 (compatible; Googlebot/2.1; +http://www.google.com/bot.html)" floresyfloresarmenia.com 10.53.129.184
66.249.73.99 - - [30/Aug/2026:08:29:40 -0500] "GET /?item-626664656563622645532.html HTTP/1.1" 200 45931 "-" "Mozilla/5.0 (Linux; Android 6.0.1; Nexus 5X Build/MMB29P) AppleWebKit/537.36 (KHTML, like Gecko) Chrome/151.0.7922.173 Mobile Safari/537.36 (compatible; Googlebot/2.1; +http://www.google.com/bot.html)" floresyfloresarmenia.com 10.53.129.184
66.249.73.99 - - [30/Aug/2026:08:29:41 -0500] "GET /?item-627171616670652991685.htmlm HTTP/1.1" 200 49352 "-" "Mozilla/5.0 (Linux; Android 6.0.1; Nexus 5X Build/MMB29P) AppleWebKit/537.36 (KHTML, like Gecko) Chrome/151.0.7922.173 Mobile Safari/537.36 (compatible; Googlebot/2.1; +http://www.google.com/bot.html)" floresyfloresarmenia.com 10.53.129.184
66.249.73.100 - - [30/Aug/2026:08:29:42 -0500] "GET /shop/pg/4755814-4 HTTP/1.1" 200 46741 "-" "Mozilla/5.0 (Linux; Android 6.0.1; Nexus 5X Build/MMB29P) AppleWebKit/537.36 (KHTML, like Gecko) Chrome/151.0.7922.173 Mobile Safari/537.36 (compatible; GoogleOther)" floresyfloresarmenia.com 10.53.129.184
66.249.73.101 - - [30/Aug/2026:08:29:43 -0500] "GET /shop/pg/2905760-4 HTTP/1.1" 200 45457 "-" "Mozilla/5.0 (Linux; Android 6.0.1; Nexus 5X Build/MMB29P) AppleWebKit/537.36 (KHTML, like Gecko) Chrome/151.0.7922.173 Mobile Safari/537.36 (compatible; Googlebot/2.1; +http://www.google.com/bot.html)" floresyfloresarmenia.com 10.53.129.184
66.249.73.99 - - [30/Aug/2026:08:29:44 -0500] "GET /shop/pg/4014477-3 HTTP/1.1" 200 45175 "-" "Mozilla/5.0 (Linux; Android 6.0.1; Nexus 5X Build/MMB29P) AppleWebKit/537.36 (KHTML, like Gecko) Chrome/151.0.7922.173 Mobile Safari/537.36 (compatible; Googlebot/2.1; +http://www.google.com/bot.html)" floresyfloresarmenia.com 10.53.129.184
66.249.73.100 - - [30/Aug/2026:08:29:46 -0500] "GET /shop/pg/5270880-2 HTTP/1.1" 200 46220 "-" "Mozilla/5.0 (Linux; Android 6.0.1; Nexus 5X Build/MMB29P) AppleWebKit/537.36 (KHTML, like Gecko) Chrome/151.0.7922.173 Mobile Safari/537.36 (compatible; Googlebot/2.1; +http://www.google.com/bot.html)" floresyfloresarmenia.com 10.53.129.184
69.6.233.64 - - [30/Aug/2026:08:29:48 -0500] "POST /wp-cron.php?doing_wp_cron=1788096588.3022959232330322265625 HTTP/1.1" 200 - "-" "WordPress/7.1; https://floresyfloresarmenia.com" floresyfloresarmenia.com 10.53.129.184
74.7.242.53 - - [30/Aug/2026:08:29:46 -0500] "GET /item-626571636664602593640.html HTTP/2.0" 404 28431 "https://floresyfloresarmenia.com/grecojbu.xml" "Mozilla/5.0 AppleWebKit/537.36 (KHTML, like Gecko; compatible; GPTBot/1.4; +https://openai.com/gptbot)" floresyfloresarmenia.com 10.53.129.184
66.249.73.102 - - [30/Aug/2026:08:29:49 -0500] "GET /shop/pg/2890297-2 HTTP/1.1" 200 49464 "-" "Mozilla/5.0 (Linux; Android 6.0.1; Nexus 5X Build/MMB29P) AppleWebKit/537.36 (KHTML, like Gecko) Chrome/151.0.7922.173 Mobile Safari/537.36 (compatible; Googlebot/2.1; +http://www.google.com/bot.html)" floresyfloresarmenia.com 10.53.129.184
66.249.73.100 - - [30/Aug/2026:08:29:49 -0500] "GET /?item-636463666062663436026.html HTTP/1.1" 200 46542 "-" "Mozilla/5.0 (Linux; Android 6.0.1; Nexus 5X Build/MMB29P) AppleWebKit/537.36 (KHTML, like Gecko) Chrome/151.0.7922.173 Mobile Safari/537.36 (compatible; Googlebot/2.1; +http://www.google.com/bot.html)" floresyfloresarmenia.com 10.53.129.184
66.249.73.101 - - [30/Aug/2026:08:29:51 -0500] "GET /shop/pg/2493870-4 HTTP/1.1" 200 48957 "-" "Mozilla/5.0 (Linux; Android 6.0.1; Nexus 5X Build/MMB29P) AppleWebKit/537.36 (KHTML, like Gecko) Chrome/151.0.7922.173 Mobile Safari/537.36 (compatible; Googlebot/2.1; +http://www.google.com/bot.html)" floresyfloresarmenia.com 10.53.129.184
66.249.73.102 - - [30/Aug/2026:08:29:53 -0500] "GET /shop/pg/3923013-4 HTTP/1.1" 200 44078 "-" "Mozilla/5.0 (Linux; Android 6.0.1; Nexus 5X Build/MMB29P) AppleWebKit/537.36 (KHTML, like Gecko) Chrome/151.0.7922.173 Mobile Safari/537.36 (compatible; Googlebot/2.1; +http://www.google.com/bot.html)" floresyfloresarmenia.com 10.53.129.184
66.249.73.102 - - [30/Aug/2026:08:29:55 -0500] "GET /shop/pg/4957023-1 HTTP/1.1" 200 46226 "-" "Mozilla/5.0 (Linux; Android 6.0.1; Nexus 5X Build/MMB29P) AppleWebKit/537.36 (KHTML, like Gecko) Chrome/151.0.7922.173 Mobile Safari/537.36 (compatible; Googlebot/2.1; +http://www.google.com/bot.html)" floresyfloresarmenia.com 10.53.129.184
66.249.73.101 - - [30/Aug/2026:08:29:58 -0500] "GET /?item-646461666171654416195.html HTTP/1.1" 200 46672 "-" "Mozilla/5.0 (Linux; Android 6.0.1; Nexus 5X Build/MMB29P) AppleWebKit/537.36 (KHTML, like Gecko) Chrome/151.0.7922.173 Mobile Safari/537.36 (compatible; Googlebot/2.1; +http://www.google.com/bot.html)" floresyfloresarmenia.com 10.53.129.184
66.249.73.101 - - [30/Aug/2026:08:30:01 -0500] "GET /?item-656771636763615793731.html HTTP/1.1" 200 45853 "-" "Mozilla/5.0 (Linux; Android 6.0.1; Nexus 5X Build/MMB29P) AppleWebKit/537.36 (KHTML, like Gecko) Chrome/151.0.7922.173 Mobile Safari/537.36 (compatible; Googlebot/2.1; +http://www.google.com/bot.html)" floresyfloresarmenia.com 10.53.129.184
66.249.73.100 - - [30/Aug/2026:08:30:01 -0500] "GET /shop/pg/4450620-2 HTTP/1.1" 200 45981 "-" "Mozilla/5.0 (Linux; Android 6.0.1; Nexus 5X Build/MMB29P) AppleWebKit/537.36 (KHTML, like Gecko) Chrome/151.0.7922.173 Mobile Safari/537.36 (compatible; Googlebot/2.1; +http://www.google.com/bot.html)" floresyfloresarmenia.com 10.53.129.184
66.249.73.101 - - [30/Aug/2026:08:30:01 -0500] "GET /?item-636660666565633606553.html HTTP/1.1" 200 45516 "-" "Mozilla/5.0 (Linux; Android 6.0.1; Nexus 5X Build/MMB29P) AppleWebKit/537.36 (KHTML, like Gecko) Chrome/151.0.7922.173 Mobile Safari/537.36 (compatible; Googlebot/2.1; +http://www.google.com/bot.html)" floresyfloresarmenia.com 10.53.129.184
66.249.73.99 - - [30/Aug/2026:08:30:02 -0500] "GET /?item-626371626761712392719.html HTTP/1.1" 200 47383 "-" "Mozilla/5.0 (Linux; Android 6.0.1; Nexus 5X Build/MMB29P) AppleWebKit/537.36 (KHTML, like Gecko) Chrome/151.0.7922.173 Mobile Safari/537.36 (compatible; Googlebot/2.1; +http://www.google.com/bot.html)" floresyfloresarmenia.com 10.53.129.184
66.249.73.101 - - [30/Aug/2026:08:30:03 -0500] "GET /shop/pg/3353109-4 HTTP/1.1" 200 46554 "-" "Mozilla/5.0 (Linux; Android 6.0.1; Nexus 5X Build/MMB29P) AppleWebKit/537.36 (KHTML, like Gecko) Chrome/151.0.7922.173 Mobile Safari/537.36 (compatible; Googlebot/2.1; +http://www.google.com/bot.html)" floresyfloresarmenia.com 10.53.129.184
66.249.73.101 - - [30/Aug/2026:08:30:04 -0500] "GET /shop/pg/4014477-2 HTTP/1.1" 200 44791 "-" "Mozilla/5.0 (Linux; Android 6.0.1; Nexus 5X Build/MMB29P) AppleWebKit/537.36 (KHTML, like Gecko) Chrome/151.0.7922.173 Mobile Safari/537.36 (compatible; GoogleOther)" floresyfloresarmenia.com 10.53.129.184
74.7.242.53 - - [30/Aug/2026:08:30:06 -0500] "GET /item-637060716166643809164.html HTTP/2.0" 404 28432 "https://floresyfloresarmenia.com/nuagvo.xml" "Mozilla/5.0 AppleWebKit/537.36 (KHTML, like Gecko; compatible; GPTBot/1.4; +https://openai.com/gptbot)" floresyfloresarmenia.com 10.53.129.184
66.249.73.99 - - [30/Aug/2026:08:30:08 -0500] "GET /shop/pg/3299223-1 HTTP/1.1" 200 45200 "-" "Mozilla/5.0 (Linux; Android 6.0.1; Nexus 5X Build/MMB29P) AppleWebKit/537.36 (KHTML, like Gecko) Chrome/151.0.7922.173 Mobile Safari/537.36 (compatible; Googlebot/2.1; +http://www.google.com/bot.html)" floresyfloresarmenia.com 10.53.129.184
66.249.73.100 - - [30/Aug/2026:08:30:12 -0500] "GET /shop/pg/5270880-3 HTTP/1.1" 200 46711 "-" "Mozilla/5.0 (Linux; Android 6.0.1; Nexus 5X Build/MMB29P) AppleWebKit/537.36 (KHTML, like Gecko) Chrome/151.0.7922.173 Mobile Safari/537.36 (compatible; Googlebot/2.1; +http://www.google.com/bot.html)" floresyfloresarmenia.com 10.53.129.184
66.249.73.99 - - [30/Aug/2026:08:30:13 -0500] "GET /?item-636261656760663215706.html HTTP/1.1" 200 44296 "-" "Mozilla/5.0 (Linux; Android 6.0.1; Nexus 5X Build/MMB29P) AppleWebKit/537.36 (KHTML, like Gecko) Chrome/151.0.7922.173 Mobile Safari/537.36 (compatible; Googlebot/2.1; +http://www.google.com/bot.html)" floresyfloresarmenia.com 10.53.129.184
66.249.73.99 - - [30/Aug/2026:08:30:14 -0500] "GET /shop/pg/5797511-4 HTTP/1.1" 200 45708 "-" "Mozilla/5.0 (Linux; Android 6.0.1; Nexus 5X Build/MMB29P) AppleWebKit/537.36 (KHTML, like Gecko) Chrome/151.0.7922.173 Mobile Safari/537.36 (compatible; Googlebot/2.1; +http://www.google.com/bot.html)" floresyfloresarmenia.com 10.53.129.184
66.249.73.99 - - [30/Aug/2026:08:30:16 -0500] "GET /shop/pg/4744290-1 HTTP/1.1" 200 45861 "-" "Mozilla/5.0 (Linux; Android 6.0.1; Nexus 5X Build/MMB29P) AppleWebKit/537.36 (KHTML, like Gecko) Chrome/151.0.7922.173 Mobile Safari/537.36 (compatible; Googlebot/2.1; +http://www.google.com/bot.html)" floresyfloresarmenia.com 10.53.129.184
66.249.73.100 - - [30/Aug/2026:08:30:19 -0500] "GET /shop/pg/3299223-3 HTTP/1.1" 200 45208 "-" "Mozilla/5.0 (Linux; Android 6.0.1; Nexus 5X Build/MMB29P) AppleWebKit/537.36 (KHTML, like Gecko) Chrome/151.0.7922.173 Mobile Safari/537.36 (compatible; Googlebot/2.1; +http://www.google.com/bot.html)" floresyfloresarmenia.com 10.53.129.184
66.249.73.99 - - [30/Aug/2026:08:30:20 -0500] "GET /?item-656462637066655423865.html HTTP/1.1" 200 45042 "-" "Mozilla/5.0 (Linux; Android 6.0.1; Nexus 5X Build/MMB29P) AppleWebKit/537.36 (KHTML, like Gecko) Chrome/151.0.7922.173 Mobile Safari/537.36 (compatible; Googlebot/2.1; +http://www.google.com/bot.html)" floresyfloresarmenia.com 10.53.129.184
66.249.73.99 - - [30/Aug/2026:08:30:22 -0500] "GET /shop/pg/3343304-4 HTTP/1.1" 200 44716 "-" "Mozilla/5.0 (Linux; Android 6.0.1; Nexus 5X Build/MMB29P) AppleWebKit/537.36 (KHTML, like Gecko) Chrome/151.0.7922.173 Mobile Safari/537.36 (compatible; Googlebot/2.1; +http://www.google.com/bot.html)" floresyfloresarmenia.com 10.53.129.184
66.249.73.99 - - [30/Aug/2026:08:30:24 -0500] "GET /?item-636664616267623641272.html HTTP/1.1" 200 46179 "-" "Mozilla/5.0 (Linux; Android 6.0.1; Nexus 5X Build/MMB29P) AppleWebKit/537.36 (KHTML, like Gecko) Chrome/151.0.7922.173 Mobile Safari/537.36 (compatible; Googlebot/2.1; +http://www.google.com/bot.html)" floresyfloresarmenia.com 10.53.129.184
66.249.73.99 - - [30/Aug/2026:08:30:25 -0500] "GET /shop/pg/5067707-3 HTTP/1.1" 200 45118 "-" "Mozilla/5.0 (Linux; Android 6.0.1; Nexus 5X Build/MMB29P) AppleWebKit/537.36 (KHTML, like Gecko) Chrome/151.0.7922.173 Mobile Safari/537.36 (compatible; Googlebot/2.1; +http://www.google.com/bot.html)" floresyfloresarmenia.com 10.53.129.184
69.6.233.64 - - [30/Aug/2026:08:30:29 -0500] "POST /wp-cron.php?doing_wp_cron=1788096629.0824561119079589843750 HTTP/1.1" 200 - "-" "WordPress/7.1; https://floresyfloresarmenia.com" floresyfloresarmenia.com 10.53.129.184
74.7.242.53 - - [30/Aug/2026:08:30:26 -0500] "GET /item-636667716470653679485.html HTTP/2.0" 404 28432 "https://floresyfloresarmenia.com/epigastricalwzt.xml" "Mozilla/5.0 AppleWebKit/537.36 (KHTML, like Gecko; compatible; GPTBot/1.4; +https://openai.com/gptbot)" floresyfloresarmenia.com 10.53.129.184
66.249.73.99 - - [30/Aug/2026:08:30:28 -0500] "GET /?item-636565716163633559133.html HTTP/1.1" 200 47438 "-" "Mozilla/5.0 (Linux; Android 6.0.1; Nexus 5X Build/MMB29P) AppleWebKit/537.36 (KHTML, like Gecko) Chrome/151.0.7922.173 Mobile Safari/537.36 (compatible; Googlebot/2.1; +http://www.google.com/bot.html)" floresyfloresarmenia.com 10.53.129.184
66.249.73.99 - - [30/Aug/2026:08:30:38 -0500] "GET /?item-636063616266663031266.html HTTP/1.1" 200 47006 "-" "Mozilla/5.0 (Linux; Android 6.0.1; Nexus 5X Build/MMB29P) AppleWebKit/537.36 (KHTML, like Gecko) Chrome/151.0.7922.173 Mobile Safari/537.36 (compatible; GoogleOther)" floresyfloresarmenia.com 10.53.129.184
66.249.73.99 - - [30/Aug/2026:08:30:38 -0500] "GET /shop/pg/5808889-4 HTTP/1.1" 200 49204 "-" "Mozilla/5.0 (Linux; Android 6.0.1; Nexus 5X Build/MMB29P) AppleWebKit/537.36 (KHTML, like Gecko) Chrome/151.0.7922.173 Mobile Safari/537.36 (compatible; Googlebot/2.1; +http://www.google.com/bot.html)" floresyfloresarmenia.com 10.53.129.184
66.249.73.100 - - [30/Aug/2026:08:30:40 -0500] "GET /shop/pg/5962422-4 HTTP/1.1" 200 44969 "-" "Mozilla/5.0 (Linux; Android 6.0.1; Nexus 5X Build/MMB29P) AppleWebKit/537.36 (KHTML, like Gecko) Chrome/151.0.7922.173 Mobile Safari/537.36 (compatible; Googlebot/2.1; +http://www.google.com/bot.html)" floresyfloresarmenia.com 10.53.129.184
66.249.73.99 - - [30/Aug/2026:08:30:41 -0500] "GET /shop/pg/4896340-1 HTTP/1.1" 200 47931 "-" "Mozilla/5.0 (Linux; Android 6.0.1; Nexus 5X Build/MMB29P) AppleWebKit/537.36 (KHTML, like Gecko) Chrome/151.0.7922.173 Mobile Safari/537.36 (compatible; Googlebot/2.1; +http://www.google.com/bot.html)" floresyfloresarmenia.com 10.53.129.184
66.249.73.100 - - [30/Aug/2026:08:30:43 -0500] "GET /?item-657064606071665840096.htmlm HTTP/1.1" 200 47073 "-" "Mozilla/5.0 (Linux; Android 6.0.1; Nexus 5X Build/MMB29P) AppleWebKit/537.36 (KHTML, like Gecko) Chrome/151.0.7922.173 Mobile Safari/537.36 (compatible; Googlebot/2.1; +http://www.google.com/bot.html)" floresyfloresarmenia.com 10.53.129.184
66.249.73.99 - - [30/Aug/2026:08:30:44 -0500] "GET /shop/pg/2767737-2 HTTP/1.1" 200 47326 "-" "Mozilla/5.0 (Linux; Android 6.0.1; Nexus 5X Build/MMB29P) AppleWebKit/537.36 (KHTML, like Gecko) Chrome/151.0.7922.173 Mobile Safari/537.36 (compatible; Googlebot/2.1; +http://www.google.com/bot.html)" floresyfloresarmenia.com 10.53.129.184
66.249.73.101 - - [30/Aug/2026:08:30:46 -0500] "GET /shop/pg/4069492-4 HTTP/1.1" 200 46377 "-" "Mozilla/5.0 (Linux; Android 6.0.1; Nexus 5X Build/MMB29P) AppleWebKit/537.36 (KHTML, like Gecko) Chrome/151.0.7922.173 Mobile Safari/537.36 (compatible; Googlebot/2.1; +http://www.google.com/bot.html)" floresyfloresarmenia.com 10.53.129.184
66.249.73.100 - - [30/Aug/2026:08:30:48 -0500] "GET /shop/pg/5322143-1 HTTP/1.1" 200 45093 "-" "Mozilla/5.0 (Linux; Android 6.0.1; Nexus 5X Build/MMB29P) AppleWebKit/537.36 (KHTML, like Gecko) Chrome/151.0.7922.173 Mobile Safari/537.36 (compatible; Googlebot/2.1; +http://www.google.com/bot.html)" floresyfloresarmenia.com 10.53.129.184
69.6.233.64 - - [30/Aug/2026:08:30:50 -0500] "POST /wp-cron.php?doing_wp_cron=1788096650.3774681091308593750000 HTTP/1.1" 200 - "-" "WordPress/7.1; https://floresyfloresarmenia.com" floresyfloresarmenia.com 10.53.129.184
74.7.242.53 - - [30/Aug/2026:08:30:46 -0500] "GET /item-656662647063615624831.html HTTP/2.0" 404 28432 "https://floresyfloresarmenia.com/halfwittednesswzp.xml" "Mozilla/5.0 AppleWebKit/537.36 (KHTML, like Gecko; compatible; GPTBot/1.4; +https://openai.com/gptbot)" floresyfloresarmenia.com 10.53.129.184
66.249.75.134 - - [30/Aug/2026:08:30:52 -0500] "GET /?item-646565677070674557887.htmlm HTTP/1.1" 200 46255 "-" "Mozilla/5.0 (Linux; Android 6.0.1; Nexus 5X Build/MMB29P) AppleWebKit/537.36 (KHTML, like Gecko) Chrome/151.0.7922.173 Mobile Safari/537.36 (compatible; Googlebot/2.1; +http://www.google.com/bot.html)" floresyfloresarmenia.com 10.53.129.184
66.249.73.100 - - [30/Aug/2026:08:30:56 -0500] "GET /shop/pg/5103957-3 HTTP/1.1" 200 44295 "-" "Mozilla/5.0 (Linux; Android 6.0.1; Nexus 5X Build/MMB29P) AppleWebKit/537.36 (KHTML, like Gecko) Chrome/151.0.7922.173 Mobile Safari/537.36 (compatible; Googlebot/2.1; +http://www.google.com/bot.html)" floresyfloresarmenia.com 10.53.129.184
66.249.73.100 - - [30/Aug/2026:08:31:02 -0500] "GET /shop/pg/4159078-3 HTTP/1.1" 200 44817 "-" "Mozilla/5.0 (Linux; Android 6.0.1; Nexus 5X Build/MMB29P) AppleWebKit/537.36 (KHTML, like Gecko) Chrome/151.0.7922.173 Mobile Safari/537.36 (compatible; Googlebot/2.1; +http://www.google.com/bot.html)" floresyfloresarmenia.com 10.53.129.184
62.60.130.247 - - [30/Aug/2026:08:30:55 -0500] "POST /wp-json/batch/v1 HTTP/1.1" 207 16 "-" "Mozilla/5.0 (Windows NT 10.0; Win64; x64) AppleWebKit/537.36 (KHTML, like Gecko) Chrome/131.0.0.0 Safari/537.36" floresyfloresarmenia.com 10.53.129.184
62.60.130.247 - - [30/Aug/2026:08:31:04 -0500] "POST /wp-json/batch/v1 HTTP/1.1" 406 226 "-" "Mozilla/5.0 (Windows NT 10.0; Win64; x64) AppleWebKit/537.36 (KHTML, like Gecko) Chrome/131.0.0.0 Safari/537.36" floresyfloresarmenia.com 10.53.129.184
62.60.130.247 - - [30/Aug/2026:08:31:05 -0500] "POST /wp-json/batch/v1 HTTP/1.1" 406 226 "-" "Mozilla/5.0 (Windows NT 10.0; Win64; x64) AppleWebKit/537.36 (KHTML, like Gecko) Chrome/131.0.0.0 Safari/537.36" floresyfloresarmenia.com 10.53.129.184
66.249.73.101 - - [30/Aug/2026:08:31:03 -0500] "GET /shop/pg/5595866-4 HTTP/1.1" 200 46026 "-" "Mozilla/5.0 (Linux; Android 6.0.1; Nexus 5X Build/MMB29P) AppleWebKit/537.36 (KHTML, like Gecko) Chrome/151.0.7922.173 Mobile Safari/537.36 (compatible; Googlebot/2.1; +http://www.google.com/bot.html)" floresyfloresarmenia.com 10.53.129.184
62.60.130.247 - - [30/Aug/2026:08:31:05 -0500] "POST /wp-json/batch/v1 HTTP/1.1" 406 226 "-" "Mozilla/5.0 (Windows NT 10.0; Win64; x64) AppleWebKit/537.36 (KHTML, like Gecko) Chrome/131.0.0.0 Safari/537.36" floresyfloresarmenia.com 10.53.129.184
62.60.130.247 - - [30/Aug/2026:08:31:06 -0500] "POST /wp-json/batch/v1 HTTP/1.1" 406 226 "-" "Mozilla/5.0 (Windows NT 10.0; Win64; x64) AppleWebKit/537.36 (KHTML, like Gecko) Chrome/131.0.0.0 Safari/537.36" floresyfloresarmenia.com 10.53.129.184
62.60.130.247 - - [30/Aug/2026:08:31:06 -0500] "POST /wp-json/batch/v1 HTTP/1.1" 406 226 "-" "Mozilla/5.0 (Windows NT 10.0; Win64; x64) AppleWebKit/537.36 (KHTML, like Gecko) Chrome/131.0.0.0 Safari/537.36" floresyfloresarmenia.com 10.53.129.184
66.249.73.100 - - [30/Aug/2026:08:31:05 -0500] "GET /?item-646166616563654161535.html HTTP/1.1" 200 46056 "-" "Mozilla/5.0 (Linux; Android 6.0.1; Nexus 5X Build/MMB29P) AppleWebKit/537.36 (KHTML, like Gecko) Chrome/151.0.7922.173 Mobile Safari/537.36 (compatible; Googlebot/2.1; +http://www.google.com/bot.html)" floresyfloresarmenia.com 10.53.129.184
66.249.73.100 - - [30/Aug/2026:08:31:06 -0500] "GET /shop/pg/4712933-2 HTTP/1.1" 200 45977 "-" "Mozilla/5.0 (Linux; Android 6.0.1; Nexus 5X Build/MMB29P) AppleWebKit/537.36 (KHTML, like Gecko) Chrome/151.0.7922.173 Mobile Safari/537.36 (compatible; Googlebot/2.1; +http://www.google.com/bot.html)" floresyfloresarmenia.com 10.53.129.184
62.60.130.247 - - [30/Aug/2026:08:31:07 -0500] "POST /wp-json/batch/v1 HTTP/1.1" 406 226 "-" "Mozilla/5.0 (Windows NT 10.0; Win64; x64) AppleWebKit/537.36 (KHTML, like Gecko) Chrome/131.0.0.0 Safari/537.36" floresyfloresarmenia.com 10.53.129.184
66.249.73.100 - - [30/Aug/2026:08:31:08 -0500] "GET /shop/pg/4645170-1 HTTP/1.1" 200 46521 "-" "Mozilla/5.0 (Linux; Android 6.0.1; Nexus 5X Build/MMB29P) AppleWebKit/537.36 (KHTML, like Gecko) Chrome/151.0.7922.173 Mobile Safari/537.36 (compatible; Googlebot/2.1; +http://www.google.com/bot.html)" floresyfloresarmenia.com 10.53.129.184
74.7.242.53 - - [30/Aug/2026:08:31:06 -0500] "GET /item-646265716663604259630.html HTTP/2.0" 404 28432 "https://floresyfloresarmenia.com/halfwittednesswzp.xml" "Mozilla/5.0 AppleWebKit/537.36 (KHTML, like Gecko; compatible; GPTBot/1.4; +https://openai.com/gptbot)" floresyfloresarmenia.com 10.53.129.184
66.249.73.99 - - [30/Aug/2026:08:31:10 -0500] "GET /?item-656370636264645383244.html HTTP/1.1" 200 45649 "-" "Mozilla/5.0 (Linux; Android 6.0.1; Nexus 5X Build/MMB29P) AppleWebKit/537.36 (KHTML, like Gecko) Chrome/151.0.7922.173 Mobile Safari/537.36 (compatible; Googlebot/2.1; +http://www.google.com/bot.html)" floresyfloresarmenia.com 10.53.129.184
66.249.73.100 - - [30/Aug/2026:08:31:10 -0500] "GET /shop/pg/5979204-3 HTTP/1.1" 200 48494 "-" "Mozilla/5.0 (Linux; Android 6.0.1; Nexus 5X Build/MMB29P) AppleWebKit/537.36 (KHTML, like Gecko) Chrome/151.0.7922.173 Mobile Safari/537.36 (compatible; Googlebot/2.1; +http://www.google.com/bot.html)" floresyfloresarmenia.com 10.53.129.184
66.249.73.99 - - [30/Aug/2026:08:31:14 -0500] "GET /shop/pg/3153230-4 HTTP/1.1" 200 46389 "-" "Mozilla/5.0 (Linux; Android 6.0.1; Nexus 5X Build/MMB29P) AppleWebKit/537.36 (KHTML, like Gecko) Chrome/151.0.7922.173 Mobile Safari/537.36 (compatible; Googlebot/2.1; +http://www.google.com/bot.html)" floresyfloresarmenia.com 10.53.129.184
66.249.73.99 - - [30/Aug/2026:08:31:16 -0500] "GET /shop/pg/2897938-3 HTTP/1.1" 200 48150 "-" "Mozilla/5.0 (Linux; Android 6.0.1; Nexus 5X Build/MMB29P) AppleWebKit/537.36 (KHTML, like Gecko) Chrome/151.0.7922.173 Mobile Safari/537.36 (compatible; Googlebot/2.1; +http://www.google.com/bot.html)" floresyfloresarmenia.com 10.53.129.184
66.249.73.100 - - [30/Aug/2026:08:31:20 -0500] "GET /shop/pg/5930664-4 HTTP/1.1" 200 45898 "-" "Mozilla/5.0 (Linux; Android 6.0.1; Nexus 5X Build/MMB29P) AppleWebKit/537.36 (KHTML, like Gecko) Chrome/151.0.7922.173 Mobile Safari/537.36 (compatible; Googlebot/2.1; +http://www.google.com/bot.html)" floresyfloresarmenia.com 10.53.129.184
66.249.73.99 - - [30/Aug/2026:08:31:22 -0500] "GET /?item-626667716264612679241.htmlm HTTP/1.1" 200 46116 "-" "Mozilla/5.0 (Linux; Android 6.0.1; Nexus 5X Build/MMB29P) AppleWebKit/537.36 (KHTML, like Gecko) Chrome/151.0.7922.173 Mobile Safari/537.36 (compatible; Googlebot/2.1; +http://www.google.com/bot.html)" floresyfloresarmenia.com 10.53.129.184
66.249.73.99 - - [30/Aug/2026:08:31:25 -0500] "GET /shop/pg/5392110-2 HTTP/1.1" 200 45578 "-" "Mozilla/5.0 (Linux; Android 6.0.1; Nexus 5X Build/MMB29P) AppleWebKit/537.36 (KHTML, like Gecko) Chrome/151.0.7922.173 Mobile Safari/537.36 (compatible; Googlebot/2.1; +http://www.google.com/bot.html)" floresyfloresarmenia.com 10.53.129.184
74.7.242.53 - - [30/Aug/2026:08:31:26 -0500] "GET /item-646665626470714652489.html HTTP/2.0" 404 28432 "https://floresyfloresarmenia.com/pyropesqjj.xml" "Mozilla/5.0 AppleWebKit/537.36 (KHTML, like Gecko; compatible; GPTBot/1.4; +https://openai.com/gptbot)" floresyfloresarmenia.com 10.53.129.184
66.249.73.100 - - [30/Aug/2026:08:31:27 -0500] "GET /?item-657065626360605852300.html HTTP/1.1" 200 45151 "-" "Mozilla/5.0 (Linux; Android 6.0.1; Nexus 5X Build/MMB29P) AppleWebKit/537.36 (KHTML, like Gecko) Chrome/151.0.7922.173 Mobile Safari/537.36 (compatible; Googlebot/2.1; +http://www.google.com/bot.html)" floresyfloresarmenia.com 10.53.129.184
66.249.73.100 - - [30/Aug/2026:08:31:30 -0500] "GET /shop/pg/2937975-3 HTTP/1.1" 200 46579 "-" "Mozilla/5.0 (Linux; Android 6.0.1; Nexus 5X Build/MMB29P) AppleWebKit/537.36 (KHTML, like Gecko) Chrome/151.0.7922.173 Mobile Safari/537.36 (compatible; Googlebot/2.1; +http://www.google.com/bot.html)" floresyfloresarmenia.com 10.53.129.184
66.249.73.100 - - [30/Aug/2026:08:31:36 -0500] "GET /shop/pg/4663141-4 HTTP/1.1" 200 49089 "-" "Mozilla/5.0 (Linux; Android 6.0.1; Nexus 5X Build/MMB29P) AppleWebKit/537.36 (KHTML, like Gecko) Chrome/151.0.7922.173 Mobile Safari/537.36 (compatible; Googlebot/2.1; +http://www.google.com/bot.html)" floresyfloresarmenia.com 10.53.129.184
66.249.73.99 - - [30/Aug/2026:08:31:37 -0500] "GET /?item-637160607070613900881.html HTTP/1.1" 200 48586 "-" "Mozilla/5.0 (Linux; Android 6.0.1; Nexus 5X Build/MMB29P) AppleWebKit/537.36 (KHTML, like Gecko) Chrome/151.0.7922.173 Mobile Safari/537.36 (compatible; Googlebot/2.1; +http://www.google.com/bot.html)" floresyfloresarmenia.com 10.53.129.184
66.249.73.100 - - [30/Aug/2026:08:31:38 -0500] "GET /shop/pg/3280989-2 HTTP/1.1" 200 44619 "-" "Mozilla/5.0 (Linux; Android 6.0.1; Nexus 5X Build/MMB29P) AppleWebKit/537.36 (KHTML, like Gecko) Chrome/151.0.7922.173 Mobile Safari/537.36 (compatible; Googlebot/2.1; +http://www.google.com/bot.html)" floresyfloresarmenia.com 10.53.129.184
66.249.73.99 - - [30/Aug/2026:08:31:38 -0500] "GET /?item-636463656363703435338.html HTTP/1.1" 200 45734 "-" "Mozilla/5.0 (Linux; Android 6.0.1; Nexus 5X Build/MMB29P) AppleWebKit/537.36 (KHTML, like Gecko) Chrome/151.0.7922.173 Mobile Safari/537.36 (compatible; Googlebot/2.1; +http://www.google.com/bot.html)" floresyfloresarmenia.com 10.53.129.184
66.249.73.99 - - [30/Aug/2026:08:31:40 -0500] "GET /shop/pg/2705232-2 HTTP/1.1" 200 46046 "-" "Mozilla/5.0 (Linux; Android 6.0.1; Nexus 5X Build/MMB29P) AppleWebKit/537.36 (KHTML, like Gecko) Chrome/151.0.7922.173 Mobile Safari/537.36 (compatible; Googlebot/2.1; +http://www.google.com/bot.html)" floresyfloresarmenia.com 10.53.129.184
69.6.233.64 - - [30/Aug/2026:08:31:44 -0500] "POST /wp-cron.php?doing_wp_cron=1788096704.9222869873046875000000 HTTP/1.1" 200 - "-" "WordPress/7.1; https://floresyfloresarmenia.com" floresyfloresarmenia.com 10.53.129.184
57.141.22.114 - - [30/Aug/2026:08:31:38 -0500] "GET /casinos-gratis-jugar-por-diversion/ HTTP/2.0" 200 47686 "-" "Mozilla/5.0 (Macintosh; Intel Mac OS X 10_15_7) AppleWebKit/537.36 (KHTML, like Gecko) Chrome/145.0.0.0 Safari/537.36 (compatible; meta-externalagent/1.1 (+https://developers.facebook.com/docs/sharing/webmasters/crawler))" floresyfloresarmenia.com 10.53.129.184
66.249.73.99 - - [30/Aug/2026:08:31:45 -0500] "GET /shop/pg/2988810-4 HTTP/1.1" 200 47784 "-" "Mozilla/5.0 (Linux; Android 6.0.1; Nexus 5X Build/MMB29P) AppleWebKit/537.36 (KHTML, like Gecko) Chrome/151.0.7922.173 Mobile Safari/537.36 (compatible; Googlebot/2.1; +http://www.google.com/bot.html)" floresyfloresarmenia.com 10.53.129.184
66.249.73.101 - - [30/Aug/2026:08:31:49 -0500] "GET /shop/pg/2705232-4 HTTP/1.1" 200 45797 "-" "Mozilla/5.0 (Linux; Android 6.0.1; Nexus 5X Build/MMB29P) AppleWebKit/537.36 (KHTML, like Gecko) Chrome/151.0.7922.173 Mobile Safari/537.36 (compatible; Googlebot/2.1; +http://www.google.com/bot.html)" floresyfloresarmenia.com 10.53.129.184
74.7.242.53 - - [30/Aug/2026:08:31:46 -0500] "GET /item-657160666462715906429.html HTTP/2.0" 404 28432 "https://floresyfloresarmenia.com/foraramensbqy.xml" "Mozilla/5.0 AppleWebKit/537.36 (KHTML, like Gecko; compatible; GPTBot/1.4; +https://openai.com/gptbot)" floresyfloresarmenia.com 10.53.129.184
66.249.73.101 - - [30/Aug/2026:08:31:56 -0500] "GET /shop/pg/2705232-1 HTTP/1.1" 200 45607 "-" "Mozilla/5.0 (Linux; Android 6.0.1; Nexus 5X Build/MMB29P) AppleWebKit/537.36 (KHTML, like Gecko) Chrome/151.0.7922.173 Mobile Safari/537.36 (compatible; Googlebot/2.1; +http://www.google.com/bot.html)" floresyfloresarmenia.com 10.53.129.184
57.141.22.18 - - [30/Aug/2026:08:31:50 -0500] "GET /mega-ball-gratis/ HTTP/2.0" 200 48507 "-" "Mozilla/5.0 (Windows NT 10.0; Win64; x64) AppleWebKit/537.36 (KHTML, like Gecko) Chrome/145.0.0.0 Safari/537.36 (compatible; meta-externalagent/1.1 (+https://developers.facebook.com/docs/sharing/webmasters/crawler))" floresyfloresarmenia.com 10.53.129.184
57.141.22.42 - - [30/Aug/2026:08:31:48 -0500] "GET /national-casino-giros-gratis-sin-deposito-hoy/ HTTP/2.0" 200 48157 "-" "Mozilla/5.0 (Windows NT 10.0; Win64; x64) AppleWebKit/537.36 (KHTML, like Gecko) Chrome/145.0.0.0 Safari/537.36 (compatible; meta-externalagent/1.1 (+https://developers.facebook.com/docs/sharing/webmasters/crawler))" floresyfloresarmenia.com 10.53.129.184
66.249.73.101 - - [30/Aug/2026:08:32:00 -0500] "GET /?item-626365606167662350176.htmlm HTTP/1.1" 200 46682 "-" "Mozilla/5.0 (Linux; Android 6.0.1; Nexus 5X Build/MMB29P) AppleWebKit/537.36 (KHTML, like Gecko) Chrome/151.0.7922.173 Mobile Safari/537.36 (compatible; Googlebot/2.1; +http://www.google.com/bot.html)" floresyfloresarmenia.com 10.53.129.184
66.249.73.100 - - [30/Aug/2026:08:32:04 -0500] "GET /shop/pg/5428112-1 HTTP/1.1" 200 46306 "-" "Mozilla/5.0 (Linux; Android 6.0.1; Nexus 5X Build/MMB29P) AppleWebKit/537.36 (KHTML, like Gecko) Chrome/151.0.7922.173 Mobile Safari/537.36 (compatible; Googlebot/2.1; +http://www.google.com/bot.html)" floresyfloresarmenia.com 10.53.129.184
66.249.73.99 - - [30/Aug/2026:08:32:07 -0500] "GET /shop/pg/4663141-1 HTTP/1.1" 200 48599 "-" "Mozilla/5.0 (Linux; Android 6.0.1; Nexus 5X Build/MMB29P) AppleWebKit/537.36 (KHTML, like Gecko) Chrome/151.0.7922.173 Mobile Safari/537.36 (compatible; Googlebot/2.1; +http://www.google.com/bot.html)" floresyfloresarmenia.com 10.53.129.184
74.7.242.53 - - [30/Aug/2026:08:32:06 -0500] "GET /item-657166626371715962399.html HTTP/2.0" 404 28432 "https://floresyfloresarmenia.com/foraramensbqy.xml" "Mozilla/5.0 AppleWebKit/537.36 (KHTML, like Gecko; compatible; GPTBot/1.4; +https://openai.com/gptbot)" floresyfloresarmenia.com 10.53.129.184
66.249.73.99 - - [30/Aug/2026:08:32:10 -0500] "GET /shop/pg/3906856-1 HTTP/1.1" 200 50509 "-" "Mozilla/5.0 (Linux; Android 6.0.1; Nexus 5X Build/MMB29P) AppleWebKit/537.36 (KHTML, like Gecko) Chrome/151.0.7922.173 Mobile Safari/537.36 (compatible; Googlebot/2.1; +http://www.google.com/bot.html)" floresyfloresarmenia.com 10.53.129.184
57.141.20.4 - - [30/Aug/2026:08:32:11 -0500] "GET / HTTP/2.0" 200 56965 "-" "facebookexternalhit/1.1 (+http://www.facebook.com/externalhit_uatext.php)" floresyfloresarmenia.com 10.53.129.184
66.249.73.99 - - [30/Aug/2026:08:32:15 -0500] "GET /shop/pg/3906856-4 HTTP/1.1" 200 50755 "-" "Mozilla/5.0 (Linux; Android 6.0.1; Nexus 5X Build/MMB29P) AppleWebKit/537.36 (KHTML, like Gecko) Chrome/151.0.7922.173 Mobile Safari/537.36 (compatible; Googlebot/2.1; +http://www.google.com/bot.html)" floresyfloresarmenia.com 10.53.129.184
66.249.73.99 - - [30/Aug/2026:08:32:17 -0500] "GET /?item-656361646065605314050.html HTTP/1.1" 200 52109 "-" "Mozilla/5.0 (Linux; Android 6.0.1; Nexus 5X Build/MMB29P) AppleWebKit/537.36 (KHTML, like Gecko) Chrome/151.0.7922.173 Mobile Safari/537.36 (compatible; Googlebot/2.1; +http://www.google.com/bot.html)" floresyfloresarmenia.com 10.53.129.184
66.249.73.99 - - [30/Aug/2026:08:32:21 -0500] "GET /shop/pg/4221746-3 HTTP/1.1" 200 44277 "-" "Mozilla/5.0 (Linux; Android 6.0.1; Nexus 5X Build/MMB29P) AppleWebKit/537.36 (KHTML, like Gecko) Chrome/151.0.7922.173 Mobile Safari/537.36 (compatible; Googlebot/2.1; +http://www.google.com/bot.html)" floresyfloresarmenia.com 10.53.129.184
66.249.73.99 - - [30/Aug/2026:08:32:23 -0500] "GET /shop/pg/4014477-2 HTTP/1.1" 200 44791 "-" "Mozilla/5.0 (Linux; Android 6.0.1; Nexus 5X Build/MMB29P) AppleWebKit/537.36 (KHTML, like Gecko) Chrome/151.0.7922.173 Mobile Safari/537.36 (compatible; Googlebot/2.1; +http://www.google.com/bot.html)" floresyfloresarmenia.com 10.53.129.184
66.249.73.99 - - [30/Aug/2026:08:32:23 -0500] "GET /?item-657166706170605968180.htmlm HTTP/1.1" 200 49243 "-" "Mozilla/5.0 (Linux; Android 6.0.1; Nexus 5X Build/MMB29P) AppleWebKit/537.36 (KHTML, like Gecko) Chrome/151.0.7922.173 Mobile Safari/537.36 (compatible; Googlebot/2.1; +http://www.google.com/bot.html)" floresyfloresarmenia.com 10.53.129.184
69.6.233.64 - - [30/Aug/2026:08:32:29 -0500] "POST /wp-cron.php?doing_wp_cron=1788096749.2701110839843750000000 HTTP/1.1" 200 - "-" "WordPress/7.1; https://floresyfloresarmenia.com" floresyfloresarmenia.com 10.53.129.184
74.7.242.53 - - [30/Aug/2026:08:32:26 -0500] "GET /item-646366627071614362891.html HTTP/2.0" 404 28432 "https://floresyfloresarmenia.com/refederalizejlh.xml" "Mozilla/5.0 AppleWebKit/537.36 (KHTML, like Gecko; compatible; GPTBot/1.4; +https://openai.com/gptbot)" floresyfloresarmenia.com 10.53.129.184
66.249.73.99 - - [30/Aug/2026:08:32:28 -0500] "GET /?item-626360606067662300076.html HTTP/1.1" 200 47758 "-" "Mozilla/5.0 (Linux; Android 6.0.1; Nexus 5X Build/MMB29P) AppleWebKit/537.36 (KHTML, like Gecko) Chrome/151.0.7922.173 Mobile Safari/537.36 (compatible; Googlebot/2.1; +http://www.google.com/bot.html)" floresyfloresarmenia.com 10.53.129.184
66.249.73.99 - - [30/Aug/2026:08:32:31 -0500] "GET /?item-656365667160635356903.html HTTP/1.1" 200 45216 "-" "Mozilla/5.0 (Linux; Android 6.0.1; Nexus 5X Build/MMB29P) AppleWebKit/537.36 (KHTML, like Gecko) Chrome/151.0.7922.173 Mobile Safari/537.36 (compatible; Googlebot/2.1; +http://www.google.com/bot.html)" floresyfloresarmenia.com 10.53.129.184
66.249.73.99 - - [30/Aug/2026:08:32:33 -0500] "GET /?item-646170646361614184311.htmlm HTTP/1.1" 200 52291 "-" "Mozilla/5.0 (Linux; Android 6.0.1; Nexus 5X Build/MMB29P) AppleWebKit/537.36 (KHTML, like Gecko) Chrome/151.0.7922.173 Mobile Safari/537.36 (compatible; Googlebot/2.1; +http://www.google.com/bot.html)" floresyfloresarmenia.com 10.53.129.184
66.249.73.99 - - [30/Aug/2026:08:32:40 -0500] "GET /?item-656670646364675684347.html HTTP/1.1" 200 52450 "-" "Mozilla/5.0 (Linux; Android 6.0.1; Nexus 5X Build/MMB29P) AppleWebKit/537.36 (KHTML, like Gecko) Chrome/151.0.7922.173 Mobile Safari/537.36 (compatible; Googlebot/2.1; +http://www.google.com/bot.html)" floresyfloresarmenia.com 10.53.129.184
69.6.233.64 - - [30/Aug/2026:08:32:46 -0500] "POST /wp-cron.php?doing_wp_cron=1788096766.5491490364074707031250 HTTP/1.1" 200 - "-" "WordPress/7.1; https://floresyfloresarmenia.com" floresyfloresarmenia.com 10.53.129.184
57.141.22.56 - - [30/Aug/2026:08:32:42 -0500] "GET /bono-exclusivo-casino-2026/ HTTP/2.0" 200 47107 "-" "Mozilla/5.0 (Macintosh; Intel Mac OS X 10_15_7) AppleWebKit/537.36 (KHTML, like Gecko) Chrome/145.0.0.0 Safari/537.36 (compatible; meta-externalagent/1.1 (+https://developers.facebook.com/docs/sharing/webmasters/crawler))" floresyfloresarmenia.com 10.53.129.184
74.7.242.53 - - [30/Aug/2026:08:32:46 -0500] "GET /item-656266647163715264939.html HTTP/2.0" 404 28432 "https://floresyfloresarmenia.com/halfwittednesswzp.xml" "Mozilla/5.0 AppleWebKit/537.36 (KHTML, like Gecko; compatible; GPTBot/1.4; +https://openai.com/gptbot)" floresyfloresarmenia.com 10.53.129.184
66.249.73.99 - - [30/Aug/2026:08:32:55 -0500] "GET /shop/pg/3975239-2 HTTP/1.1" 200 45730 "-" "Mozilla/5.0 (Linux; Android 6.0.1; Nexus 5X Build/MMB29P) AppleWebKit/537.36 (KHTML, like Gecko) Chrome/151.0.7922.173 Mobile Safari/537.36 (compatible; Googlebot/2.1; +http://www.google.com/bot.html)" floresyfloresarmenia.com 10.53.129.184
66.249.73.100 - - [30/Aug/2026:08:32:58 -0500] "GET /shop/pg/5724172-3 HTTP/1.1" 200 45735 "-" "Mozilla/5.0 (Linux; Android 6.0.1; Nexus 5X Build/MMB29P) AppleWebKit/537.36 (KHTML, like Gecko) Chrome/151.0.7922.173 Mobile Safari/537.36 (compatible; Googlebot/2.1; +http://www.google.com/bot.html)" floresyfloresarmenia.com 10.53.129.184
66.249.73.99 - - [30/Aug/2026:08:33:03 -0500] "GET /?item-646760616662654701625.html HTTP/1.1" 200 46340 "-" "Mozilla/5.0 (Linux; Android 6.0.1; Nexus 5X Build/MMB29P) AppleWebKit/537.36 (KHTML, like Gecko) Chrome/151.0.7922.173 Mobile Safari/537.36 (compatible; Googlebot/2.1; +http://www.google.com/bot.html)" floresyfloresarmenia.com 10.53.129.184
66.249.73.99 - - [30/Aug/2026:08:33:07 -0500] "GET /?cate-diet-health-nursing-pants-diapers HTTP/1.1" 200 46551 "-" "Mozilla/5.0 (Linux; Android 6.0.1; Nexus 5X Build/MMB29P) AppleWebKit/537.36 (KHTML, like Gecko) Chrome/151.0.7922.173 Mobile Safari/537.36 (compatible; Googlebot/2.1; +http://www.google.com/bot.html)" floresyfloresarmenia.com 10.53.129.184
74.7.242.53 - - [30/Aug/2026:08:33:06 -0500] "GET /item-647071626366644892364.html HTTP/2.0" 404 28432 "https://floresyfloresarmenia.com/foraramensbqy.xml" "Mozilla/5.0 AppleWebKit/537.36 (KHTML, like Gecko; compatible; GPTBot/1.4; +https://openai.com/gptbot)" floresyfloresarmenia.com 10.53.129.184
66.249.73.99 - - [30/Aug/2026:08:33:17 -0500] "GET /shop/pg/2255317-4 HTTP/1.1" 200 43487 "-" "Mozilla/5.0 (Linux; Android 6.0.1; Nexus 5X Build/MMB29P) AppleWebKit/537.36 (KHTML, like Gecko) Chrome/151.0.7922.173 Mobile Safari/537.36 (compatible; Googlebot/2.1; +http://www.google.com/bot.html)" floresyfloresarmenia.com 10.53.129.184
66.249.73.99 - - [30/Aug/2026:08:33:18 -0500] "GET /?item-646171637162674193927.html HTTP/1.1" 200 54135 "-" "Mozilla/5.0 (Linux; Android 6.0.1; Nexus 5X Build/MMB29P) AppleWebKit/537.36 (KHTML, like Gecko) Chrome/151.0.7922.173 Mobile Safari/537.36 (compatible; Googlebot/2.1; +http://www.google.com/bot.html)" floresyfloresarmenia.com 10.53.129.184
69.6.233.64 - - [30/Aug/2026:08:33:29 -0500] "POST /wp-cron.php?doing_wp_cron=1788096809.1751570701599121093750 HTTP/1.1" 200 - "-" "WordPress/7.1; https://floresyfloresarmenia.com" floresyfloresarmenia.com 10.53.129.184
74.7.242.53 - - [30/Aug/2026:08:33:26 -0500] "GET /item-637070666271623886292.html HTTP/2.0" 404 28432 "https://floresyfloresarmenia.com/refederalizejlh.xml" "Mozilla/5.0 AppleWebKit/537.36 (KHTML, like Gecko; compatible; GPTBot/1.4; +https://openai.com/gptbot)" floresyfloresarmenia.com 10.53.129.184
57.141.22.33 - - [30/Aug/2026:08:33:30 -0500] "GET /category/news/feed/ HTTP/2.0" 200 6152 "-" "Mozilla/5.0 (X11; Linux x86_64) AppleWebKit/537.36 (KHTML, like Gecko) Chrome/145.0.0.0 Safari/537.36 (compatible; meta-externalagent/1.1 (+https://developers.facebook.com/docs/sharing/webmasters/crawler))" floresyfloresarmenia.com 10.53.129.184
66.249.73.99 - - [30/Aug/2026:08:33:31 -0500] "GET /shop/pg/4458139-1 HTTP/1.1" 200 45084 "-" "Mozilla/5.0 (Linux; Android 6.0.1; Nexus 5X Build/MMB29P) AppleWebKit/537.36 (KHTML, like Gecko) Chrome/151.0.7922.173 Mobile Safari/537.36 (compatible; Googlebot/2.1; +http://www.google.com/bot.html)" floresyfloresarmenia.com 10.53.129.184
66.249.73.99 - - [30/Aug/2026:08:33:35 -0500] "GET /shop/pg/2356707-3 HTTP/1.1" 200 47023 "-" "Mozilla/5.0 (Linux; Android 6.0.1; Nexus 5X Build/MMB29P) AppleWebKit/537.36 (KHTML, like Gecko) Chrome/151.0.7922.173 Mobile Safari/537.36 (compatible; Googlebot/2.1; +http://www.google.com/bot.html)" floresyfloresarmenia.com 10.53.129.184
66.249.73.99 - - [30/Aug/2026:08:33:44 -0500] "GET /?p=4088 HTTP/1.1" 200 52570 "-" "Mozilla/5.0 (Linux; Android 6.0.1; Nexus 5X Build/MMB29P) AppleWebKit/537.36 (KHTML, like Gecko) Chrome/151.0.7922.173 Mobile Safari/537.36 (compatible; GoogleOther)" floresyfloresarmenia.com 10.53.129.184
69.6.233.64 - - [30/Aug/2026:08:33:49 -0500] "POST /wp-cron.php?doing_wp_cron=1788096829.1806709766387939453125 HTTP/1.1" 200 - "-" "WordPress/7.1; https://floresyfloresarmenia.com" floresyfloresarmenia.com 10.53.129.184
74.7.242.53 - - [30/Aug/2026:08:33:46 -0500] "GET /item-646365707166614358961.html HTTP/2.0" 404 28432 "https://floresyfloresarmenia.com/brachmanrth.xml" "Mozilla/5.0 AppleWebKit/537.36 (KHTML, like Gecko; compatible; GPTBot/1.4; +https://openai.com/gptbot)" floresyfloresarmenia.com 10.53.129.184
66.249.73.99 - - [30/Aug/2026:08:33:51 -0500] "GET /shop/pg/5892836-4 HTTP/1.1" 200 48408 "-" "Mozilla/5.0 (Linux; Android 6.0.1; Nexus 5X Build/MMB29P) AppleWebKit/537.36 (KHTML, like Gecko) Chrome/151.0.7922.173 Mobile Safari/537.36 (compatible; Googlebot/2.1; +http://www.google.com/bot.html)" floresyfloresarmenia.com 10.53.129.184
66.249.73.99 - - [30/Aug/2026:08:33:54 -0500] "GET /shop/pg/2667306-2 HTTP/1.1" 200 44300 "-" "Mozilla/5.0 (Linux; Android 6.0.1; Nexus 5X Build/MMB29P) AppleWebKit/537.36 (KHTML, like Gecko) Chrome/151.0.7922.173 Mobile Safari/537.36 (compatible; Googlebot/2.1; +http://www.google.com/bot.html)" floresyfloresarmenia.com 10.53.129.184
66.249.73.99 - - [30/Aug/2026:08:34:04 -0500] "GET /shop/pg/5090344-1 HTTP/1.1" 200 46938 "-" "Mozilla/5.0 (Linux; Android 6.0.1; Nexus 5X Build/MMB29P) AppleWebKit/537.36 (KHTML, like Gecko) Chrome/151.0.7922.173 Mobile Safari/537.36 (compatible; Googlebot/2.1; +http://www.google.com/bot.html)" floresyfloresarmenia.com 10.53.129.184
74.7.242.53 - - [30/Aug/2026:08:34:06 -0500] "GET /item-656371666062645396024.html HTTP/2.0" 404 28432 "https://floresyfloresarmenia.com/grecojbu.xml" "Mozilla/5.0 AppleWebKit/537.36 (KHTML, like Gecko; compatible; GPTBot/1.4; +https://openai.com/gptbot)" floresyfloresarmenia.com 10.53.129.184
66.249.73.99 - - [30/Aug/2026:08:34:16 -0500] "GET /shop/pg/5247274-3 HTTP/1.1" 200 46247 "-" "Mozilla/5.0 (Linux; Android 6.0.1; Nexus 5X Build/MMB29P) AppleWebKit/537.36 (KHTML, like Gecko) Chrome/151.0.7922.173 Mobile Safari/537.36 (compatible; Googlebot/2.1; +http://www.google.com/bot.html)" floresyfloresarmenia.com 10.53.129.184
66.249.73.99 - - [30/Aug/2026:08:34:22 -0500] "GET /?item-636260626164673202147.html HTTP/1.1" 200 49123 "-" "Mozilla/5.0 (Linux; Android 6.0.1; Nexus 5X Build/MMB29P) AppleWebKit/537.36 (KHTML, like Gecko) Chrome/151.0.7922.173 Mobile Safari/537.36 (compatible; Googlebot/2.1; +http://www.google.com/bot.html)" floresyfloresarmenia.com 10.53.129.184
66.249.73.99 - - [30/Aug/2026:08:34:27 -0500] "GET /shop/pg/4139918-3 HTTP/1.1" 200 48993 "-" "Mozilla/5.0 (Linux; Android 6.0.1; Nexus 5X Build/MMB29P) AppleWebKit/537.36 (KHTML, like Gecko) Chrome/151.0.7922.173 Mobile Safari/537.36 (compatible; Googlebot/2.1; +http://www.google.com/bot.html)" floresyfloresarmenia.com 10.53.129.184
69.6.233.64 - - [30/Aug/2026:08:34:30 -0500] "POST /wp-cron.php?doing_wp_cron=1788096870.2508881092071533203125 HTTP/1.1" 200 - "-" "WordPress/7.1; https://floresyfloresarmenia.com" floresyfloresarmenia.com 10.53.129.184
57.141.10.33 - - [30/Aug/2026:08:34:24 -0500] "GET / HTTP/2.0" 200 56967 "-" "facebookexternalhit/1.1 (+http://www.facebook.com/externalhit_uatext.php)" floresyfloresarmenia.com 10.53.129.184
74.7.242.53 - - [30/Aug/2026:08:34:26 -0500] "GET /item-637071716662613899621.html HTTP/2.0" 404 28432 "https://floresyfloresarmenia.com/brachmanrth.xml" "Mozilla/5.0 AppleWebKit/537.36 (KHTML, like Gecko; compatible; GPTBot/1.4; +https://openai.com/gptbot)" floresyfloresarmenia.com 10.53.129.184
66.249.73.99 - - [30/Aug/2026:08:34:30 -0500] "GET /?item-626361616271602311290.html HTTP/1.1" 200 51497 "-" "Mozilla/5.0 (Linux; Android 6.0.1; Nexus 5X Build/MMB29P) AppleWebKit/537.36 (KHTML, like Gecko) Chrome/151.0.7922.173 Mobile Safari/537.36 (compatible; Googlebot/2.1; +http://www.google.com/bot.html)" floresyfloresarmenia.com 10.53.129.184
66.249.73.99 - - [30/Aug/2026:08:34:37 -0500] "GET /shop/pg/4450620-1 HTTP/1.1" 200 46152 "-" "Mozilla/5.0 (Linux; Android 6.0.1; Nexus 5X Build/MMB29P) AppleWebKit/537.36 (KHTML, like Gecko) Chrome/151.0.7922.173 Mobile Safari/537.36 (compatible; Googlebot/2.1; +http://www.google.com/bot.html)" floresyfloresarmenia.com 10.53.129.184
66.249.73.99 - - [30/Aug/2026:08:34:44 -0500] "GET /?item-656167717160615179901.html HTTP/1.1" 200 46531 "-" "Mozilla/5.0 (Linux; Android 6.0.1; Nexus 5X Build/MMB29P) AppleWebKit/537.36 (KHTML, like Gecko) Chrome/151.0.7922.173 Mobile Safari/537.36 (compatible; Googlebot/2.1; +http://www.google.com/bot.html)" floresyfloresarmenia.com 10.53.129.184
74.7.242.53 - - [30/Aug/2026:08:34:46 -0500] "GET /item-656471706665715498659.html HTTP/2.0" 404 28432 "https://floresyfloresarmenia.com/cytoplastptf.xml" "Mozilla/5.0 AppleWebKit/537.36 (KHTML, like Gecko; compatible; GPTBot/1.4; +https://openai.com/gptbot)" floresyfloresarmenia.com 10.53.129.184
66.249.73.99 - - [30/Aug/2026:08:34:51 -0500] "GET /?item-636163676063663137036.html HTTP/1.1" 200 45887 "-" "Mozilla/5.0 (Linux; Android 6.0.1; Nexus 5X Build/MMB29P) AppleWebKit/537.36 (KHTML, like Gecko) Chrome/151.0.7922.173 Mobile Safari/537.36 (compatible; Googlebot/2.1; +http://www.google.com/bot.html)" floresyfloresarmenia.com 10.53.129.184
66.249.73.99 - - [30/Aug/2026:08:34:53 -0500] "GET /?item-646364617162614341921.html HTTP/1.1" 200 45696 "-" "Mozilla/5.0 (Linux; Android 6.0.1; Nexus 5X Build/MMB29P) AppleWebKit/537.36 (KHTML, like Gecko) Chrome/151.0.7922.173 Mobile Safari/537.36 (compatible; Googlebot/2.1; +http://www.google.com/bot.html)" floresyfloresarmenia.com 10.53.129.184
66.249.73.99 - - [30/Aug/2026:08:35:02 -0500] "GET /shop/pg/5067707-1 HTTP/1.1" 200 45024 "-" "Mozilla/5.0 (Linux; Android 6.0.1; Nexus 5X Build/MMB29P) AppleWebKit/537.36 (KHTML, like Gecko) Chrome/151.0.7922.173 Mobile Safari/537.36 (compatible; Googlebot/2.1; +http://www.google.com/bot.html)" floresyfloresarmenia.com 10.53.129.184
66.249.73.100 - - [30/Aug/2026:08:35:03 -0500] "GET /shop/pg/5090344-2 HTTP/1.1" 200 47034 "-" "Mozilla/5.0 (Linux; Android 6.0.1; Nexus 5X Build/MMB29P) AppleWebKit/537.36 (KHTML, like Gecko) Chrome/151.0.7922.173 Mobile Safari/537.36 (compatible; Googlebot/2.1; +http://www.google.com/bot.html)" floresyfloresarmenia.com 10.53.129.184
66.249.73.99 - - [30/Aug/2026:08:35:04 -0500] "GET /?item-627061666562672816527.html HTTP/1.1" 200 47268 "-" "Mozilla/5.0 (Linux; Android 6.0.1; Nexus 5X Build/MMB29P) AppleWebKit/537.36 (KHTML, like Gecko) Chrome/151.0.7922.173 Mobile Safari/537.36 (compatible; Googlebot/2.1; +http://www.google.com/bot.html)" floresyfloresarmenia.com 10.53.129.184
74.7.242.53 - - [30/Aug/2026:08:35:06 -0500] "GET /item-647071666264634896243.html HTTP/2.0" 404 28432 "https://floresyfloresarmenia.com/brachmanrth.xml" "Mozilla/5.0 AppleWebKit/537.36 (KHTML, like Gecko; compatible; GPTBot/1.4; +https://openai.com/gptbot)" floresyfloresarmenia.com 10.53.129.184
66.249.73.100 - - [30/Aug/2026:08:35:09 -0500] "GET /?item-647164716366644949364.htmlm HTTP/1.1" 200 46291 "-" "Mozilla/5.0 (Linux; Android 6.0.1; Nexus 5X Build/MMB29P) AppleWebKit/537.36 (KHTML, like Gecko) Chrome/151.0.7922.173 Mobile Safari/537.36 (compatible; Googlebot/2.1; +http://www.google.com/bot.html)" floresyfloresarmenia.com 10.53.129.184
66.249.73.99 - - [30/Aug/2026:08:35:21 -0500] "GET /shop/pg/2183050-2 HTTP/1.1" 200 44052 "-" "Mozilla/5.0 (Linux; Android 6.0.1; Nexus 5X Build/MMB29P) AppleWebKit/537.36 (KHTML, like Gecko) Chrome/151.0.7922.173 Mobile Safari/537.36 (compatible; Googlebot/2.1; +http://www.google.com/bot.html)" floresyfloresarmenia.com 10.53.129.184
69.6.233.64 - - [30/Aug/2026:08:35:29 -0500] "POST /wp-cron.php?doing_wp_cron=1788096929.2465190887451171875000 HTTP/1.1" 200 - "-" "WordPress/7.1; https://floresyfloresarmenia.com" floresyfloresarmenia.com 10.53.129.184
74.7.242.53 - - [30/Aug/2026:08:35:26 -0500] "GET /item-636265666171703256198.html HTTP/2.0" 404 28432 "https://floresyfloresarmenia.com/epigastricalwzt.xml" "Mozilla/5.0 AppleWebKit/537.36 (KHTML, like Gecko; compatible; GPTBot/1.4; +https://openai.com/gptbot)" floresyfloresarmenia.com 10.53.129.184
8.217.145.188 - - [30/Aug/2026:08:35:24 -0500] "GET / HTTP/1.1" 200 183093 "-" "Mozilla/5.0 (Windows NT 10.0; Win64; x64) AppleWebKit/537.36 (KHTML, like Gecko) Chrome/120.0.0.0 Safari/537.36" floresyfloresarmenia.com 10.53.129.184
66.249.73.99 - - [30/Aug/2026:08:35:31 -0500] "GET /shop/pg/3153230-1 HTTP/1.1" 200 46164 "-" "Mozilla/5.0 (Linux; Android 6.0.1; Nexus 5X Build/MMB29P) AppleWebKit/537.36 (KHTML, like Gecko) Chrome/151.0.7922.173 Mobile Safari/537.36 (compatible; Googlebot/2.1; +http://www.google.com/bot.html)" floresyfloresarmenia.com 10.53.129.184
8.217.145.188 - - [30/Aug/2026:08:35:29 -0500] "GET / HTTP/1.1" 200 183098 "-" "Mozilla/5.0 (Windows NT 10.0; Win64; x64) AppleWebKit/537.36 (KHTML, like Gecko) Chrome/120.0.0.0 Safari/537.36" floresyfloresarmenia.com 10.53.129.184
