66.249.73.100 - - [30/Aug/2026:09:34:17 -0500] "GET /?item-646271626061604292010.html HTTP/1.1" 200 51694 "-" "Mozilla/5.0 (Linux; Android 6.0.1; Nexus 5X Build/MMB29P) AppleWebKit/537.36 (KHTML, like Gecko) Chrome/151.0.7922.173 Mobile Safari/537.36 (compatible; Googlebot/2.1; +http://www.google.com/bot.html)" floresyfloresarmenia.com 10.53.129.184
57.141.22.90 - - [30/Aug/2026:09:34:18 -0500] "GET /casino-tether-con-retiro-instantaneo/ HTTP/2.0" 200 47669 "-" "Mozilla/5.0 (Windows NT 10.0; Win64; x64) AppleWebKit/537.36 (KHTML, like Gecko) Chrome/145.0.0.0 Safari/537.36 (compatible; meta-externalagent/1.1 (+https://developers.facebook.com/docs/sharing/webmasters/crawler))" floresyfloresarmenia.com 10.53.129.184
69.6.233.64 - - [30/Aug/2026:09:34:31 -0500] "POST /wp-cron.php?doing_wp_cron=1788100471.0556550025939941406250 HTTP/1.1" 200 - "-" "WordPress/7.1; https://floresyfloresarmenia.com" floresyfloresarmenia.com 10.53.129.184
74.7.242.53 - - [30/Aug/2026:09:34:26 -0500] "GET /item-636261677065613217851.html HTTP/2.0" 404 28431 "https://floresyfloresarmenia.com/intermitshsc.xml" "Mozilla/5.0 AppleWebKit/537.36 (KHTML, like Gecko; compatible; GPTBot/1.4; +https://openai.com/gptbot)" floresyfloresarmenia.com 10.53.129.184
66.249.73.164 - - [30/Aug/2026:09:34:36 -0500] "GET /item-646270676271704287298.html HTTP/1.1" 200 45679 "-" "Mozilla/5.0 (Linux; Android 6.0.1; Nexus 5X Build/MMB29P) AppleWebKit/537.36 (KHTML, like Gecko) Chrome/151.0.7922.173 Mobile Safari/537.36 (compatible; GoogleOther)" www.floresyfloresarmenia.com 10.53.129.184
66.249.73.99 - - [30/Aug/2026:09:34:44 -0500] "GET /?p=4088 HTTP/1.1" 200 52336 "-" "Mozilla/5.0 (Linux; Android 6.0.1; Nexus 5X Build/MMB29P) AppleWebKit/537.36 (KHTML, like Gecko) Chrome/151.0.7922.173 Mobile Safari/537.36 (compatible; Googlebot/2.1; +http://www.google.com/bot.html)" floresyfloresarmenia.com 10.53.129.184
66.249.73.99 - - [30/Aug/2026:09:34:46 -0500] "GET /?item-646366666470674366487.html HTTP/1.1" 200 50221 "-" "Mozilla/5.0 (Linux; Android 6.0.1; Nexus 5X Build/MMB29P) AppleWebKit/537.36 (KHTML, like Gecko) Chrome/151.0.7922.173 Mobile Safari/537.36 (compatible; Googlebot/2.1; +http://www.google.com/bot.html)" floresyfloresarmenia.com 10.53.129.184
74.7.242.53 - - [30/Aug/2026:09:34:46 -0500] "GET /item-626371606764632390743.html HTTP/2.0" 404 28432 "https://floresyfloresarmenia.com/grecojbu.xml" "Mozilla/5.0 AppleWebKit/537.36 (KHTML, like Gecko; compatible; GPTBot/1.4; +https://openai.com/gptbot)" floresyfloresarmenia.com 10.53.129.184
66.249.73.165 - - [30/Aug/2026:09:34:50 -0500] "GET /item-656462606267635420273.htmlm HTTP/1.1" 200 44319 "-" "Mozilla/5.0 (Linux; Android 6.0.1; Nexus 5X Build/MMB29P) AppleWebKit/537.36 (KHTML, like Gecko) Chrome/151.0.7922.173 Mobile Safari/537.36 (compatible; Googlebot/2.1; +http://www.google.com/bot.html)" www.floresyfloresarmenia.com 10.53.129.184
66.249.73.99 - - [30/Aug/2026:09:34:58 -0500] "GET /?item-656161716770715119789.html HTTP/1.1" 200 52960 "-" "Mozilla/5.0 (Linux; Android 6.0.1; Nexus 5X Build/MMB29P) AppleWebKit/537.36 (KHTML, like Gecko) Chrome/151.0.7922.173 Mobile Safari/537.36 (compatible; Googlebot/2.1; +http://www.google.com/bot.html)" floresyfloresarmenia.com 10.53.129.184
57.141.22.108 - - [30/Aug/2026:09:34:56 -0500] "GET /casino-sin-deposito-cantabria/ HTTP/2.0" 200 48872 "-" "Mozilla/5.0 (Macintosh; Intel Mac OS X 10_15_7) AppleWebKit/537.36 (KHTML, like Gecko) Chrome/145.0.0.0 Safari/537.36 (compatible; meta-externalagent/1.1 (+https://developers.facebook.com/docs/sharing/webmasters/crawler))" floresyfloresarmenia.com 10.53.129.184
66.249.73.99 - - [30/Aug/2026:09:35:06 -0500] "GET /?item-647071656167714895179.html HTTP/1.1" 200 48324 "-" "Mozilla/5.0 (Linux; Android 6.0.1; Nexus 5X Build/MMB29P) AppleWebKit/537.36 (KHTML, like Gecko) Chrome/151.0.7922.173 Mobile Safari/537.36 (compatible; Googlebot/2.1; +http://www.google.com/bot.html)" floresyfloresarmenia.com 10.53.129.184
74.7.242.53 - - [30/Aug/2026:09:35:06 -0500] "GET /item-636563706467613538471.html HTTP/2.0" 404 28432 "https://floresyfloresarmenia.com/nuagvo.xml" "Mozilla/5.0 AppleWebKit/537.36 (KHTML, like Gecko; compatible; GPTBot/1.4; +https://openai.com/gptbot)" floresyfloresarmenia.com 10.53.129.184
66.249.73.99 - - [30/Aug/2026:09:35:12 -0500] "GET /?item-646671646261614694211.html HTTP/1.1" 200 47521 "-" "Mozilla/5.0 (Linux; Android 6.0.1; Nexus 5X Build/MMB29P) AppleWebKit/537.36 (KHTML, like Gecko) Chrome/151.0.7922.173 Mobile Safari/537.36 (compatible; Googlebot/2.1; +http://www.google.com/bot.html)" floresyfloresarmenia.com 10.53.129.184
66.249.73.99 - - [30/Aug/2026:09:35:15 -0500] "GET /?item-626764606271612740291.html HTTP/1.1" 200 46824 "-" "Mozilla/5.0 (Linux; Android 6.0.1; Nexus 5X Build/MMB29P) AppleWebKit/537.36 (KHTML, like Gecko) Chrome/151.0.7922.173 Mobile Safari/537.36 (compatible; Googlebot/2.1; +http://www.google.com/bot.html)" floresyfloresarmenia.com 10.53.129.184
66.249.73.99 - - [30/Aug/2026:09:35:18 -0500] "GET /?item-636560717062643509824.html HTTP/1.1" 200 49198 "-" "Mozilla/5.0 (Linux; Android 6.0.1; Nexus 5X Build/MMB29P) AppleWebKit/537.36 (KHTML, like Gecko) Chrome/151.0.7922.173 Mobile Safari/537.36 (compatible; Googlebot/2.1; +http://www.google.com/bot.html)" floresyfloresarmenia.com 10.53.129.184
66.249.73.99 - - [30/Aug/2026:09:35:26 -0500] "GET /?item-626360646565702304558.html HTTP/1.1" 200 47620 "-" "Mozilla/5.0 (Linux; Android 6.0.1; Nexus 5X Build/MMB29P) AppleWebKit/537.36 (KHTML, like Gecko) Chrome/151.0.7922.173 Mobile Safari/537.36 (compatible; Googlebot/2.1; +http://www.google.com/bot.html)" floresyfloresarmenia.com 10.53.129.184
66.249.73.99 - - [30/Aug/2026:09:35:29 -0500] "GET /?item-646666607070654660885.html HTTP/1.1" 200 44537 "-" "Mozilla/5.0 (Linux; Android 6.0.1; Nexus 5X Build/MMB29P) AppleWebKit/537.36 (KHTML, like Gecko) Chrome/151.0.7922.173 Mobile Safari/537.36 (compatible; Googlebot/2.1; +http://www.google.com/bot.html)" floresyfloresarmenia.com 10.53.129.184
69.6.233.64 - - [30/Aug/2026:09:35:32 -0500] "POST /wp-cron.php?doing_wp_cron=1788100532.0601129531860351562500 HTTP/1.1" 200 - "-" "WordPress/7.1; https://floresyfloresarmenia.com" floresyfloresarmenia.com 10.53.129.184
74.7.242.53 - - [30/Aug/2026:09:35:26 -0500] "GET /item-656470677071625487892.html HTTP/2.0" 404 28432 "https://floresyfloresarmenia.com/halfwittednesswzp.xml" "Mozilla/5.0 AppleWebKit/537.36 (KHTML, like Gecko; compatible; GPTBot/1.4; +https://openai.com/gptbot)" floresyfloresarmenia.com 10.53.129.184
57.141.22.97 - - [30/Aug/2026:09:35:35 -0500] "GET /blackjack-con-dinero-real/ HTTP/2.0" 200 48554 "-" "Mozilla/5.0 (Macintosh; Intel Mac OS X 10_15_7) AppleWebKit/537.36 (KHTML, like Gecko) Chrome/145.0.0.0 Safari/537.36 (compatible; meta-externalagent/1.1 (+https://developers.facebook.com/docs/sharing/webmasters/crawler))" floresyfloresarmenia.com 10.53.129.184
66.249.73.99 - - [30/Aug/2026:09:35:45 -0500] "GET /?item-646165647061634154813.html HTTP/1.1" 200 49308 "-" "Mozilla/5.0 (Linux; Android 6.0.1; Nexus 5X Build/MMB29P) AppleWebKit/537.36 (KHTML, like Gecko) Chrome/151.0.7922.173 Mobile Safari/537.36 (compatible; Googlebot/2.1; +http://www.google.com/bot.html)" floresyfloresarmenia.com 10.53.129.184
57.141.22.118 - - [30/Aug/2026:09:35:44 -0500] "GET /10-euros-sin-deposito-casino/ HTTP/2.0" 200 47876 "-" "Mozilla/5.0 (X11; Linux x86_64) AppleWebKit/537.36 (KHTML, like Gecko) Chrome/145.0.0.0 Safari/537.36 (compatible; meta-externalagent/1.1 (+https://developers.facebook.com/docs/sharing/webmasters/crawler))" floresyfloresarmenia.com 10.53.129.184
57.141.22.35 - - [30/Aug/2026:09:35:48 -0500] "GET /proveedores-de-software-de-casino/ HTTP/2.0" 200 48464 "-" "Mozilla/5.0 (Windows NT 10.0; Win64; x64) AppleWebKit/537.36 (KHTML, like Gecko) Chrome/145.0.0.0 Safari/537.36 (compatible; meta-externalagent/1.1 (+https://developers.facebook.com/docs/sharing/webmasters/crawler))" floresyfloresarmenia.com 10.53.129.184
74.7.242.53 - - [30/Aug/2026:09:35:46 -0500] "GET /item-647163616767704931778.html HTTP/2.0" 404 28432 "https://floresyfloresarmenia.com/intermitshsc.xml" "Mozilla/5.0 AppleWebKit/537.36 (KHTML, like Gecko; compatible; GPTBot/1.4; +https://openai.com/gptbot)" floresyfloresarmenia.com 10.53.129.184
57.141.22.11 - - [30/Aug/2026:09:35:56 -0500] "POST /wp-admin/admin-ajax.php HTTP/2.0" 409 83 "https://floresyfloresarmenia.com/proveedores-de-software-de-casino/" "Mozilla/5.0 (Windows NT 10.0; Win64; x64) AppleWebKit/537.36 (KHTML, like Gecko) Chrome/145.0.0.0 Safari/537.36 (compatible; meta-externalagent/1.1 (+https://developers.facebook.com/docs/sharing/webmasters/crawler))" floresyfloresarmenia.com 10.53.129.184
66.249.73.99 - - [30/Aug/2026:09:35:57 -0500] "GET /?item-636562676563713527539.html HTTP/1.1" 200 46745 "-" "Mozilla/5.0 (Linux; Android 6.0.1; Nexus 5X Build/MMB29P) AppleWebKit/537.36 (KHTML, like Gecko) Chrome/151.0.7922.173 Mobile Safari/537.36 (compatible; Googlebot/2.1; +http://www.google.com/bot.html)" floresyfloresarmenia.com 10.53.129.184
57.141.22.108 - - [30/Aug/2026:09:35:55 -0500] "GET /home4/adrian81/floresyfloresarmenia.com/wp-content/fonts/poppins/pxiEyp8kv8JHgFVrJJfecg.woff2 HTTP/2.0" 404 28456 "https://floresyfloresarmenia.com/proveedores-de-software-de-casino/" "Mozilla/5.0 (Windows NT 10.0; Win64; x64) AppleWebKit/537.36 (KHTML, like Gecko) Chrome/145.0.0.0 Safari/537.36 (compatible; meta-externalagent/1.1 (+https://developers.facebook.com/docs/sharing/webmasters/crawler))" floresyfloresarmenia.com 10.53.129.184
57.141.22.30 - - [30/Aug/2026:09:35:55 -0500] "GET /home4/adrian81/floresyfloresarmenia.com/wp-content/fonts/open-sans/memvYaGs126MiZpBA-UvWbX2vVnXBbObj2OVTVOmu1aB.woff2 HTTP/2.0" 404 - "https://floresyfloresarmenia.com/proveedores-de-software-de-casino/" "Mozilla/5.0 (Windows NT 10.0; Win64; x64) AppleWebKit/537.36 (KHTML, like Gecko) Chrome/145.0.0.0 Safari/537.36 (compatible; meta-externalagent/1.1 (+https://developers.facebook.com/docs/sharing/webmasters/crawler))" floresyfloresarmenia.com 10.53.129.184
57.141.22.98 - - [30/Aug/2026:09:35:55 -0500] "GET /home4/adrian81/floresyfloresarmenia.com/wp-content/fonts/open-sans/memvYaGs126MiZpBA-UvWbX2vVnXBbObj2OVTSumu1aB.woff2 HTTP/2.0" 404 - "https://floresyfloresarmenia.com/proveedores-de-software-de-casino/" "Mozilla/5.0 (Windows NT 10.0; Win64; x64) AppleWebKit/537.36 (KHTML, like Gecko) Chrome/145.0.0.0 Safari/537.36 (compatible; meta-externalagent/1.1 (+https://developers.facebook.com/docs/sharing/webmasters/crawler))" floresyfloresarmenia.com 10.53.129.184
74.7.242.53 - - [30/Aug/2026:09:36:06 -0500] "GET /item-636564717062643549824.html HTTP/2.0" 404 28432 "https://floresyfloresarmenia.com/halfwittednesswzp.xml" "Mozilla/5.0 AppleWebKit/537.36 (KHTML, like Gecko; compatible; GPTBot/1.4; +https://openai.com/gptbot)" floresyfloresarmenia.com 10.53.129.184
57.141.22.106 - - [30/Aug/2026:09:35:55 -0500] "GET /home4/adrian81/floresyfloresarmenia.com/wp-content/fonts/open-sans/memvYaGs126MiZpBA-UvWbX2vVnXBbObj2OVTS-muw.woff2 HTTP/2.0" 404 - "https://floresyfloresarmenia.com/proveedores-de-software-de-casino/" "Mozilla/5.0 (Windows NT 10.0; Win64; x64) AppleWebKit/537.36 (KHTML, like Gecko) Chrome/145.0.0.0 Safari/537.36 (compatible; meta-externalagent/1.1 (+https://developers.facebook.com/docs/sharing/webmasters/crawler))" floresyfloresarmenia.com 10.53.129.184
57.141.22.29 - - [30/Aug/2026:09:36:03 -0500] "GET /home4/adrian81/floresyfloresarmenia.com/wp-content/fonts/open-sans/memvYaGs126MiZpBA-UvWbX2vVnXBbObj2OVTSGmu1aB.woff2 HTTP/2.0" 404 - "https://floresyfloresarmenia.com/proveedores-de-software-de-casino/" "Mozilla/5.0 (Windows NT 10.0; Win64; x64) AppleWebKit/537.36 (KHTML, like Gecko) Chrome/145.0.0.0 Safari/537.36 (compatible; meta-externalagent/1.1 (+https://developers.facebook.com/docs/sharing/webmasters/crawler))" floresyfloresarmenia.com 10.53.129.184
57.141.22.45 - - [30/Aug/2026:09:36:12 -0500] "GET /home4/adrian81/floresyfloresarmenia.com/wp-content/fonts/open-sans/memvYaGs126MiZpBA-UvWbX2vVnXBbObj2OVTSCmu1aB.woff2 HTTP/2.0" 404 - "https://floresyfloresarmenia.com/proveedores-de-software-de-casino/" "Mozilla/5.0 (Windows NT 10.0; Win64; x64) AppleWebKit/537.36 (KHTML, like Gecko) Chrome/145.0.0.0 Safari/537.36 (compatible; meta-externalagent/1.1 (+https://developers.facebook.com/docs/sharing/webmasters/crawler))" floresyfloresarmenia.com 10.53.129.184
66.249.73.100 - - [30/Aug/2026:09:36:25 -0500] "GET /?item-656571607162705590928.html HTTP/1.1" 200 46462 "-" "Mozilla/5.0 (Linux; Android 6.0.1; Nexus 5X Build/MMB29P) AppleWebKit/537.36 (KHTML, like Gecko) Chrome/151.0.7922.173 Mobile Safari/537.36 (compatible; Googlebot/2.1; +http://www.google.com/bot.html)" floresyfloresarmenia.com 10.53.129.184
69.6.233.64 - - [30/Aug/2026:09:36:32 -0500] "POST /wp-cron.php?doing_wp_cron=1788100592.0113420486450195312500 HTTP/1.1" 200 - "-" "WordPress/7.1; https://floresyfloresarmenia.com" floresyfloresarmenia.com 10.53.129.184
57.141.22.101 - - [30/Aug/2026:09:36:20 -0500] "GET /home4/adrian81/floresyfloresarmenia.com/wp-content/fonts/open-sans/memvYaGs126MiZpBA-UvWbX2vVnXBbObj2OVTS2mu1aB.woff2 HTTP/2.0" 404 - "https://floresyfloresarmenia.com/proveedores-de-software-de-casino/" "Mozilla/5.0 (Windows NT 10.0; Win64; x64) AppleWebKit/537.36 (KHTML, like Gecko) Chrome/145.0.0.0 Safari/537.36 (compatible; meta-externalagent/1.1 (+https://developers.facebook.com/docs/sharing/webmasters/crawler))" floresyfloresarmenia.com 10.53.129.184
74.7.242.53 - - [30/Aug/2026:09:36:26 -0500] "GET /item-656570676364625587342.html HTTP/2.0" 404 28431 "https://floresyfloresarmenia.com/brachmanrth.xml" "Mozilla/5.0 AppleWebKit/537.36 (KHTML, like Gecko; compatible; GPTBot/1.4; +https://openai.com/gptbot)" floresyfloresarmenia.com 10.53.129.184
57.141.22.15 - - [30/Aug/2026:09:36:30 -0500] "GET /proveedores-de-software-de-casino/null HTTP/2.0" 404 28458 "https://floresyfloresarmenia.com/proveedores-de-software-de-casino/" "Mozilla/5.0 (Windows NT 10.0; Win64; x64) AppleWebKit/537.36 (KHTML, like Gecko) Chrome/145.0.0.0 Safari/537.36 (compatible; meta-externalagent/1.1 (+https://developers.facebook.com/docs/sharing/webmasters/crawler))" floresyfloresarmenia.com 10.53.129.184
57.141.22.49 - - [30/Aug/2026:09:36:21 -0500] "GET /mejores-casinos-online-europa/ HTTP/2.0" 200 47221 "-" "Mozilla/5.0 (Windows NT 10.0; Win64; x64) AppleWebKit/537.36 (KHTML, like Gecko) Chrome/145.0.0.0 Safari/537.36 (compatible; meta-externalagent/1.1 (+https://developers.facebook.com/docs/sharing/webmasters/crawler))" floresyfloresarmenia.com 10.53.129.184
57.141.22.8 - - [30/Aug/2026:09:36:21 -0500] "GET / HTTP/2.0" 200 - "-" "facebookexternalhit/1.1 (+http://www.facebook.com/externalhit_uatext.php)" floresyfloresarmenia.com 10.53.129.184
66.249.73.99 - - [30/Aug/2026:09:36:46 -0500] "GET /?item-636163616465653131455.html HTTP/1.1" 200 51376 "-" "Mozilla/5.0 (Linux; Android 6.0.1; Nexus 5X Build/MMB29P) AppleWebKit/537.36 (KHTML, like Gecko) Chrome/151.0.7922.173 Mobile Safari/537.36 (compatible; Googlebot/2.1; +http://www.google.com/bot.html)" floresyfloresarmenia.com 10.53.129.184
74.7.242.53 - - [30/Aug/2026:09:36:46 -0500] "GET /item-626563716167642539174.html HTTP/2.0" 404 28432 "https://floresyfloresarmenia.com/bucketeerzaj.xml" "Mozilla/5.0 AppleWebKit/537.36 (KHTML, like Gecko; compatible; GPTBot/1.4; +https://openai.com/gptbot)" floresyfloresarmenia.com 10.53.129.184
168.63.79.147 - - [30/Aug/2026:09:36:56 -0500] "GET /wp-login.php HTTP/2.0" 409 83 "-" "168.63.79.147" floresyfloresarmenia.com 10.53.129.184
168.63.79.147 - - [30/Aug/2026:09:36:56 -0500] "POST /wp-login.php HTTP/2.0" 409 83 "https://floresyfloresarmenia.com/wp-login.php" "168.63.79.147" floresyfloresarmenia.com 10.53.129.184
66.249.73.99 - - [30/Aug/2026:09:36:55 -0500] "GET /?item-647061666561604816510.html HTTP/1.1" 200 44110 "-" "Mozilla/5.0 (Linux; Android 6.0.1; Nexus 5X Build/MMB29P) AppleWebKit/537.36 (KHTML, like Gecko) Chrome/151.0.7922.173 Mobile Safari/537.36 (compatible; Googlebot/2.1; +http://www.google.com/bot.html)" floresyfloresarmenia.com 10.53.129.184
66.249.73.99 - - [30/Aug/2026:09:36:56 -0500] "GET /?item-656170656462705185428.htmlm HTTP/1.1" 200 48858 "-" "Mozilla/5.0 (Linux; Android 6.0.1; Nexus 5X Build/MMB29P) AppleWebKit/537.36 (KHTML, like Gecko) Chrome/151.0.7922.173 Mobile Safari/537.36 (compatible; Googlebot/2.1; +http://www.google.com/bot.html)" floresyfloresarmenia.com 10.53.129.184
66.249.73.99 - - [30/Aug/2026:09:36:57 -0500] "GET /?item-647163636560664933506.html HTTP/1.1" 200 48747 "-" "Mozilla/5.0 (Linux; Android 6.0.1; Nexus 5X Build/MMB29P) AppleWebKit/537.36 (KHTML, like Gecko) Chrome/151.0.7922.173 Mobile Safari/537.36 (compatible; Googlebot/2.1; +http://www.google.com/bot.html)" floresyfloresarmenia.com 10.53.129.184
66.249.73.99 - - [30/Aug/2026:09:36:58 -0500] "GET /?item-636763677171613737991.html HTTP/1.1" 200 45398 "-" "Mozilla/5.0 (Linux; Android 6.0.1; Nexus 5X Build/MMB29P) AppleWebKit/537.36 (KHTML, like Gecko) Chrome/151.0.7922.173 Mobile Safari/537.36 (compatible; Googlebot/2.1; +http://www.google.com/bot.html)" floresyfloresarmenia.com 10.53.129.184
66.249.73.99 - - [30/Aug/2026:09:37:02 -0500] "GET /?item-636566667066653566865.html HTTP/1.1" 200 47848 "-" "Mozilla/5.0 (Linux; Android 6.0.1; Nexus 5X Build/MMB29P) AppleWebKit/537.36 (KHTML, like Gecko) Chrome/151.0.7922.173 Mobile Safari/537.36 (compatible; Googlebot/2.1; +http://www.google.com/bot.html)" floresyfloresarmenia.com 10.53.129.184
74.7.242.53 - - [30/Aug/2026:09:37:06 -0500] "GET /item-646571706271674598297.html HTTP/2.0" 404 28432 "https://floresyfloresarmenia.com/foraramensbqy.xml" "Mozilla/5.0 AppleWebKit/537.36 (KHTML, like Gecko; compatible; GPTBot/1.4; +https://openai.com/gptbot)" floresyfloresarmenia.com 10.53.129.184
66.249.73.99 - - [30/Aug/2026:09:37:16 -0500] "GET /?item-657064717065715849859.html HTTP/1.1" 200 45109 "-" "Mozilla/5.0 (Linux; Android 6.0.1; Nexus 5X Build/MMB29P) AppleWebKit/537.36 (KHTML, like Gecko) Chrome/151.0.7922.173 Mobile Safari/537.36 (compatible; Googlebot/2.1; +http://www.google.com/bot.html)" floresyfloresarmenia.com 10.53.129.184
66.249.73.99 - - [30/Aug/2026:09:37:24 -0500] "GET /?item-646163666765654136755.htmlm HTTP/1.1" 200 51008 "-" "Mozilla/5.0 (Linux; Android 6.0.1; Nexus 5X Build/MMB29P) AppleWebKit/537.36 (KHTML, like Gecko) Chrome/151.0.7922.173 Mobile Safari/537.36 (compatible; Googlebot/2.1; +http://www.google.com/bot.html)" floresyfloresarmenia.com 10.53.129.184
66.249.73.99 - - [30/Aug/2026:09:37:31 -0500] "GET /?item-657064646764705844748.html HTTP/1.1" 200 52314 "-" "Mozilla/5.0 (Linux; Android 6.0.1; Nexus 5X Build/MMB29P) AppleWebKit/537.36 (KHTML, like Gecko) Chrome/151.0.7922.173 Mobile Safari/537.36 (compatible; Googlebot/2.1; +http://www.google.com/bot.html)" floresyfloresarmenia.com 10.53.129.184
69.6.233.64 - - [30/Aug/2026:09:37:33 -0500] "POST /wp-cron.php?doing_wp_cron=1788100653.9211010932922363281250 HTTP/1.1" 200 - "-" "WordPress/7.1; https://floresyfloresarmenia.com" floresyfloresarmenia.com 10.53.129.184
74.7.242.53 - - [30/Aug/2026:09:37:26 -0500] "GET /item-626770627164642782944.html HTTP/2.0" 404 28432 "https://floresyfloresarmenia.com/pyropesqjj.xml" "Mozilla/5.0 AppleWebKit/537.36 (KHTML, like Gecko; compatible; GPTBot/1.4; +https://openai.com/gptbot)" floresyfloresarmenia.com 10.53.129.184
66.249.73.165 - - [30/Aug/2026:09:37:35 -0500] "GET /item-637071656163633895133.html HTTP/1.1" 200 45527 "-" "Mozilla/5.0 (Linux; Android 6.0.1; Nexus 5X Build/MMB29P) AppleWebKit/537.36 (KHTML, like Gecko) Chrome/151.0.7922.173 Mobile Safari/537.36 (compatible; GoogleOther)" www.floresyfloresarmenia.com 10.53.129.184
66.249.73.99 - - [30/Aug/2026:09:37:41 -0500] "GET /?item-656160636260675103207.html HTTP/1.1" 200 44867 "-" "Mozilla/5.0 (Linux; Android 6.0.1; Nexus 5X Build/MMB29P) AppleWebKit/537.36 (KHTML, like Gecko) Chrome/151.0.7922.173 Mobile Safari/537.36 (compatible; Googlebot/2.1; +http://www.google.com/bot.html)" floresyfloresarmenia.com 10.53.129.184
66.249.73.99 - - [30/Aug/2026:09:37:44 -0500] "GET /?item-646570636570614583581.html HTTP/1.1" 200 46122 "-" "Mozilla/5.0 (Linux; Android 6.0.1; Nexus 5X Build/MMB29P) AppleWebKit/537.36 (KHTML, like Gecko) Chrome/151.0.7922.173 Mobile Safari/537.36 (compatible; Googlebot/2.1; +http://www.google.com/bot.html)" floresyfloresarmenia.com 10.53.129.184
66.249.73.99 - - [30/Aug/2026:09:37:46 -0500] "GET /?item-636270717066703289868.html HTTP/1.1" 200 45849 "-" "Mozilla/5.0 (Linux; Android 6.0.1; Nexus 5X Build/MMB29P) AppleWebKit/537.36 (KHTML, like Gecko) Chrome/151.0.7922.173 Mobile Safari/537.36 (compatible; Googlebot/2.1; +http://www.google.com/bot.html)" floresyfloresarmenia.com 10.53.129.184
66.249.73.99 - - [30/Aug/2026:09:37:47 -0500] "GET /?item-626265677065642257854.html HTTP/1.1" 200 44948 "-" "Mozilla/5.0 (Linux; Android 6.0.1; Nexus 5X Build/MMB29P) AppleWebKit/537.36 (KHTML, like Gecko) Chrome/151.0.7922.173 Mobile Safari/537.36 (compatible; Googlebot/2.1; +http://www.google.com/bot.html)" floresyfloresarmenia.com 10.53.129.184
74.7.242.53 - - [30/Aug/2026:09:37:46 -0500] "GET /item-627170607071662980896.html HTTP/2.0" 404 28432 "https://floresyfloresarmenia.com/cytoplastptf.xml" "Mozilla/5.0 AppleWebKit/537.36 (KHTML, like Gecko; compatible; GPTBot/1.4; +https://openai.com/gptbot)" floresyfloresarmenia.com 10.53.129.184
66.249.73.99 - - [30/Aug/2026:09:37:50 -0500] "GET /?item-656064677170705047988.html HTTP/1.1" 200 46937 "-" "Mozilla/5.0 (Linux; Android 6.0.1; Nexus 5X Build/MMB29P) AppleWebKit/537.36 (KHTML, like Gecko) Chrome/151.0.7922.173 Mobile Safari/537.36 (compatible; Googlebot/2.1; +http://www.google.com/bot.html)" floresyfloresarmenia.com 10.53.129.184
66.249.73.99 - - [30/Aug/2026:09:37:50 -0500] "GET /?item-637162656162673925127.html HTTP/1.1" 200 50765 "-" "Mozilla/5.0 (Linux; Android 6.0.1; Nexus 5X Build/MMB29P) AppleWebKit/537.36 (KHTML, like Gecko) Chrome/151.0.7922.173 Mobile Safari/537.36 (compatible; Googlebot/2.1; +http://www.google.com/bot.html)" floresyfloresarmenia.com 10.53.129.184
66.249.73.100 - - [30/Aug/2026:09:38:01 -0500] "GET /?item-656366607164645360944.html HTTP/1.1" 200 45324 "-" "Mozilla/5.0 (Linux; Android 6.0.1; Nexus 5X Build/MMB29P) AppleWebKit/537.36 (KHTML, like Gecko) Chrome/151.0.7922.173 Mobile Safari/537.36 (compatible; Googlebot/2.1; +http://www.google.com/bot.html)" floresyfloresarmenia.com 10.53.129.184
57.141.22.106 - - [30/Aug/2026:09:38:04 -0500] "GET /tragamonedas-progresivos-gratis/ HTTP/2.0" 200 48546 "-" "Mozilla/5.0 (Macintosh; Intel Mac OS X 10_15_7) AppleWebKit/537.36 (KHTML, like Gecko) Chrome/145.0.0.0 Safari/537.36 (compatible; meta-externalagent/1.1 (+https://developers.facebook.com/docs/sharing/webmasters/crawler))" floresyfloresarmenia.com 10.53.129.184
74.7.242.53 - - [30/Aug/2026:09:38:06 -0500] "GET /item-637167646270703974288.html HTTP/2.0" 404 28432 "https://floresyfloresarmenia.com/foraramensbqy.xml" "Mozilla/5.0 AppleWebKit/537.36 (KHTML, like Gecko; compatible; GPTBot/1.4; +https://openai.com/gptbot)" floresyfloresarmenia.com 10.53.129.184
66.249.73.99 - - [30/Aug/2026:09:38:14 -0500] "GET /?item-636765676561643757514.html HTTP/1.1" 200 46769 "-" "Mozilla/5.0 (Linux; Android 6.0.1; Nexus 5X Build/MMB29P) AppleWebKit/537.36 (KHTML, like Gecko) Chrome/151.0.7922.173 Mobile Safari/537.36 (compatible; Googlebot/2.1; +http://www.google.com/bot.html)" floresyfloresarmenia.com 10.53.129.184
66.249.73.100 - - [30/Aug/2026:09:38:17 -0500] "GET /?item-636362646365713324359.html HTTP/1.1" 200 49165 "-" "Mozilla/5.0 (Linux; Android 6.0.1; Nexus 5X Build/MMB29P) AppleWebKit/537.36 (KHTML, like Gecko) Chrome/151.0.7922.173 Mobile Safari/537.36 (compatible; Googlebot/2.1; +http://www.google.com/bot.html)" floresyfloresarmenia.com 10.53.129.184
66.249.73.99 - - [30/Aug/2026:09:38:24 -0500] "GET /?item-626764617060642741804.html HTTP/1.1" 200 45556 "-" "Mozilla/5.0 (Linux; Android 6.0.1; Nexus 5X Build/MMB29P) AppleWebKit/537.36 (KHTML, like Gecko) Chrome/151.0.7922.173 Mobile Safari/537.36 (compatible; Googlebot/2.1; +http://www.google.com/bot.html)" floresyfloresarmenia.com 10.53.129.184
66.249.73.99 - - [30/Aug/2026:09:38:26 -0500] "GET /?item-636166626262673162227.html HTTP/1.1" 200 46786 "-" "Mozilla/5.0 (Linux; Android 6.0.1; Nexus 5X Build/MMB29P) AppleWebKit/537.36 (KHTML, like Gecko) Chrome/151.0.7922.173 Mobile Safari/537.36 (compatible; Googlebot/2.1; +http://www.google.com/bot.html)" floresyfloresarmenia.com 10.53.129.184
69.6.233.64 - - [30/Aug/2026:09:38:29 -0500] "POST /wp-cron.php?doing_wp_cron=1788100709.1360619068145751953125 HTTP/1.1" 200 - "-" "WordPress/7.1; https://floresyfloresarmenia.com" floresyfloresarmenia.com 10.53.129.184
74.7.242.53 - - [30/Aug/2026:09:38:26 -0500] "GET /item-656362606170605320180.html HTTP/2.0" 404 28432 "https://floresyfloresarmenia.com/grecojbu.xml" "Mozilla/5.0 AppleWebKit/537.36 (KHTML, like Gecko; compatible; GPTBot/1.4; +https://openai.com/gptbot)" floresyfloresarmenia.com 10.53.129.184
57.141.4.64 - - [30/Aug/2026:09:38:29 -0500] "GET / HTTP/2.0" 200 56966 "-" "facebookexternalhit/1.1 (+http://www.facebook.com/externalhit_uatext.php)" floresyfloresarmenia.com 10.53.129.184
66.249.73.99 - - [30/Aug/2026:09:38:35 -0500] "GET /?item-656061667062635016823.html HTTP/1.1" 200 53575 "-" "Mozilla/5.0 (Linux; Android 6.0.1; Nexus 5X Build/MMB29P) AppleWebKit/537.36 (KHTML, like Gecko) Chrome/151.0.7922.173 Mobile Safari/537.36 (compatible; Googlebot/2.1; +http://www.google.com/bot.html)" floresyfloresarmenia.com 10.53.129.184
66.249.73.99 - - [30/Aug/2026:09:38:38 -0500] "GET /?item-646170676467664187476.html HTTP/1.1" 200 47681 "-" "Mozilla/5.0 (Linux; Android 6.0.1; Nexus 5X Build/MMB29P) AppleWebKit/537.36 (KHTML, like Gecko) Chrome/151.0.7922.173 Mobile Safari/537.36 (compatible; Googlebot/2.1; +http://www.google.com/bot.html)" floresyfloresarmenia.com 10.53.129.184
66.249.73.99 - - [30/Aug/2026:09:38:44 -0500] "GET /?item-656470717063615489831.html HTTP/1.1" 200 46135 "-" "Mozilla/5.0 (Linux; Android 6.0.1; Nexus 5X Build/MMB29P) AppleWebKit/537.36 (KHTML, like Gecko) Chrome/151.0.7922.173 Mobile Safari/537.36 (compatible; Googlebot/2.1; +http://www.google.com/bot.html)" floresyfloresarmenia.com 10.53.129.184
66.249.73.99 - - [30/Aug/2026:09:38:45 -0500] "GET /?item-656271706264715298249.html HTTP/1.1" 200 49133 "-" "Mozilla/5.0 (Linux; Android 6.0.1; Nexus 5X Build/MMB29P) AppleWebKit/537.36 (KHTML, like Gecko) Chrome/151.0.7922.173 Mobile Safari/537.36 (compatible; Googlebot/2.1; +http://www.google.com/bot.html)" floresyfloresarmenia.com 10.53.129.184
69.6.233.64 - - [30/Aug/2026:09:38:50 -0500] "POST /wp-cron.php?doing_wp_cron=1788100730.9050989151000976562500 HTTP/1.1" 200 - "-" "WordPress/7.1; https://floresyfloresarmenia.com" floresyfloresarmenia.com 10.53.129.184
74.7.242.53 - - [30/Aug/2026:09:38:46 -0500] "GET /item-636564706260643548204.html HTTP/2.0" 404 28432 "https://floresyfloresarmenia.com/nuagvo.xml" "Mozilla/5.0 AppleWebKit/537.36 (KHTML, like Gecko; compatible; GPTBot/1.4; +https://openai.com/gptbot)" floresyfloresarmenia.com 10.53.129.184
74.7.242.53 - - [30/Aug/2026:09:39:06 -0500] "GET /item-656271706264715298249.html HTTP/2.0" 404 28432 "https://floresyfloresarmenia.com/intermitshsc.xml" "Mozilla/5.0 AppleWebKit/537.36 (KHTML, like Gecko; compatible; GPTBot/1.4; +https://openai.com/gptbot)" floresyfloresarmenia.com 10.53.129.184
66.249.73.101 - - [30/Aug/2026:09:39:26 -0500] "GET /?item-656570706763645588734.html HTTP/1.1" 200 44797 "-" "Mozilla/5.0 (Linux; Android 6.0.1; Nexus 5X Build/MMB29P) AppleWebKit/537.36 (KHTML, like Gecko) Chrome/151.0.7922.173 Mobile Safari/537.36 (compatible; Googlebot/2.1; +http://www.google.com/bot.html)" floresyfloresarmenia.com 10.53.129.184
69.6.233.64 - - [30/Aug/2026:09:39:29 -0500] "POST /wp-cron.php?doing_wp_cron=1788100769.0154910087585449218750 HTTP/1.1" 200 - "-" "WordPress/7.1; https://floresyfloresarmenia.com" floresyfloresarmenia.com 10.53.129.184
74.7.242.53 - - [30/Aug/2026:09:39:26 -0500] "GET /item-636762616562703721528.html HTTP/2.0" 404 28432 "https://www.floresyfloresarmenia.com" "Mozilla/5.0 AppleWebKit/537.36 (KHTML, like Gecko; compatible; GPTBot/1.4; +https://openai.com/gptbot)" floresyfloresarmenia.com 10.53.129.184
66.249.73.164 - - [30/Aug/2026:09:39:27 -0500] "GET /item-646360666663644306634.html HTTP/1.1" 200 46336 "-" "Mozilla/5.0 (Linux; Android 6.0.1; Nexus 5X Build/MMB29P) AppleWebKit/537.36 (KHTML, like Gecko) Chrome/151.0.7922.173 Mobile Safari/537.36 (compatible; Googlebot/2.1; +http://www.google.com/bot.html)" www.floresyfloresarmenia.com 10.53.129.184
66.249.73.100 - - [30/Aug/2026:09:39:46 -0500] "GET /?item-657162667160645926904.html HTTP/1.1" 200 45702 "-" "Mozilla/5.0 (Linux; Android 6.0.1; Nexus 5X Build/MMB29P) AppleWebKit/537.36 (KHTML, like Gecko) Chrome/151.0.7922.173 Mobile Safari/537.36 (compatible; Googlebot/2.1; +http://www.google.com/bot.html)" floresyfloresarmenia.com 10.53.129.184
66.249.73.100 - - [30/Aug/2026:09:39:47 -0500] "GET /?item-656163636463655133435.html HTTP/1.1" 200 47207 "-" "Mozilla/5.0 (Linux; Android 6.0.1; Nexus 5X Build/MMB29P) AppleWebKit/537.36 (KHTML, like Gecko) Chrome/151.0.7922.173 Mobile Safari/537.36 (compatible; Googlebot/2.1; +http://www.google.com/bot.html)" floresyfloresarmenia.com 10.53.129.184
69.6.233.64 - - [30/Aug/2026:09:39:49 -0500] "POST /wp-cron.php?doing_wp_cron=1788100789.1647419929504394531250 HTTP/1.1" 200 - "-" "WordPress/7.1; https://floresyfloresarmenia.com" floresyfloresarmenia.com 10.53.129.184
74.7.242.53 - - [30/Aug/2026:09:39:46 -0500] "GET /item-646264716061654249015.html HTTP/2.0" 404 28432 "https://floresyfloresarmenia.com/grecojbu.xml" "Mozilla/5.0 AppleWebKit/537.36 (KHTML, like Gecko; compatible; GPTBot/1.4; +https://openai.com/gptbot)" floresyfloresarmenia.com 10.53.129.184
66.249.73.99 - - [30/Aug/2026:09:39:48 -0500] "GET /?item-636663677163613637931.html HTTP/1.1" 200 45432 "-" "Mozilla/5.0 (Linux; Android 6.0.1; Nexus 5X Build/MMB29P) AppleWebKit/537.36 (KHTML, like Gecko) Chrome/151.0.7922.173 Mobile Safari/537.36 (compatible; Googlebot/2.1; +http://www.google.com/bot.html)" floresyfloresarmenia.com 10.53.129.184
66.249.73.99 - - [30/Aug/2026:09:39:55 -0500] "GET /?item-636065706671673058697.html HTTP/1.1" 200 47396 "-" "Mozilla/5.0 (Linux; Android 6.0.1; Nexus 5X Build/MMB29P) AppleWebKit/537.36 (KHTML, like Gecko) Chrome/151.0.7922.173 Mobile Safari/537.36 (compatible; Googlebot/2.1; +http://www.google.com/bot.html)" floresyfloresarmenia.com 10.53.129.184
66.249.73.99 - - [30/Aug/2026:09:39:57 -0500] "GET /?item-646565706266714558269.htmlm HTTP/1.1" 200 44754 "-" "Mozilla/5.0 (Linux; Android 6.0.1; Nexus 5X Build/MMB29P) AppleWebKit/537.36 (KHTML, like Gecko) Chrome/151.0.7922.173 Mobile Safari/537.36 (compatible; Googlebot/2.1; +http://www.google.com/bot.html)" floresyfloresarmenia.com 10.53.129.184
66.249.73.100 - - [30/Aug/2026:09:40:01 -0500] "GET /?item-646763636360714733309.html HTTP/1.1" 200 47426 "-" "Mozilla/5.0 (Linux; Android 6.0.1; Nexus 5X Build/MMB29P) AppleWebKit/537.36 (KHTML, like Gecko) Chrome/151.0.7922.173 Mobile Safari/537.36 (compatible; Googlebot/2.1; +http://www.google.com/bot.html)" floresyfloresarmenia.com 10.53.129.184
66.249.73.99 - - [30/Aug/2026:09:40:07 -0500] "GET /?item-626771606163612790131.html HTTP/1.1" 200 46926 "-" "Mozilla/5.0 (Linux; Android 6.0.1; Nexus 5X Build/MMB29P) AppleWebKit/537.36 (KHTML, like Gecko) Chrome/151.0.7922.173 Mobile Safari/537.36 (compatible; Googlebot/2.1; +http://www.google.com/bot.html)" floresyfloresarmenia.com 10.53.129.184
74.7.242.53 - - [30/Aug/2026:09:40:06 -0500] "GET /item-646271656160654295105.html HTTP/2.0" 404 28432 "https://floresyfloresarmenia.com/cytoplastptf.xml" "Mozilla/5.0 AppleWebKit/537.36 (KHTML, like Gecko; compatible; GPTBot/1.4; +https://openai.com/gptbot)" floresyfloresarmenia.com 10.53.129.184
66.249.73.99 - - [30/Aug/2026:09:40:16 -0500] "GET /?item-656563617063645531834.html HTTP/1.1" 200 48584 "-" "Mozilla/5.0 (Linux; Android 6.0.1; Nexus 5X Build/MMB29P) AppleWebKit/537.36 (KHTML, like Gecko) Chrome/151.0.7922.173 Mobile Safari/537.36 (compatible; Googlebot/2.1; +http://www.google.com/bot.html)" floresyfloresarmenia.com 10.53.129.184
66.249.73.99 - - [30/Aug/2026:09:40:21 -0500] "GET /?item-637163656771603935790.html HTTP/1.1" 200 45831 "-" "Mozilla/5.0 (Linux; Android 6.0.1; Nexus 5X Build/MMB29P) AppleWebKit/537.36 (KHTML, like Gecko) Chrome/151.0.7922.173 Mobile Safari/537.36 (compatible; Googlebot/2.1; +http://www.google.com/bot.html)" floresyfloresarmenia.com 10.53.129.184
66.249.73.99 - - [30/Aug/2026:09:40:22 -0500] "GET /?item-656566676762645567724.html HTTP/1.1" 200 46319 "-" "Mozilla/5.0 (Linux; Android 6.0.1; Nexus 5X Build/MMB29P) AppleWebKit/537.36 (KHTML, like Gecko) Chrome/151.0.7922.173 Mobile Safari/537.36 (compatible; Googlebot/2.1; +http://www.google.com/bot.html)" floresyfloresarmenia.com 10.53.129.184
69.6.233.64 - - [30/Aug/2026:09:40:30 -0500] "POST /wp-cron.php?doing_wp_cron=1788100830.2019600868225097656250 HTTP/1.1" 200 - "-" "WordPress/7.1; https://floresyfloresarmenia.com" floresyfloresarmenia.com 10.53.129.184
74.7.242.53 - - [30/Aug/2026:09:40:26 -0500] "GET /item-656367717066715379869.html HTTP/2.0" 404 28432 "https://floresyfloresarmenia.com/cytoplastptf.xml" "Mozilla/5.0 AppleWebKit/537.36 (KHTML, like Gecko; compatible; GPTBot/1.4; +https://openai.com/gptbot)" floresyfloresarmenia.com 10.53.129.184
66.249.73.99 - - [30/Aug/2026:09:40:48 -0500] "GET /?item-646164606266674140267.html HTTP/1.1" 200 47346 "-" "Mozilla/5.0 (Linux; Android 6.0.1; Nexus 5X Build/MMB29P) AppleWebKit/537.36 (KHTML, like Gecko) Chrome/151.0.7922.173 Mobile Safari/537.36 (compatible; Googlebot/2.1; +http://www.google.com/bot.html)" floresyfloresarmenia.com 10.53.129.184
69.6.233.64 - - [30/Aug/2026:09:40:50 -0500] "POST /wp-cron.php?doing_wp_cron=1788100850.1836199760437011718750 HTTP/1.1" 200 - "-" "WordPress/7.1; https://floresyfloresarmenia.com" floresyfloresarmenia.com 10.53.129.184
74.7.242.53 - - [30/Aug/2026:09:40:46 -0500] "GET /item-626567706271632578293.html HTTP/2.0" 404 28432 "https://floresyfloresarmenia.com/nuagvo.xml" "Mozilla/5.0 AppleWebKit/537.36 (KHTML, like Gecko; compatible; GPTBot/1.4; +https://openai.com/gptbot)" floresyfloresarmenia.com 10.53.129.184
66.249.73.99 - - [30/Aug/2026:09:40:58 -0500] "GET /?item-646271657062674295827.html HTTP/1.1" 200 45765 "-" "Mozilla/5.0 (Linux; Android 6.0.1; Nexus 5X Build/MMB29P) AppleWebKit/537.36 (KHTML, like Gecko) Chrome/151.0.7922.173 Mobile Safari/537.36 (compatible; Googlebot/2.1; +http://www.google.com/bot.html)" floresyfloresarmenia.com 10.53.129.184
66.249.73.99 - - [30/Aug/2026:09:40:59 -0500] "GET /?item-636666716565603669550.html HTTP/1.1" 200 44097 "-" "Mozilla/5.0 (Linux; Android 6.0.1; Nexus 5X Build/MMB29P) AppleWebKit/537.36 (KHTML, like Gecko) Chrome/151.0.7922.173 Mobile Safari/537.36 (compatible; Googlebot/2.1; +http://www.google.com/bot.html)" floresyfloresarmenia.com 10.53.129.184
74.7.242.53 - - [30/Aug/2026:09:41:06 -0500] "GET /item-656166706263645168234.html HTTP/2.0" 404 28432 "https://floresyfloresarmenia.com/cytoplastptf.xml" "Mozilla/5.0 AppleWebKit/537.36 (KHTML, like Gecko; compatible; GPTBot/1.4; +https://openai.com/gptbot)" floresyfloresarmenia.com 10.53.129.184
66.249.73.99 - - [30/Aug/2026:09:41:07 -0500] "GET /?item-636665716571703659598.html HTTP/1.1" 200 47888 "-" "Mozilla/5.0 (Linux; Android 6.0.1; Nexus 5X Build/MMB29P) AppleWebKit/537.36 (KHTML, like Gecko) Chrome/151.0.7922.173 Mobile Safari/537.36 (compatible; Googlebot/2.1; +http://www.google.com/bot.html)" floresyfloresarmenia.com 10.53.129.184
66.249.73.99 - - [30/Aug/2026:09:41:14 -0500] "GET /?item-646663616662664631626.html HTTP/1.1" 200 52753 "-" "Mozilla/5.0 (Linux; Android 6.0.1; Nexus 5X Build/MMB29P) AppleWebKit/537.36 (KHTML, like Gecko) Chrome/151.0.7922.173 Mobile Safari/537.36 (compatible; Googlebot/2.1; +http://www.google.com/bot.html)" floresyfloresarmenia.com 10.53.129.184
66.249.73.99 - - [30/Aug/2026:09:41:19 -0500] "GET /?item-636070636763633083733.html HTTP/1.1" 200 45892 "-" "Mozilla/5.0 (Linux; Android 6.0.1; Nexus 5X Build/MMB29P) AppleWebKit/537.36 (KHTML, like Gecko) Chrome/151.0.7922.173 Mobile Safari/537.36 (compatible; Googlebot/2.1; +http://www.google.com/bot.html)" floresyfloresarmenia.com 10.53.129.184
69.6.233.64 - - [30/Aug/2026:09:41:29 -0500] "POST /wp-cron.php?doing_wp_cron=1788100889.0198500156402587890625 HTTP/1.1" 200 - "-" "WordPress/7.1; https://floresyfloresarmenia.com" floresyfloresarmenia.com 10.53.129.184
74.7.242.53 - - [30/Aug/2026:09:41:26 -0500] "GET /item-637067646071603874090.html HTTP/2.0" 404 28431 "https://floresyfloresarmenia.com/refederalizejlh.xml" "Mozilla/5.0 AppleWebKit/537.36 (KHTML, like Gecko; compatible; GPTBot/1.4; +https://openai.com/gptbot)" floresyfloresarmenia.com 10.53.129.184
69.6.233.64 - - [30/Aug/2026:09:41:42 -0500] "POST /wp-cron.php?doing_wp_cron=1788100902.1358098983764648437500 HTTP/1.1" 200 - "-" "WordPress/7.1; https://floresyfloresarmenia.com" floresyfloresarmenia.com 10.53.129.184
57.141.16.127 - - [30/Aug/2026:09:41:36 -0500] "GET / HTTP/2.0" 200 56969 "-" "facebookexternalhit/1.1 (+http://www.facebook.com/externalhit_uatext.php)" floresyfloresarmenia.com 10.53.129.184
66.249.73.99 - - [30/Aug/2026:09:41:41 -0500] "GET /?item-627160626764662902746.html HTTP/1.1" 200 54491 "-" "Mozilla/5.0 (Linux; Android 6.0.1; Nexus 5X Build/MMB29P) AppleWebKit/537.36 (KHTML, like Gecko) Chrome/151.0.7922.173 Mobile Safari/537.36 (compatible; Googlebot/2.1; +http://www.google.com/bot.html)" floresyfloresarmenia.com 10.53.129.184
66.249.73.99 - - [30/Aug/2026:09:41:47 -0500] "GET /?item-656463656564705435548.html HTTP/1.1" 200 44440 "-" "Mozilla/5.0 (Linux; Android 6.0.1; Nexus 5X Build/MMB29P) AppleWebKit/537.36 (KHTML, like Gecko) Chrome/151.0.7922.173 Mobile Safari/537.36 (compatible; Googlebot/2.1; +http://www.google.com/bot.html)" floresyfloresarmenia.com 10.53.129.184
66.249.73.99 - - [30/Aug/2026:09:41:48 -0500] "GET /?item-646460706262674408227.html HTTP/1.1" 200 45862 "-" "Mozilla/5.0 (Linux; Android 6.0.1; Nexus 5X Build/MMB29P) AppleWebKit/537.36 (KHTML, like Gecko) Chrome/151.0.7922.173 Mobile Safari/537.36 (compatible; Googlebot/2.1; +http://www.google.com/bot.html)" floresyfloresarmenia.com 10.53.129.184
74.7.242.53 - - [30/Aug/2026:09:41:46 -0500] "GET /item-637164627065713942859.html HTTP/2.0" 404 28432 "https://floresyfloresarmenia.com/refederalizejlh.xml" "Mozilla/5.0 AppleWebKit/537.36 (KHTML, like Gecko; compatible; GPTBot/1.4; +https://openai.com/gptbot)" floresyfloresarmenia.com 10.53.129.184
66.249.73.99 - - [30/Aug/2026:09:41:56 -0500] "GET /?item-656370626367715382379.html HTTP/1.1" 200 48539 "-" "Mozilla/5.0 (Linux; Android 6.0.1; Nexus 5X Build/MMB29P) AppleWebKit/537.36 (KHTML, like Gecko) Chrome/151.0.7922.173 Mobile Safari/537.36 (compatible; Googlebot/2.1; +http://www.google.com/bot.html)" floresyfloresarmenia.com 10.53.129.184
66.249.73.101 - - [30/Aug/2026:09:42:03 -0500] "GET /?item-647165667163714956939.htmlm HTTP/1.1" 200 46245 "-" "Mozilla/5.0 (Linux; Android 6.0.1; Nexus 5X Build/MMB29P) AppleWebKit/537.36 (KHTML, like Gecko) Chrome/151.0.7922.173 Mobile Safari/537.36 (compatible; Googlebot/2.1; +http://www.google.com/bot.html)" floresyfloresarmenia.com 10.53.129.184
66.249.73.100 - - [30/Aug/2026:09:42:07 -0500] "GET /?item-627165606167632950173.html HTTP/1.1" 200 45801 "-" "Mozilla/5.0 (Linux; Android 6.0.1; Nexus 5X Build/MMB29P) AppleWebKit/537.36 (KHTML, like Gecko) Chrome/151.0.7922.173 Mobile Safari/537.36 (compatible; Googlebot/2.1; +http://www.google.com/bot.html)" floresyfloresarmenia.com 10.53.129.184
74.7.242.53 - - [30/Aug/2026:09:42:06 -0500] "GET /item-626670637163652683935.html HTTP/2.0" 404 28432 "https://floresyfloresarmenia.com/epigastricalwzt.xml" "Mozilla/5.0 AppleWebKit/537.36 (KHTML, like Gecko; compatible; GPTBot/1.4; +https://openai.com/gptbot)" floresyfloresarmenia.com 10.53.129.184
66.249.73.99 - - [30/Aug/2026:09:42:09 -0500] "GET /?item-646070657070604085880.html HTTP/1.1" 200 45620 "-" "Mozilla/5.0 (Linux; Android 6.0.1; Nexus 5X Build/MMB29P) AppleWebKit/537.36 (KHTML, like Gecko) Chrome/151.0.7922.173 Mobile Safari/537.36 (compatible; Googlebot/2.1; +http://www.google.com/bot.html)" floresyfloresarmenia.com 10.53.129.184
66.249.73.99 - - [30/Aug/2026:09:42:19 -0500] "GET /?item-626665676667712657679.html HTTP/1.1" 200 47157 "-" "Mozilla/5.0 (Linux; Android 6.0.1; Nexus 5X Build/MMB29P) AppleWebKit/537.36 (KHTML, like Gecko) Chrome/151.0.7922.173 Mobile Safari/537.36 (compatible; Googlebot/2.1; +http://www.google.com/bot.html)" floresyfloresarmenia.com 10.53.129.184
66.249.73.99 - - [30/Aug/2026:09:42:23 -0500] "GET /?item-636760716660673709607.htmlm HTTP/1.1" 200 44734 "-" "Mozilla/5.0 (Linux; Android 6.0.1; Nexus 5X Build/MMB29P) AppleWebKit/537.36 (KHTML, like Gecko) Chrome/151.0.7922.173 Mobile Safari/537.36 (compatible; Googlebot/2.1; +http://www.google.com/bot.html)" floresyfloresarmenia.com 10.53.129.184
74.7.242.53 - - [30/Aug/2026:09:42:26 -0500] "GET /item-656462716370645429384.html HTTP/2.0" 404 28432 "https://floresyfloresarmenia.com/intermitshsc.xml" "Mozilla/5.0 AppleWebKit/537.36 (KHTML, like Gecko; compatible; GPTBot/1.4; +https://openai.com/gptbot)" floresyfloresarmenia.com 10.53.129.184
66.249.73.99 - - [30/Aug/2026:09:42:31 -0500] "GET /?item-636363626465603332450.html HTTP/1.1" 200 46583 "-" "Mozilla/5.0 (Linux; Android 6.0.1; Nexus 5X Build/MMB29P) AppleWebKit/537.36 (KHTML, like Gecko) Chrome/151.0.7922.173 Mobile Safari/537.36 (compatible; Googlebot/2.1; +http://www.google.com/bot.html)" floresyfloresarmenia.com 10.53.129.184
66.249.73.99 - - [30/Aug/2026:09:42:39 -0500] "GET /?item-657067626066625872062.html HTTP/1.1" 200 51806 "-" "Mozilla/5.0 (Linux; Android 6.0.1; Nexus 5X Build/MMB29P) AppleWebKit/537.36 (KHTML, like Gecko) Chrome/151.0.7922.173 Mobile Safari/537.36 (compatible; Googlebot/2.1; +http://www.google.com/bot.html)" floresyfloresarmenia.com 10.53.129.184
50.87.143.111 - - [30/Aug/2026:09:42:46 -0500] "GET /wp-login.php HTTP/2.0" 409 83 "-" "50.87.143.111" floresyfloresarmenia.com.floresyfloresibague.com 10.53.129.184
50.87.143.111 - - [30/Aug/2026:09:42:48 -0500] "POST /wp-login.php HTTP/2.0" 409 83 "https://floresyfloresarmenia.com.floresyfloresibague.com/wp-login.php" "50.87.143.111" floresyfloresarmenia.com.floresyfloresibague.com 10.53.129.184
69.6.233.64 - - [30/Aug/2026:09:42:49 -0500] "POST /wp-cron.php?doing_wp_cron=1788100969.0454499721527099609375 HTTP/1.1" 200 - "-" "WordPress/7.1; https://floresyfloresarmenia.com" floresyfloresarmenia.com 10.53.129.184
74.7.242.53 - - [30/Aug/2026:09:42:46 -0500] "GET /item-636067657061703075818.html HTTP/2.0" 404 28432 "https://floresyfloresarmenia.com/halfwittednesswzp.xml" "Mozilla/5.0 AppleWebKit/537.36 (KHTML, like Gecko; compatible; GPTBot/1.4; +https://openai.com/gptbot)" floresyfloresarmenia.com 10.53.129.184
66.249.73.99 - - [30/Aug/2026:09:42:58 -0500] "GET /?item-656364646263625344232.html HTTP/1.1" 200 51940 "-" "Mozilla/5.0 (Linux; Android 6.0.1; Nexus 5X Build/MMB29P) AppleWebKit/537.36 (KHTML, like Gecko) Chrome/151.0.7922.173 Mobile Safari/537.36 (compatible; Googlebot/2.1; +http://www.google.com/bot.html)" floresyfloresarmenia.com 10.53.129.184
66.249.73.99 - - [30/Aug/2026:09:42:58 -0500] "GET /?item-627067716665622879652.html HTTP/1.1" 200 50489 "-" "Mozilla/5.0 (Linux; Android 6.0.1; Nexus 5X Build/MMB29P) AppleWebKit/537.36 (KHTML, like Gecko) Chrome/151.0.7922.173 Mobile Safari/537.36 (compatible; Googlebot/2.1; +http://www.google.com/bot.html)" floresyfloresarmenia.com 10.53.129.184
66.249.73.99 - - [30/Aug/2026:09:43:00 -0500] "GET /?item-656170637167635183973.html HTTP/1.1" 200 48117 "-" "Mozilla/5.0 (Linux; Android 6.0.1; Nexus 5X Build/MMB29P) AppleWebKit/537.36 (KHTML, like Gecko) Chrome/151.0.7922.173 Mobile Safari/537.36 (compatible; Googlebot/2.1; +http://www.google.com/bot.html)" floresyfloresarmenia.com 10.53.129.184
74.7.242.53 - - [30/Aug/2026:09:43:06 -0500] "GET /item-656163606570705130588.html HTTP/2.0" 404 28432 "https://floresyfloresarmenia.com/bucketeerzaj.xml" "Mozilla/5.0 AppleWebKit/537.36 (KHTML, like Gecko; compatible; GPTBot/1.4; +https://openai.com/gptbot)" floresyfloresarmenia.com 10.53.129.184
66.249.73.164 - - [30/Aug/2026:09:43:10 -0500] "GET /item-636366606560673360507.html HTTP/1.1" 200 45830 "-" "Mozilla/5.0 (Linux; Android 6.0.1; Nexus 5X Build/MMB29P) AppleWebKit/537.36 (KHTML, like Gecko) Chrome/151.0.7922.173 Mobile Safari/537.36 (compatible; GoogleOther)" www.floresyfloresarmenia.com 10.53.129.184
66.249.73.99 - - [30/Aug/2026:09:43:17 -0500] "GET /?item-636063666466673036467.html HTTP/1.1" 200 47812 "-" "Mozilla/5.0 (Linux; Android 6.0.1; Nexus 5X Build/MMB29P) AppleWebKit/537.36 (KHTML, like Gecko) Chrome/151.0.7922.173 Mobile Safari/537.36 (compatible; Googlebot/2.1; +http://www.google.com/bot.html)" floresyfloresarmenia.com 10.53.129.184
66.249.73.99 - - [30/Aug/2026:09:43:21 -0500] "GET /?item-656662667063655626835.html HTTP/1.1" 200 52293 "-" "Mozilla/5.0 (Linux; Android 6.0.1; Nexus 5X Build/MMB29P) AppleWebKit/537.36 (KHTML, like Gecko) Chrome/151.0.7922.173 Mobile Safari/537.36 (compatible; Googlebot/2.1; +http://www.google.com/bot.html)" floresyfloresarmenia.com 10.53.129.184
66.249.73.99 - - [30/Aug/2026:09:43:26 -0500] "GET /?item-656571656771665595796.html HTTP/1.1" 200 44576 "-" "Mozilla/5.0 (Linux; Android 6.0.1; Nexus 5X Build/MMB29P) AppleWebKit/537.36 (KHTML, like Gecko) Chrome/151.0.7922.173 Mobile Safari/537.36 (compatible; Googlebot/2.1; +http://www.google.com/bot.html)" floresyfloresarmenia.com 10.53.129.184
69.6.233.64 - - [30/Aug/2026:09:43:30 -0500] "POST /wp-cron.php?doing_wp_cron=1788101010.1704580783843994140625 HTTP/1.1" 200 - "-" "WordPress/7.1; https://floresyfloresarmenia.com" floresyfloresarmenia.com 10.53.129.184
74.7.242.53 - - [30/Aug/2026:09:43:26 -0500] "GET /item-627067656670712875689.html HTTP/2.0" 404 28432 "https://floresyfloresarmenia.com/foraramensbqy.xml" "Mozilla/5.0 AppleWebKit/537.36 (KHTML, like Gecko; compatible; GPTBot/1.4; +https://openai.com/gptbot)" floresyfloresarmenia.com 10.53.129.184
66.249.73.99 - - [30/Aug/2026:09:43:29 -0500] "GET /?item-646461666471664416496.html HTTP/1.1" 200 46570 "-" "Mozilla/5.0 (Linux; Android 6.0.1; Nexus 5X Build/MMB29P) AppleWebKit/537.36 (KHTML, like Gecko) Chrome/151.0.7922.173 Mobile Safari/537.36 (compatible; Googlebot/2.1; +http://www.google.com/bot.html)" floresyfloresarmenia.com 10.53.129.184
66.249.73.99 - - [30/Aug/2026:09:43:44 -0500] "GET /?item-636761626763713712739.html HTTP/1.1" 200 46588 "-" "Mozilla/5.0 (Linux; Android 6.0.1; Nexus 5X Build/MMB29P) AppleWebKit/537.36 (KHTML, like Gecko) Chrome/151.0.7922.173 Mobile Safari/537.36 (compatible; Googlebot/2.1; +http://www.google.com/bot.html)" floresyfloresarmenia.com 10.53.129.184
69.6.233.64 - - [30/Aug/2026:09:43:48 -0500] "POST /wp-cron.php?doing_wp_cron=1788101028.3079159259796142578125 HTTP/1.1" 200 - "-" "WordPress/7.1; https://floresyfloresarmenia.com" floresyfloresarmenia.com 10.53.129.184
74.7.242.53 - - [30/Aug/2026:09:43:46 -0500] "GET /item-657071626770655892785.html HTTP/2.0" 404 28432 "https://floresyfloresarmenia.com/pyropesqjj.xml" "Mozilla/5.0 AppleWebKit/537.36 (KHTML, like Gecko; compatible; GPTBot/1.4; +https://openai.com/gptbot)" floresyfloresarmenia.com 10.53.129.184
66.249.73.99 - - [30/Aug/2026:09:43:56 -0500] "GET /?item-637070656365643885354.html HTTP/1.1" 200 45094 "-" "Mozilla/5.0 (Linux; Android 6.0.1; Nexus 5X Build/MMB29P) AppleWebKit/537.36 (KHTML, like Gecko) Chrome/151.0.7922.173 Mobile Safari/537.36 (compatible; Googlebot/2.1; +http://www.google.com/bot.html)" floresyfloresarmenia.com 10.53.129.184
66.249.73.99 - - [30/Aug/2026:09:43:56 -0500] "GET /?item-626766646470632764483.html HTTP/1.1" 200 45204 "-" "Mozilla/5.0 (Linux; Android 6.0.1; Nexus 5X Build/MMB29P) AppleWebKit/537.36 (KHTML, like Gecko) Chrome/151.0.7922.173 Mobile Safari/537.36 (compatible; Googlebot/2.1; +http://www.google.com/bot.html)" floresyfloresarmenia.com 10.53.129.184
66.249.73.99 - - [30/Aug/2026:09:44:03 -0500] "GET /?item-646464706664624448642.html HTTP/1.1" 200 44176 "-" "Mozilla/5.0 (Linux; Android 6.0.1; Nexus 5X Build/MMB29P) AppleWebKit/537.36 (KHTML, like Gecko) Chrome/151.0.7922.173 Mobile Safari/537.36 (compatible; Googlebot/2.1; +http://www.google.com/bot.html)" floresyfloresarmenia.com 10.53.129.184
66.249.73.101 - - [30/Aug/2026:09:44:03 -0500] "GET /?item-626666716461642669414.html HTTP/1.1" 200 49804 "-" "Mozilla/5.0 (Linux; Android 6.0.1; Nexus 5X Build/MMB29P) AppleWebKit/537.36 (KHTML, like Gecko) Chrome/151.0.7922.173 Mobile Safari/537.36 (compatible; Googlebot/2.1; +http://www.google.com/bot.html)" floresyfloresarmenia.com 10.53.129.184
66.249.73.101 - - [30/Aug/2026:09:44:04 -0500] "GET /?item-657067666662625876622.html HTTP/1.1" 200 46557 "-" "Mozilla/5.0 (Linux; Android 6.0.1; Nexus 5X Build/MMB29P) AppleWebKit/537.36 (KHTML, like Gecko) Chrome/151.0.7922.173 Mobile Safari/537.36 (compatible; Googlebot/2.1; +http://www.google.com/bot.html)" floresyfloresarmenia.com 10.53.129.184
74.7.242.53 - - [30/Aug/2026:09:44:06 -0500] "GET /item-657071647063655894835.html HTTP/2.0" 404 28432 "https://floresyfloresarmenia.com/epigastricalwzt.xml" "Mozilla/5.0 AppleWebKit/537.36 (KHTML, like Gecko; compatible; GPTBot/1.4; +https://openai.com/gptbot)" floresyfloresarmenia.com 10.53.129.184
66.249.73.99 - - [30/Aug/2026:09:44:07 -0500] "GET /?item-656067656170655075185.html HTTP/1.1" 200 53910 "-" "Mozilla/5.0 (Linux; Android 6.0.1; Nexus 5X Build/MMB29P) AppleWebKit/537.36 (KHTML, like Gecko) Chrome/151.0.7922.173 Mobile Safari/537.36 (compatible; Googlebot/2.1; +http://www.google.com/bot.html)" floresyfloresarmenia.com 10.53.129.184
