66.249.73.99 - - [30/Aug/2026:08:13:41 -0500] "GET /shop/pg/3267564-3 HTTP/1.1" 200 45800 "-" "Mozilla/5.0 (Linux; Android 6.0.1; Nexus 5X Build/MMB29P) AppleWebKit/537.36 (KHTML, like Gecko) Chrome/151.0.7922.173 Mobile Safari/537.36 (compatible; Googlebot/2.1; +http://www.google.com/bot.html)" floresyfloresarmenia.com 10.53.129.184
66.249.73.99 - - [30/Aug/2026:08:13:43 -0500] "GET /?item-637063676464673837447.htmlm HTTP/1.1" 200 45855 "-" "Mozilla/5.0 (Linux; Android 6.0.1; Nexus 5X Build/MMB29P) AppleWebKit/537.36 (KHTML, like Gecko) Chrome/151.0.7922.173 Mobile Safari/537.36 (compatible; Googlebot/2.1; +http://www.google.com/bot.html)" floresyfloresarmenia.com 10.53.129.184
66.249.73.100 - - [30/Aug/2026:08:13:46 -0500] "GET /?item-646760656167704705178.htmlm HTTP/1.1" 200 46702 "-" "Mozilla/5.0 (Linux; Android 6.0.1; Nexus 5X Build/MMB29P) AppleWebKit/537.36 (KHTML, like Gecko) Chrome/151.0.7922.173 Mobile Safari/537.36 (compatible; Googlebot/2.1; +http://www.google.com/bot.html)" floresyfloresarmenia.com 10.53.129.184
66.249.73.100 - - [30/Aug/2026:08:13:47 -0500] "GET /?item-646270646563714284539.html HTTP/1.1" 200 45957 "-" "Mozilla/5.0 (Linux; Android 6.0.1; Nexus 5X Build/MMB29P) AppleWebKit/537.36 (KHTML, like Gecko) Chrome/151.0.7922.173 Mobile Safari/537.36 (compatible; Googlebot/2.1; +http://www.google.com/bot.html)" floresyfloresarmenia.com 10.53.129.184
69.6.233.64 - - [30/Aug/2026:08:13:48 -0500] "POST /wp-cron.php?doing_wp_cron=1788095628.2407999038696289062500 HTTP/1.1" 200 - "-" "WordPress/7.1; https://floresyfloresarmenia.com" floresyfloresarmenia.com 10.53.129.184
74.7.242.53 - - [30/Aug/2026:08:13:46 -0500] "GET /item-636662647170603624980.html HTTP/2.0" 404 28432 "https://floresyfloresarmenia.com/refederalizejlh.xml" "Mozilla/5.0 AppleWebKit/537.36 (KHTML, like Gecko; compatible; GPTBot/1.4; +https://openai.com/gptbot)" floresyfloresarmenia.com 10.53.129.184
66.249.73.101 - - [30/Aug/2026:08:13:51 -0500] "GET /?item-646371706561664398516.html HTTP/1.1" 200 47194 "-" "Mozilla/5.0 (Linux; Android 6.0.1; Nexus 5X Build/MMB29P) AppleWebKit/537.36 (KHTML, like Gecko) Chrome/151.0.7922.173 Mobile Safari/537.36 (compatible; Googlebot/2.1; +http://www.google.com/bot.html)" floresyfloresarmenia.com 10.53.129.184
66.249.73.99 - - [30/Aug/2026:08:13:53 -0500] "GET /shop/pg/2667306-1 HTTP/1.1" 200 44572 "-" "Mozilla/5.0 (Linux; Android 6.0.1; Nexus 5X Build/MMB29P) AppleWebKit/537.36 (KHTML, like Gecko) Chrome/151.0.7922.173 Mobile Safari/537.36 (compatible; Googlebot/2.1; +http://www.google.com/bot.html)" floresyfloresarmenia.com 10.53.129.184
66.249.73.99 - - [30/Aug/2026:08:13:55 -0500] "GET /shop/pg/5270880-2 HTTP/1.1" 200 46221 "-" "Mozilla/5.0 (Linux; Android 6.0.1; Nexus 5X Build/MMB29P) AppleWebKit/537.36 (KHTML, like Gecko) Chrome/151.0.7922.173 Mobile Safari/537.36 (compatible; GoogleOther)" floresyfloresarmenia.com 10.53.129.184
66.249.73.100 - - [30/Aug/2026:08:13:56 -0500] "GET /?item-636163656767613135771.html HTTP/1.1" 200 45243 "-" "Mozilla/5.0 (Linux; Android 6.0.1; Nexus 5X Build/MMB29P) AppleWebKit/537.36 (KHTML, like Gecko) Chrome/151.0.7922.173 Mobile Safari/537.36 (compatible; Googlebot/2.1; +http://www.google.com/bot.html)" floresyfloresarmenia.com 10.53.129.184
66.249.73.100 - - [30/Aug/2026:08:13:58 -0500] "GET /?item-627166617070622961882.html HTTP/1.1" 200 45402 "-" "Mozilla/5.0 (Linux; Android 6.0.1; Nexus 5X Build/MMB29P) AppleWebKit/537.36 (KHTML, like Gecko) Chrome/151.0.7922.173 Mobile Safari/537.36 (compatible; Googlebot/2.1; +http://www.google.com/bot.html)" floresyfloresarmenia.com 10.53.129.184
66.249.73.100 - - [30/Aug/2026:08:13:59 -0500] "GET /?item-626470616164612481141.htmlm HTTP/1.1" 200 47515 "-" "Mozilla/5.0 (Linux; Android 6.0.1; Nexus 5X Build/MMB29P) AppleWebKit/537.36 (KHTML, like Gecko) Chrome/151.0.7922.173 Mobile Safari/537.36 (compatible; Googlebot/2.1; +http://www.google.com/bot.html)" floresyfloresarmenia.com 10.53.129.184
66.249.73.101 - - [30/Aug/2026:08:14:06 -0500] "GET /?item-626370636565662383556.htmlm HTTP/1.1" 200 46019 "-" "Mozilla/5.0 (Linux; Android 6.0.1; Nexus 5X Build/MMB29P) AppleWebKit/537.36 (KHTML, like Gecko) Chrome/151.0.7922.173 Mobile Safari/537.36 (compatible; Googlebot/2.1; +http://www.google.com/bot.html)" floresyfloresarmenia.com 10.53.129.184
66.249.73.99 - - [30/Aug/2026:08:14:06 -0500] "GET /shop/pg/2215714-3 HTTP/1.1" 200 48685 "-" "Mozilla/5.0 (Linux; Android 6.0.1; Nexus 5X Build/MMB29P) AppleWebKit/537.36 (KHTML, like Gecko) Chrome/151.0.7922.173 Mobile Safari/537.36 (compatible; Googlebot/2.1; +http://www.google.com/bot.html)" floresyfloresarmenia.com 10.53.129.184
74.7.242.53 - - [30/Aug/2026:08:14:06 -0500] "GET /item-626663706170712638189.html HTTP/2.0" 404 28432 "https://floresyfloresarmenia.com/pyropesqjj.xml" "Mozilla/5.0 AppleWebKit/537.36 (KHTML, like Gecko; compatible; GPTBot/1.4; +https://openai.com/gptbot)" floresyfloresarmenia.com 10.53.129.184
66.249.73.166 - - [30/Aug/2026:08:14:12 -0500] "GET /item-646770646460674784407.html HTTP/1.1" 200 50237 "-" "Mozilla/5.0 (Linux; Android 6.0.1; Nexus 5X Build/MMB29P) AppleWebKit/537.36 (KHTML, like Gecko) Chrome/151.0.7922.173 Mobile Safari/537.36 (compatible; GoogleOther)" www.floresyfloresarmenia.com 10.53.129.184
66.249.73.100 - - [30/Aug/2026:08:14:19 -0500] "GET /?item-656571717066715599869.html HTTP/1.1" 200 46093 "-" "Mozilla/5.0 (Linux; Android 6.0.1; Nexus 5X Build/MMB29P) AppleWebKit/537.36 (KHTML, like Gecko) Chrome/151.0.7922.173 Mobile Safari/537.36 (compatible; Googlebot/2.1; +http://www.google.com/bot.html)" floresyfloresarmenia.com 10.53.129.184
66.249.73.100 - - [30/Aug/2026:08:14:21 -0500] "GET /?item-646470676463714487439.html HTTP/1.1" 200 44948 "-" "Mozilla/5.0 (Linux; Android 6.0.1; Nexus 5X Build/MMB29P) AppleWebKit/537.36 (KHTML, like Gecko) Chrome/151.0.7922.173 Mobile Safari/537.36 (compatible; Googlebot/2.1; +http://www.google.com/bot.html)" floresyfloresarmenia.com 10.53.129.184
66.249.73.99 - - [30/Aug/2026:08:14:23 -0500] "GET /shop/pg/4458139-4 HTTP/1.1" 200 45097 "-" "Mozilla/5.0 (Linux; Android 6.0.1; Nexus 5X Build/MMB29P) AppleWebKit/537.36 (KHTML, like Gecko) Chrome/151.0.7922.173 Mobile Safari/537.36 (compatible; Googlebot/2.1; +http://www.google.com/bot.html)" floresyfloresarmenia.com 10.53.129.184
66.249.73.99 - - [30/Aug/2026:08:14:26 -0500] "GET /?item-656361706762645318724.html HTTP/1.1" 200 45084 "-" "Mozilla/5.0 (Linux; Android 6.0.1; Nexus 5X Build/MMB29P) AppleWebKit/537.36 (KHTML, like Gecko) Chrome/151.0.7922.173 Mobile Safari/537.36 (compatible; Googlebot/2.1; +http://www.google.com/bot.html)" floresyfloresarmenia.com 10.53.129.184
66.249.73.99 - - [30/Aug/2026:08:14:26 -0500] "GET /?item-647060676162704807128.htmlm HTTP/1.1" 200 46063 "-" "Mozilla/5.0 (Linux; Android 6.0.1; Nexus 5X Build/MMB29P) AppleWebKit/537.36 (KHTML, like Gecko) Chrome/151.0.7922.173 Mobile Safari/537.36 (compatible; Googlebot/2.1; +http://www.google.com/bot.html)" floresyfloresarmenia.com 10.53.129.184
74.7.242.53 - - [30/Aug/2026:08:14:26 -0500] "GET /item-626571676664702597648.html HTTP/2.0" 404 28431 "https://floresyfloresarmenia.com/halfwittednesswzp.xml" "Mozilla/5.0 AppleWebKit/537.36 (KHTML, like Gecko; compatible; GPTBot/1.4; +https://openai.com/gptbot)" floresyfloresarmenia.com 10.53.129.184
66.249.73.99 - - [30/Aug/2026:08:14:30 -0500] "GET /?item-657067707066705878868.htmlm HTTP/1.1" 200 46330 "-" "Mozilla/5.0 (Linux; Android 6.0.1; Nexus 5X Build/MMB29P) AppleWebKit/537.36 (KHTML, like Gecko) Chrome/151.0.7922.173 Mobile Safari/537.36 (compatible; Googlebot/2.1; +http://www.google.com/bot.html)" floresyfloresarmenia.com 10.53.129.184
69.6.233.64 - - [30/Aug/2026:08:14:32 -0500] "POST /wp-cron.php?doing_wp_cron=1788095672.2606201171875000000000 HTTP/1.1" 200 - "-" "WordPress/7.1; https://floresyfloresarmenia.com" floresyfloresarmenia.com 10.53.129.184
57.141.22.3 - - [30/Aug/2026:08:14:29 -0500] "GET /tragamonedas-para-ganar-dinero-real/ HTTP/2.0" 200 47948 "-" "Mozilla/5.0 (Macintosh; Intel Mac OS X 10_15_7) AppleWebKit/537.36 (KHTML, like Gecko) Chrome/145.0.0.0 Safari/537.36 (compatible; meta-externalagent/1.1 (+https://developers.facebook.com/docs/sharing/webmasters/crawler))" floresyfloresarmenia.com 10.53.129.184
66.249.73.99 - - [30/Aug/2026:08:14:31 -0500] "GET /?item-656671676671615697691.html HTTP/1.1" 200 46787 "-" "Mozilla/5.0 (Linux; Android 6.0.1; Nexus 5X Build/MMB29P) AppleWebKit/537.36 (KHTML, like Gecko) Chrome/151.0.7922.173 Mobile Safari/537.36 (compatible; Googlebot/2.1; +http://www.google.com/bot.html)" floresyfloresarmenia.com 10.53.129.184
66.249.73.99 - - [30/Aug/2026:08:14:33 -0500] "GET /?item-656371666367715396379.html HTTP/1.1" 200 45269 "-" "Mozilla/5.0 (Linux; Android 6.0.1; Nexus 5X Build/MMB29P) AppleWebKit/537.36 (KHTML, like Gecko) Chrome/151.0.7922.173 Mobile Safari/537.36 (compatible; Googlebot/2.1; +http://www.google.com/bot.html)" floresyfloresarmenia.com 10.53.129.184
66.249.73.99 - - [30/Aug/2026:08:14:34 -0500] "GET /?item-646070656560704085508.html HTTP/1.1" 200 46011 "-" "Mozilla/5.0 (Linux; Android 6.0.1; Nexus 5X Build/MMB29P) AppleWebKit/537.36 (KHTML, like Gecko) Chrome/151.0.7922.173 Mobile Safari/537.36 (compatible; GoogleOther)" floresyfloresarmenia.com 10.53.129.184
66.249.73.99 - - [30/Aug/2026:08:14:44 -0500] "GET /shop/pg/5428112-3 HTTP/1.1" 200 45900 "-" "Mozilla/5.0 (Linux; Android 6.0.1; Nexus 5X Build/MMB29P) AppleWebKit/537.36 (KHTML, like Gecko) Chrome/151.0.7922.173 Mobile Safari/537.36 (compatible; Googlebot/2.1; +http://www.google.com/bot.html)" floresyfloresarmenia.com 10.53.129.184
57.141.22.31 - - [30/Aug/2026:08:14:43 -0500] "GET /jugar-bingo-75-bolas/ HTTP/2.0" 200 48327 "-" "Mozilla/5.0 (Windows NT 10.0; Win64; x64) AppleWebKit/537.36 (KHTML, like Gecko) Chrome/145.0.0.0 Safari/537.36 (compatible; meta-externalagent/1.1 (+https://developers.facebook.com/docs/sharing/webmasters/crawler))" floresyfloresarmenia.com 10.53.129.184
57.141.22.1 - - [30/Aug/2026:08:14:45 -0500] "GET /poker-de-casino-con-mastercard/ HTTP/2.0" 200 47952 "-" "Mozilla/5.0 (Windows NT 10.0; Win64; x64) AppleWebKit/537.36 (KHTML, like Gecko) Chrome/145.0.0.0 Safari/537.36 Edg/145.0.0.0 (compatible; meta-externalagent/1.1 (+https://developers.facebook.com/docs/sharing/webmasters/crawler))" floresyfloresarmenia.com 10.53.129.184
74.7.242.53 - - [30/Aug/2026:08:14:46 -0500] "GET /item-646660716561704609518.html HTTP/2.0" 404 28431 "https://floresyfloresarmenia.com/nuagvo.xml" "Mozilla/5.0 AppleWebKit/537.36 (KHTML, like Gecko; compatible; GPTBot/1.4; +https://openai.com/gptbot)" floresyfloresarmenia.com 10.53.129.184
66.249.73.99 - - [30/Aug/2026:08:15:01 -0500] "GET /shop/pg/4014477-4 HTTP/1.1" 200 45129 "-" "Mozilla/5.0 (Linux; Android 6.0.1; Nexus 5X Build/MMB29P) AppleWebKit/537.36 (KHTML, like Gecko) Chrome/151.0.7922.173 Mobile Safari/537.36 (compatible; Googlebot/2.1; +http://www.google.com/bot.html)" floresyfloresarmenia.com 10.53.129.184
66.249.73.100 - - [30/Aug/2026:08:15:02 -0500] "GET /?item-656262716761665229716.htmlm HTTP/1.1" 200 48803 "-" "Mozilla/5.0 (Linux; Android 6.0.1; Nexus 5X Build/MMB29P) AppleWebKit/537.36 (KHTML, like Gecko) Chrome/151.0.7922.173 Mobile Safari/537.36 (compatible; Googlebot/2.1; +http://www.google.com/bot.html)" floresyfloresarmenia.com 10.53.129.184
66.249.73.100 - - [30/Aug/2026:08:15:02 -0500] "GET /?item-647064707065714848859.htmlm HTTP/1.1" 200 44996 "-" "Mozilla/5.0 (Linux; Android 6.0.1; Nexus 5X Build/MMB29P) AppleWebKit/537.36 (KHTML, like Gecko) Chrome/151.0.7922.173 Mobile Safari/537.36 (compatible; Googlebot/2.1; +http://www.google.com/bot.html)" floresyfloresarmenia.com 10.53.129.184
57.141.22.28 - - [30/Aug/2026:08:15:02 -0500] "GET /cuando-sale-el-jackpot-de-la-ruleta/ HTTP/2.0" 200 46189 "-" "Mozilla/5.0 (Macintosh; Intel Mac OS X 10_15_7) AppleWebKit/537.36 (KHTML, like Gecko) Chrome/145.0.0.0 Safari/537.36 (compatible; meta-externalagent/1.1 (+https://developers.facebook.com/docs/sharing/webmasters/crawler))" floresyfloresarmenia.com 10.53.129.184
66.249.73.100 - - [30/Aug/2026:08:15:07 -0500] "GET /?item-646467676160704477108.html HTTP/1.1" 200 49104 "-" "Mozilla/5.0 (Linux; Android 6.0.1; Nexus 5X Build/MMB29P) AppleWebKit/537.36 (KHTML, like Gecko) Chrome/151.0.7922.173 Mobile Safari/537.36 (compatible; Googlebot/2.1; +http://www.google.com/bot.html)" floresyfloresarmenia.com 10.53.129.184
74.7.242.53 - - [30/Aug/2026:08:15:06 -0500] "GET /item-636270716566643289564.html HTTP/2.0" 404 28432 "https://floresyfloresarmenia.com/pyropesqjj.xml" "Mozilla/5.0 AppleWebKit/537.36 (KHTML, like Gecko; compatible; GPTBot/1.4; +https://openai.com/gptbot)" floresyfloresarmenia.com 10.53.129.184
66.249.73.99 - - [30/Aug/2026:08:15:15 -0500] "GET /shop/pg/4450620-3 HTTP/1.1" 200 45776 "-" "Mozilla/5.0 (Linux; Android 6.0.1; Nexus 5X Build/MMB29P) AppleWebKit/537.36 (KHTML, like Gecko) Chrome/151.0.7922.173 Mobile Safari/537.36 (compatible; Googlebot/2.1; +http://www.google.com/bot.html)" floresyfloresarmenia.com 10.53.129.184
66.249.73.99 - - [30/Aug/2026:08:15:21 -0500] "GET /?item-626761606265712710259.html HTTP/1.1" 200 50121 "-" "Mozilla/5.0 (Linux; Android 6.0.1; Nexus 5X Build/MMB29P) AppleWebKit/537.36 (KHTML, like Gecko) Chrome/151.0.7922.173 Mobile Safari/537.36 (compatible; Googlebot/2.1; +http://www.google.com/bot.html)" floresyfloresarmenia.com 10.53.129.184
66.249.73.99 - - [30/Aug/2026:08:15:26 -0500] "GET /?item-647066637163624863932.html HTTP/1.1" 200 45407 "-" "Mozilla/5.0 (Linux; Android 6.0.1; Nexus 5X Build/MMB29P) AppleWebKit/537.36 (KHTML, like Gecko) Chrome/151.0.7922.173 Mobile Safari/537.36 (compatible; Googlebot/2.1; +http://www.google.com/bot.html)" floresyfloresarmenia.com 10.53.129.184
69.6.233.64 - - [30/Aug/2026:08:15:29 -0500] "POST /wp-cron.php?doing_wp_cron=1788095729.2460799217224121093750 HTTP/1.1" 200 - "-" "WordPress/7.1; https://floresyfloresarmenia.com" floresyfloresarmenia.com 10.53.129.184
74.7.242.53 - - [30/Aug/2026:08:15:26 -0500] "GET /item-646766627170654762985.html HTTP/2.0" 404 28432 "https://floresyfloresarmenia.com/cytoplastptf.xml" "Mozilla/5.0 AppleWebKit/537.36 (KHTML, like Gecko; compatible; GPTBot/1.4; +https://openai.com/gptbot)" floresyfloresarmenia.com 10.53.129.184
66.249.73.99 - - [30/Aug/2026:08:15:30 -0500] "GET /?item-636262636467663223476.htmlm HTTP/1.1" 200 46476 "-" "Mozilla/5.0 (Linux; Android 6.0.1; Nexus 5X Build/MMB29P) AppleWebKit/537.36 (KHTML, like Gecko) Chrome/151.0.7922.173 Mobile Safari/537.36 (compatible; Googlebot/2.1; +http://www.google.com/bot.html)" floresyfloresarmenia.com 10.53.129.184
66.249.73.99 - - [30/Aug/2026:08:15:31 -0500] "GET /shop/pg/4014477-1 HTTP/1.1" 200 45276 "-" "Mozilla/5.0 (Linux; Android 6.0.1; Nexus 5X Build/MMB29P) AppleWebKit/537.36 (KHTML, like Gecko) Chrome/151.0.7922.173 Mobile Safari/537.36 (compatible; Googlebot/2.1; +http://www.google.com/bot.html)" floresyfloresarmenia.com 10.53.129.184
66.249.73.99 - - [30/Aug/2026:08:15:36 -0500] "GET /?item-656660636064605603040.html HTTP/1.1" 200 49727 "-" "Mozilla/5.0 (Linux; Android 6.0.1; Nexus 5X Build/MMB29P) AppleWebKit/537.36 (KHTML, like Gecko) Chrome/151.0.7922.173 Mobile Safari/537.36 (compatible; Googlebot/2.1; +http://www.google.com/bot.html)" floresyfloresarmenia.com 10.53.129.184
66.249.73.100 - - [30/Aug/2026:08:15:39 -0500] "GET /?item-637165646263703954238.htmlm HTTP/1.1" 200 46649 "-" "Mozilla/5.0 (Linux; Android 6.0.1; Nexus 5X Build/MMB29P) AppleWebKit/537.36 (KHTML, like Gecko) Chrome/151.0.7922.173 Mobile Safari/537.36 (compatible; Googlebot/2.1; +http://www.google.com/bot.html)" floresyfloresarmenia.com 10.53.129.184
66.249.73.100 - - [30/Aug/2026:08:15:42 -0500] "GET /?item-646271626564624292542.html HTTP/1.1" 200 45471 "-" "Mozilla/5.0 (Linux; Android 6.0.1; Nexus 5X Build/MMB29P) AppleWebKit/537.36 (KHTML, like Gecko) Chrome/151.0.7922.173 Mobile Safari/537.36 (compatible; Googlebot/2.1; +http://www.google.com/bot.html)" floresyfloresarmenia.com 10.53.129.184
69.6.233.64 - - [30/Aug/2026:08:15:48 -0500] "POST /wp-cron.php?doing_wp_cron=1788095748.1095509529113769531250 HTTP/1.1" 200 - "-" "WordPress/7.1; https://floresyfloresarmenia.com" floresyfloresarmenia.com 10.53.129.184
74.7.242.53 - - [30/Aug/2026:08:15:46 -0500] "GET /item-636071706566613098561.html HTTP/2.0" 404 28432 "https://floresyfloresarmenia.com/cytoplastptf.xml" "Mozilla/5.0 AppleWebKit/537.36 (KHTML, like Gecko; compatible; GPTBot/1.4; +https://openai.com/gptbot)" floresyfloresarmenia.com 10.53.129.184
66.249.73.100 - - [30/Aug/2026:08:15:47 -0500] "GET /?item-636267636371663273396.html HTTP/1.1" 200 45950 "-" "Mozilla/5.0 (Linux; Android 6.0.1; Nexus 5X Build/MMB29P) AppleWebKit/537.36 (KHTML, like Gecko) Chrome/151.0.7922.173 Mobile Safari/537.36 (compatible; Googlebot/2.1; +http://www.google.com/bot.html)" floresyfloresarmenia.com 10.53.129.184
66.249.73.99 - - [30/Aug/2026:08:15:51 -0500] "GET /shop/pg/3280989-4 HTTP/1.1" 200 45181 "-" "Mozilla/5.0 (Linux; Android 6.0.1; Nexus 5X Build/MMB29P) AppleWebKit/537.36 (KHTML, like Gecko) Chrome/151.0.7922.173 Mobile Safari/537.36 (compatible; Googlebot/2.1; +http://www.google.com/bot.html)" floresyfloresarmenia.com 10.53.129.184
66.249.73.101 - - [30/Aug/2026:08:16:01 -0500] "GET /shop/pg/3653138-1 HTTP/1.1" 200 46388 "-" "Mozilla/5.0 (Linux; Android 6.0.1; Nexus 5X Build/MMB29P) AppleWebKit/537.36 (KHTML, like Gecko) Chrome/151.0.7922.173 Mobile Safari/537.36 (compatible; Googlebot/2.1; +http://www.google.com/bot.html)" floresyfloresarmenia.com 10.53.129.184
66.249.73.101 - - [30/Aug/2026:08:16:01 -0500] "GET /?item-627061656066662815066.htmlm HTTP/1.1" 200 45719 "-" "Mozilla/5.0 (Linux; Android 6.0.1; Nexus 5X Build/MMB29P) AppleWebKit/537.36 (KHTML, like Gecko) Chrome/151.0.7922.173 Mobile Safari/537.36 (compatible; Googlebot/2.1; +http://www.google.com/bot.html)" floresyfloresarmenia.com 10.53.129.184
66.249.73.100 - - [30/Aug/2026:08:16:06 -0500] "GET /?item-646063706465664038456.html HTTP/1.1" 200 45972 "-" "Mozilla/5.0 (Linux; Android 6.0.1; Nexus 5X Build/MMB29P) AppleWebKit/537.36 (KHTML, like Gecko) Chrome/151.0.7922.173 Mobile Safari/537.36 (compatible; Googlebot/2.1; +http://www.google.com/bot.html)" floresyfloresarmenia.com 10.53.129.184
74.7.242.53 - - [30/Aug/2026:08:16:06 -0500] "GET /item-656466617071605461890.html HTTP/2.0" 404 28432 "https://floresyfloresarmenia.com/bucketeerzaj.xml" "Mozilla/5.0 AppleWebKit/537.36 (KHTML, like Gecko; compatible; GPTBot/1.4; +https://openai.com/gptbot)" floresyfloresarmenia.com 10.53.129.184
66.249.73.99 - - [30/Aug/2026:08:16:09 -0500] "GET /?item-626765616161632751113.htmlm HTTP/1.1" 200 46442 "-" "Mozilla/5.0 (Linux; Android 6.0.1; Nexus 5X Build/MMB29P) AppleWebKit/537.36 (KHTML, like Gecko) Chrome/151.0.7922.173 Mobile Safari/537.36 (compatible; Googlebot/2.1; +http://www.google.com/bot.html)" floresyfloresarmenia.com 10.53.129.184
66.249.73.99 - - [30/Aug/2026:08:16:15 -0500] "GET /shop/pg/2873406-2 HTTP/1.1" 200 44685 "-" "Mozilla/5.0 (Linux; Android 6.0.1; Nexus 5X Build/MMB29P) AppleWebKit/537.36 (KHTML, like Gecko) Chrome/151.0.7922.173 Mobile Safari/537.36 (compatible; Googlebot/2.1; +http://www.google.com/bot.html)" floresyfloresarmenia.com 10.53.129.184
66.249.73.99 - - [30/Aug/2026:08:16:16 -0500] "GET /?item-636363716260643339204.html HTTP/1.1" 200 50396 "-" "Mozilla/5.0 (Linux; Android 6.0.1; Nexus 5X Build/MMB29P) AppleWebKit/537.36 (KHTML, like Gecko) Chrome/151.0.7922.173 Mobile Safari/537.36 (compatible; Googlebot/2.1; +http://www.google.com/bot.html)" floresyfloresarmenia.com 10.53.129.184
66.249.73.99 - - [30/Aug/2026:08:16:18 -0500] "GET /?item-656770706170665788186.html HTTP/1.1" 200 49484 "-" "Mozilla/5.0 (Linux; Android 6.0.1; Nexus 5X Build/MMB29P) AppleWebKit/537.36 (KHTML, like Gecko) Chrome/151.0.7922.173 Mobile Safari/537.36 (compatible; Googlebot/2.1; +http://www.google.com/bot.html)" floresyfloresarmenia.com 10.53.129.184
57.141.22.31 - - [30/Aug/2026:08:16:17 -0500] "GET /mejores-casinos-ethereum-espana/ HTTP/2.0" 200 46296 "-" "Mozilla/5.0 (Windows NT 10.0; Win64; x64) AppleWebKit/537.36 (KHTML, like Gecko) Chrome/145.0.0.0 Safari/537.36 (compatible; meta-externalagent/1.1 (+https://developers.facebook.com/docs/sharing/webmasters/crawler))" floresyfloresarmenia.com 10.53.129.184
66.249.73.99 - - [30/Aug/2026:08:16:18 -0500] "GET /?item-626762646667702724678.html HTTP/1.1" 200 45434 "-" "Mozilla/5.0 (Linux; Android 6.0.1; Nexus 5X Build/MMB29P) AppleWebKit/537.36 (KHTML, like Gecko) Chrome/151.0.7922.173 Mobile Safari/537.36 (compatible; Googlebot/2.1; +http://www.google.com/bot.html)" floresyfloresarmenia.com 10.53.129.184
66.249.73.99 - - [30/Aug/2026:08:16:20 -0500] "GET /?item-636570606564623580542.html HTTP/1.1" 200 49271 "-" "Mozilla/5.0 (Linux; Android 6.0.1; Nexus 5X Build/MMB29P) AppleWebKit/537.36 (KHTML, like Gecko) Chrome/151.0.7922.173 Mobile Safari/537.36 (compatible; GoogleOther)" floresyfloresarmenia.com 10.53.129.184
66.249.73.99 - - [30/Aug/2026:08:16:22 -0500] "GET /?item-636270666161673286117.htmlm HTTP/1.1" 200 52026 "-" "Mozilla/5.0 (Linux; Android 6.0.1; Nexus 5X Build/MMB29P) AppleWebKit/537.36 (KHTML, like Gecko) Chrome/151.0.7922.173 Mobile Safari/537.36 (compatible; Googlebot/2.1; +http://www.google.com/bot.html)" floresyfloresarmenia.com 10.53.129.184
66.249.73.99 - - [30/Aug/2026:08:16:23 -0500] "GET /?item-646266706467624268472.html HTTP/1.1" 200 46204 "-" "Mozilla/5.0 (Linux; Android 6.0.1; Nexus 5X Build/MMB29P) AppleWebKit/537.36 (KHTML, like Gecko) Chrome/151.0.7922.173 Mobile Safari/537.36 (compatible; Googlebot/2.1; +http://www.google.com/bot.html)" floresyfloresarmenia.com 10.53.129.184
66.249.73.99 - - [30/Aug/2026:08:16:25 -0500] "GET /?item-646664656665624645652.html HTTP/1.1" 200 45989 "-" "Mozilla/5.0 (Linux; Android 6.0.1; Nexus 5X Build/MMB29P) AppleWebKit/537.36 (KHTML, like Gecko) Chrome/151.0.7922.173 Mobile Safari/537.36 (compatible; Googlebot/2.1; +http://www.google.com/bot.html)" floresyfloresarmenia.com 10.53.129.184
69.6.233.64 - - [30/Aug/2026:08:16:29 -0500] "POST /wp-cron.php?doing_wp_cron=1788095789.0031468868255615234375 HTTP/1.1" 200 - "-" "WordPress/7.1; https://floresyfloresarmenia.com" floresyfloresarmenia.com 10.53.129.184
74.7.242.53 - - [30/Aug/2026:08:16:26 -0500] "GET /item-637171656466623995462.html HTTP/2.0" 404 28432 "https://floresyfloresarmenia.com/refederalizejlh.xml" "Mozilla/5.0 AppleWebKit/537.36 (KHTML, like Gecko; compatible; GPTBot/1.4; +https://openai.com/gptbot)" floresyfloresarmenia.com 10.53.129.184
66.249.73.100 - - [30/Aug/2026:08:16:27 -0500] "GET /?item-626371716463602399430.html HTTP/1.1" 200 45627 "-" "Mozilla/5.0 (Linux; Android 6.0.1; Nexus 5X Build/MMB29P) AppleWebKit/537.36 (KHTML, like Gecko) Chrome/151.0.7922.173 Mobile Safari/537.36 (compatible; Googlebot/2.1; +http://www.google.com/bot.html)" floresyfloresarmenia.com 10.53.129.184
66.249.73.100 - - [30/Aug/2026:08:16:28 -0500] "GET /shop/pg/2960992-3 HTTP/1.1" 200 46423 "-" "Mozilla/5.0 (Linux; Android 6.0.1; Nexus 5X Build/MMB29P) AppleWebKit/537.36 (KHTML, like Gecko) Chrome/151.0.7922.173 Mobile Safari/537.36 (compatible; Googlebot/2.1; +http://www.google.com/bot.html)" floresyfloresarmenia.com 10.53.129.184
66.249.73.100 - - [30/Aug/2026:08:16:30 -0500] "GET /?item-636770716364713789349.html HTTP/1.1" 200 46323 "-" "Mozilla/5.0 (Linux; Android 6.0.1; Nexus 5X Build/MMB29P) AppleWebKit/537.36 (KHTML, like Gecko) Chrome/151.0.7922.173 Mobile Safari/537.36 (compatible; Googlebot/2.1; +http://www.google.com/bot.html)" floresyfloresarmenia.com 10.53.129.184
66.249.73.99 - - [30/Aug/2026:08:16:31 -0500] "GET /?item-657163676365615937351.html HTTP/1.1" 200 46419 "-" "Mozilla/5.0 (Linux; Android 6.0.1; Nexus 5X Build/MMB29P) AppleWebKit/537.36 (KHTML, like Gecko) Chrome/151.0.7922.173 Mobile Safari/537.36 (compatible; Googlebot/2.1; +http://www.google.com/bot.html)" floresyfloresarmenia.com 10.53.129.184
66.249.73.99 - - [30/Aug/2026:08:16:33 -0500] "GET /?item-626361706065602318050.html HTTP/1.1" 200 45684 "-" "Mozilla/5.0 (Linux; Android 6.0.1; Nexus 5X Build/MMB29P) AppleWebKit/537.36 (KHTML, like Gecko) Chrome/151.0.7922.173 Mobile Safari/537.36 (compatible; Googlebot/2.1; +http://www.google.com/bot.html)" floresyfloresarmenia.com 10.53.129.184
66.249.73.99 - - [30/Aug/2026:08:16:35 -0500] "GET /?item-656365706562715358529.html HTTP/1.1" 200 45291 "-" "Mozilla/5.0 (Linux; Android 6.0.1; Nexus 5X Build/MMB29P) AppleWebKit/537.36 (KHTML, like Gecko) Chrome/151.0.7922.173 Mobile Safari/537.36 (compatible; Googlebot/2.1; +http://www.google.com/bot.html)" floresyfloresarmenia.com 10.53.129.184
66.249.73.100 - - [30/Aug/2026:08:16:35 -0500] "GET /?item-626665606770712650789.htmlm HTTP/1.1" 200 53051 "-" "Mozilla/5.0 (Linux; Android 6.0.1; Nexus 5X Build/MMB29P) AppleWebKit/537.36 (KHTML, like Gecko) Chrome/151.0.7922.173 Mobile Safari/537.36 (compatible; Googlebot/2.1; +http://www.google.com/bot.html)" floresyfloresarmenia.com 10.53.129.184
66.249.73.101 - - [30/Aug/2026:08:16:42 -0500] "GET /shop/pg/5067707-4 HTTP/1.1" 200 44535 "-" "Mozilla/5.0 (Linux; Android 6.0.1; Nexus 5X Build/MMB29P) AppleWebKit/537.36 (KHTML, like Gecko) Chrome/151.0.7922.173 Mobile Safari/537.36 (compatible; Googlebot/2.1; +http://www.google.com/bot.html)" floresyfloresarmenia.com 10.53.129.184
66.249.73.101 - - [30/Aug/2026:08:16:43 -0500] "GET /?item-636670646066703684068.htmlm HTTP/1.1" 200 47136 "-" "Mozilla/5.0 (Linux; Android 6.0.1; Nexus 5X Build/MMB29P) AppleWebKit/537.36 (KHTML, like Gecko) Chrome/151.0.7922.173 Mobile Safari/537.36 (compatible; Googlebot/2.1; +http://www.google.com/bot.html)" floresyfloresarmenia.com 10.53.129.184
66.249.73.101 - - [30/Aug/2026:08:16:47 -0500] "GET /?item-626664616470712641489.html HTTP/1.1" 200 50983 "-" "Mozilla/5.0 (Linux; Android 6.0.1; Nexus 5X Build/MMB29P) AppleWebKit/537.36 (KHTML, like Gecko) Chrome/151.0.7922.173 Mobile Safari/537.36 (compatible; Googlebot/2.1; +http://www.google.com/bot.html)" floresyfloresarmenia.com 10.53.129.184
69.6.233.64 - - [30/Aug/2026:08:16:49 -0500] "POST /wp-cron.php?doing_wp_cron=1788095809.2198610305786132812500 HTTP/1.1" 200 - "-" "WordPress/7.1; https://floresyfloresarmenia.com" floresyfloresarmenia.com 10.53.129.184
74.7.242.53 - - [30/Aug/2026:08:16:46 -0500] "GET /item-627071656664632895643.html HTTP/2.0" 404 28432 "https://floresyfloresarmenia.com/grecojbu.xml" "Mozilla/5.0 AppleWebKit/537.36 (KHTML, like Gecko; compatible; GPTBot/1.4; +https://openai.com/gptbot)" floresyfloresarmenia.com 10.53.129.184
66.249.73.99 - - [30/Aug/2026:08:16:50 -0500] "GET /shop/pg/2921196-1 HTTP/1.1" 200 43983 "-" "Mozilla/5.0 (Linux; Android 6.0.1; Nexus 5X Build/MMB29P) AppleWebKit/537.36 (KHTML, like Gecko) Chrome/151.0.7922.173 Mobile Safari/537.36 (compatible; Googlebot/2.1; +http://www.google.com/bot.html)" floresyfloresarmenia.com 10.53.129.184
66.249.73.99 - - [30/Aug/2026:08:16:59 -0500] "GET /shop/pg/5655071-4 HTTP/1.1" 200 46703 "-" "Mozilla/5.0 (Linux; Android 6.0.1; Nexus 5X Build/MMB29P) AppleWebKit/537.36 (KHTML, like Gecko) Chrome/151.0.7922.173 Mobile Safari/537.36 (compatible; Googlebot/2.1; +http://www.google.com/bot.html)" floresyfloresarmenia.com 10.53.129.184
66.249.73.101 - - [30/Aug/2026:08:16:59 -0500] "GET /?item-646663647167604634970.html HTTP/1.1" 200 46084 "-" "Mozilla/5.0 (Linux; Android 6.0.1; Nexus 5X Build/MMB29P) AppleWebKit/537.36 (KHTML, like Gecko) Chrome/151.0.7922.173 Mobile Safari/537.36 (compatible; Googlebot/2.1; +http://www.google.com/bot.html)" floresyfloresarmenia.com 10.53.129.184
57.141.22.123 - - [30/Aug/2026:08:16:58 -0500] "GET /maquinas-tragamonedas-gratis-slots/ HTTP/2.0" 200 47986 "-" "Mozilla/5.0 (Windows NT 10.0; Win64; x64) AppleWebKit/537.36 (KHTML, like Gecko) Chrome/145.0.0.0 Safari/537.36 Edg/145.0.0.0 (compatible; meta-externalagent/1.1 (+https://developers.facebook.com/docs/sharing/webmasters/crawler))" floresyfloresarmenia.com 10.53.129.184
66.249.73.100 - - [30/Aug/2026:08:17:07 -0500] "GET /?item-636661646164673614147.htmlm HTTP/1.1" 200 46816 "-" "Mozilla/5.0 (Linux; Android 6.0.1; Nexus 5X Build/MMB29P) AppleWebKit/537.36 (KHTML, like Gecko) Chrome/151.0.7922.173 Mobile Safari/537.36 (compatible; Googlebot/2.1; +http://www.google.com/bot.html)" floresyfloresarmenia.com 10.53.129.184
74.7.242.53 - - [30/Aug/2026:08:17:06 -0500] "GET /item-636071666571713096599.html HTTP/2.0" 404 28432 "https://floresyfloresarmenia.com/intermitshsc.xml" "Mozilla/5.0 AppleWebKit/537.36 (KHTML, like Gecko; compatible; GPTBot/1.4; +https://openai.com/gptbot)" floresyfloresarmenia.com 10.53.129.184
66.249.73.99 - - [30/Aug/2026:08:17:09 -0500] "GET /?item-656163676567675137577.html HTTP/1.1" 200 47845 "-" "Mozilla/5.0 (Linux; Android 6.0.1; Nexus 5X Build/MMB29P) AppleWebKit/537.36 (KHTML, like Gecko) Chrome/151.0.7922.173 Mobile Safari/537.36 (compatible; GoogleOther)" floresyfloresarmenia.com 10.53.129.184
66.249.73.100 - - [30/Aug/2026:08:17:10 -0500] "GET /?item-637164706163703948138.html HTTP/1.1" 200 44949 "-" "Mozilla/5.0 (Linux; Android 6.0.1; Nexus 5X Build/MMB29P) AppleWebKit/537.36 (KHTML, like Gecko) Chrome/151.0.7922.173 Mobile Safari/537.36 (compatible; Googlebot/2.1; +http://www.google.com/bot.html)" floresyfloresarmenia.com 10.53.129.184
66.249.73.99 - - [30/Aug/2026:08:17:13 -0500] "GET /?item-656265646363615254331.html HTTP/1.1" 200 46457 "-" "Mozilla/5.0 (Linux; Android 6.0.1; Nexus 5X Build/MMB29P) AppleWebKit/537.36 (KHTML, like Gecko) Chrome/151.0.7922.173 Mobile Safari/537.36 (compatible; Googlebot/2.1; +http://www.google.com/bot.html)" floresyfloresarmenia.com 10.53.129.184
66.249.73.99 - - [30/Aug/2026:08:17:16 -0500] "GET /shop/pg/2183050-4 HTTP/1.1" 200 44011 "-" "Mozilla/5.0 (Linux; Android 6.0.1; Nexus 5X Build/MMB29P) AppleWebKit/537.36 (KHTML, like Gecko) Chrome/151.0.7922.173 Mobile Safari/537.36 (compatible; Googlebot/2.1; +http://www.google.com/bot.html)" floresyfloresarmenia.com 10.53.129.184
66.249.73.99 - - [30/Aug/2026:08:17:21 -0500] "GET /shop/pg/2183050-3 HTTP/1.1" 200 44516 "-" "Mozilla/5.0 (Linux; Android 6.0.1; Nexus 5X Build/MMB29P) AppleWebKit/537.36 (KHTML, like Gecko) Chrome/151.0.7922.173 Mobile Safari/537.36 (compatible; Googlebot/2.1; +http://www.google.com/bot.html)" floresyfloresarmenia.com 10.53.129.184
66.249.73.99 - - [30/Aug/2026:08:17:24 -0500] "GET /?item-626365626262632352223.htmlm HTTP/1.1" 200 45257 "-" "Mozilla/5.0 (Linux; Android 6.0.1; Nexus 5X Build/MMB29P) AppleWebKit/537.36 (KHTML, like Gecko) Chrome/151.0.7922.173 Mobile Safari/537.36 (compatible; Googlebot/2.1; +http://www.google.com/bot.html)" floresyfloresarmenia.com 10.53.129.184
74.7.242.53 - - [30/Aug/2026:08:17:26 -0500] "GET /item-656662606171705620198.html HTTP/2.0" 404 28432 "https://floresyfloresarmenia.com/grecojbu.xml" "Mozilla/5.0 AppleWebKit/537.36 (KHTML, like Gecko; compatible; GPTBot/1.4; +https://openai.com/gptbot)" floresyfloresarmenia.com 10.53.129.184
69.6.233.64 - - [30/Aug/2026:08:17:30 -0500] "POST /wp-cron.php?doing_wp_cron=1788095850.2120530605316162109375 HTTP/1.1" 200 - "-" "WordPress/7.1; https://floresyfloresarmenia.com" floresyfloresarmenia.com 10.53.129.184
57.141.22.113 - - [30/Aug/2026:08:17:27 -0500] "GET /bingo-90-bolas-bono-de-bienvenida/ HTTP/2.0" 200 46597 "-" "Mozilla/5.0 (Windows NT 10.0; Win64; x64) AppleWebKit/537.36 (KHTML, like Gecko) Chrome/145.0.0.0 Safari/537.36 (compatible; meta-externalagent/1.1 (+https://developers.facebook.com/docs/sharing/webmasters/crawler))" floresyfloresarmenia.com 10.53.129.184
66.249.73.99 - - [30/Aug/2026:08:17:28 -0500] "GET /?item-656765616467675751477.html HTTP/1.1" 200 49580 "-" "Mozilla/5.0 (Linux; Android 6.0.1; Nexus 5X Build/MMB29P) AppleWebKit/537.36 (KHTML, like Gecko) Chrome/151.0.7922.173 Mobile Safari/537.36 (compatible; Googlebot/2.1; +http://www.google.com/bot.html)" floresyfloresarmenia.com 10.53.129.184
66.249.73.100 - - [30/Aug/2026:08:17:31 -0500] "GET /shop/pg/5931144-1 HTTP/1.1" 200 46460 "-" "Mozilla/5.0 (Linux; Android 6.0.1; Nexus 5X Build/MMB29P) AppleWebKit/537.36 (KHTML, like Gecko) Chrome/151.0.7922.173 Mobile Safari/537.36 (compatible; Googlebot/2.1; +http://www.google.com/bot.html)" floresyfloresarmenia.com 10.53.129.184
66.249.73.99 - - [30/Aug/2026:08:17:36 -0500] "GET /?item-656164636162655143125.html HTTP/1.1" 200 46917 "-" "Mozilla/5.0 (Linux; Android 6.0.1; Nexus 5X Build/MMB29P) AppleWebKit/537.36 (KHTML, like Gecko) Chrome/151.0.7922.173 Mobile Safari/537.36 (compatible; Googlebot/2.1; +http://www.google.com/bot.html)" floresyfloresarmenia.com 10.53.129.184
66.249.73.100 - - [30/Aug/2026:08:17:40 -0500] "GET /?item-636767666664613776641.html HTTP/1.1" 200 44606 "-" "Mozilla/5.0 (Linux; Android 6.0.1; Nexus 5X Build/MMB29P) AppleWebKit/537.36 (KHTML, like Gecko) Chrome/151.0.7922.173 Mobile Safari/537.36 (compatible; Googlebot/2.1; +http://www.google.com/bot.html)" floresyfloresarmenia.com 10.53.129.184
66.249.73.99 - - [30/Aug/2026:08:17:41 -0500] "GET /?item-637167626660653972605.html HTTP/1.1" 200 50736 "-" "Mozilla/5.0 (Linux; Android 6.0.1; Nexus 5X Build/MMB29P) AppleWebKit/537.36 (KHTML, like Gecko) Chrome/151.0.7922.173 Mobile Safari/537.36 (compatible; Googlebot/2.1; +http://www.google.com/bot.html)" floresyfloresarmenia.com 10.53.129.184
66.249.73.100 - - [30/Aug/2026:08:17:42 -0500] "GET /shop/pg/2321632-4 HTTP/1.1" 200 54867 "-" "Mozilla/5.0 (Linux; Android 6.0.1; Nexus 5X Build/MMB29P) AppleWebKit/537.36 (KHTML, like Gecko) Chrome/151.0.7922.173 Mobile Safari/537.36 (compatible; Googlebot/2.1; +http://www.google.com/bot.html)" floresyfloresarmenia.com 10.53.129.184
66.249.73.99 - - [30/Aug/2026:08:17:45 -0500] "GET /?item-637070626061623882012.html HTTP/1.1" 200 46280 "-" "Mozilla/5.0 (Linux; Android 6.0.1; Nexus 5X Build/MMB29P) AppleWebKit/537.36 (KHTML, like Gecko) Chrome/151.0.7922.173 Mobile Safari/537.36 (compatible; Googlebot/2.1; +http://www.google.com/bot.html)" floresyfloresarmenia.com 10.53.129.184
74.7.242.53 - - [30/Aug/2026:08:17:46 -0500] "GET /item-627071666563702896538.html HTTP/2.0" 404 28432 "https://floresyfloresarmenia.com/intermitshsc.xml" "Mozilla/5.0 AppleWebKit/537.36 (KHTML, like Gecko; compatible; GPTBot/1.4; +https://openai.com/gptbot)" floresyfloresarmenia.com 10.53.129.184
66.249.73.100 - - [30/Aug/2026:08:17:50 -0500] "GET /?item-646764706266644748264.html HTTP/1.1" 200 45419 "-" "Mozilla/5.0 (Linux; Android 6.0.1; Nexus 5X Build/MMB29P) AppleWebKit/537.36 (KHTML, like Gecko) Chrome/151.0.7922.173 Mobile Safari/537.36 (compatible; Googlebot/2.1; +http://www.google.com/bot.html)" floresyfloresarmenia.com 10.53.129.184
66.249.73.100 - - [30/Aug/2026:08:17:51 -0500] "GET /?item-636371617164623391942.html HTTP/1.1" 200 45565 "-" "Mozilla/5.0 (Linux; Android 6.0.1; Nexus 5X Build/MMB29P) AppleWebKit/537.36 (KHTML, like Gecko) Chrome/151.0.7922.173 Mobile Safari/537.36 (compatible; Googlebot/2.1; +http://www.google.com/bot.html)" floresyfloresarmenia.com 10.53.129.184
129.121.74.194 - - [30/Aug/2026:08:17:53 -0500] "GET /wp-login.php HTTP/2.0" 409 83 "-" "129.121.74.194" floresyfloresarmenia.com.floresyfloresibague.com 10.53.129.184
66.249.73.100 - - [30/Aug/2026:08:17:52 -0500] "GET /shop/pg/3605026-3 HTTP/1.1" 200 46141 "-" "Mozilla/5.0 (Linux; Android 6.0.1; Nexus 5X Build/MMB29P) AppleWebKit/537.36 (KHTML, like Gecko) Chrome/151.0.7922.173 Mobile Safari/537.36 (compatible; Googlebot/2.1; +http://www.google.com/bot.html)" floresyfloresarmenia.com 10.53.129.184
66.249.73.100 - - [30/Aug/2026:08:17:53 -0500] "GET /?item-646464676665644447654.htmlm HTTP/1.1" 200 45397 "-" "Mozilla/5.0 (Linux; Android 6.0.1; Nexus 5X Build/MMB29P) AppleWebKit/537.36 (KHTML, like Gecko) Chrome/151.0.7922.173 Mobile Safari/537.36 (compatible; Googlebot/2.1; +http://www.google.com/bot.html)" floresyfloresarmenia.com 10.53.129.184
129.121.74.194 - - [30/Aug/2026:08:17:54 -0500] "POST /wp-login.php HTTP/2.0" 409 83 "https://floresyfloresarmenia.com.floresyfloresibague.com/wp-login.php" "129.121.74.194" floresyfloresarmenia.com.floresyfloresibague.com 10.53.129.184
66.249.73.101 - - [30/Aug/2026:08:18:00 -0500] "GET /?item-636562647065713524859.html HTTP/1.1" 200 45519 "-" "Mozilla/5.0 (Linux; Android 6.0.1; Nexus 5X Build/MMB29P) AppleWebKit/537.36 (KHTML, like Gecko) Chrome/151.0.7922.173 Mobile Safari/537.36 (compatible; Googlebot/2.1; +http://www.google.com/bot.html)" floresyfloresarmenia.com 10.53.129.184
66.249.73.100 - - [30/Aug/2026:08:18:01 -0500] "GET /?item-637161627165653912955.html HTTP/1.1" 200 46964 "-" "Mozilla/5.0 (Linux; Android 6.0.1; Nexus 5X Build/MMB29P) AppleWebKit/537.36 (KHTML, like Gecko) Chrome/151.0.7922.173 Mobile Safari/537.36 (compatible; Googlebot/2.1; +http://www.google.com/bot.html)" floresyfloresarmenia.com 10.53.129.184
66.249.73.101 - - [30/Aug/2026:08:18:03 -0500] "GET /shop/pg/3145017-1 HTTP/1.1" 200 45606 "-" "Mozilla/5.0 (Linux; Android 6.0.1; Nexus 5X Build/MMB29P) AppleWebKit/537.36 (KHTML, like Gecko) Chrome/151.0.7922.173 Mobile Safari/537.36 (compatible; GoogleOther)" floresyfloresarmenia.com 10.53.129.184
66.249.73.99 - - [30/Aug/2026:08:18:04 -0500] "GET /?item-657067627162705872928.html HTTP/1.1" 200 47029 "-" "Mozilla/5.0 (Linux; Android 6.0.1; Nexus 5X Build/MMB29P) AppleWebKit/537.36 (KHTML, like Gecko) Chrome/151.0.7922.173 Mobile Safari/537.36 (compatible; Googlebot/2.1; +http://www.google.com/bot.html)" floresyfloresarmenia.com 10.53.129.184
74.7.242.53 - - [30/Aug/2026:08:18:06 -0500] "GET /item-647062707166614828961.html HTTP/2.0" 404 28432 "https://floresyfloresarmenia.com/bucketeerzaj.xml" "Mozilla/5.0 AppleWebKit/537.36 (KHTML, like Gecko; compatible; GPTBot/1.4; +https://openai.com/gptbot)" floresyfloresarmenia.com 10.53.129.184
66.249.73.99 - - [30/Aug/2026:08:18:07 -0500] "GET /shop/pg/5936644-3 HTTP/1.1" 200 45245 "-" "Mozilla/5.0 (Linux; Android 6.0.1; Nexus 5X Build/MMB29P) AppleWebKit/537.36 (KHTML, like Gecko) Chrome/151.0.7922.173 Mobile Safari/537.36 (compatible; Googlebot/2.1; +http://www.google.com/bot.html)" floresyfloresarmenia.com 10.53.129.184
66.249.73.99 - - [30/Aug/2026:08:18:08 -0500] "GET /?item-656261676662605217620.html HTTP/1.1" 200 45746 "-" "Mozilla/5.0 (Linux; Android 6.0.1; Nexus 5X Build/MMB29P) AppleWebKit/537.36 (KHTML, like Gecko) Chrome/151.0.7922.173 Mobile Safari/537.36 (compatible; Googlebot/2.1; +http://www.google.com/bot.html)" floresyfloresarmenia.com 10.53.129.184
66.249.73.99 - - [30/Aug/2026:08:18:15 -0500] "GET /shop/pg/5182914-3 HTTP/1.1" 200 45236 "-" "Mozilla/5.0 (Linux; Android 6.0.1; Nexus 5X Build/MMB29P) AppleWebKit/537.36 (KHTML, like Gecko) Chrome/151.0.7922.173 Mobile Safari/537.36 (compatible; Googlebot/2.1; +http://www.google.com/bot.html)" floresyfloresarmenia.com 10.53.129.184
66.249.73.99 - - [30/Aug/2026:08:18:16 -0500] "GET /?item-627065606463712850439.html HTTP/1.1" 200 45742 "-" "Mozilla/5.0 (Linux; Android 6.0.1; Nexus 5X Build/MMB29P) AppleWebKit/537.36 (KHTML, like Gecko) Chrome/151.0.7922.173 Mobile Safari/537.36 (compatible; Googlebot/2.1; +http://www.google.com/bot.html)" floresyfloresarmenia.com 10.53.129.184
57.141.22.105 - - [30/Aug/2026:08:18:20 -0500] "GET /poker-online-dinero-real-con-licencia/ HTTP/2.0" 200 46953 "-" "Mozilla/5.0 (Macintosh; Intel Mac OS X 10_15_7) AppleWebKit/537.36 (KHTML, like Gecko) Chrome/145.0.0.0 Safari/537.36 (compatible; meta-externalagent/1.1 (+https://developers.facebook.com/docs/sharing/webmasters/crawler))" floresyfloresarmenia.com 10.53.129.184
66.249.73.99 - - [30/Aug/2026:08:18:24 -0500] "GET /shop/pg/2905760-2 HTTP/1.1" 200 45888 "-" "Mozilla/5.0 (Linux; Android 6.0.1; Nexus 5X Build/MMB29P) AppleWebKit/537.36 (KHTML, like Gecko) Chrome/151.0.7922.173 Mobile Safari/537.36 (compatible; Googlebot/2.1; +http://www.google.com/bot.html)" floresyfloresarmenia.com 10.53.129.184
66.249.73.99 - - [30/Aug/2026:08:18:27 -0500] "GET /?item-657070606665675880657.html HTTP/1.1" 200 48716 "-" "Mozilla/5.0 (Linux; Android 6.0.1; Nexus 5X Build/MMB29P) AppleWebKit/537.36 (KHTML, like Gecko) Chrome/151.0.7922.173 Mobile Safari/537.36 (compatible; Googlebot/2.1; +http://www.google.com/bot.html)" floresyfloresarmenia.com 10.53.129.184
69.6.233.64 - - [30/Aug/2026:08:18:29 -0500] "POST /wp-cron.php?doing_wp_cron=1788095909.2985439300537109375000 HTTP/1.1" 200 - "-" "WordPress/7.1; https://floresyfloresarmenia.com" floresyfloresarmenia.com 10.53.129.184
74.7.242.53 - - [30/Aug/2026:08:18:26 -0500] "GET /item-646662707170614628981.html HTTP/2.0" 404 28432 "https://floresyfloresarmenia.com/brachmanrth.xml" "Mozilla/5.0 AppleWebKit/537.36 (KHTML, like Gecko; compatible; GPTBot/1.4; +https://openai.com/gptbot)" floresyfloresarmenia.com 10.53.129.184
66.249.73.99 - - [30/Aug/2026:08:18:32 -0500] "GET /?item-636760667062633706823.html HTTP/1.1" 200 49328 "-" "Mozilla/5.0 (Linux; Android 6.0.1; Nexus 5X Build/MMB29P) AppleWebKit/537.36 (KHTML, like Gecko) Chrome/151.0.7922.173 Mobile Safari/537.36 (compatible; Googlebot/2.1; +http://www.google.com/bot.html)" floresyfloresarmenia.com 10.53.129.184
66.249.73.100 - - [30/Aug/2026:08:18:33 -0500] "GET /?item-656060706664625008642.htmlm HTTP/1.1" 200 46704 "-" "Mozilla/5.0 (Linux; Android 6.0.1; Nexus 5X Build/MMB29P) AppleWebKit/537.36 (KHTML, like Gecko) Chrome/151.0.7922.173 Mobile Safari/537.36 (compatible; Googlebot/2.1; +http://www.google.com/bot.html)" floresyfloresarmenia.com 10.53.129.184
66.249.73.99 - - [30/Aug/2026:08:18:33 -0500] "GET /?item-637065716067623859072.html HTTP/1.1" 200 51902 "-" "Mozilla/5.0 (Linux; Android 6.0.1; Nexus 5X Build/MMB29P) AppleWebKit/537.36 (KHTML, like Gecko) Chrome/151.0.7922.173 Mobile Safari/537.36 (compatible; Googlebot/2.1; +http://www.google.com/bot.html)" floresyfloresarmenia.com 10.53.129.184
66.249.73.99 - - [30/Aug/2026:08:18:34 -0500] "GET /shop/pg/3237467-1 HTTP/1.1" 200 48951 "-" "Mozilla/5.0 (Linux; Android 6.0.1; Nexus 5X Build/MMB29P) AppleWebKit/537.36 (KHTML, like Gecko) Chrome/151.0.7922.173 Mobile Safari/537.36 (compatible; Googlebot/2.1; +http://www.google.com/bot.html)" floresyfloresarmenia.com 10.53.129.184
66.249.73.99 - - [30/Aug/2026:08:18:35 -0500] "GET /?item-656065707071675058897.html HTTP/1.1" 200 44470 "-" "Mozilla/5.0 (Linux; Android 6.0.1; Nexus 5X Build/MMB29P) AppleWebKit/537.36 (KHTML, like Gecko) Chrome/151.0.7922.173 Mobile Safari/537.36 (compatible; Googlebot/2.1; +http://www.google.com/bot.html)" floresyfloresarmenia.com 10.53.129.184
69.6.233.64 - - [30/Aug/2026:08:18:38 -0500] "POST /wp-cron.php?doing_wp_cron=1788095917.9710280895233154296875 HTTP/1.1" 200 - "-" "WordPress/7.1; https://floresyfloresarmenia.com" floresyfloresarmenia.com 10.53.129.184
57.141.22.22 - - [30/Aug/2026:08:18:34 -0500] "GET /download-buran-casino-og-vind-stor/ HTTP/2.0" 200 36462 "-" "Mozilla/5.0 (Windows NT 10.0; Win64; x64) AppleWebKit/537.36 (KHTML, like Gecko) Chrome/145.0.0.0 Safari/537.36 (compatible; meta-externalagent/1.1 (+https://developers.facebook.com/docs/sharing/webmasters/crawler))" floresyfloresarmenia.com 10.53.129.184
66.249.73.99 - - [30/Aug/2026:08:18:41 -0500] "GET /?item-636062667163653026935.html HTTP/1.1" 200 48628 "-" "Mozilla/5.0 (Linux; Android 6.0.1; Nexus 5X Build/MMB29P) AppleWebKit/537.36 (KHTML, like Gecko) Chrome/151.0.7922.173 Mobile Safari/537.36 (compatible; Googlebot/2.1; +http://www.google.com/bot.html)" floresyfloresarmenia.com 10.53.129.184
66.249.73.99 - - [30/Aug/2026:08:18:43 -0500] "GET /shop/pg/4729821-1 HTTP/1.1" 200 47911 "-" "Mozilla/5.0 (Linux; Android 6.0.1; Nexus 5X Build/MMB29P) AppleWebKit/537.36 (KHTML, like Gecko) Chrome/151.0.7922.173 Mobile Safari/537.36 (compatible; Googlebot/2.1; +http://www.google.com/bot.html)" floresyfloresarmenia.com 10.53.129.184
57.141.22.10 - - [30/Aug/2026:08:18:38 -0500] "GET /home4/adrian81/floresyfloresarmenia.com/wp-content/fonts/poppins/pxiEyp8kv8JHgFVrJJfecg.woff2 HTTP/2.0" 404 28456 "https://floresyfloresarmenia.com/download-buran-casino-og-vind-stor/" "Mozilla/5.0 (Windows NT 10.0; Win64; x64) AppleWebKit/537.36 (KHTML, like Gecko) Chrome/145.0.0.0 Safari/537.36 (compatible; meta-externalagent/1.1 (+https://developers.facebook.com/docs/sharing/webmasters/crawler))" floresyfloresarmenia.com 10.53.129.184
66.249.73.99 - - [30/Aug/2026:08:18:43 -0500] "GET /?item-637061627162633812923.html HTTP/1.1" 200 52742 "-" "Mozilla/5.0 (Linux; Android 6.0.1; Nexus 5X Build/MMB29P) AppleWebKit/537.36 (KHTML, like Gecko) Chrome/151.0.7922.173 Mobile Safari/537.36 (compatible; GoogleOther)" floresyfloresarmenia.com 10.53.129.184
66.249.73.100 - - [30/Aug/2026:08:18:45 -0500] "GET /?item-646565677070674557887.htmlm HTTP/1.1" 200 46255 "-" "Mozilla/5.0 (Linux; Android 6.0.1; Nexus 5X Build/MMB29P) AppleWebKit/537.36 (KHTML, like Gecko) Chrome/151.0.7922.173 Mobile Safari/537.36 (compatible; Googlebot/2.1; +http://www.google.com/bot.html)" floresyfloresarmenia.com 10.53.129.184
57.141.22.4 - - [30/Aug/2026:08:18:38 -0500] "GET /home4/adrian81/floresyfloresarmenia.com/wp-content/fonts/open-sans/memvYaGs126MiZpBA-UvWbX2vVnXBbObj2OVTSumu1aB.woff2 HTTP/2.0" 404 - "https://floresyfloresarmenia.com/download-buran-casino-og-vind-stor/" "Mozilla/5.0 (Windows NT 10.0; Win64; x64) AppleWebKit/537.36 (KHTML, like Gecko) Chrome/145.0.0.0 Safari/537.36 (compatible; meta-externalagent/1.1 (+https://developers.facebook.com/docs/sharing/webmasters/crawler))" floresyfloresarmenia.com 10.53.129.184
57.141.22.102 - - [30/Aug/2026:08:18:38 -0500] "GET /home4/adrian81/floresyfloresarmenia.com/wp-content/fonts/open-sans/memvYaGs126MiZpBA-UvWbX2vVnXBbObj2OVTS-muw.woff2 HTTP/2.0" 404 - "https://floresyfloresarmenia.com/download-buran-casino-og-vind-stor/" "Mozilla/5.0 (Windows NT 10.0; Win64; x64) AppleWebKit/537.36 (KHTML, like Gecko) Chrome/145.0.0.0 Safari/537.36 (compatible; meta-externalagent/1.1 (+https://developers.facebook.com/docs/sharing/webmasters/crawler))" floresyfloresarmenia.com 10.53.129.184
57.141.22.21 - - [30/Aug/2026:08:18:44 -0500] "GET /casinos-en-line/ HTTP/2.0" 200 48391 "-" "Mozilla/5.0 (Macintosh; Intel Mac OS X 10_15_7) AppleWebKit/537.36 (KHTML, like Gecko) Chrome/145.0.0.0 Safari/537.36 (compatible; meta-externalagent/1.1 (+https://developers.facebook.com/docs/sharing/webmasters/crawler))" floresyfloresarmenia.com 10.53.129.184
57.141.22.105 - - [30/Aug/2026:08:18:38 -0500] "GET /home4/adrian81/floresyfloresarmenia.com/wp-content/fonts/open-sans/memvYaGs126MiZpBA-UvWbX2vVnXBbObj2OVTVOmu1aB.woff2 HTTP/2.0" 404 - "https://floresyfloresarmenia.com/download-buran-casino-og-vind-stor/" "Mozilla/5.0 (Windows NT 10.0; Win64; x64) AppleWebKit/537.36 (KHTML, like Gecko) Chrome/145.0.0.0 Safari/537.36 (compatible; meta-externalagent/1.1 (+https://developers.facebook.com/docs/sharing/webmasters/crawler))" floresyfloresarmenia.com 10.53.129.184
57.141.22.92 - - [30/Aug/2026:08:18:48 -0500] "GET /home4/adrian81/floresyfloresarmenia.com/wp-content/fonts/open-sans/memvYaGs126MiZpBA-UvWbX2vVnXBbObj2OVTSGmu1aB.woff2 HTTP/2.0" 404 - "https://floresyfloresarmenia.com/download-buran-casino-og-vind-stor/" "Mozilla/5.0 (Windows NT 10.0; Win64; x64) AppleWebKit/537.36 (KHTML, like Gecko) Chrome/145.0.0.0 Safari/537.36 (compatible; meta-externalagent/1.1 (+https://developers.facebook.com/docs/sharing/webmasters/crawler))" floresyfloresarmenia.com 10.53.129.184
74.7.242.53 - - [30/Aug/2026:08:18:46 -0500] "GET /item-647062666271654826295.html HTTP/2.0" 404 28432 "https://floresyfloresarmenia.com/cytoplastptf.xml" "Mozilla/5.0 AppleWebKit/537.36 (KHTML, like Gecko; compatible; GPTBot/1.4; +https://openai.com/gptbot)" floresyfloresarmenia.com 10.53.129.184
66.249.73.99 - - [30/Aug/2026:08:18:57 -0500] "GET /shop/pg/4729821-2 HTTP/1.1" 200 48011 "-" "Mozilla/5.0 (Linux; Android 6.0.1; Nexus 5X Build/MMB29P) AppleWebKit/537.36 (KHTML, like Gecko) Chrome/151.0.7922.173 Mobile Safari/537.36 (compatible; Googlebot/2.1; +http://www.google.com/bot.html)" floresyfloresarmenia.com 10.53.129.184
57.141.22.31 - - [30/Aug/2026:08:18:55 -0500] "GET /home4/adrian81/floresyfloresarmenia.com/wp-content/fonts/open-sans/memvYaGs126MiZpBA-UvWbX2vVnXBbObj2OVTSCmu1aB.woff2 HTTP/2.0" 404 28480 "https://floresyfloresarmenia.com/download-buran-casino-og-vind-stor/" "Mozilla/5.0 (Windows NT 10.0; Win64; x64) AppleWebKit/537.36 (KHTML, like Gecko) Chrome/145.0.0.0 Safari/537.36 (compatible; meta-externalagent/1.1 (+https://developers.facebook.com/docs/sharing/webmasters/crawler))" floresyfloresarmenia.com 10.53.129.184
66.249.73.100 - - [30/Aug/2026:08:19:02 -0500] "GET /?item-626662666765672626757.html HTTP/1.1" 200 45962 "-" "Mozilla/5.0 (Linux; Android 6.0.1; Nexus 5X Build/MMB29P) AppleWebKit/537.36 (KHTML, like Gecko) Chrome/151.0.7922.173 Mobile Safari/537.36 (compatible; Googlebot/2.1; +http://www.google.com/bot.html)" floresyfloresarmenia.com 10.53.129.184
66.249.73.100 - - [30/Aug/2026:08:19:02 -0500] "GET /?item-626671716167612699171.html HTTP/1.1" 200 47072 "-" "Mozilla/5.0 (Linux; Android 6.0.1; Nexus 5X Build/MMB29P) AppleWebKit/537.36 (KHTML, like Gecko) Chrome/151.0.7922.173 Mobile Safari/537.36 (compatible; Googlebot/2.1; +http://www.google.com/bot.html)" floresyfloresarmenia.com 10.53.129.184
57.141.22.127 - - [30/Aug/2026:08:19:02 -0500] "GET /home4/adrian81/floresyfloresarmenia.com/wp-content/fonts/open-sans/memvYaGs126MiZpBA-UvWbX2vVnXBbObj2OVTS2mu1aB.woff2 HTTP/2.0" 404 28479 "https://floresyfloresarmenia.com/download-buran-casino-og-vind-stor/" "Mozilla/5.0 (Windows NT 10.0; Win64; x64) AppleWebKit/537.36 (KHTML, like Gecko) Chrome/145.0.0.0 Safari/537.36 (compatible; meta-externalagent/1.1 (+https://developers.facebook.com/docs/sharing/webmasters/crawler))" floresyfloresarmenia.com 10.53.129.184
