Dashboard
PHP:
8.2.33
OS:
Linux
User:
adrian81
/
/
var
/
log
/
apache2
/
domlogs
/
adrian81
📤 Upload
📝 New File
📁 New Folder
Close
Editing: floresyfloresarmenia.com.floresyfloresibague.com-ssl_log
66.249.73.101 - - [30/Aug/2026:07:14:05 -0500] "GET /?item-627065717070632859883.htmlm HTTP/1.1" 200 48412 "-" "Mozilla/5.0 (Linux; Android 6.0.1; Nexus 5X Build/MMB29P) AppleWebKit/537.36 (KHTML, like Gecko) Chrome/151.0.7922.173 Mobile Safari/537.36 (compatible; GoogleOther)" floresyfloresarmenia.com 10.53.129.184
57.141.22.100 - - [30/Aug/2026:07:14:08 -0500] "GET /platin-casino-bono-de-bienvenida-primer-deposito-y-giros-gratis/ HTTP/2.0" 200 49148 "-" "Mozilla/5.0 (Windows NT 10.0; Win64; x64) AppleWebKit/537.36 (KHTML, like Gecko) Chrome/145.0.0.0 Safari/537.36 (compatible; meta-externalagent/1.1 (+https://developers.facebook.com/docs/sharing/webmasters/crawler))" floresyfloresarmenia.com 10.53.129.184
66.249.73.164 - - [30/Aug/2026:07:14:10 -0500] "GET /item-637167647165613974951.htmlm HTTP/1.1" 200 50705 "-" "Mozilla/5.0 (Linux; Android 6.0.1; Nexus 5X Build/MMB29P) AppleWebKit/537.36 (KHTML, like Gecko) Chrome/151.0.7922.173 Mobile Safari/537.36 (compatible; Googlebot/2.1; +http://www.google.com/bot.html)" www.floresyfloresarmenia.com 10.53.129.184
66.249.73.100 - - [30/Aug/2026:07:14:17 -0500] "GET /?item-627161647160602914900.html HTTP/1.1" 200 46958 "-" "Mozilla/5.0 (Linux; Android 6.0.1; Nexus 5X Build/MMB29P) AppleWebKit/537.36 (KHTML, like Gecko) Chrome/151.0.7922.173 Mobile Safari/537.36 (compatible; Googlebot/2.1; +http://www.google.com/bot.html)" floresyfloresarmenia.com 10.53.129.184
74.7.242.53 - - [30/Aug/2026:07:14:18 -0500] "GET /item-636165677170673157987.html HTTP/2.0" 404 28432 "https://floresyfloresarmenia.com/epigastricalwzt.xml" "Mozilla/5.0 AppleWebKit/537.36 (KHTML, like Gecko; compatible; GPTBot/1.4; +https://openai.com/gptbot)" floresyfloresarmenia.com 10.53.129.184
66.249.73.99 - - [30/Aug/2026:07:14:38 -0500] "GET /?item-646766637167654763975.html HTTP/1.1" 200 49745 "-" "Mozilla/5.0 (Linux; Android 6.0.1; Nexus 5X Build/MMB29P) AppleWebKit/537.36 (KHTML, like Gecko) Chrome/151.0.7922.173 Mobile Safari/537.36 (compatible; Googlebot/2.1; +http://www.google.com/bot.html)" floresyfloresarmenia.com 10.53.129.184
74.7.242.53 - - [30/Aug/2026:07:14:38 -0500] "GET /item-657164606170655940185.html HTTP/2.0" 404 28431 "https://floresyfloresarmenia.com/brachmanrth.xml" "Mozilla/5.0 AppleWebKit/537.36 (KHTML, like Gecko; compatible; GPTBot/1.4; +https://openai.com/gptbot)" floresyfloresarmenia.com 10.53.129.184
69.6.233.64 - - [30/Aug/2026:07:14:41 -0500] "POST /wp-cron.php?doing_wp_cron=1788092081.6032059192657470703125 HTTP/1.1" 200 - "-" "WordPress/7.1; https://floresyfloresarmenia.com" floresyfloresarmenia.com 10.53.129.184
66.249.73.99 - - [30/Aug/2026:07:14:43 -0500] "GET /?item-656263656071625235092.html HTTP/1.1" 200 46213 "-" "Mozilla/5.0 (Linux; Android 6.0.1; Nexus 5X Build/MMB29P) AppleWebKit/537.36 (KHTML, like Gecko) Chrome/151.0.7922.173 Mobile Safari/537.36 (compatible; Googlebot/2.1; +http://www.google.com/bot.html)" floresyfloresarmenia.com 10.53.129.184
66.249.73.99 - - [30/Aug/2026:07:14:44 -0500] "GET /?item-626367666165612376151.html HTTP/1.1" 200 45705 "-" "Mozilla/5.0 (Linux; Android 6.0.1; Nexus 5X Build/MMB29P) AppleWebKit/537.36 (KHTML, like Gecko) Chrome/151.0.7922.173 Mobile Safari/537.36 (compatible; Googlebot/2.1; +http://www.google.com/bot.html)" floresyfloresarmenia.com 10.53.129.184
66.249.73.99 - - [30/Aug/2026:07:14:49 -0500] "GET /?item-657163647160655934905.html HTTP/1.1" 200 46607 "-" "Mozilla/5.0 (Linux; Android 6.0.1; Nexus 5X Build/MMB29P) AppleWebKit/537.36 (KHTML, like Gecko) Chrome/151.0.7922.173 Mobile Safari/537.36 (compatible; Googlebot/2.1; +http://www.google.com/bot.html)" floresyfloresarmenia.com 10.53.129.184
66.249.73.164 - - [30/Aug/2026:07:14:50 -0500] "GET /item-646767666260714776209.htmlm HTTP/1.1" 200 48257 "-" "Mozilla/5.0 (Linux; Android 6.0.1; Nexus 5X Build/MMB29P) AppleWebKit/537.36 (KHTML, like Gecko) Chrome/151.0.7922.173 Mobile Safari/537.36 (compatible; Googlebot/2.1; +http://www.google.com/bot.html)" www.floresyfloresarmenia.com 10.53.129.184
74.7.242.53 - - [30/Aug/2026:07:14:58 -0500] "GET /item-636471676064623497042.html HTTP/2.0" 404 28432 "https://floresyfloresarmenia.com/foraramensbqy.xml" "Mozilla/5.0 AppleWebKit/537.36 (KHTML, like Gecko; compatible; GPTBot/1.4; +https://openai.com/gptbot)" floresyfloresarmenia.com 10.53.129.184
57.141.22.100 - - [30/Aug/2026:07:15:16 -0500] "GET /fibonacci-ruleta-secuencia/ HTTP/2.0" 200 47227 "-" "Mozilla/5.0 (Windows NT 10.0; Win64; x64) AppleWebKit/537.36 (KHTML, like Gecko) Chrome/145.0.0.0 Safari/537.36 (compatible; meta-externalagent/1.1 (+https://developers.facebook.com/docs/sharing/webmasters/crawler))" floresyfloresarmenia.com 10.53.129.184
74.7.242.53 - - [30/Aug/2026:07:15:18 -0500] "GET /item-646165677160704157908.html HTTP/2.0" 404 28432 "https://floresyfloresarmenia.com/refederalizejlh.xml" "Mozilla/5.0 AppleWebKit/537.36 (KHTML, like Gecko; compatible; GPTBot/1.4; +https://openai.com/gptbot)" floresyfloresarmenia.com 10.53.129.184
40.77.167.77 - - [30/Aug/2026:07:15:22 -0500] "GET /mejores-bono-de-recargas-casino-online/ HTTP/2.0" 200 48118 "-" "Mozilla/5.0 AppleWebKit/537.36 (KHTML, like Gecko; compatible; bingbot/2.0; +http://www.bing.com/bingbot.htm) Chrome/116.0.1938.76 Safari/537.36" floresyfloresarmenia.com 10.53.129.184
65.21.44.205 - - [30/Aug/2026:07:15:27 -0500] "GET /robots.txt HTTP/1.1" 200 148 "-" "Mozilla/5.0 (compatible; AwarioBot/1.0; +https://awario.com/bots.html)" floresyfloresarmenia.com 10.53.129.184
65.21.44.205 - - [30/Aug/2026:07:15:28 -0500] "GET /sitemap101.xml HTTP/1.1" 200 27663 "-" "Mozilla/5.0 (compatible; AwarioBot/1.0; +https://awario.com/bots.html)" floresyfloresarmenia.com 10.53.129.184
66.249.73.101 - - [30/Aug/2026:07:15:30 -0500] "GET /?item-636163716370673139387.html HTTP/1.1" 200 45987 "-" "Mozilla/5.0 (Linux; Android 6.0.1; Nexus 5X Build/MMB29P) AppleWebKit/537.36 (KHTML, like Gecko) Chrome/151.0.7922.173 Mobile Safari/537.36 (compatible; Googlebot/2.1; +http://www.google.com/bot.html)" floresyfloresarmenia.com 10.53.129.184
65.21.44.205 - - [30/Aug/2026:07:15:33 -0500] "GET /comments/feed/ HTTP/1.1" 200 423 "-" "Mozilla/5.0 (compatible; AwarioBot/1.0; +https://awario.com/bots.html)" floresyfloresarmenia.com 10.53.129.184
69.6.233.64 - - [30/Aug/2026:07:15:37 -0500] "POST /wp-cron.php?doing_wp_cron=1788092137.8132610321044921875000 HTTP/1.1" 200 - "-" "WordPress/7.1; https://floresyfloresarmenia.com" floresyfloresarmenia.com 10.53.129.184
74.7.242.53 - - [30/Aug/2026:07:15:38 -0500] "GET /item-646670716471704689498.html HTTP/2.0" 404 28432 "https://floresyfloresarmenia.com/brachmanrth.xml" "Mozilla/5.0 AppleWebKit/537.36 (KHTML, like Gecko; compatible; GPTBot/1.4; +https://openai.com/gptbot)" floresyfloresarmenia.com 10.53.129.184
66.249.73.100 - - [30/Aug/2026:07:15:44 -0500] "GET /?item-646571677161664597916.html HTTP/1.1" 200 49532 "-" "Mozilla/5.0 (Linux; Android 6.0.1; Nexus 5X Build/MMB29P) AppleWebKit/537.36 (KHTML, like Gecko) Chrome/151.0.7922.173 Mobile Safari/537.36 (compatible; Googlebot/2.1; +http://www.google.com/bot.html)" floresyfloresarmenia.com 10.53.129.184
66.249.73.100 - - [30/Aug/2026:07:15:44 -0500] "GET /?item-636171656465713195459.html HTTP/1.1" 200 45150 "-" "Mozilla/5.0 (Linux; Android 6.0.1; Nexus 5X Build/MMB29P) AppleWebKit/537.36 (KHTML, like Gecko) Chrome/151.0.7922.173 Mobile Safari/537.36 (compatible; Googlebot/2.1; +http://www.google.com/bot.html)" floresyfloresarmenia.com 10.53.129.184
66.249.73.99 - - [30/Aug/2026:07:15:49 -0500] "GET /?item-636171666565613196551.html HTTP/1.1" 200 44642 "-" "Mozilla/5.0 (Linux; Android 6.0.1; Nexus 5X Build/MMB29P) AppleWebKit/537.36 (KHTML, like Gecko) Chrome/151.0.7922.173 Mobile Safari/537.36 (compatible; Googlebot/2.1; +http://www.google.com/bot.html)" floresyfloresarmenia.com 10.53.129.184
66.249.73.99 - - [30/Aug/2026:07:15:50 -0500] "GET /?item-626167657063712175839.htmlm HTTP/1.1" 200 48588 "-" "Mozilla/5.0 (Linux; Android 6.0.1; Nexus 5X Build/MMB29P) AppleWebKit/537.36 (KHTML, like Gecko) Chrome/151.0.7922.173 Mobile Safari/537.36 (compatible; Googlebot/2.1; +http://www.google.com/bot.html)" floresyfloresarmenia.com 10.53.129.184
65.21.44.205 - - [30/Aug/2026:07:15:50 -0500] "GET /feed/ HTTP/1.1" 200 40369 "-" "Mozilla/5.0 (compatible; AwarioBot/1.0; +https://awario.com/bots.html)" floresyfloresarmenia.com 10.53.129.184
65.21.44.205 - - [30/Aug/2026:07:15:57 -0500] "GET /my-account/ HTTP/1.1" 200 29173 "-" "Mozilla/5.0 (compatible; AwarioBot/1.0; +https://awario.com/bots.html)" floresyfloresarmenia.com 10.53.129.184
74.7.242.53 - - [30/Aug/2026:07:15:58 -0500] "GET /item-636070717064713089849.html HTTP/2.0" 404 28432 "https://floresyfloresarmenia.com/halfwittednesswzp.xml" "Mozilla/5.0 AppleWebKit/537.36 (KHTML, like Gecko; compatible; GPTBot/1.4; +https://openai.com/gptbot)" floresyfloresarmenia.com 10.53.129.184
65.21.44.205 - - [30/Aug/2026:07:16:08 -0500] "GET /product-category/bouquet-de-rosas HTTP/1.1" 301 - "-" "Mozilla/5.0 (compatible; AwarioBot/1.0; +https://awario.com/bots.html)" floresyfloresarmenia.com 10.53.129.184
65.21.44.205 - - [30/Aug/2026:07:16:17 -0500] "GET /product-category/bouquet-de-rosas/ HTTP/1.1" 200 36015 "-" "Mozilla/5.0 (compatible; AwarioBot/1.0; +https://awario.com/bots.html)" floresyfloresarmenia.com 10.53.129.184
74.7.242.53 - - [30/Aug/2026:07:16:18 -0500] "GET /item-656764626271705742298.html HTTP/2.0" 404 28432 "https://floresyfloresarmenia.com/bucketeerzaj.xml" "Mozilla/5.0 AppleWebKit/537.36 (KHTML, like Gecko; compatible; GPTBot/1.4; +https://openai.com/gptbot)" floresyfloresarmenia.com 10.53.129.184
66.249.73.99 - - [30/Aug/2026:07:16:19 -0500] "GET /?item-646762676067624727072.html HTTP/1.1" 200 45409 "-" "Mozilla/5.0 (Linux; Android 6.0.1; Nexus 5X Build/MMB29P) AppleWebKit/537.36 (KHTML, like Gecko) Chrome/151.0.7922.173 Mobile Safari/537.36 (compatible; Googlebot/2.1; +http://www.google.com/bot.html)" floresyfloresarmenia.com 10.53.129.184
65.21.44.205 - - [30/Aug/2026:07:16:34 -0500] "GET /product-category/bouquet-de-rosas/ HTTP/1.1" 200 35987 "-" "Mozilla/5.0 (compatible; AwarioBot/1.0; +https://awario.com/bots.html)" floresyfloresarmenia.com 10.53.129.184
57.141.22.13 - - [30/Aug/2026:07:16:35 -0500] "GET /jugar-blackjack-con-tarjeta-de-debito/ HTTP/2.0" 200 47882 "-" "Mozilla/5.0 (Macintosh; Intel Mac OS X 10_15_7) AppleWebKit/537.36 (KHTML, like Gecko) Chrome/145.0.0.0 Safari/537.36 (compatible; meta-externalagent/1.1 (+https://developers.facebook.com/docs/sharing/webmasters/crawler))" floresyfloresarmenia.com 10.53.129.184
69.6.233.64 - - [30/Aug/2026:07:16:37 -0500] "POST /wp-cron.php?doing_wp_cron=1788092197.3451020717620849609375 HTTP/1.1" 200 - "-" "WordPress/7.1; https://floresyfloresarmenia.com" floresyfloresarmenia.com 10.53.129.184
74.7.242.53 - - [30/Aug/2026:07:16:38 -0500] "GET /item-637162706562673928527.html HTTP/2.0" 404 28431 "https://floresyfloresarmenia.com/brachmanrth.xml" "Mozilla/5.0 AppleWebKit/537.36 (KHTML, like Gecko; compatible; GPTBot/1.4; +https://openai.com/gptbot)" floresyfloresarmenia.com 10.53.129.184
65.21.44.205 - - [30/Aug/2026:07:16:39 -0500] "GET /product-category/explosion-de-rosas HTTP/1.1" 301 - "-" "Mozilla/5.0 (compatible; AwarioBot/1.0; +https://awario.com/bots.html)" floresyfloresarmenia.com 10.53.129.184
65.21.44.205 - - [30/Aug/2026:07:16:43 -0500] "GET /product-category/explosion-de-rosas/ HTTP/1.1" 200 41424 "-" "Mozilla/5.0 (compatible; AwarioBot/1.0; +https://awario.com/bots.html)" floresyfloresarmenia.com 10.53.129.184
66.249.73.100 - - [30/Aug/2026:07:16:47 -0500] "GET /?p=2644 HTTP/1.1" 200 44633 "-" "Mozilla/5.0 (Linux; Android 6.0.1; Nexus 5X Build/MMB29P) AppleWebKit/537.36 (KHTML, like Gecko) Chrome/151.0.7922.173 Mobile Safari/537.36 (compatible; Googlebot/2.1; +http://www.google.com/bot.html)" floresyfloresarmenia.com 10.53.129.184
65.21.44.205 - - [30/Aug/2026:07:16:47 -0500] "GET /product-category/explosion-de-rosas/ HTTP/1.1" 200 41396 "-" "Mozilla/5.0 (compatible; AwarioBot/1.0; +https://awario.com/bots.html)" floresyfloresarmenia.com 10.53.129.184
65.21.44.205 - - [30/Aug/2026:07:16:53 -0500] "GET /product-category/funebres-exequiales HTTP/1.1" 301 - "-" "Mozilla/5.0 (compatible; AwarioBot/1.0; +https://awario.com/bots.html)" floresyfloresarmenia.com 10.53.129.184
65.21.44.205 - - [30/Aug/2026:07:16:57 -0500] "GET /product-category/funebres-exequiales/ HTTP/1.1" 200 40398 "-" "Mozilla/5.0 (compatible; AwarioBot/1.0; +https://awario.com/bots.html)" floresyfloresarmenia.com 10.53.129.184
74.7.242.53 - - [30/Aug/2026:07:16:58 -0500] "GET /item-627170617165712981959.html HTTP/2.0" 404 28432 "https://floresyfloresarmenia.com/nuagvo.xml" "Mozilla/5.0 AppleWebKit/537.36 (KHTML, like Gecko; compatible; GPTBot/1.4; +https://openai.com/gptbot)" floresyfloresarmenia.com 10.53.129.184
65.21.44.205 - - [30/Aug/2026:07:17:02 -0500] "GET /product-category/funebres-exequiales/ HTTP/1.1" 200 40369 "-" "Mozilla/5.0 (compatible; AwarioBot/1.0; +https://awario.com/bots.html)" floresyfloresarmenia.com 10.53.129.184
65.21.44.205 - - [30/Aug/2026:07:17:07 -0500] "GET /product/bouquet-de-amor/ HTTP/1.1" 200 41844 "-" "Mozilla/5.0 (compatible; AwarioBot/1.0; +https://awario.com/bots.html)" floresyfloresarmenia.com 10.53.129.184
65.21.44.205 - - [30/Aug/2026:07:17:14 -0500] "GET /product/bouquet-de-rosas/ HTTP/1.1" 200 41779 "-" "Mozilla/5.0 (compatible; AwarioBot/1.0; +https://awario.com/bots.html)" floresyfloresarmenia.com 10.53.129.184
74.7.242.53 - - [30/Aug/2026:07:17:18 -0500] "GET /item-627164706765662948756.html HTTP/2.0" 404 28432 "https://floresyfloresarmenia.com/halfwittednesswzp.xml" "Mozilla/5.0 AppleWebKit/537.36 (KHTML, like Gecko; compatible; GPTBot/1.4; +https://openai.com/gptbot)" floresyfloresarmenia.com 10.53.129.184
65.21.44.205 - - [30/Aug/2026:07:17:20 -0500] "GET /product/bouquet-girasol/ HTTP/1.1" 200 41832 "-" "Mozilla/5.0 (compatible; AwarioBot/1.0; +https://awario.com/bots.html)" floresyfloresarmenia.com 10.53.129.184
66.249.73.101 - - [30/Aug/2026:07:17:23 -0500] "GET /?item-656665666470715656489.html HTTP/1.1" 200 47033 "-" "Mozilla/5.0 (Linux; Android 6.0.1; Nexus 5X Build/MMB29P) AppleWebKit/537.36 (KHTML, like Gecko) Chrome/151.0.7922.173 Mobile Safari/537.36 (compatible; Googlebot/2.1; +http://www.google.com/bot.html)" floresyfloresarmenia.com 10.53.129.184
195.178.110.247 - - [30/Aug/2026:07:17:32 -0500] "POST /index.php?rest_route=/batch/v1 HTTP/1.1" 409 83 "-" "fasthttp" autodiscover.floresyfloresarmenia.com 10.53.129.184
65.21.44.205 - - [30/Aug/2026:07:17:27 -0500] "GET /product/bouquet-rosas-de-amor/ HTTP/1.1" 200 41834 "-" "Mozilla/5.0 (compatible; AwarioBot/1.0; +https://awario.com/bots.html)" floresyfloresarmenia.com 10.53.129.184
65.21.44.205 - - [30/Aug/2026:07:17:38 -0500] "GET /robots.txt HTTP/1.1" 200 148 "-" "Mozilla/5.0 (compatible; AwarioBot/1.0; +https://awario.com/bots.html)" floresyfloresarmenia.com 10.53.129.184
66.249.66.196 - - [30/Aug/2026:07:17:30 -0500] "GET /?item-646661657167644615974.html HTTP/1.1" 200 48489 "-" "Mozilla/5.0 (Linux; Android 6.0.1; Nexus 5X Build/MMB29P) AppleWebKit/537.36 (KHTML, like Gecko) Chrome/151.0.7922.173 Mobile Safari/537.36 (compatible; Googlebot/2.1; +http://www.google.com/bot.html)" floresyfloresarmenia.com 10.53.129.184
57.141.22.50 - - [30/Aug/2026:07:17:33 -0500] "GET /juego-para-ganar-dinero-real-colombiano-casino-online/ HTTP/2.0" 200 48585 "-" "Mozilla/5.0 (Macintosh; Intel Mac OS X 10_15_7) AppleWebKit/537.36 (KHTML, like Gecko) Chrome/145.0.0.0 Safari/537.36 (compatible; meta-externalagent/1.1 (+https://developers.facebook.com/docs/sharing/webmasters/crawler))" floresyfloresarmenia.com 10.53.129.184
66.249.73.165 - - [30/Aug/2026:07:17:34 -0500] "GET /item-636765607164673750947.html HTTP/1.1" 200 50277 "-" "Mozilla/5.0 (Linux; Android 6.0.1; Nexus 5X Build/MMB29P) AppleWebKit/537.36 (KHTML, like Gecko) Chrome/151.0.7922.173 Mobile Safari/537.36 (compatible; GoogleOther)" www.floresyfloresarmenia.com 10.53.129.184
69.6.233.64 - - [30/Aug/2026:07:17:34 -0500] "POST /wp-cron.php?doing_wp_cron=1788092254.5689289569854736328125 HTTP/1.1" 200 - "-" "WordPress/7.1; https://floresyfloresarmenia.com" floresyfloresarmenia.com 10.53.129.184
65.21.44.205 - - [30/Aug/2026:07:17:38 -0500] "GET /product/bouquet-rosas-y-lirio/ HTTP/1.1" 200 41611 "-" "Mozilla/5.0 (compatible; AwarioBot/1.0; +https://awario.com/bots.html)" floresyfloresarmenia.com 10.53.129.184
74.7.242.53 - - [30/Aug/2026:07:17:38 -0500] "GET /item-656260647162715204929.html HTTP/2.0" 404 28432 "https://floresyfloresarmenia.com/pyropesqjj.xml" "Mozilla/5.0 AppleWebKit/537.36 (KHTML, like Gecko; compatible; GPTBot/1.4; +https://openai.com/gptbot)" floresyfloresarmenia.com 10.53.129.184
66.249.73.100 - - [30/Aug/2026:07:17:43 -0500] "GET /?item-626662646561702624518.html HTTP/1.1" 200 46791 "-" "Mozilla/5.0 (Linux; Android 6.0.1; Nexus 5X Build/MMB29P) AppleWebKit/537.36 (KHTML, like Gecko) Chrome/151.0.7922.173 Mobile Safari/537.36 (compatible; Googlebot/2.1; +http://www.google.com/bot.html)" floresyfloresarmenia.com 10.53.129.184
65.21.44.205 - - [30/Aug/2026:07:17:49 -0500] "GET /product/caja-corazon-ferrero/ HTTP/1.1" 200 42039 "-" "Mozilla/5.0 (compatible; AwarioBot/1.0; +https://awario.com/bots.html)" floresyfloresarmenia.com 10.53.129.184
66.249.73.99 - - [30/Aug/2026:07:17:53 -0500] "GET /?item-646360626662604302620.html HTTP/1.1" 200 46507 "-" "Mozilla/5.0 (Linux; Android 6.0.1; Nexus 5X Build/MMB29P) AppleWebKit/537.36 (KHTML, like Gecko) Chrome/151.0.7922.173 Mobile Safari/537.36 (compatible; Googlebot/2.1; +http://www.google.com/bot.html)" floresyfloresarmenia.com 10.53.129.184
65.21.44.205 - - [30/Aug/2026:07:17:56 -0500] "GET /product/caja-love/ HTTP/1.1" 200 41332 "-" "Mozilla/5.0 (compatible; AwarioBot/1.0; +https://awario.com/bots.html)" floresyfloresarmenia.com 10.53.129.184
74.7.242.53 - - [30/Aug/2026:07:17:58 -0500] "GET /item-626170676460652187405.html HTTP/2.0" 404 28431 "https://floresyfloresarmenia.com/pyropesqjj.xml" "Mozilla/5.0 AppleWebKit/537.36 (KHTML, like Gecko; compatible; GPTBot/1.4; +https://openai.com/gptbot)" floresyfloresarmenia.com 10.53.129.184
66.249.73.100 - - [30/Aug/2026:07:18:00 -0500] "GET /?item-636271647063603294830.html HTTP/1.1" 200 45250 "-" "Mozilla/5.0 (Linux; Android 6.0.1; Nexus 5X Build/MMB29P) AppleWebKit/537.36 (KHTML, like Gecko) Chrome/151.0.7922.173 Mobile Safari/537.36 (compatible; Googlebot/2.1; +http://www.google.com/bot.html)" floresyfloresarmenia.com 10.53.129.184
57.141.22.103 - - [30/Aug/2026:07:18:03 -0500] "GET /tacticas-para-craps/ HTTP/2.0" 200 48111 "-" "Mozilla/5.0 (Macintosh; Intel Mac OS X 10_15_7) AppleWebKit/537.36 (KHTML, like Gecko) Chrome/145.0.0.0 Safari/537.36 (compatible; meta-externalagent/1.1 (+https://developers.facebook.com/docs/sharing/webmasters/crawler))" floresyfloresarmenia.com 10.53.129.184
66.249.73.99 - - [30/Aug/2026:07:18:09 -0500] "GET /?item-646366676061654367015.html HTTP/1.1" 200 48028 "-" "Mozilla/5.0 (Linux; Android 6.0.1; Nexus 5X Build/MMB29P) AppleWebKit/537.36 (KHTML, like Gecko) Chrome/151.0.7922.173 Mobile Safari/537.36 (compatible; Googlebot/2.1; +http://www.google.com/bot.html)" floresyfloresarmenia.com 10.53.129.184
66.249.73.100 - - [30/Aug/2026:07:18:10 -0500] "GET /?item-656764636461615743411.html HTTP/1.1" 200 47231 "-" "Mozilla/5.0 (Linux; Android 6.0.1; Nexus 5X Build/MMB29P) AppleWebKit/537.36 (KHTML, like Gecko) Chrome/151.0.7922.173 Mobile Safari/537.36 (compatible; Googlebot/2.1; +http://www.google.com/bot.html)" floresyfloresarmenia.com 10.53.129.184
66.249.73.99 - - [30/Aug/2026:07:18:12 -0500] "GET /?item-646461706560674418507.html HTTP/1.1" 200 53495 "-" "Mozilla/5.0 (Linux; Android 6.0.1; Nexus 5X Build/MMB29P) AppleWebKit/537.36 (KHTML, like Gecko) Chrome/151.0.7922.173 Mobile Safari/537.36 (compatible; Googlebot/2.1; +http://www.google.com/bot.html)" floresyfloresarmenia.com 10.53.129.184
66.249.73.99 - - [30/Aug/2026:07:18:16 -0500] "GET /?item-656766646262645764224.html HTTP/1.1" 200 46749 "-" "Mozilla/5.0 (Linux; Android 6.0.1; Nexus 5X Build/MMB29P) AppleWebKit/537.36 (KHTML, like Gecko) Chrome/151.0.7922.173 Mobile Safari/537.36 (compatible; Googlebot/2.1; +http://www.google.com/bot.html)" floresyfloresarmenia.com 10.53.129.184
74.7.242.53 - - [30/Aug/2026:07:18:18 -0500] "GET /item-627063707167622838972.html HTTP/2.0" 404 28432 "https://floresyfloresarmenia.com/brachmanrth.xml" "Mozilla/5.0 AppleWebKit/537.36 (KHTML, like Gecko; compatible; GPTBot/1.4; +https://openai.com/gptbot)" floresyfloresarmenia.com 10.53.129.184
66.249.73.99 - - [30/Aug/2026:07:18:27 -0500] "GET /shop/pg/2466576-1 HTTP/1.1" 200 48779 "-" "Mozilla/5.0 (Linux; Android 6.0.1; Nexus 5X Build/MMB29P) AppleWebKit/537.36 (KHTML, like Gecko) Chrome/151.0.7922.173 Mobile Safari/537.36 (compatible; GoogleOther)" floresyfloresarmenia.com 10.53.129.184
57.141.22.87 - - [30/Aug/2026:07:18:28 -0500] "GET /sitios-legitimos-de-juegos-con-btc-casino/ HTTP/2.0" 200 48831 "-" "Mozilla/5.0 (Windows NT 10.0; Win64; x64) AppleWebKit/537.36 (KHTML, like Gecko) Chrome/145.0.0.0 Safari/537.36 (compatible; meta-externalagent/1.1 (+https://developers.facebook.com/docs/sharing/webmasters/crawler))" floresyfloresarmenia.com 10.53.129.184
69.6.233.64 - - [30/Aug/2026:07:18:31 -0500] "POST /wp-cron.php?doing_wp_cron=1788092311.8840920925140380859375 HTTP/1.1" 200 - "-" "WordPress/7.1; https://floresyfloresarmenia.com" floresyfloresarmenia.com 10.53.129.184
66.249.73.99 - - [30/Aug/2026:07:18:36 -0500] "GET /?item-636263706765643238754.html HTTP/1.1" 200 45793 "-" "Mozilla/5.0 (Linux; Android 6.0.1; Nexus 5X Build/MMB29P) AppleWebKit/537.36 (KHTML, like Gecko) Chrome/151.0.7922.173 Mobile Safari/537.36 (compatible; Googlebot/2.1; +http://www.google.com/bot.html)" floresyfloresarmenia.com 10.53.129.184
74.7.242.53 - - [30/Aug/2026:07:18:38 -0500] "GET /item-647161627060704912808.html HTTP/2.0" 404 28432 "https://floresyfloresarmenia.com/halfwittednesswzp.xml" "Mozilla/5.0 AppleWebKit/537.36 (KHTML, like Gecko; compatible; GPTBot/1.4; +https://openai.com/gptbot)" floresyfloresarmenia.com 10.53.129.184
66.249.73.99 - - [30/Aug/2026:07:18:39 -0500] "GET /?item-646263647062704234828.html HTTP/1.1" 200 45201 "-" "Mozilla/5.0 (Linux; Android 6.0.1; Nexus 5X Build/MMB29P) AppleWebKit/537.36 (KHTML, like Gecko) Chrome/151.0.7922.173 Mobile Safari/537.36 (compatible; Googlebot/2.1; +http://www.google.com/bot.html)" floresyfloresarmenia.com 10.53.129.184
66.249.73.99 - - [30/Aug/2026:07:18:42 -0500] "GET /?item-636360666371703306398.html HTTP/1.1" 200 49013 "-" "Mozilla/5.0 (Linux; Android 6.0.1; Nexus 5X Build/MMB29P) AppleWebKit/537.36 (KHTML, like Gecko) Chrome/151.0.7922.173 Mobile Safari/537.36 (compatible; Googlebot/2.1; +http://www.google.com/bot.html)" floresyfloresarmenia.com 10.53.129.184
57.141.22.125 - - [30/Aug/2026:07:18:47 -0500] "GET /leovegas-casino-giros-gratis-sin-deposito-hoy/ HTTP/2.0" 200 47773 "-" "Mozilla/5.0 (Windows NT 10.0; Win64; x64) AppleWebKit/537.36 (KHTML, like Gecko) Chrome/145.0.0.0 Safari/537.36 (compatible; meta-externalagent/1.1 (+https://developers.facebook.com/docs/sharing/webmasters/crawler))" floresyfloresarmenia.com 10.53.129.184
74.7.242.53 - - [30/Aug/2026:07:18:58 -0500] "GET /item-657067716460615879401.html HTTP/2.0" 404 28431 "https://floresyfloresarmenia.com/cytoplastptf.xml" "Mozilla/5.0 AppleWebKit/537.36 (KHTML, like Gecko; compatible; GPTBot/1.4; +https://openai.com/gptbot)" floresyfloresarmenia.com 10.53.129.184
65.21.44.205 - - [30/Aug/2026:07:19:02 -0500] "GET /product/cartuchos-pedestal/ HTTP/1.1" 200 41798 "-" "Mozilla/5.0 (compatible; AwarioBot/1.0; +https://awario.com/bots.html)" floresyfloresarmenia.com 10.53.129.184
65.21.44.205 - - [30/Aug/2026:07:19:11 -0500] "GET /product/corona-001/ HTTP/1.1" 200 41800 "-" "Mozilla/5.0 (compatible; AwarioBot/1.0; +https://awario.com/bots.html)" floresyfloresarmenia.com 10.53.129.184
66.249.73.100 - - [30/Aug/2026:07:19:13 -0500] "GET /?item-637170626564613982541.html HTTP/1.1" 200 45049 "-" "Mozilla/5.0 (Linux; Android 6.0.1; Nexus 5X Build/MMB29P) AppleWebKit/537.36 (KHTML, like Gecko) Chrome/151.0.7922.173 Mobile Safari/537.36 (compatible; Googlebot/2.1; +http://www.google.com/bot.html)" floresyfloresarmenia.com 10.53.129.184
69.6.233.64 - - [30/Aug/2026:07:19:14 -0500] "POST /wp-cron.php?doing_wp_cron=1788092354.9344151020050048828125 HTTP/1.1" 200 - "-" "WordPress/7.1; https://floresyfloresarmenia.com" floresyfloresarmenia.com 10.53.129.184
66.249.73.99 - - [30/Aug/2026:07:19:15 -0500] "GET /?item-637162666765713926759.html HTTP/1.1" 200 46665 "-" "Mozilla/5.0 (Linux; Android 6.0.1; Nexus 5X Build/MMB29P) AppleWebKit/537.36 (KHTML, like Gecko) Chrome/151.0.7922.173 Mobile Safari/537.36 (compatible; Googlebot/2.1; +http://www.google.com/bot.html)" floresyfloresarmenia.com 10.53.129.184
74.7.242.53 - - [30/Aug/2026:07:19:18 -0500] "GET /item-637165646366703954368.html HTTP/2.0" 404 28432 "https://floresyfloresarmenia.com/bucketeerzaj.xml" "Mozilla/5.0 AppleWebKit/537.36 (KHTML, like Gecko; compatible; GPTBot/1.4; +https://openai.com/gptbot)" floresyfloresarmenia.com 10.53.129.184
65.21.44.205 - - [30/Aug/2026:07:19:19 -0500] "GET /product/corona-esp/ HTTP/1.1" 200 41625 "-" "Mozilla/5.0 (compatible; AwarioBot/1.0; +https://awario.com/bots.html)" floresyfloresarmenia.com 10.53.129.184
65.21.44.205 - - [30/Aug/2026:07:19:29 -0500] "GET /product/corona-especial/ HTTP/1.1" 200 41914 "-" "Mozilla/5.0 (compatible; AwarioBot/1.0; +https://awario.com/bots.html)" floresyfloresarmenia.com 10.53.129.184
65.21.44.205 - - [30/Aug/2026:07:19:40 -0500] "GET /robots.txt HTTP/1.1" 200 148 "-" "Mozilla/5.0 (compatible; AwarioBot/1.0; +https://awario.com/bots.html)" floresyfloresarmenia.com 10.53.129.184
66.249.73.100 - - [30/Aug/2026:07:19:32 -0500] "GET /?item-656371666263615396231.html HTTP/1.1" 200 46355 "-" "Mozilla/5.0 (Linux; Android 6.0.1; Nexus 5X Build/MMB29P) AppleWebKit/537.36 (KHTML, like Gecko) Chrome/151.0.7922.173 Mobile Safari/537.36 (compatible; Googlebot/2.1; +http://www.google.com/bot.html)" floresyfloresarmenia.com 10.53.129.184
66.249.73.100 - - [30/Aug/2026:07:19:33 -0500] "GET /?item-627062626065602822050.html HTTP/1.1" 200 48009 "-" "Mozilla/5.0 (Linux; Android 6.0.1; Nexus 5X Build/MMB29P) AppleWebKit/537.36 (KHTML, like Gecko) Chrome/151.0.7922.173 Mobile Safari/537.36 (compatible; Googlebot/2.1; +http://www.google.com/bot.html)" floresyfloresarmenia.com 10.53.129.184
69.6.233.64 - - [30/Aug/2026:07:19:35 -0500] "POST /wp-cron.php?doing_wp_cron=1788092375.7186219692230224609375 HTTP/1.1" 200 - "-" "WordPress/7.1; https://floresyfloresarmenia.com" floresyfloresarmenia.com 10.53.129.184
74.7.242.53 - - [30/Aug/2026:07:19:38 -0500] "GET /item-627067616360702871308.html HTTP/2.0" 404 28432 "https://floresyfloresarmenia.com/epigastricalwzt.xml" "Mozilla/5.0 AppleWebKit/537.36 (KHTML, like Gecko; compatible; GPTBot/1.4; +https://openai.com/gptbot)" floresyfloresarmenia.com 10.53.129.184
65.21.44.205 - - [30/Aug/2026:07:19:40 -0500] "GET /product/corona-esperanza/ HTTP/1.1" 200 41899 "-" "Mozilla/5.0 (compatible; AwarioBot/1.0; +https://awario.com/bots.html)" floresyfloresarmenia.com 10.53.129.184
57.141.22.116 - - [30/Aug/2026:07:19:45 -0500] "GET /mejor-pagina-para-jugar-poker/ HTTP/2.0" 200 48004 "-" "Mozilla/5.0 (Windows NT 10.0; Win64; x64) AppleWebKit/537.36 (KHTML, like Gecko) Chrome/145.0.0.0 Safari/537.36 (compatible; meta-externalagent/1.1 (+https://developers.facebook.com/docs/sharing/webmasters/crawler))" floresyfloresarmenia.com 10.53.129.184
57.141.22.14 - - [30/Aug/2026:07:19:47 -0500] "GET /mondobets-casino-giros-gratis-sin-deposito-hoy/ HTTP/2.0" 200 46707 "-" "Mozilla/5.0 (Windows NT 10.0; Win64; x64) AppleWebKit/537.36 (KHTML, like Gecko) Chrome/145.0.0.0 Safari/537.36 (compatible; meta-externalagent/1.1 (+https://developers.facebook.com/docs/sharing/webmasters/crawler))" floresyfloresarmenia.com 10.53.129.184
65.21.44.205 - - [30/Aug/2026:07:19:48 -0500] "GET /product/corona-girasol/ HTTP/1.1" 200 42054 "-" "Mozilla/5.0 (compatible; AwarioBot/1.0; +https://awario.com/bots.html)" floresyfloresarmenia.com 10.53.129.184
65.21.44.205 - - [30/Aug/2026:07:19:52 -0500] "GET /product/corona-luz/ HTTP/1.1" 200 41431 "-" "Mozilla/5.0 (compatible; AwarioBot/1.0; +https://awario.com/bots.html)" floresyfloresarmenia.com 10.53.129.184
65.21.44.205 - - [30/Aug/2026:07:19:58 -0500] "GET /product/corona-radiante/ HTTP/1.1" 200 41965 "-" "Mozilla/5.0 (compatible; AwarioBot/1.0; +https://awario.com/bots.html)" floresyfloresarmenia.com 10.53.129.184
57.141.22.10 - - [30/Aug/2026:07:19:58 -0500] "GET /juegos-de-bingo-gratis-en-espanol/ HTTP/2.0" 200 46459 "-" "Mozilla/5.0 (Windows NT 10.0; Win64; x64) AppleWebKit/537.36 (KHTML, like Gecko) Chrome/145.0.0.0 Safari/537.36 (compatible; meta-externalagent/1.1 (+https://developers.facebook.com/docs/sharing/webmasters/crawler))" floresyfloresarmenia.com 10.53.129.184
74.7.242.53 - - [30/Aug/2026:07:19:58 -0500] "GET /item-646571716261604599210.html HTTP/2.0" 404 28432 "https://floresyfloresarmenia.com/halfwittednesswzp.xml" "Mozilla/5.0 AppleWebKit/537.36 (KHTML, like Gecko; compatible; GPTBot/1.4; +https://openai.com/gptbot)" floresyfloresarmenia.com 10.53.129.184
65.21.44.205 - - [30/Aug/2026:07:20:01 -0500] "GET /product/especial/ HTTP/1.1" 200 41388 "-" "Mozilla/5.0 (compatible; AwarioBot/1.0; +https://awario.com/bots.html)" floresyfloresarmenia.com 10.53.129.184
66.249.73.100 - - [30/Aug/2026:07:20:05 -0500] "GET /?item-656762707170625728982.htmlm HTTP/1.1" 200 45999 "-" "Mozilla/5.0 (Linux; Android 6.0.1; Nexus 5X Build/MMB29P) AppleWebKit/537.36 (KHTML, like Gecko) Chrome/151.0.7922.173 Mobile Safari/537.36 (compatible; Googlebot/2.1; +http://www.google.com/bot.html)" floresyfloresarmenia.com 10.53.129.184
65.21.44.205 - - [30/Aug/2026:07:20:06 -0500] "GET /product/exotico-02/ HTTP/1.1" 200 41869 "-" "Mozilla/5.0 (compatible; AwarioBot/1.0; +https://awario.com/bots.html)" floresyfloresarmenia.com 10.53.129.184
66.249.73.100 - - [30/Aug/2026:07:20:09 -0500] "GET /?item-656470656664715485649.html HTTP/1.1" 200 44830 "-" "Mozilla/5.0 (Linux; Android 6.0.1; Nexus 5X Build/MMB29P) AppleWebKit/537.36 (KHTML, like Gecko) Chrome/151.0.7922.173 Mobile Safari/537.36 (compatible; Googlebot/2.1; +http://www.google.com/bot.html)" floresyfloresarmenia.com 10.53.129.184
66.249.73.166 - - [30/Aug/2026:07:20:12 -0500] "GET /item-636765676670613757681.html HTTP/1.1" 200 49823 "-" "Mozilla/5.0 (Linux; Android 6.0.1; Nexus 5X Build/MMB29P) AppleWebKit/537.36 (KHTML, like Gecko) Chrome/151.0.7922.173 Mobile Safari/537.36 (compatible; GoogleOther)" www.floresyfloresarmenia.com 10.53.129.184
65.21.44.205 - - [30/Aug/2026:07:20:13 -0500] "GET /product/girasol-decorado/ HTTP/1.1" 200 39291 "-" "Mozilla/5.0 (compatible; AwarioBot/1.0; +https://awario.com/bots.html)" floresyfloresarmenia.com 10.53.129.184
66.249.73.99 - - [30/Aug/2026:07:20:16 -0500] "GET /?item-627160626261632902213.html HTTP/1.1" 200 46101 "-" "Mozilla/5.0 (Linux; Android 6.0.1; Nexus 5X Build/MMB29P) AppleWebKit/537.36 (KHTML, like Gecko) Chrome/151.0.7922.173 Mobile Safari/537.36 (compatible; Googlebot/2.1; +http://www.google.com/bot.html)" floresyfloresarmenia.com 10.53.129.184
74.7.242.53 - - [30/Aug/2026:07:20:18 -0500] "GET /item-636171667070653196885.html HTTP/2.0" 404 28432 "https://floresyfloresarmenia.com/refederalizejlh.xml" "Mozilla/5.0 AppleWebKit/537.36 (KHTML, like Gecko; compatible; GPTBot/1.4; +https://openai.com/gptbot)" floresyfloresarmenia.com 10.53.129.184
65.21.44.205 - - [30/Aug/2026:07:20:22 -0500] "GET /product/jarron-deluxe/ HTTP/1.1" 200 41805 "-" "Mozilla/5.0 (compatible; AwarioBot/1.0; +https://awario.com/bots.html)" floresyfloresarmenia.com 10.53.129.184
66.249.73.165 - - [30/Aug/2026:07:20:25 -0500] "GET /cate-gaming-toys-toy HTTP/1.1" 200 53803 "-" "Mozilla/5.0 (Linux; Android 6.0.1; Nexus 5X Build/MMB29P) AppleWebKit/537.36 (KHTML, like Gecko) Chrome/151.0.7922.173 Mobile Safari/537.36 (compatible; Googlebot/2.1; +http://www.google.com/bot.html)" www.floresyfloresarmenia.com 10.53.129.184
57.141.22.90 - - [30/Aug/2026:07:20:26 -0500] "GET /jugar-tragamonedas-de-peliculas/ HTTP/2.0" 200 48533 "-" "Mozilla/5.0 (Windows NT 10.0; Win64; x64) AppleWebKit/537.36 (KHTML, like Gecko) Chrome/145.0.0.0 Safari/537.36 (compatible; meta-externalagent/1.1 (+https://developers.facebook.com/docs/sharing/webmasters/crawler))" floresyfloresarmenia.com 10.53.129.184
69.6.233.64 - - [30/Aug/2026:07:20:31 -0500] "POST /wp-cron.php?doing_wp_cron=1788092430.0932810306549072265625 HTTP/1.1" 200 - "-" "WordPress/7.1; https://floresyfloresarmenia.com" floresyfloresarmenia.com 10.53.129.184
65.21.44.205 - - [30/Aug/2026:07:20:32 -0500] "GET /product/pedestal-anturios/ HTTP/1.1" 200 41762 "-" "Mozilla/5.0 (compatible; AwarioBot/1.0; +https://awario.com/bots.html)" floresyfloresarmenia.com 10.53.129.184
66.249.73.99 - - [30/Aug/2026:07:20:34 -0500] "GET /?item-637165606766703950768.html HTTP/1.1" 200 46854 "-" "Mozilla/5.0 (Linux; Android 6.0.1; Nexus 5X Build/MMB29P) AppleWebKit/537.36 (KHTML, like Gecko) Chrome/151.0.7922.173 Mobile Safari/537.36 (compatible; Googlebot/2.1; +http://www.google.com/bot.html)" floresyfloresarmenia.com 10.53.129.184
66.249.73.99 - - [30/Aug/2026:07:20:36 -0500] "GET /?item-626371656762642395724.html HTTP/1.1" 200 45743 "-" "Mozilla/5.0 (Linux; Android 6.0.1; Nexus 5X Build/MMB29P) AppleWebKit/537.36 (KHTML, like Gecko) Chrome/151.0.7922.173 Mobile Safari/537.36 (compatible; Googlebot/2.1; +http://www.google.com/bot.html)" floresyfloresarmenia.com 10.53.129.184
74.7.242.53 - - [30/Aug/2026:07:20:38 -0500] "GET /item-636070646271633084293.html HTTP/2.0" 404 28432 "https://floresyfloresarmenia.com/foraramensbqy.xml" "Mozilla/5.0 AppleWebKit/537.36 (KHTML, like Gecko; compatible; GPTBot/1.4; +https://openai.com/gptbot)" floresyfloresarmenia.com 10.53.129.184
65.21.44.205 - - [30/Aug/2026:07:20:44 -0500] "GET /product/pedestal-de-amor/ HTTP/1.1" 200 41455 "-" "Mozilla/5.0 (compatible; AwarioBot/1.0; +https://awario.com/bots.html)" floresyfloresarmenia.com 10.53.129.184
66.249.73.100 - - [30/Aug/2026:07:20:48 -0500] "GET /?item-656665656461645655414.html HTTP/1.1" 200 46278 "-" "Mozilla/5.0 (Linux; Android 6.0.1; Nexus 5X Build/MMB29P) AppleWebKit/537.36 (KHTML, like Gecko) Chrome/151.0.7922.173 Mobile Safari/537.36 (compatible; Googlebot/2.1; +http://www.google.com/bot.html)" floresyfloresarmenia.com 10.53.129.184
66.249.73.99 - - [30/Aug/2026:07:20:49 -0500] "GET /?item-626666676264602667240.html HTTP/1.1" 200 44943 "-" "Mozilla/5.0 (Linux; Android 6.0.1; Nexus 5X Build/MMB29P) AppleWebKit/537.36 (KHTML, like Gecko) Chrome/151.0.7922.173 Mobile Safari/537.36 (compatible; Googlebot/2.1; +http://www.google.com/bot.html)" floresyfloresarmenia.com 10.53.129.184
66.249.73.100 - - [30/Aug/2026:07:20:50 -0500] "GET /?item-656263667062625236822.html HTTP/1.1" 200 47622 "-" "Mozilla/5.0 (Linux; Android 6.0.1; Nexus 5X Build/MMB29P) AppleWebKit/537.36 (KHTML, like Gecko) Chrome/151.0.7922.173 Mobile Safari/537.36 (compatible; Googlebot/2.1; +http://www.google.com/bot.html)" floresyfloresarmenia.com 10.53.129.184
65.21.44.205 - - [30/Aug/2026:07:20:53 -0500] "GET /product/ramo-burbuja/ HTTP/1.1" 200 41798 "-" "Mozilla/5.0 (compatible; AwarioBot/1.0; +https://awario.com/bots.html)" floresyfloresarmenia.com 10.53.129.184
66.249.73.100 - - [30/Aug/2026:07:20:54 -0500] "GET /?item-646763617071664731896.html HTTP/1.1" 200 49338 "-" "Mozilla/5.0 (Linux; Android 6.0.1; Nexus 5X Build/MMB29P) AppleWebKit/537.36 (KHTML, like Gecko) Chrome/151.0.7922.173 Mobile Safari/537.36 (compatible; Googlebot/2.1; +http://www.google.com/bot.html)" floresyfloresarmenia.com 10.53.129.184
74.7.242.53 - - [30/Aug/2026:07:20:58 -0500] "GET /item-636271656570643295584.html HTTP/2.0" 404 28432 "https://floresyfloresarmenia.com/epigastricalwzt.xml" "Mozilla/5.0 AppleWebKit/537.36 (KHTML, like Gecko; compatible; GPTBot/1.4; +https://openai.com/gptbot)" floresyfloresarmenia.com 10.53.129.184
66.249.73.99 - - [30/Aug/2026:07:20:59 -0500] "GET /?item-646762616560604721500.html HTTP/1.1" 200 48870 "-" "Mozilla/5.0 (Linux; Android 6.0.1; Nexus 5X Build/MMB29P) AppleWebKit/537.36 (KHTML, like Gecko) Chrome/151.0.7922.173 Mobile Safari/537.36 (compatible; Googlebot/2.1; +http://www.google.com/bot.html)" floresyfloresarmenia.com 10.53.129.184
66.249.73.99 - - [30/Aug/2026:07:20:59 -0500] "GET /?item-646261636364624213342.html HTTP/1.1" 200 45669 "-" "Mozilla/5.0 (Linux; Android 6.0.1; Nexus 5X Build/MMB29P) AppleWebKit/537.36 (KHTML, like Gecko) Chrome/151.0.7922.173 Mobile Safari/537.36 (compatible; Googlebot/2.1; +http://www.google.com/bot.html)" floresyfloresarmenia.com 10.53.129.184
66.249.73.99 - - [30/Aug/2026:07:21:06 -0500] "GET /?item-636561606662623510622.html HTTP/1.1" 200 47236 "-" "Mozilla/5.0 (Linux; Android 6.0.1; Nexus 5X Build/MMB29P) AppleWebKit/537.36 (KHTML, like Gecko) Chrome/151.0.7922.173 Mobile Safari/537.36 (compatible; Googlebot/2.1; +http://www.google.com/bot.html)" floresyfloresarmenia.com 10.53.129.184
65.21.44.205 - - [30/Aug/2026:07:21:06 -0500] "GET /product/ramo-corazon/ HTTP/1.1" 200 41769 "-" "Mozilla/5.0 (compatible; AwarioBot/1.0; +https://awario.com/bots.html)" floresyfloresarmenia.com 10.53.129.184
66.249.73.99 - - [30/Aug/2026:07:21:07 -0500] "GET /?item-627163667062712936829.html HTTP/1.1" 200 45319 "-" "Mozilla/5.0 (Linux; Android 6.0.1; Nexus 5X Build/MMB29P) AppleWebKit/537.36 (KHTML, like Gecko) Chrome/151.0.7922.173 Mobile Safari/537.36 (compatible; Googlebot/2.1; +http://www.google.com/bot.html)" floresyfloresarmenia.com 10.53.129.184
65.21.44.205 - - [30/Aug/2026:07:21:14 -0500] "GET /product/ramo-de-frutas/ HTTP/1.1" 200 41881 "-" "Mozilla/5.0 (compatible; AwarioBot/1.0; +https://awario.com/bots.html)" floresyfloresarmenia.com 10.53.129.184
74.7.242.53 - - [30/Aug/2026:07:21:18 -0500] "GET /item-627065716771712859799.html HTTP/2.0" 404 28432 "https://floresyfloresarmenia.com/cytoplastptf.xml" "Mozilla/5.0 AppleWebKit/537.36 (KHTML, like Gecko; compatible; GPTBot/1.4; +https://openai.com/gptbot)" floresyfloresarmenia.com 10.53.129.184
66.249.73.99 - - [30/Aug/2026:07:21:22 -0500] "GET /?item-636471656466663495466.htmlm HTTP/1.1" 200 44485 "-" "Mozilla/5.0 (Linux; Android 6.0.1; Nexus 5X Build/MMB29P) AppleWebKit/537.36 (KHTML, like Gecko) Chrome/151.0.7922.173 Mobile Safari/537.36 (compatible; Googlebot/2.1; +http://www.google.com/bot.html)" floresyfloresarmenia.com 10.53.129.184
66.249.73.99 - - [30/Aug/2026:07:21:26 -0500] "GET /?item-636663636263703633238.html HTTP/1.1" 200 45331 "-" "Mozilla/5.0 (Linux; Android 6.0.1; Nexus 5X Build/MMB29P) AppleWebKit/537.36 (KHTML, like Gecko) Chrome/151.0.7922.173 Mobile Safari/537.36 (compatible; Googlebot/2.1; +http://www.google.com/bot.html)" floresyfloresarmenia.com 10.53.129.184
65.21.44.205 - - [30/Aug/2026:07:21:31 -0500] "GET /product/ramo-frutal-globo-bubuja/ HTTP/1.1" 200 41849 "-" "Mozilla/5.0 (compatible; AwarioBot/1.0; +https://awario.com/bots.html)" floresyfloresarmenia.com 10.53.129.184
65.21.44.205 - - [30/Aug/2026:07:21:41 -0500] "GET /robots.txt HTTP/1.1" 200 148 "-" "Mozilla/5.0 (compatible; AwarioBot/1.0; +https://awario.com/bots.html)" floresyfloresarmenia.com 10.53.129.184
66.249.73.99 - - [30/Aug/2026:07:21:35 -0500] "GET /?item-656367637071635373893.html HTTP/1.1" 200 45858 "-" "Mozilla/5.0 (Linux; Android 6.0.1; Nexus 5X Build/MMB29P) AppleWebKit/537.36 (KHTML, like Gecko) Chrome/151.0.7922.173 Mobile Safari/537.36 (compatible; Googlebot/2.1; +http://www.google.com/bot.html)" floresyfloresarmenia.com 10.53.129.184
69.6.233.64 - - [30/Aug/2026:07:21:38 -0500] "POST /wp-cron.php?doing_wp_cron=1788092498.3659279346466064453125 HTTP/1.1" 200 - "-" "WordPress/7.1; https://floresyfloresarmenia.com" floresyfloresarmenia.com 10.53.129.184
74.7.242.53 - - [30/Aug/2026:07:21:38 -0500] "GET /item-646361626770704312788.html HTTP/2.0" 404 28432 "https://floresyfloresarmenia.com/bucketeerzaj.xml" "Mozilla/5.0 AppleWebKit/537.36 (KHTML, like Gecko; compatible; GPTBot/1.4; +https://openai.com/gptbot)" floresyfloresarmenia.com 10.53.129.184
65.21.44.205 - - [30/Aug/2026:07:21:41 -0500] "GET /product/rosas-cereza/ HTTP/1.1" 200 41738 "-" "Mozilla/5.0 (compatible; AwarioBot/1.0; +https://awario.com/bots.html)" floresyfloresarmenia.com 10.53.129.184
66.249.73.99 - - [30/Aug/2026:07:21:43 -0500] "GET /?item-636164636667643143674.html HTTP/1.1" 200 46141 "-" "Mozilla/5.0 (Linux; Android 6.0.1; Nexus 5X Build/MMB29P) AppleWebKit/537.36 (KHTML, like Gecko) Chrome/151.0.7922.173 Mobile Safari/537.36 (compatible; Googlebot/2.1; +http://www.google.com/bot.html)" floresyfloresarmenia.com 10.53.129.184
66.249.73.164 - - [30/Aug/2026:07:21:44 -0500] "GET /item-637063707063703838838.html HTTP/1.1" 200 46545 "-" "Mozilla/5.0 (Linux; Android 6.0.1; Nexus 5X Build/MMB29P) AppleWebKit/537.36 (KHTML, like Gecko) Chrome/151.0.7922.173 Mobile Safari/537.36 (compatible; GoogleOther)" www.floresyfloresarmenia.com 10.53.129.184
65.21.44.205 - - [30/Aug/2026:07:21:48 -0500] "GET /product/rosas-fresas-2/ HTTP/1.1" 200 41777 "-" "Mozilla/5.0 (compatible; AwarioBot/1.0; +https://awario.com/bots.html)" floresyfloresarmenia.com 10.53.129.184
66.249.73.164 - - [30/Aug/2026:07:21:50 -0500] "GET /cate-outdoor-phishings-fly-lure HTTP/1.1" 200 46121 "-" "Mozilla/5.0 (Linux; Android 6.0.1; Nexus 5X Build/MMB29P) AppleWebKit/537.36 (KHTML, like Gecko) Chrome/151.0.7922.173 Mobile Safari/537.36 (compatible; Googlebot/2.1; +http://www.google.com/bot.html)" www.floresyfloresarmenia.com 10.53.129.184
74.7.242.53 - - [30/Aug/2026:07:21:58 -0500] "GET /item-627070607161632880913.html HTTP/2.0" 404 28432 "https://floresyfloresarmenia.com/epigastricalwzt.xml" "Mozilla/5.0 AppleWebKit/537.36 (KHTML, like Gecko; compatible; GPTBot/1.4; +https://openai.com/gptbot)" floresyfloresarmenia.com 10.53.129.184
65.21.44.205 - - [30/Aug/2026:07:22:04 -0500] "GET /product/rosas-fresas/ HTTP/1.1" 200 41932 "-" "Mozilla/5.0 (compatible; AwarioBot/1.0; +https://awario.com/bots.html)" floresyfloresarmenia.com 10.53.129.184
66.249.73.101 - - [30/Aug/2026:07:22:09 -0500] "GET /?item-646760666361614706311.html HTTP/1.1" 200 46027 "-" "Mozilla/5.0 (Linux; Android 6.0.1; Nexus 5X Build/MMB29P) AppleWebKit/537.36 (KHTML, like Gecko) Chrome/151.0.7922.173 Mobile Safari/537.36 (compatible; Googlebot/2.1; +http://www.google.com/bot.html)" floresyfloresarmenia.com 10.53.129.184
66.249.73.101 - - [30/Aug/2026:07:22:12 -0500] "GET /?item-627161656464602915440.htmlm HTTP/1.1" 200 45784 "-" "Mozilla/5.0 (Linux; Android 6.0.1; Nexus 5X Build/MMB29P) AppleWebKit/537.36 (KHTML, like Gecko) Chrome/151.0.7922.173 Mobile Safari/537.36 (compatible; GoogleOther)" floresyfloresarmenia.com 10.53.129.184
60.79.182.218 - - [30/Aug/2026:07:22:13 -0500] "GET /?item-627165616767642951774.html HTTP/2.0" 200 - "https://search.yahoo.co.jp/" "Mozilla/5.0 (iPhone; CPU iPhone OS 18_7 like Mac OS X) AppleWebKit/605.1.15 (KHTML, like Gecko) Version/26.6 Mobile/15E148 Safari/604.1" floresyfloresarmenia.com 10.53.129.184
65.21.44.205 - - [30/Aug/2026:07:22:14 -0500] "GET /product/rosas-rosa/ HTTP/1.1" 200 38785 "-" "Mozilla/5.0 (compatible; AwarioBot/1.0; +https://awario.com/bots.html)" floresyfloresarmenia.com 10.53.129.184
60.79.182.218 - - [30/Aug/2026:07:22:16 -0500] "GET /?item-627165616767642951774.html HTTP/2.0" 200 - "https://search.yahoo.co.jp/" "Mozilla/5.0 (iPhone; CPU iPhone OS 18_7 like Mac OS X) AppleWebKit/605.1.15 (KHTML, like Gecko) Version/26.6 Mobile/15E148 Safari/604.1" floresyfloresarmenia.com 10.53.129.184
74.7.242.53 - - [30/Aug/2026:07:22:18 -0500] "GET /item-626470706362712488329.html HTTP/2.0" 404 28432 "https://floresyfloresarmenia.com/epigastricalwzt.xml" "Mozilla/5.0 AppleWebKit/537.36 (KHTML, like Gecko; compatible; GPTBot/1.4; +https://openai.com/gptbot)" floresyfloresarmenia.com 10.53.129.184
60.79.182.218 - - [30/Aug/2026:07:22:19 -0500] "GET /?item-627165616767642951774.html HTTP/2.0" 200 - "https://search.yahoo.co.jp/" "Mozilla/5.0 (iPhone; CPU iPhone OS 18_7 like Mac OS X) AppleWebKit/605.1.15 (KHTML, like Gecko) Version/26.6 Mobile/15E148 Safari/604.1" floresyfloresarmenia.com 10.53.129.184
66.249.73.99 - - [30/Aug/2026:07:22:19 -0500] "GET /?item-657066616170655861185.html HTTP/1.1" 200 44962 "-" "Mozilla/5.0 (Linux; Android 6.0.1; Nexus 5X Build/MMB29P) AppleWebKit/537.36 (KHTML, like Gecko) Chrome/151.0.7922.173 Mobile Safari/537.36 (compatible; Googlebot/2.1; +http://www.google.com/bot.html)" floresyfloresarmenia.com 10.53.129.184
66.249.73.99 - - [30/Aug/2026:07:22:23 -0500] "GET /?item-647161716566634919563.html HTTP/1.1" 200 47081 "-" "Mozilla/5.0 (Linux; Android 6.0.1; Nexus 5X Build/MMB29P) AppleWebKit/537.36 (KHTML, like Gecko) Chrome/151.0.7922.173 Mobile Safari/537.36 (compatible; Googlebot/2.1; +http://www.google.com/bot.html)" floresyfloresarmenia.com 10.53.129.184
65.21.44.205 - - [30/Aug/2026:07:22:24 -0500] "GET /product/rosas-ternura/ HTTP/1.1" 200 41825 "-" "Mozilla/5.0 (compatible; AwarioBot/1.0; +https://awario.com/bots.html)" floresyfloresarmenia.com 10.53.129.184
66.249.73.99 - - [30/Aug/2026:07:22:24 -0500] "GET /?item-636563607164643530944.html HTTP/1.1" 200 47930 "-" "Mozilla/5.0 (Linux; Android 6.0.1; Nexus 5X Build/MMB29P) AppleWebKit/537.36 (KHTML, like Gecko) Chrome/151.0.7922.173 Mobile Safari/537.36 (compatible; Googlebot/2.1; +http://www.google.com/bot.html)" floresyfloresarmenia.com 10.53.129.184
60.79.182.218 - - [30/Aug/2026:07:22:28 -0500] "GET /?item-627165616767642951774.html HTTP/2.0" 200 657 "https://search.yahoo.co.jp/" "Mozilla/5.0 (iPhone; CPU iPhone OS 18_7 like Mac OS X) AppleWebKit/605.1.15 (KHTML, like Gecko) Version/26.6 Mobile/15E148 Safari/604.1" floresyfloresarmenia.com 10.53.129.184
57.141.22.46 - - [30/Aug/2026:07:22:30 -0500] "GET /jugar-ruleta-gratis-casino-argentino/ HTTP/2.0" 200 46270 "-" "Mozilla/5.0 (Macintosh; Intel Mac OS X 10_15_7) AppleWebKit/537.36 (KHTML, like Gecko) Chrome/145.0.0.0 Safari/537.36 (compatible; meta-externalagent/1.1 (+https://developers.facebook.com/docs/sharing/webmasters/crawler))" floresyfloresarmenia.com 10.53.129.184
66.249.73.165 - - [30/Aug/2026:07:22:34 -0500] "GET /item-636365676362653357325.html HTTP/1.1" 200 46259 "-" "Mozilla/5.0 (Linux; Android 6.0.1; Nexus 5X Build/MMB29P) AppleWebKit/537.36 (KHTML, like Gecko) Chrome/151.0.7922.173 Mobile Safari/537.36 (compatible; Googlebot/2.1; +http://www.google.com/bot.html)" www.floresyfloresarmenia.com 10.53.129.184
69.6.233.64 - - [30/Aug/2026:07:22:35 -0500] "POST /wp-cron.php?doing_wp_cron=1788092555.1949698925018310546875 HTTP/1.1" 200 - "-" "WordPress/7.1; https://floresyfloresarmenia.com" floresyfloresarmenia.com 10.53.129.184
74.7.242.53 - - [30/Aug/2026:07:22:38 -0500] "GET /item-636567707164643578944.html HTTP/2.0" 404 28432 "https://floresyfloresarmenia.com/foraramensbqy.xml" "Mozilla/5.0 AppleWebKit/537.36 (KHTML, like Gecko; compatible; GPTBot/1.4; +https://openai.com/gptbot)" floresyfloresarmenia.com 10.53.129.184
65.21.44.205 - - [30/Aug/2026:07:22:38 -0500] "GET /product/sendero-de-amor/ HTTP/1.1" 200 41794 "-" "Mozilla/5.0 (compatible; AwarioBot/1.0; +https://awario.com/bots.html)" floresyfloresarmenia.com 10.53.129.184
66.249.73.99 - - [30/Aug/2026:07:22:47 -0500] "GET /?item-627162636362622923322.html HTTP/1.1" 200 52199 "-" "Mozilla/5.0 (Linux; Android 6.0.1; Nexus 5X Build/MMB29P) AppleWebKit/537.36 (KHTML, like Gecko) Chrome/151.0.7922.173 Mobile Safari/537.36 (compatible; Googlebot/2.1; +http://www.google.com/bot.html)" floresyfloresarmenia.com 10.53.129.184
66.249.73.99 - - [30/Aug/2026:07:22:47 -0500] "GET /?item-656564636762635543723.html HTTP/1.1" 200 51401 "-" "Mozilla/5.0 (Linux; Android 6.0.1; Nexus 5X Build/MMB29P) AppleWebKit/537.36 (KHTML, like Gecko) Chrome/151.0.7922.173 Mobile Safari/537.36 (compatible; Googlebot/2.1; +http://www.google.com/bot.html)" floresyfloresarmenia.com 10.53.129.184
65.21.44.205 - - [30/Aug/2026:07:22:54 -0500] "GET /product/tradicional-2/ HTTP/1.1" 200 41467 "-" "Mozilla/5.0 (compatible; AwarioBot/1.0; +https://awario.com/bots.html)" floresyfloresarmenia.com 10.53.129.184
66.249.73.99 - - [30/Aug/2026:07:22:58 -0500] "GET /?item-646164666070704146088.html HTTP/1.1" 200 46490 "-" "Mozilla/5.0 (Linux; Android 6.0.1; Nexus 5X Build/MMB29P) AppleWebKit/537.36 (KHTML, like Gecko) Chrome/151.0.7922.173 Mobile Safari/537.36 (compatible; Googlebot/2.1; +http://www.google.com/bot.html)" floresyfloresarmenia.com 10.53.129.184
74.7.242.53 - - [30/Aug/2026:07:22:58 -0500] "GET /item-656166637064705163848.html HTTP/2.0" 404 28432 "https://floresyfloresarmenia.com/foraramensbqy.xml" "Mozilla/5.0 AppleWebKit/537.36 (KHTML, like Gecko; compatible; GPTBot/1.4; +https://openai.com/gptbot)" floresyfloresarmenia.com 10.53.129.184
66.249.73.99 - - [30/Aug/2026:07:23:01 -0500] "GET /?item-626662656266672625267.html HTTP/1.1" 200 45348 "-" "Mozilla/5.0 (Linux; Android 6.0.1; Nexus 5X Build/MMB29P) AppleWebKit/537.36 (KHTML, like Gecko) Chrome/151.0.7922.173 Mobile Safari/537.36 (compatible; Googlebot/2.1; +http://www.google.com/bot.html)" floresyfloresarmenia.com 10.53.129.184
65.21.44.205 - - [30/Aug/2026:07:23:06 -0500] "GET /product/tradicional/ HTTP/1.1" 200 41726 "-" "Mozilla/5.0 (compatible; AwarioBot/1.0; +https://awario.com/bots.html)" floresyfloresarmenia.com 10.53.129.184
74.7.242.53 - - [30/Aug/2026:07:23:18 -0500] "GET /item-646366607062714360829.html HTTP/2.0" 404 28432 "https://floresyfloresarmenia.com/refederalizejlh.xml" "Mozilla/5.0 AppleWebKit/537.36 (KHTML, like Gecko; compatible; GPTBot/1.4; +https://openai.com/gptbot)" floresyfloresarmenia.com 10.53.129.184
