69.6.233.64 - - [30/Aug/2026:10:45:34 -0500] "POST /wp-cron.php?doing_wp_cron=1788104733.9638810157775878906250 HTTP/1.1" 200 - "-" "WordPress/7.1; https://floresyfloresarmenia.com" floresyfloresarmenia.com 10.53.129.184
74.7.242.53 - - [30/Aug/2026:10:45:23 -0500] "GET /item-626370657163662385936.html HTTP/2.0" 404 28432 "https://floresyfloresarmenia.com/grecojbu.xml" "Mozilla/5.0 AppleWebKit/537.36 (KHTML, like Gecko; compatible; GPTBot/1.4; +https://openai.com/gptbot)" floresyfloresarmenia.com 10.53.129.184
57.141.22.36 - - [30/Aug/2026:10:45:28 -0500] "GET /casinos-online-descargar-gratis/ HTTP/2.0" 200 48368 "-" "Mozilla/5.0 (Macintosh; Intel Mac OS X 10_15_7) AppleWebKit/537.36 (KHTML, like Gecko) Chrome/145.0.0.0 Safari/537.36 (compatible; meta-externalagent/1.1 (+https://developers.facebook.com/docs/sharing/webmasters/crawler))" floresyfloresarmenia.com 10.53.129.184
66.249.73.99 - - [30/Aug/2026:10:45:45 -0500] "GET /?item-646663666761644636714.html HTTP/1.1" 200 48440 "-" "Mozilla/5.0 (Linux; Android 6.0.1; Nexus 5X Build/MMB29P) AppleWebKit/537.36 (KHTML, like Gecko) Chrome/151.0.7922.173 Mobile Safari/537.36 (compatible; Googlebot/2.1; +http://www.google.com/bot.html)" floresyfloresarmenia.com 10.53.129.184
57.141.22.48 - - [30/Aug/2026:10:45:41 -0500] "GET /casino-online-bono-sin-deposito/ HTTP/2.0" 200 47622 "-" "Mozilla/5.0 (Macintosh; Intel Mac OS X 10_15_7) AppleWebKit/537.36 (KHTML, like Gecko) Chrome/145.0.0.0 Safari/537.36 (compatible; meta-externalagent/1.1 (+https://developers.facebook.com/docs/sharing/webmasters/crawler))" floresyfloresarmenia.com 10.53.129.184
66.249.73.99 - - [30/Aug/2026:10:45:48 -0500] "GET /?item-646070656560704085508.html HTTP/1.1" 200 46011 "-" "Mozilla/5.0 (Linux; Android 6.0.1; Nexus 5X Build/MMB29P) AppleWebKit/537.36 (KHTML, like Gecko) Chrome/151.0.7922.173 Mobile Safari/537.36 (compatible; Googlebot/2.1; +http://www.google.com/bot.html)" floresyfloresarmenia.com 10.53.129.184
74.7.242.53 - - [30/Aug/2026:10:45:43 -0500] "GET /item-646264706761654248715.html HTTP/2.0" 404 28432 "https://floresyfloresarmenia.com/intermitshsc.xml" "Mozilla/5.0 AppleWebKit/537.36 (KHTML, like Gecko; compatible; GPTBot/1.4; +https://openai.com/gptbot)" floresyfloresarmenia.com 10.53.129.184
66.249.73.99 - - [30/Aug/2026:10:45:59 -0500] "GET /?item-656664676370675647387.html HTTP/1.1" 200 45138 "-" "Mozilla/5.0 (Linux; Android 6.0.1; Nexus 5X Build/MMB29P) AppleWebKit/537.36 (KHTML, like Gecko) Chrome/151.0.7922.173 Mobile Safari/537.36 (compatible; Googlebot/2.1; +http://www.google.com/bot.html)" floresyfloresarmenia.com 10.53.129.184
57.141.22.2 - - [30/Aug/2026:10:45:57 -0500] "GET /minimo-para-depositar-en-casino-online/ HTTP/2.0" 200 48908 "-" "Mozilla/5.0 (Windows NT 10.0; Win64; x64) AppleWebKit/537.36 (KHTML, like Gecko) Chrome/145.0.0.0 Safari/537.36 (compatible; meta-externalagent/1.1 (+https://developers.facebook.com/docs/sharing/webmasters/crawler))" floresyfloresarmenia.com 10.53.129.184
66.249.73.99 - - [30/Aug/2026:10:46:11 -0500] "GET /?item-646462627062664422826.html HTTP/1.1" 200 44528 "-" "Mozilla/5.0 (Linux; Android 6.0.1; Nexus 5X Build/MMB29P) AppleWebKit/537.36 (KHTML, like Gecko) Chrome/151.0.7922.173 Mobile Safari/537.36 (compatible; Googlebot/2.1; +http://www.google.com/bot.html)" floresyfloresarmenia.com 10.53.129.184
74.7.242.53 - - [30/Aug/2026:10:46:03 -0500] "GET /item-656362646371715324399.html HTTP/2.0" 404 28432 "https://floresyfloresarmenia.com/halfwittednesswzp.xml" "Mozilla/5.0 AppleWebKit/537.36 (KHTML, like Gecko; compatible; GPTBot/1.4; +https://openai.com/gptbot)" floresyfloresarmenia.com 10.53.129.184
66.249.73.99 - - [30/Aug/2026:10:46:17 -0500] "GET /?item-646571656365614595351.html HTTP/1.1" 200 51651 "-" "Mozilla/5.0 (Linux; Android 6.0.1; Nexus 5X Build/MMB29P) AppleWebKit/537.36 (KHTML, like Gecko) Chrome/151.0.7922.173 Mobile Safari/537.36 (compatible; Googlebot/2.1; +http://www.google.com/bot.html)" floresyfloresarmenia.com 10.53.129.184
66.249.73.99 - - [30/Aug/2026:10:46:18 -0500] "GET /?item-646367606664644370644.html HTTP/1.1" 200 48179 "-" "Mozilla/5.0 (Linux; Android 6.0.1; Nexus 5X Build/MMB29P) AppleWebKit/537.36 (KHTML, like Gecko) Chrome/151.0.7922.173 Mobile Safari/537.36 (compatible; Googlebot/2.1; +http://www.google.com/bot.html)" floresyfloresarmenia.com 10.53.129.184
66.249.73.99 - - [30/Aug/2026:10:46:19 -0500] "GET /?item-627165716365652959355.html HTTP/1.1" 200 45626 "-" "Mozilla/5.0 (Linux; Android 6.0.1; Nexus 5X Build/MMB29P) AppleWebKit/537.36 (KHTML, like Gecko) Chrome/151.0.7922.173 Mobile Safari/537.36 (compatible; Googlebot/2.1; +http://www.google.com/bot.html)" floresyfloresarmenia.com 10.53.129.184
66.249.73.99 - - [30/Aug/2026:10:46:19 -0500] "GET /?item-627064646660612844601.html HTTP/1.1" 200 47239 "-" "Mozilla/5.0 (Linux; Android 6.0.1; Nexus 5X Build/MMB29P) AppleWebKit/537.36 (KHTML, like Gecko) Chrome/151.0.7922.173 Mobile Safari/537.36 (compatible; Googlebot/2.1; +http://www.google.com/bot.html)" floresyfloresarmenia.com 10.53.129.184
66.249.73.99 - - [30/Aug/2026:10:46:21 -0500] "GET /?item-656067667170655076985.html HTTP/1.1" 200 45305 "-" "Mozilla/5.0 (Linux; Android 6.0.1; Nexus 5X Build/MMB29P) AppleWebKit/537.36 (KHTML, like Gecko) Chrome/151.0.7922.173 Mobile Safari/537.36 (compatible; Googlebot/2.1; +http://www.google.com/bot.html)" floresyfloresarmenia.com 10.53.129.184
66.249.73.99 - - [30/Aug/2026:10:46:29 -0500] "GET /?item-646470677163624487932.html HTTP/1.1" 200 44975 "-" "Mozilla/5.0 (Linux; Android 6.0.1; Nexus 5X Build/MMB29P) AppleWebKit/537.36 (KHTML, like Gecko) Chrome/151.0.7922.173 Mobile Safari/537.36 (compatible; Googlebot/2.1; +http://www.google.com/bot.html)" floresyfloresarmenia.com 10.53.129.184
69.6.233.64 - - [30/Aug/2026:10:46:32 -0500] "POST /wp-cron.php?doing_wp_cron=1788104792.0028541088104248046875 HTTP/1.1" 200 - "-" "WordPress/7.1; https://floresyfloresarmenia.com" floresyfloresarmenia.com 10.53.129.184
74.7.242.53 - - [30/Aug/2026:10:46:23 -0500] "GET /item-646263716470634239483.html HTTP/2.0" 404 28432 "https://floresyfloresarmenia.com/halfwittednesswzp.xml" "Mozilla/5.0 AppleWebKit/537.36 (KHTML, like Gecko; compatible; GPTBot/1.4; +https://openai.com/gptbot)" floresyfloresarmenia.com 10.53.129.184
66.249.73.99 - - [30/Aug/2026:10:46:31 -0500] "GET /?item-646760716565654709555.html HTTP/1.1" 200 50156 "-" "Mozilla/5.0 (Linux; Android 6.0.1; Nexus 5X Build/MMB29P) AppleWebKit/537.36 (KHTML, like Gecko) Chrome/151.0.7922.173 Mobile Safari/537.36 (compatible; Googlebot/2.1; +http://www.google.com/bot.html)" floresyfloresarmenia.com 10.53.129.184
66.249.73.99 - - [30/Aug/2026:10:46:34 -0500] "GET /?item-626262656760662225706.html HTTP/1.1" 200 52137 "-" "Mozilla/5.0 (Linux; Android 6.0.1; Nexus 5X Build/MMB29P) AppleWebKit/537.36 (KHTML, like Gecko) Chrome/151.0.7922.173 Mobile Safari/537.36 (compatible; Googlebot/2.1; +http://www.google.com/bot.html)" floresyfloresarmenia.com 10.53.129.184
66.249.73.166 - - [30/Aug/2026:10:46:41 -0500] "GET /item-636064647060713044809.html HTTP/1.1" 200 46216 "-" "Mozilla/5.0 (Linux; Android 6.0.1; Nexus 5X Build/MMB29P) AppleWebKit/537.36 (KHTML, like Gecko) Chrome/151.0.7922.173 Mobile Safari/537.36 (compatible; Googlebot/2.1; +http://www.google.com/bot.html)" www.floresyfloresarmenia.com 10.53.129.184
66.249.73.99 - - [30/Aug/2026:10:46:42 -0500] "GET /?item-656262626765655222755.html HTTP/1.1" 200 49916 "-" "Mozilla/5.0 (Linux; Android 6.0.1; Nexus 5X Build/MMB29P) AppleWebKit/537.36 (KHTML, like Gecko) Chrome/151.0.7922.173 Mobile Safari/537.36 (compatible; Googlebot/2.1; +http://www.google.com/bot.html)" floresyfloresarmenia.com 10.53.129.184
57.141.22.50 - - [30/Aug/2026:10:46:43 -0500] "GET /dados-en-vivo-con-visa/ HTTP/2.0" 200 47501 "-" "Mozilla/5.0 (Windows NT 10.0; Win64; x64) AppleWebKit/537.36 (KHTML, like Gecko) Chrome/145.0.0.0 Safari/537.36 (compatible; meta-externalagent/1.1 (+https://developers.facebook.com/docs/sharing/webmasters/crawler))" floresyfloresarmenia.com 10.53.129.184
74.7.242.53 - - [30/Aug/2026:10:46:43 -0500] "GET /item-646570636371664583396.html HTTP/2.0" 404 28432 "https://floresyfloresarmenia.com/epigastricalwzt.xml" "Mozilla/5.0 AppleWebKit/537.36 (KHTML, like Gecko; compatible; GPTBot/1.4; +https://openai.com/gptbot)" floresyfloresarmenia.com 10.53.129.184
66.249.73.100 - - [30/Aug/2026:10:46:55 -0500] "GET /?item-636264616566643241564.html HTTP/1.1" 200 44786 "-" "Mozilla/5.0 (Linux; Android 6.0.1; Nexus 5X Build/MMB29P) AppleWebKit/537.36 (KHTML, like Gecko) Chrome/151.0.7922.173 Mobile Safari/537.36 (compatible; Googlebot/2.1; +http://www.google.com/bot.html)" floresyfloresarmenia.com 10.53.129.184
57.141.22.88 - - [30/Aug/2026:10:46:52 -0500] "GET /jugar-tragamonedas-con-cripto/ HTTP/2.0" 200 48214 "-" "Mozilla/5.0 (Macintosh; Intel Mac OS X 10_15_7) AppleWebKit/537.36 (KHTML, like Gecko) Chrome/145.0.0.0 Safari/537.36 (compatible; meta-externalagent/1.1 (+https://developers.facebook.com/docs/sharing/webmasters/crawler))" floresyfloresarmenia.com 10.53.129.184
50.6.137.53 - - [30/Aug/2026:10:47:02 -0500] "GET /wp-login.php HTTP/2.0" 409 83 "-" "50.6.137.53" www.floresyfloresarmenia.com.floresyfloresibague.com 10.53.129.184
50.6.137.53 - - [30/Aug/2026:10:47:03 -0500] "POST /wp-login.php HTTP/2.0" 409 83 "https://www.floresyfloresarmenia.com.floresyfloresibague.com/wp-login.php" "50.6.137.53" www.floresyfloresarmenia.com.floresyfloresibague.com 10.53.129.184
66.249.73.99 - - [30/Aug/2026:10:47:00 -0500] "GET /?item-646665707164604658940.html HTTP/1.1" 200 48160 "-" "Mozilla/5.0 (Linux; Android 6.0.1; Nexus 5X Build/MMB29P) AppleWebKit/537.36 (KHTML, like Gecko) Chrome/151.0.7922.173 Mobile Safari/537.36 (compatible; Googlebot/2.1; +http://www.google.com/bot.html)" floresyfloresarmenia.com 10.53.129.184
66.249.73.100 - - [30/Aug/2026:10:47:04 -0500] "GET /?item-656571626060715592009.html HTTP/1.1" 200 46738 "-" "Mozilla/5.0 (Linux; Android 6.0.1; Nexus 5X Build/MMB29P) AppleWebKit/537.36 (KHTML, like Gecko) Chrome/151.0.7922.173 Mobile Safari/537.36 (compatible; Googlebot/2.1; +http://www.google.com/bot.html)" floresyfloresarmenia.com 10.53.129.184
74.7.242.53 - - [30/Aug/2026:10:47:03 -0500] "GET /item-637062717161703829918.html HTTP/2.0" 404 28432 "https://floresyfloresarmenia.com/bucketeerzaj.xml" "Mozilla/5.0 AppleWebKit/537.36 (KHTML, like Gecko; compatible; GPTBot/1.4; +https://openai.com/gptbot)" floresyfloresarmenia.com 10.53.129.184
66.249.73.100 - - [30/Aug/2026:10:47:18 -0500] "GET /?item-636663627160603632900.html HTTP/1.1" 200 46391 "-" "Mozilla/5.0 (Linux; Android 6.0.1; Nexus 5X Build/MMB29P) AppleWebKit/537.36 (KHTML, like Gecko) Chrome/151.0.7922.173 Mobile Safari/537.36 (compatible; Googlebot/2.1; +http://www.google.com/bot.html)" floresyfloresarmenia.com 10.53.129.184
66.249.73.100 - - [30/Aug/2026:10:47:20 -0500] "GET /?item-636460616466603401460.html HTTP/1.1" 200 52275 "-" "Mozilla/5.0 (Linux; Android 6.0.1; Nexus 5X Build/MMB29P) AppleWebKit/537.36 (KHTML, like Gecko) Chrome/151.0.7922.173 Mobile Safari/537.36 (compatible; Googlebot/2.1; +http://www.google.com/bot.html)" floresyfloresarmenia.com 10.53.129.184
66.249.73.99 - - [30/Aug/2026:10:47:22 -0500] "GET /?item-626666626663702662638.html HTTP/1.1" 200 45036 "-" "Mozilla/5.0 (Linux; Android 6.0.1; Nexus 5X Build/MMB29P) AppleWebKit/537.36 (KHTML, like Gecko) Chrome/151.0.7922.173 Mobile Safari/537.36 (compatible; Googlebot/2.1; +http://www.google.com/bot.html)" floresyfloresarmenia.com 10.53.129.184
66.249.73.99 - - [30/Aug/2026:10:47:24 -0500] "GET /?item-656766676367655767375.html HTTP/1.1" 200 50543 "-" "Mozilla/5.0 (Linux; Android 6.0.1; Nexus 5X Build/MMB29P) AppleWebKit/537.36 (KHTML, like Gecko) Chrome/151.0.7922.173 Mobile Safari/537.36 (compatible; Googlebot/2.1; +http://www.google.com/bot.html)" floresyfloresarmenia.com 10.53.129.184
74.7.242.53 - - [30/Aug/2026:10:47:23 -0500] "GET /item-636570716270613589281.html HTTP/2.0" 404 28432 "https://floresyfloresarmenia.com/refederalizejlh.xml" "Mozilla/5.0 AppleWebKit/537.36 (KHTML, like Gecko; compatible; GPTBot/1.4; +https://openai.com/gptbot)" floresyfloresarmenia.com 10.53.129.184
69.6.233.64 - - [30/Aug/2026:10:47:37 -0500] "POST /wp-cron.php?doing_wp_cron=1788104857.0901908874511718750000 HTTP/1.1" 200 - "-" "WordPress/7.1; https://floresyfloresarmenia.com" floresyfloresarmenia.com 10.53.129.184
57.141.22.9 - - [30/Aug/2026:10:47:31 -0500] "GET /product/bouquet-de-amor/ HTTP/2.0" 200 41726 "-" "Mozilla/5.0 (Macintosh; Intel Mac OS X 10_15_7) AppleWebKit/537.36 (KHTML, like Gecko) Chrome/145.0.0.0 Safari/537.36 (compatible; meta-externalagent/1.1 (+https://developers.facebook.com/docs/sharing/webmasters/crawler))" floresyfloresarmenia.com 10.53.129.184
66.249.73.99 - - [30/Aug/2026:10:47:37 -0500] "GET /?item-636171616367673191377.html HTTP/1.1" 200 47203 "-" "Mozilla/5.0 (Linux; Android 6.0.1; Nexus 5X Build/MMB29P) AppleWebKit/537.36 (KHTML, like Gecko) Chrome/151.0.7922.173 Mobile Safari/537.36 (compatible; Googlebot/2.1; +http://www.google.com/bot.html)" floresyfloresarmenia.com 10.53.129.184
66.249.73.99 - - [30/Aug/2026:10:47:42 -0500] "GET /?item-636464656467603445470.html HTTP/1.1" 200 49549 "-" "Mozilla/5.0 (Linux; Android 6.0.1; Nexus 5X Build/MMB29P) AppleWebKit/537.36 (KHTML, like Gecko) Chrome/151.0.7922.173 Mobile Safari/537.36 (compatible; Googlebot/2.1; +http://www.google.com/bot.html)" floresyfloresarmenia.com 10.53.129.184
57.141.12.19 - - [30/Aug/2026:10:47:39 -0500] "GET / HTTP/2.0" 200 56966 "-" "facebookexternalhit/1.1 (+http://www.facebook.com/externalhit_uatext.php)" floresyfloresarmenia.com 10.53.129.184
66.249.73.99 - - [30/Aug/2026:10:47:44 -0500] "GET /?item-646563636267714533279.html HTTP/1.1" 200 45708 "-" "Mozilla/5.0 (Linux; Android 6.0.1; Nexus 5X Build/MMB29P) AppleWebKit/537.36 (KHTML, like Gecko) Chrome/151.0.7922.173 Mobile Safari/537.36 (compatible; Googlebot/2.1; +http://www.google.com/bot.html)" floresyfloresarmenia.com 10.53.129.184
74.7.242.53 - - [30/Aug/2026:10:47:43 -0500] "GET /item-636165676770623157782.html HTTP/2.0" 404 28432 "https://floresyfloresarmenia.com/brachmanrth.xml" "Mozilla/5.0 AppleWebKit/537.36 (KHTML, like Gecko; compatible; GPTBot/1.4; +https://openai.com/gptbot)" floresyfloresarmenia.com 10.53.129.184
57.141.22.17 - - [30/Aug/2026:10:47:43 -0500] "GET /tikitaka-casino-bono-sin-deposito-codigo-exclusivo-2026/ HTTP/2.0" 200 47532 "-" "Mozilla/5.0 (Windows NT 10.0; Win64; x64) AppleWebKit/537.36 (KHTML, like Gecko) Chrome/145.0.0.0 Safari/537.36 (compatible; meta-externalagent/1.1 (+https://developers.facebook.com/docs/sharing/webmasters/crawler))" floresyfloresarmenia.com 10.53.129.184
66.249.73.100 - - [30/Aug/2026:10:47:52 -0500] "GET /?item-646564707161614548911.html HTTP/1.1" 200 44898 "-" "Mozilla/5.0 (Linux; Android 6.0.1; Nexus 5X Build/MMB29P) AppleWebKit/537.36 (KHTML, like Gecko) Chrome/151.0.7922.173 Mobile Safari/537.36 (compatible; Googlebot/2.1; +http://www.google.com/bot.html)" floresyfloresarmenia.com 10.53.129.184
66.249.73.99 - - [30/Aug/2026:10:47:54 -0500] "GET /?item-656461716470655419485.html HTTP/1.1" 200 50332 "-" "Mozilla/5.0 (Linux; Android 6.0.1; Nexus 5X Build/MMB29P) AppleWebKit/537.36 (KHTML, like Gecko) Chrome/151.0.7922.173 Mobile Safari/537.36 (compatible; Googlebot/2.1; +http://www.google.com/bot.html)" floresyfloresarmenia.com 10.53.129.184
66.249.73.99 - - [30/Aug/2026:10:47:56 -0500] "GET /?item-656471716060645499004.html HTTP/1.1" 200 44693 "-" "Mozilla/5.0 (Linux; Android 6.0.1; Nexus 5X Build/MMB29P) AppleWebKit/537.36 (KHTML, like Gecko) Chrome/151.0.7922.173 Mobile Safari/537.36 (compatible; Googlebot/2.1; +http://www.google.com/bot.html)" floresyfloresarmenia.com 10.53.129.184
66.249.73.99 - - [30/Aug/2026:10:47:57 -0500] "GET /?item-626570646461602584410.html HTTP/1.1" 200 51337 "-" "Mozilla/5.0 (Linux; Android 6.0.1; Nexus 5X Build/MMB29P) AppleWebKit/537.36 (KHTML, like Gecko) Chrome/151.0.7922.173 Mobile Safari/537.36 (compatible; Googlebot/2.1; +http://www.google.com/bot.html)" floresyfloresarmenia.com 10.53.129.184
103.74.132.8 - - [30/Aug/2026:10:47:53 -0500] "GET /product/ramo-burbuja/ HTTP/2.0" 200 41821 "-" "Mozilla/5.0 (Linux; Android 15; CPH2653) AppleWebKit/537.36 (KHTML, like Gecko) Chrome/149.0.0.0 Mobile Safari/537.36" floresyfloresarmenia.com 10.53.129.184
103.74.132.8 - - [30/Aug/2026:10:48:02 -0500] "GET /wp-content/plugins/woocommerce/assets/client/blocks/wc-blocks.css?ver=wc-10.3.7 HTTP/2.0" 200 3314 "https://floresyfloresarmenia.com/product/ramo-burbuja/" "Mozilla/5.0 (Linux; Android 15; CPH2653) AppleWebKit/537.36 (KHTML, like Gecko) Chrome/149.0.0.0 Mobile Safari/537.36" floresyfloresarmenia.com 10.53.129.184
103.74.132.8 - - [30/Aug/2026:10:48:02 -0500] "GET /wp-content/plugins/woocommerce/assets/css/photoswipe/photoswipe.min.css?ver=10.3.7 HTTP/2.0" 200 1150 "https://floresyfloresarmenia.com/product/ramo-burbuja/" "Mozilla/5.0 (Linux; Android 15; CPH2653) AppleWebKit/537.36 (KHTML, like Gecko) Chrome/149.0.0.0 Mobile Safari/537.36" floresyfloresarmenia.com 10.53.129.184
103.74.132.8 - - [30/Aug/2026:10:48:02 -0500] "GET /wp-content/plugins/woocommerce/assets/css/photoswipe/default-skin/default-skin.min.css?ver=10.3.7 HTTP/2.0" 200 2352 "https://floresyfloresarmenia.com/product/ramo-burbuja/" "Mozilla/5.0 (Linux; Android 15; CPH2653) AppleWebKit/537.36 (KHTML, like Gecko) Chrome/149.0.0.0 Mobile Safari/537.36" floresyfloresarmenia.com 10.53.129.184
103.74.132.8 - - [30/Aug/2026:10:48:02 -0500] "GET /wp-content/plugins/woocommerce/assets/css/brands.css?ver=10.3.7 HTTP/2.0" 200 750 "https://floresyfloresarmenia.com/product/ramo-burbuja/" "Mozilla/5.0 (Linux; Android 15; CPH2653) AppleWebKit/537.36 (KHTML, like Gecko) Chrome/149.0.0.0 Mobile Safari/537.36" floresyfloresarmenia.com 10.53.129.184
103.74.132.8 - - [30/Aug/2026:10:48:02 -0500] "GET /wp-content/themes/flatsome/assets/css/flatsome-shop.css?ver=3.20.1 HTTP/2.0" 200 10364 "https://floresyfloresarmenia.com/product/ramo-burbuja/" "Mozilla/5.0 (Linux; Android 15; CPH2653) AppleWebKit/537.36 (KHTML, like Gecko) Chrome/149.0.0.0 Mobile Safari/537.36" floresyfloresarmenia.com 10.53.129.184
103.74.132.8 - - [30/Aug/2026:10:48:02 -0500] "GET /wp-content/themes/flatsome/assets/css/flatsome.css?ver=3.20.1 HTTP/2.0" 200 44565 "https://floresyfloresarmenia.com/product/ramo-burbuja/" "Mozilla/5.0 (Linux; Android 15; CPH2653) AppleWebKit/537.36 (KHTML, like Gecko) Chrome/149.0.0.0 Mobile Safari/537.36" floresyfloresarmenia.com 10.53.129.184
103.74.132.8 - - [30/Aug/2026:10:48:02 -0500] "GET /wp-content/themes/ibague/style.css?ver=3.0 HTTP/2.0" 200 209 "https://floresyfloresarmenia.com/product/ramo-burbuja/" "Mozilla/5.0 (Linux; Android 15; CPH2653) AppleWebKit/537.36 (KHTML, like Gecko) Chrome/149.0.0.0 Mobile Safari/537.36" floresyfloresarmenia.com 10.53.129.184
103.74.132.8 - - [30/Aug/2026:10:48:02 -0500] "GET /wp-includes/js/jquery/jquery.min.js?ver=3.7.1 HTTP/2.0" 200 38349 "https://floresyfloresarmenia.com/product/ramo-burbuja/" "Mozilla/5.0 (Linux; Android 15; CPH2653) AppleWebKit/537.36 (KHTML, like Gecko) Chrome/149.0.0.0 Mobile Safari/537.36" floresyfloresarmenia.com 10.53.129.184
103.74.132.8 - - [30/Aug/2026:10:48:02 -0500] "GET /wp-includes/js/jquery/jquery-migrate.min.js?ver=3.4.1 HTTP/2.0" 200 5422 "https://floresyfloresarmenia.com/product/ramo-burbuja/" "Mozilla/5.0 (Linux; Android 15; CPH2653) AppleWebKit/537.36 (KHTML, like Gecko) Chrome/149.0.0.0 Mobile Safari/537.36" floresyfloresarmenia.com 10.53.129.184
103.74.132.8 - - [30/Aug/2026:10:48:02 -0500] "GET /wp-content/plugins/woocommerce/assets/js/jquery-blockui/jquery.blockUI.min.js?ver=2.7.0-wc.10.3.7 HTTP/2.0" 200 4014 "https://floresyfloresarmenia.com/product/ramo-burbuja/" "Mozilla/5.0 (Linux; Android 15; CPH2653) AppleWebKit/537.36 (KHTML, like Gecko) Chrome/149.0.0.0 Mobile Safari/537.36" floresyfloresarmenia.com 10.53.129.184
103.74.132.8 - - [30/Aug/2026:10:48:03 -0500] "GET /wp-content/plugins/woocommerce/assets/js/js-cookie/js.cookie.min.js?ver=2.1.4-wc.10.3.7 HTTP/2.0" 200 850 "https://floresyfloresarmenia.com/product/ramo-burbuja/" "Mozilla/5.0 (Linux; Android 15; CPH2653) AppleWebKit/537.36 (KHTML, like Gecko) Chrome/149.0.0.0 Mobile Safari/537.36" floresyfloresarmenia.com 10.53.129.184
103.74.132.8 - - [30/Aug/2026:10:48:03 -0500] "GET /wp-content/plugins/creame-whatsapp-me/public/css/joinchat.min.css?ver=6.0.10 HTTP/2.0" 200 7113 "https://floresyfloresarmenia.com/product/ramo-burbuja/" "Mozilla/5.0 (Linux; Android 15; CPH2653) AppleWebKit/537.36 (KHTML, like Gecko) Chrome/149.0.0.0 Mobile Safari/537.36" floresyfloresarmenia.com 10.53.129.184
103.74.132.8 - - [30/Aug/2026:10:48:03 -0500] "GET /wp-content/uploads/2025/09/ramo-bur-400x400.png HTTP/2.0" 206 500 "https://floresyfloresarmenia.com/product/ramo-burbuja/" "Mozilla/5.0 (Linux; Android 15; CPH2653) AppleWebKit/537.36 (KHTML, like Gecko) Chrome/149.0.0.0 Mobile Safari/537.36" floresyfloresarmenia.com 10.53.129.184
103.74.132.8 - - [30/Aug/2026:10:48:03 -0500] "GET /wp-content/uploads/2025/09/logo-fusa-6-300x300.png HTTP/2.0" 206 500 "https://floresyfloresarmenia.com/product/ramo-burbuja/" "Mozilla/5.0 (Linux; Android 15; CPH2653) AppleWebKit/537.36 (KHTML, like Gecko) Chrome/149.0.0.0 Mobile Safari/537.36" floresyfloresarmenia.com 10.53.129.184
103.74.132.8 - - [30/Aug/2026:10:48:03 -0500] "GET /wp-content/uploads/2025/11/armenia_logo.webp HTTP/2.0" 206 500 "https://floresyfloresarmenia.com/product/ramo-burbuja/" "Mozilla/5.0 (Linux; Android 15; CPH2653) AppleWebKit/537.36 (KHTML, like Gecko) Chrome/149.0.0.0 Mobile Safari/537.36" floresyfloresarmenia.com 10.53.129.184
103.74.132.8 - - [30/Aug/2026:10:48:03 -0500] "GET /wp-content/uploads/2025/09/logo-fusa-4-300x300.png HTTP/2.0" 206 500 "https://floresyfloresarmenia.com/product/ramo-burbuja/" "Mozilla/5.0 (Linux; Android 15; CPH2653) AppleWebKit/537.36 (KHTML, like Gecko) Chrome/149.0.0.0 Mobile Safari/537.36" floresyfloresarmenia.com 10.53.129.184
103.74.132.8 - - [30/Aug/2026:10:48:03 -0500] "GET /wp-content/plugins/woocommerce/assets/js/frontend/woocommerce.min.js?ver=10.3.7 HTTP/2.0" 200 1573 "https://floresyfloresarmenia.com/product/ramo-burbuja/" "Mozilla/5.0 (Linux; Android 15; CPH2653) AppleWebKit/537.36 (KHTML, like Gecko) Chrome/149.0.0.0 Mobile Safari/537.36" floresyfloresarmenia.com 10.53.129.184
103.74.132.8 - - [30/Aug/2026:10:48:03 -0500] "GET /wp-content/themes/flatsome/assets/js/extensions/flatsome-live-search.js?ver=3.20.1 HTTP/2.0" 200 5904 "https://floresyfloresarmenia.com/product/ramo-burbuja/" "Mozilla/5.0 (Linux; Android 15; CPH2653) AppleWebKit/537.36 (KHTML, like Gecko) Chrome/149.0.0.0 Mobile Safari/537.36" floresyfloresarmenia.com 10.53.129.184
103.74.132.8 - - [30/Aug/2026:10:48:04 -0500] "GET /wp-content/plugins/woocommerce/assets/js/frontend/order-attribution.min.js?ver=10.3.7 HTTP/2.0" 200 1157 "https://floresyfloresarmenia.com/product/ramo-burbuja/" "Mozilla/5.0 (Linux; Android 15; CPH2653) AppleWebKit/537.36 (KHTML, like Gecko) Chrome/149.0.0.0 Mobile Safari/537.36" floresyfloresarmenia.com 10.53.129.184
103.74.132.8 - - [30/Aug/2026:10:48:04 -0500] "GET /wp-content/plugins/woocommerce/assets/js/sourcebuster/sourcebuster.min.js?ver=10.3.7 HTTP/2.0" 200 5670 "https://floresyfloresarmenia.com/product/ramo-burbuja/" "Mozilla/5.0 (Linux; Android 15; CPH2653) AppleWebKit/537.36 (KHTML, like Gecko) Chrome/149.0.0.0 Mobile Safari/537.36" floresyfloresarmenia.com 10.53.129.184
103.74.132.8 - - [30/Aug/2026:10:48:04 -0500] "GET /wp-content/themes/flatsome/assets/js/flatsome.js?ver=22889b626eb7ec03b5a4 HTTP/2.0" 200 25209 "https://floresyfloresarmenia.com/product/ramo-burbuja/" "Mozilla/5.0 (Linux; Android 15; CPH2653) AppleWebKit/537.36 (KHTML, like Gecko) Chrome/149.0.0.0 Mobile Safari/537.36" floresyfloresarmenia.com 10.53.129.184
103.74.132.8 - - [30/Aug/2026:10:48:04 -0500] "GET /wp-includes/js/hoverIntent.min.js?ver=1.10.2 HTTP/2.0" 200 707 "https://floresyfloresarmenia.com/product/ramo-burbuja/" "Mozilla/5.0 (Linux; Android 15; CPH2653) AppleWebKit/537.36 (KHTML, like Gecko) Chrome/149.0.0.0 Mobile Safari/537.36" floresyfloresarmenia.com 10.53.129.184
103.74.132.8 - - [30/Aug/2026:10:48:04 -0500] "GET /wp-includes/js/underscore.min.js?ver=1.13.8 HTTP/2.0" 200 8350 "https://floresyfloresarmenia.com/product/ramo-burbuja/" "Mozilla/5.0 (Linux; Android 15; CPH2653) AppleWebKit/537.36 (KHTML, like Gecko) Chrome/149.0.0.0 Mobile Safari/537.36" floresyfloresarmenia.com 10.53.129.184
103.74.132.8 - - [30/Aug/2026:10:48:04 -0500] "GET /wp-content/themes/flatsome/assets/js/woocommerce.js?ver=1c9be63d628ff7c3ff4c HTTP/2.0" 200 10297 "https://floresyfloresarmenia.com/product/ramo-burbuja/" "Mozilla/5.0 (Linux; Android 15; CPH2653) AppleWebKit/537.36 (KHTML, like Gecko) Chrome/149.0.0.0 Mobile Safari/537.36" floresyfloresarmenia.com 10.53.129.184
103.74.132.8 - - [30/Aug/2026:10:48:04 -0500] "GET /wp-includes/js/wp-util.min.js?ver=7.1 HTTP/2.0" 200 758 "https://floresyfloresarmenia.com/product/ramo-burbuja/" "Mozilla/5.0 (Linux; Android 15; CPH2653) AppleWebKit/537.36 (KHTML, like Gecko) Chrome/149.0.0.0 Mobile Safari/537.36" floresyfloresarmenia.com 10.53.129.184
103.74.132.8 - - [30/Aug/2026:10:48:04 -0500] "GET /wp-content/plugins/woocommerce/assets/js/frontend/add-to-cart.min.js?ver=10.3.7 HTTP/2.0" 200 1571 "https://floresyfloresarmenia.com/product/ramo-burbuja/" "Mozilla/5.0 (Linux; Android 15; CPH2653) AppleWebKit/537.36 (KHTML, like Gecko) Chrome/149.0.0.0 Mobile Safari/537.36" floresyfloresarmenia.com 10.53.129.184
103.74.132.8 - - [30/Aug/2026:10:48:04 -0500] "GET /wp-content/uploads/2025/09/fondo2.webp HTTP/2.0" 206 500 "https://floresyfloresarmenia.com/product/ramo-burbuja/" "Mozilla/5.0 (Linux; Android 15; CPH2653) AppleWebKit/537.36 (KHTML, like Gecko) Chrome/149.0.0.0 Mobile Safari/537.36" floresyfloresarmenia.com 10.53.129.184
103.74.132.8 - - [30/Aug/2026:10:48:04 -0500] "GET /wp-content/plugins/woocommerce/assets/js/photoswipe/photoswipe-ui-default.min.js?ver=4.1.1-wc.10.3.7 HTTP/2.0" 200 4279 "https://floresyfloresarmenia.com/product/ramo-burbuja/" "Mozilla/5.0 (Linux; Android 15; CPH2653) AppleWebKit/537.36 (KHTML, like Gecko) Chrome/149.0.0.0 Mobile Safari/537.36" floresyfloresarmenia.com 10.53.129.184
103.74.132.8 - - [30/Aug/2026:10:48:04 -0500] "GET /wp-content/uploads/2025/09/triangulo-24-100x100.png HTTP/2.0" 206 500 "https://floresyfloresarmenia.com/product/ramo-burbuja/" "Mozilla/5.0 (Linux; Android 15; CPH2653) AppleWebKit/537.36 (KHTML, like Gecko) Chrome/149.0.0.0 Mobile Safari/537.36" floresyfloresarmenia.com 10.53.129.184
103.74.132.8 - - [30/Aug/2026:10:48:04 -0500] "GET /wp-content/plugins/woocommerce/assets/js/frontend/single-product.min.js?ver=10.3.7 HTTP/2.0" 200 3493 "https://floresyfloresarmenia.com/product/ramo-burbuja/" "Mozilla/5.0 (Linux; Android 15; CPH2653) AppleWebKit/537.36 (KHTML, like Gecko) Chrome/149.0.0.0 Mobile Safari/537.36" floresyfloresarmenia.com 10.53.129.184
103.74.132.8 - - [30/Aug/2026:10:48:04 -0500] "GET /wp-content/plugins/woocommerce/assets/js/photoswipe/photoswipe.min.js?ver=4.1.1-wc.10.3.7 HTTP/2.0" 200 14448 "https://floresyfloresarmenia.com/product/ramo-burbuja/" "Mozilla/5.0 (Linux; Android 15; CPH2653) AppleWebKit/537.36 (KHTML, like Gecko) Chrome/149.0.0.0 Mobile Safari/537.36" floresyfloresarmenia.com 10.53.129.184
103.74.132.8 - - [30/Aug/2026:10:48:04 -0500] "GET /wp-content/uploads/2025/09/triangulo-fruta-100x100.png HTTP/2.0" 206 500 "https://floresyfloresarmenia.com/product/ramo-burbuja/" "Mozilla/5.0 (Linux; Android 15; CPH2653) AppleWebKit/537.36 (KHTML, like Gecko) Chrome/149.0.0.0 Mobile Safari/537.36" floresyfloresarmenia.com 10.53.129.184
103.74.132.8 - - [30/Aug/2026:10:48:04 -0500] "GET /wp-content/plugins/woocommerce/assets/js/frontend/add-to-cart-variation.min.js?ver=10.3.7 HTTP/2.0" 200 4946 "https://floresyfloresarmenia.com/product/ramo-burbuja/" "Mozilla/5.0 (Linux; Android 15; CPH2653) AppleWebKit/537.36 (KHTML, like Gecko) Chrome/149.0.0.0 Mobile Safari/537.36" floresyfloresarmenia.com 10.53.129.184
103.74.132.8 - - [30/Aug/2026:10:48:04 -0500] "GET /wp-content/plugins/creame-whatsapp-me/public/js/joinchat.min.js?ver=6.0.10 HTTP/2.0" 200 4040 "https://floresyfloresarmenia.com/product/ramo-burbuja/" "Mozilla/5.0 (Linux; Android 15; CPH2653) AppleWebKit/537.36 (KHTML, like Gecko) Chrome/149.0.0.0 Mobile Safari/537.36" floresyfloresarmenia.com 10.53.129.184
103.74.132.8 - - [30/Aug/2026:10:48:04 -0500] "GET /wp-content/plugins/google-site-kit/dist/assets/js/googlesitekit-events-provider-woocommerce-9717a4b16d0ac7e06633.js HTTP/2.0" 200 1190 "https://floresyfloresarmenia.com/product/ramo-burbuja/" "Mozilla/5.0 (Linux; Android 15; CPH2653) AppleWebKit/537.36 (KHTML, like Gecko) Chrome/149.0.0.0 Mobile Safari/537.36" floresyfloresarmenia.com 10.53.129.184
103.74.132.8 - - [30/Aug/2026:10:48:05 -0500] "GET /wp-content/uploads/2025/11/WARM-600x229.webp HTTP/2.0" 206 500 "https://floresyfloresarmenia.com/product/ramo-burbuja/" "Mozilla/5.0 (Linux; Android 15; CPH2653) AppleWebKit/537.36 (KHTML, like Gecko) Chrome/149.0.0.0 Mobile Safari/537.36" floresyfloresarmenia.com 10.53.129.184
103.74.132.8 - - [30/Aug/2026:10:48:05 -0500] "GET /wp-content/uploads/2025/09/pedestal-de-amor-300x300.png HTTP/2.0" 206 500 "https://floresyfloresarmenia.com/product/ramo-burbuja/" "Mozilla/5.0 (Linux; Android 15; CPH2653) AppleWebKit/537.36 (KHTML, like Gecko) Chrome/149.0.0.0 Mobile Safari/537.36" floresyfloresarmenia.com 10.53.129.184
103.74.132.8 - - [30/Aug/2026:10:48:05 -0500] "GET /wp-content/uploads/2025/09/pedestal1-300x300.png HTTP/2.0" 206 500 "https://floresyfloresarmenia.com/product/ramo-burbuja/" "Mozilla/5.0 (Linux; Android 15; CPH2653) AppleWebKit/537.36 (KHTML, like Gecko) Chrome/149.0.0.0 Mobile Safari/537.36" floresyfloresarmenia.com 10.53.129.184
103.74.132.8 - - [30/Aug/2026:10:48:05 -0500] "GET /wp-content/themes/flatsome/assets/js/chunk.slider.js?ver=3.20.1 HTTP/2.0" 200 17925 "https://floresyfloresarmenia.com/product/ramo-burbuja/" "Mozilla/5.0 (Linux; Android 15; CPH2653) AppleWebKit/537.36 (KHTML, like Gecko) Chrome/149.0.0.0 Mobile Safari/537.36" floresyfloresarmenia.com 10.53.129.184
74.7.242.53 - - [30/Aug/2026:10:48:03 -0500] "GET /item-646470706062654488025.html HTTP/2.0" 404 28431 "https://floresyfloresarmenia.com/foraramensbqy.xml" "Mozilla/5.0 AppleWebKit/537.36 (KHTML, like Gecko; compatible; GPTBot/1.4; +https://openai.com/gptbot)" floresyfloresarmenia.com 10.53.129.184
66.249.73.164 - - [30/Aug/2026:10:48:07 -0500] "GET /item-656665656262675655227.html HTTP/1.1" 200 45271 "-" "Mozilla/5.0 (Linux; Android 6.0.1; Nexus 5X Build/MMB29P) AppleWebKit/537.36 (KHTML, like Gecko) Chrome/151.0.7922.173 Mobile Safari/537.36 (compatible; Googlebot/2.1; +http://www.google.com/bot.html)" www.floresyfloresarmenia.com 10.53.129.184
66.249.73.100 - - [30/Aug/2026:10:48:13 -0500] "GET /?item-656063616466675031467.html HTTP/1.1" 200 46768 "-" "Mozilla/5.0 (Linux; Android 6.0.1; Nexus 5X Build/MMB29P) AppleWebKit/537.36 (KHTML, like Gecko) Chrome/151.0.7922.173 Mobile Safari/537.36 (compatible; Googlebot/2.1; +http://www.google.com/bot.html)" floresyfloresarmenia.com 10.53.129.184
66.249.73.101 - - [30/Aug/2026:10:48:13 -0500] "GET /?item-656265666165625256152.html HTTP/1.1" 200 52418 "-" "Mozilla/5.0 (Linux; Android 6.0.1; Nexus 5X Build/MMB29P) AppleWebKit/537.36 (KHTML, like Gecko) Chrome/151.0.7922.173 Mobile Safari/537.36 (compatible; Googlebot/2.1; +http://www.google.com/bot.html)" floresyfloresarmenia.com 10.53.129.184
66.249.73.99 - - [30/Aug/2026:10:48:16 -0500] "GET /?item-636662656370673625387.html HTTP/1.1" 200 47532 "-" "Mozilla/5.0 (Linux; Android 6.0.1; Nexus 5X Build/MMB29P) AppleWebKit/537.36 (KHTML, like Gecko) Chrome/151.0.7922.173 Mobile Safari/537.36 (compatible; Googlebot/2.1; +http://www.google.com/bot.html)" floresyfloresarmenia.com 10.53.129.184
66.249.73.100 - - [30/Aug/2026:10:48:16 -0500] "GET /?item-627167707065622978852.html HTTP/1.1" 200 52078 "-" "Mozilla/5.0 (Linux; Android 6.0.1; Nexus 5X Build/MMB29P) AppleWebKit/537.36 (KHTML, like Gecko) Chrome/151.0.7922.173 Mobile Safari/537.36 (compatible; Googlebot/2.1; +http://www.google.com/bot.html)" floresyfloresarmenia.com 10.53.129.184
66.249.73.99 - - [30/Aug/2026:10:48:17 -0500] "GET /?item-647171656470614995481.html HTTP/1.1" 200 45023 "-" "Mozilla/5.0 (Linux; Android 6.0.1; Nexus 5X Build/MMB29P) AppleWebKit/537.36 (KHTML, like Gecko) Chrome/151.0.7922.173 Mobile Safari/537.36 (compatible; Googlebot/2.1; +http://www.google.com/bot.html)" floresyfloresarmenia.com 10.53.129.184
57.141.22.42 - - [30/Aug/2026:10:48:16 -0500] "GET /casino-torrelodones/ HTTP/2.0" 200 46848 "-" "Mozilla/5.0 (Windows NT 10.0; Win64; x64) AppleWebKit/537.36 (KHTML, like Gecko) Chrome/145.0.0.0 Safari/537.36 (compatible; meta-externalagent/1.1 (+https://developers.facebook.com/docs/sharing/webmasters/crawler))" floresyfloresarmenia.com 10.53.129.184
66.249.73.99 - - [30/Aug/2026:10:48:26 -0500] "GET /?item-647161606670654910685.html HTTP/1.1" 200 48597 "-" "Mozilla/5.0 (Linux; Android 6.0.1; Nexus 5X Build/MMB29P) AppleWebKit/537.36 (KHTML, like Gecko) Chrome/151.0.7922.173 Mobile Safari/537.36 (compatible; Googlebot/2.1; +http://www.google.com/bot.html)" floresyfloresarmenia.com 10.53.129.184
69.6.233.64 - - [30/Aug/2026:10:48:29 -0500] "POST /wp-cron.php?doing_wp_cron=1788104909.1306788921356201171875 HTTP/1.1" 200 - "-" "WordPress/7.1; https://floresyfloresarmenia.com" floresyfloresarmenia.com 10.53.129.184
57.141.22.39 - - [30/Aug/2026:10:48:23 -0500] "GET /jackpot-casino-ruleta/ HTTP/2.0" 200 46471 "-" "Mozilla/5.0 (X11; Linux x86_64) AppleWebKit/537.36 (KHTML, like Gecko) Chrome/145.0.0.0 Safari/537.36 (compatible; meta-externalagent/1.1 (+https://developers.facebook.com/docs/sharing/webmasters/crawler))" floresyfloresarmenia.com 10.53.129.184
74.7.242.53 - - [30/Aug/2026:10:48:23 -0500] "GET /item-627163626570612932581.html HTTP/2.0" 404 28432 "https://floresyfloresarmenia.com/nuagvo.xml" "Mozilla/5.0 AppleWebKit/537.36 (KHTML, like Gecko; compatible; GPTBot/1.4; +https://openai.com/gptbot)" floresyfloresarmenia.com 10.53.129.184
66.249.73.99 - - [30/Aug/2026:10:48:28 -0500] "GET /?item-646266637060634263803.html HTTP/1.1" 200 53147 "-" "Mozilla/5.0 (Linux; Android 6.0.1; Nexus 5X Build/MMB29P) AppleWebKit/537.36 (KHTML, like Gecko) Chrome/151.0.7922.173 Mobile Safari/537.36 (compatible; Googlebot/2.1; +http://www.google.com/bot.html)" floresyfloresarmenia.com 10.53.129.184
69.6.233.64 - - [30/Aug/2026:10:48:36 -0500] "POST /wp-cron.php?doing_wp_cron=1788104916.1473999023437500000000 HTTP/1.1" 200 - "-" "WordPress/7.1; https://floresyfloresarmenia.com" floresyfloresarmenia.com 10.53.129.184
57.141.22.47 - - [30/Aug/2026:10:48:32 -0500] "GET /casino-de-eth-con-crupieres-en-vivo/ HTTP/2.0" 200 46539 "-" "Mozilla/5.0 (Macintosh; Intel Mac OS X 10_15_7) AppleWebKit/537.36 (KHTML, like Gecko) Chrome/145.0.0.0 Safari/537.36 (compatible; meta-externalagent/1.1 (+https://developers.facebook.com/docs/sharing/webmasters/crawler))" floresyfloresarmenia.com 10.53.129.184
66.249.73.99 - - [30/Aug/2026:10:48:38 -0500] "GET /?item-637063636370603833380.html HTTP/1.1" 200 49050 "-" "Mozilla/5.0 (Linux; Android 6.0.1; Nexus 5X Build/MMB29P) AppleWebKit/537.36 (KHTML, like Gecko) Chrome/151.0.7922.173 Mobile Safari/537.36 (compatible; Googlebot/2.1; +http://www.google.com/bot.html)" floresyfloresarmenia.com 10.53.129.184
66.249.73.99 - - [30/Aug/2026:10:48:39 -0500] "GET /?item-646467667166644476964.html HTTP/1.1" 200 44916 "-" "Mozilla/5.0 (Linux; Android 6.0.1; Nexus 5X Build/MMB29P) AppleWebKit/537.36 (KHTML, like Gecko) Chrome/151.0.7922.173 Mobile Safari/537.36 (compatible; Googlebot/2.1; +http://www.google.com/bot.html)" floresyfloresarmenia.com 10.53.129.184
57.141.2.52 - - [30/Aug/2026:10:48:38 -0500] "GET / HTTP/2.0" 200 56976 "-" "facebookexternalhit/1.1 (+http://www.facebook.com/externalhit_uatext.php)" floresyfloresarmenia.com 10.53.129.184
74.7.242.53 - - [30/Aug/2026:10:48:43 -0500] "GET /item-656760647061625704812.html HTTP/2.0" 404 28432 "https://floresyfloresarmenia.com/brachmanrth.xml" "Mozilla/5.0 AppleWebKit/537.36 (KHTML, like Gecko; compatible; GPTBot/1.4; +https://openai.com/gptbot)" floresyfloresarmenia.com 10.53.129.184
57.141.22.47 - - [30/Aug/2026:10:48:44 -0500] "GET /fortune-panda-casino-opinion-real-y-experiencia-de-jugadores-2026/ HTTP/2.0" 200 49293 "-" "Mozilla/5.0 (Windows NT 10.0; Win64; x64) AppleWebKit/537.36 (KHTML, like Gecko) Chrome/145.0.0.0 Safari/537.36 (compatible; meta-externalagent/1.1 (+https://developers.facebook.com/docs/sharing/webmasters/crawler))" floresyfloresarmenia.com 10.53.129.184
66.249.73.100 - - [30/Aug/2026:10:48:46 -0500] "GET /?item-636162676267633127273.html HTTP/1.1" 200 46141 "-" "Mozilla/5.0 (Linux; Android 6.0.1; Nexus 5X Build/MMB29P) AppleWebKit/537.36 (KHTML, like Gecko) Chrome/151.0.7922.173 Mobile Safari/537.36 (compatible; Googlebot/2.1; +http://www.google.com/bot.html)" floresyfloresarmenia.com 10.53.129.184
57.141.22.15 - - [30/Aug/2026:10:48:47 -0500] "GET /reglamento-del-juego-blackjack/ HTTP/2.0" 200 46747 "-" "Mozilla/5.0 (Windows NT 10.0; Win64; x64) AppleWebKit/537.36 (KHTML, like Gecko) Chrome/145.0.0.0 Safari/537.36 (compatible; meta-externalagent/1.1 (+https://developers.facebook.com/docs/sharing/webmasters/crawler))" floresyfloresarmenia.com 10.53.129.184
66.249.73.100 - - [30/Aug/2026:10:48:50 -0500] "GET /?item-636266616361623261312.html HTTP/1.1" 200 46441 "-" "Mozilla/5.0 (Linux; Android 6.0.1; Nexus 5X Build/MMB29P) AppleWebKit/537.36 (KHTML, like Gecko) Chrome/151.0.7922.173 Mobile Safari/537.36 (compatible; Googlebot/2.1; +http://www.google.com/bot.html)" floresyfloresarmenia.com 10.53.129.184
57.141.22.98 - - [30/Aug/2026:10:48:56 -0500] "GET /coolzino-app-entspannt-zocken/ HTTP/2.0" 200 37048 "-" "Mozilla/5.0 (Windows NT 10.0; Win64; x64) AppleWebKit/537.36 (KHTML, like Gecko) Chrome/145.0.0.0 Safari/537.36 Edg/145.0.0.0 (compatible; meta-externalagent/1.1 (+https://developers.facebook.com/docs/sharing/webmasters/crawler))" floresyfloresarmenia.com 10.53.129.184
57.141.22.101 - - [30/Aug/2026:10:49:02 -0500] "GET /wp-content/plugins/google-site-kit/dist/assets/js/googlesitekit-events-provider-woocommerce-9717a4b16d0ac7e06633.js HTTP/2.0" 200 1190 "https://floresyfloresarmenia.com/coolzino-app-entspannt-zocken/" "Mozilla/5.0 (Windows NT 10.0; Win64; x64) AppleWebKit/537.36 (KHTML, like Gecko) Chrome/145.0.0.0 Safari/537.36 Edg/145.0.0.0 (compatible; meta-externalagent/1.1 (+https://developers.facebook.com/docs/sharing/webmasters/crawler))" floresyfloresarmenia.com 10.53.129.184
66.249.73.100 - - [30/Aug/2026:10:49:06 -0500] "GET /?item-636664676571653647595.html HTTP/1.1" 200 49259 "-" "Mozilla/5.0 (Linux; Android 6.0.1; Nexus 5X Build/MMB29P) AppleWebKit/537.36 (KHTML, like Gecko) Chrome/151.0.7922.173 Mobile Safari/537.36 (compatible; Googlebot/2.1; +http://www.google.com/bot.html)" floresyfloresarmenia.com 10.53.129.184
57.141.22.50 - - [30/Aug/2026:10:49:02 -0500] "GET /home4/adrian81/floresyfloresarmenia.com/wp-content/fonts/open-sans/memvYaGs126MiZpBA-UvWbX2vVnXBbObj2OVTSumu1aB.woff2 HTTP/2.0" 404 28479 "https://floresyfloresarmenia.com/coolzino-app-entspannt-zocken/" "Mozilla/5.0 (Windows NT 10.0; Win64; x64) AppleWebKit/537.36 (KHTML, like Gecko) Chrome/145.0.0.0 Safari/537.36 Edg/145.0.0.0 (compatible; meta-externalagent/1.1 (+https://developers.facebook.com/docs/sharing/webmasters/crawler))" floresyfloresarmenia.com 10.53.129.184
66.249.73.101 - - [30/Aug/2026:10:49:08 -0500] "GET /?item-636161656466643115464.html HTTP/1.1" 200 44476 "-" "Mozilla/5.0 (Linux; Android 6.0.1; Nexus 5X Build/MMB29P) AppleWebKit/537.36 (KHTML, like Gecko) Chrome/151.0.7922.173 Mobile Safari/537.36 (compatible; Googlebot/2.1; +http://www.google.com/bot.html)" floresyfloresarmenia.com 10.53.129.184
69.6.233.64 - - [30/Aug/2026:10:49:13 -0500] "POST /wp-cron.php?doing_wp_cron=1788104952.9998269081115722656250 HTTP/1.1" 200 - "-" "WordPress/7.1; https://floresyfloresarmenia.com" floresyfloresarmenia.com 10.53.129.184
74.7.242.53 - - [30/Aug/2026:10:49:03 -0500] "GET /item-636270616063703281038.html HTTP/2.0" 404 28432 "https://floresyfloresarmenia.com/epigastricalwzt.xml" "Mozilla/5.0 AppleWebKit/537.36 (KHTML, like Gecko; compatible; GPTBot/1.4; +https://openai.com/gptbot)" floresyfloresarmenia.com 10.53.129.184
57.141.22.21 - - [30/Aug/2026:10:49:03 -0500] "GET /home4/adrian81/floresyfloresarmenia.com/wp-content/fonts/open-sans/memvYaGs126MiZpBA-UvWbX2vVnXBbObj2OVTS-muw.woff2 HTTP/2.0" 404 - "https://floresyfloresarmenia.com/coolzino-app-entspannt-zocken/" "Mozilla/5.0 (Windows NT 10.0; Win64; x64) AppleWebKit/537.36 (KHTML, like Gecko) Chrome/145.0.0.0 Safari/537.36 Edg/145.0.0.0 (compatible; meta-externalagent/1.1 (+https://developers.facebook.com/docs/sharing/webmasters/crawler))" floresyfloresarmenia.com 10.53.129.184
57.141.22.18 - - [30/Aug/2026:10:49:02 -0500] "GET /home4/adrian81/floresyfloresarmenia.com/wp-content/fonts/poppins/pxiEyp8kv8JHgFVrJJfecg.woff2 HTTP/2.0" 404 - "https://floresyfloresarmenia.com/coolzino-app-entspannt-zocken/" "Mozilla/5.0 (Windows NT 10.0; Win64; x64) AppleWebKit/537.36 (KHTML, like Gecko) Chrome/145.0.0.0 Safari/537.36 Edg/145.0.0.0 (compatible; meta-externalagent/1.1 (+https://developers.facebook.com/docs/sharing/webmasters/crawler))" floresyfloresarmenia.com 10.53.129.184
57.141.22.54 - - [30/Aug/2026:10:49:03 -0500] "GET /home4/adrian81/floresyfloresarmenia.com/wp-content/fonts/open-sans/memvYaGs126MiZpBA-UvWbX2vVnXBbObj2OVTVOmu1aB.woff2 HTTP/2.0" 404 - "https://floresyfloresarmenia.com/coolzino-app-entspannt-zocken/" "Mozilla/5.0 (Windows NT 10.0; Win64; x64) AppleWebKit/537.36 (KHTML, like Gecko) Chrome/145.0.0.0 Safari/537.36 Edg/145.0.0.0 (compatible; meta-externalagent/1.1 (+https://developers.facebook.com/docs/sharing/webmasters/crawler))" floresyfloresarmenia.com 10.53.129.184
66.249.73.100 - - [30/Aug/2026:10:49:20 -0500] "GET /?item-657161616763715911739.html HTTP/1.1" 200 53274 "-" "Mozilla/5.0 (Linux; Android 6.0.1; Nexus 5X Build/MMB29P) AppleWebKit/537.36 (KHTML, like Gecko) Chrome/151.0.7922.173 Mobile Safari/537.36 (compatible; Googlebot/2.1; +http://www.google.com/bot.html)" floresyfloresarmenia.com 10.53.129.184
69.6.233.64 - - [30/Aug/2026:10:49:26 -0500] "POST /wp-cron.php?doing_wp_cron=1788104965.9671199321746826171875 HTTP/1.1" 200 - "-" "WordPress/7.1; https://floresyfloresarmenia.com" floresyfloresarmenia.com 10.53.129.184
57.141.22.122 - - [30/Aug/2026:10:49:11 -0500] "GET /home4/adrian81/floresyfloresarmenia.com/wp-content/fonts/open-sans/memvYaGs126MiZpBA-UvWbX2vVnXBbObj2OVTSGmu1aB.woff2 HTTP/2.0" 404 - "https://floresyfloresarmenia.com/coolzino-app-entspannt-zocken/" "Mozilla/5.0 (Windows NT 10.0; Win64; x64) AppleWebKit/537.36 (KHTML, like Gecko) Chrome/145.0.0.0 Safari/537.36 Edg/145.0.0.0 (compatible; meta-externalagent/1.1 (+https://developers.facebook.com/docs/sharing/webmasters/crawler))" floresyfloresarmenia.com 10.53.129.184
57.141.22.90 - - [30/Aug/2026:10:49:19 -0500] "GET /home4/adrian81/floresyfloresarmenia.com/wp-content/fonts/open-sans/memvYaGs126MiZpBA-UvWbX2vVnXBbObj2OVTSCmu1aB.woff2 HTTP/2.0" 404 - "https://floresyfloresarmenia.com/coolzino-app-entspannt-zocken/" "Mozilla/5.0 (Windows NT 10.0; Win64; x64) AppleWebKit/537.36 (KHTML, like Gecko) Chrome/145.0.0.0 Safari/537.36 Edg/145.0.0.0 (compatible; meta-externalagent/1.1 (+https://developers.facebook.com/docs/sharing/webmasters/crawler))" floresyfloresarmenia.com 10.53.129.184
66.249.73.99 - - [30/Aug/2026:10:49:30 -0500] "GET /?item-656764706263645748234.html HTTP/1.1" 200 45685 "-" "Mozilla/5.0 (Linux; Android 6.0.1; Nexus 5X Build/MMB29P) AppleWebKit/537.36 (KHTML, like Gecko) Chrome/151.0.7922.173 Mobile Safari/537.36 (compatible; Googlebot/2.1; +http://www.google.com/bot.html)" floresyfloresarmenia.com 10.53.129.184
74.7.242.53 - - [30/Aug/2026:10:49:23 -0500] "GET /item-656071716267645099274.html HTTP/2.0" 404 28431 "https://floresyfloresarmenia.com/pyropesqjj.xml" "Mozilla/5.0 AppleWebKit/537.36 (KHTML, like Gecko; compatible; GPTBot/1.4; +https://openai.com/gptbot)" floresyfloresarmenia.com 10.53.129.184
66.249.73.99 - - [30/Aug/2026:10:49:34 -0500] "GET /?item-636764646066633744063.html HTTP/1.1" 200 45743 "-" "Mozilla/5.0 (Linux; Android 6.0.1; Nexus 5X Build/MMB29P) AppleWebKit/537.36 (KHTML, like Gecko) Chrome/151.0.7922.173 Mobile Safari/537.36 (compatible; Googlebot/2.1; +http://www.google.com/bot.html)" floresyfloresarmenia.com 10.53.129.184
66.249.73.99 - - [30/Aug/2026:10:49:35 -0500] "GET /?item-646067627063704072838.html HTTP/1.1" 200 52776 "-" "Mozilla/5.0 (Linux; Android 6.0.1; Nexus 5X Build/MMB29P) AppleWebKit/537.36 (KHTML, like Gecko) Chrome/151.0.7922.173 Mobile Safari/537.36 (compatible; Googlebot/2.1; +http://www.google.com/bot.html)" floresyfloresarmenia.com 10.53.129.184
57.141.22.102 - - [30/Aug/2026:10:49:27 -0500] "GET /home4/adrian81/floresyfloresarmenia.com/wp-content/fonts/open-sans/memvYaGs126MiZpBA-UvWbX2vVnXBbObj2OVTS2mu1aB.woff2 HTTP/2.0" 404 - "https://floresyfloresarmenia.com/coolzino-app-entspannt-zocken/" "Mozilla/5.0 (Windows NT 10.0; Win64; x64) AppleWebKit/537.36 (KHTML, like Gecko) Chrome/145.0.0.0 Safari/537.36 Edg/145.0.0.0 (compatible; meta-externalagent/1.1 (+https://developers.facebook.com/docs/sharing/webmasters/crawler))" floresyfloresarmenia.com 10.53.129.184
57.141.22.122 - - [30/Aug/2026:10:49:33 -0500] "GET /bono-sin-deposito-2026-para-casino-cripto/ HTTP/2.0" 200 47340 "-" "Mozilla/5.0 (Windows NT 10.0; Win64; x64) AppleWebKit/537.36 (KHTML, like Gecko) Chrome/145.0.0.0 Safari/537.36 (compatible; meta-externalagent/1.1 (+https://developers.facebook.com/docs/sharing/webmasters/crawler))" floresyfloresarmenia.com 10.53.129.184
66.249.73.99 - - [30/Aug/2026:10:49:42 -0500] "GET /?item-626767646363672774337.html HTTP/1.1" 200 45630 "-" "Mozilla/5.0 (Linux; Android 6.0.1; Nexus 5X Build/MMB29P) AppleWebKit/537.36 (KHTML, like Gecko) Chrome/151.0.7922.173 Mobile Safari/537.36 (compatible; Googlebot/2.1; +http://www.google.com/bot.html)" floresyfloresarmenia.com 10.53.129.184
74.7.242.53 - - [30/Aug/2026:10:49:43 -0500] "GET /item-656471606467705490478.html HTTP/2.0" 404 28432 "https://floresyfloresarmenia.com/epigastricalwzt.xml" "Mozilla/5.0 AppleWebKit/537.36 (KHTML, like Gecko; compatible; GPTBot/1.4; +https://openai.com/gptbot)" floresyfloresarmenia.com 10.53.129.184
57.141.22.100 - - [30/Aug/2026:10:49:42 -0500] "GET /coolzino-app-entspannt-zocken/null HTTP/2.0" 404 - "https://floresyfloresarmenia.com/coolzino-app-entspannt-zocken/" "Mozilla/5.0 (Windows NT 10.0; Win64; x64) AppleWebKit/537.36 (KHTML, like Gecko) Chrome/145.0.0.0 Safari/537.36 Edg/145.0.0.0 (compatible; meta-externalagent/1.1 (+https://developers.facebook.com/docs/sharing/webmasters/crawler))" floresyfloresarmenia.com 10.53.129.184
66.249.73.99 - - [30/Aug/2026:10:49:56 -0500] "GET /?item-626662606062602620020.html HTTP/1.1" 200 46044 "-" "Mozilla/5.0 (Linux; Android 6.0.1; Nexus 5X Build/MMB29P) AppleWebKit/537.36 (KHTML, like Gecko) Chrome/151.0.7922.173 Mobile Safari/537.36 (compatible; Googlebot/2.1; +http://www.google.com/bot.html)" floresyfloresarmenia.com 10.53.129.184
66.249.73.99 - - [30/Aug/2026:10:49:57 -0500] "GET /?item-636661677170703617988.html HTTP/1.1" 200 46275 "-" "Mozilla/5.0 (Linux; Android 6.0.1; Nexus 5X Build/MMB29P) AppleWebKit/537.36 (KHTML, like Gecko) Chrome/151.0.7922.173 Mobile Safari/537.36 (compatible; Googlebot/2.1; +http://www.google.com/bot.html)" floresyfloresarmenia.com 10.53.129.184
66.249.73.99 - - [30/Aug/2026:10:49:58 -0500] "GET /?item-656070626763605082730.html HTTP/1.1" 200 53498 "-" "Mozilla/5.0 (Linux; Android 6.0.1; Nexus 5X Build/MMB29P) AppleWebKit/537.36 (KHTML, like Gecko) Chrome/151.0.7922.173 Mobile Safari/537.36 (compatible; Googlebot/2.1; +http://www.google.com/bot.html)" floresyfloresarmenia.com 10.53.129.184
66.249.73.99 - - [30/Aug/2026:10:50:01 -0500] "GET /?item-657167616260645971204.html HTTP/1.1" 200 45617 "-" "Mozilla/5.0 (Linux; Android 6.0.1; Nexus 5X Build/MMB29P) AppleWebKit/537.36 (KHTML, like Gecko) Chrome/151.0.7922.173 Mobile Safari/537.36 (compatible; Googlebot/2.1; +http://www.google.com/bot.html)" floresyfloresarmenia.com 10.53.129.184
66.249.73.99 - - [30/Aug/2026:10:50:05 -0500] "GET /?item-626761666664612716641.html HTTP/1.1" 200 48990 "-" "Mozilla/5.0 (Linux; Android 6.0.1; Nexus 5X Build/MMB29P) AppleWebKit/537.36 (KHTML, like Gecko) Chrome/151.0.7922.173 Mobile Safari/537.36 (compatible; Googlebot/2.1; +http://www.google.com/bot.html)" floresyfloresarmenia.com 10.53.129.184
57.141.22.39 - - [30/Aug/2026:10:49:53 -0500] "GET /giros-gratis-sin-registro-casino/ HTTP/2.0" 200 46766 "-" "Mozilla/5.0 (Windows NT 10.0; Win64; x64) AppleWebKit/537.36 (KHTML, like Gecko) Chrome/145.0.0.0 Safari/537.36 (compatible; meta-externalagent/1.1 (+https://developers.facebook.com/docs/sharing/webmasters/crawler))" floresyfloresarmenia.com 10.53.129.184
57.141.22.21 - - [30/Aug/2026:10:49:55 -0500] "GET /cashback-casino-nuevo/ HTTP/2.0" 200 47054 "-" "Mozilla/5.0 (Windows NT 10.0; Win64; x64) AppleWebKit/537.36 (KHTML, like Gecko) Chrome/145.0.0.0 Safari/537.36 (compatible; meta-externalagent/1.1 (+https://developers.facebook.com/docs/sharing/webmasters/crawler))" floresyfloresarmenia.com 10.53.129.184
66.249.73.99 - - [30/Aug/2026:10:50:08 -0500] "GET /?item-636065677161613057911.html HTTP/1.1" 200 52045 "-" "Mozilla/5.0 (Linux; Android 6.0.1; Nexus 5X Build/MMB29P) AppleWebKit/537.36 (KHTML, like Gecko) Chrome/151.0.7922.173 Mobile Safari/537.36 (compatible; Googlebot/2.1; +http://www.google.com/bot.html)" floresyfloresarmenia.com 10.53.129.184
