57.141.22.35 - - [30/Aug/2026:11:57:13 -0500] "GET /home4/adrian81/floresyfloresarmenia.com/wp-content/fonts/open-sans/memvYaGs126MiZpBA-UvWbX2vVnXBbObj2OVTSCmu1aB.woff2 HTTP/2.0" 404 28480 "https://floresyfloresarmenia.com/spinogambino-recensioni-analisi-imparziale-cruciali/" "Mozilla/5.0 (Windows NT 10.0; Win64; x64) AppleWebKit/537.36 (KHTML, like Gecko) Chrome/145.0.0.0 Safari/537.36 (compatible; meta-externalagent/1.1 (+https://developers.facebook.com/docs/sharing/webmasters/crawler))" floresyfloresarmenia.com 10.53.129.184
57.141.22.36 - - [30/Aug/2026:11:57:13 -0500] "GET /home4/adrian81/floresyfloresarmenia.com/wp-content/fonts/open-sans/memvYaGs126MiZpBA-UvWbX2vVnXBbObj2OVTS-muw.woff2 HTTP/2.0" 404 28477 "https://floresyfloresarmenia.com/spinogambino-recensioni-analisi-imparziale-cruciali/" "Mozilla/5.0 (Windows NT 10.0; Win64; x64) AppleWebKit/537.36 (KHTML, like Gecko) Chrome/145.0.0.0 Safari/537.36 (compatible; meta-externalagent/1.1 (+https://developers.facebook.com/docs/sharing/webmasters/crawler))" floresyfloresarmenia.com 10.53.129.184
57.141.22.54 - - [30/Aug/2026:11:57:13 -0500] "GET /home4/adrian81/floresyfloresarmenia.com/wp-content/fonts/open-sans/memvYaGs126MiZpBA-UvWbX2vVnXBbObj2OVTSumu1aB.woff2 HTTP/2.0" 404 28479 "https://floresyfloresarmenia.com/spinogambino-recensioni-analisi-imparziale-cruciali/" "Mozilla/5.0 (Windows NT 10.0; Win64; x64) AppleWebKit/537.36 (KHTML, like Gecko) Chrome/145.0.0.0 Safari/537.36 (compatible; meta-externalagent/1.1 (+https://developers.facebook.com/docs/sharing/webmasters/crawler))" floresyfloresarmenia.com 10.53.129.184
57.141.22.102 - - [30/Aug/2026:11:57:17 -0500] "GET /home4/adrian81/floresyfloresarmenia.com/wp-content/fonts/open-sans/memvYaGs126MiZpBA-UvWbX2vVnXBbObj2OVTSGmu1aB.woff2 HTTP/2.0" 404 28480 "https://floresyfloresarmenia.com/spinogambino-recensioni-analisi-imparziale-cruciali/" "Mozilla/5.0 (Windows NT 10.0; Win64; x64) AppleWebKit/537.36 (KHTML, like Gecko) Chrome/145.0.0.0 Safari/537.36 (compatible; meta-externalagent/1.1 (+https://developers.facebook.com/docs/sharing/webmasters/crawler))" floresyfloresarmenia.com 10.53.129.184
57.141.22.127 - - [30/Aug/2026:11:57:19 -0500] "GET /home4/adrian81/floresyfloresarmenia.com/wp-content/fonts/open-sans/memvYaGs126MiZpBA-UvWbX2vVnXBbObj2OVTS2mu1aB.woff2 HTTP/2.0" 404 28479 "https://floresyfloresarmenia.com/spinogambino-recensioni-analisi-imparziale-cruciali/" "Mozilla/5.0 (Windows NT 10.0; Win64; x64) AppleWebKit/537.36 (KHTML, like Gecko) Chrome/145.0.0.0 Safari/537.36 (compatible; meta-externalagent/1.1 (+https://developers.facebook.com/docs/sharing/webmasters/crawler))" floresyfloresarmenia.com 10.53.129.184
74.7.242.53 - - [30/Aug/2026:11:57:23 -0500] "GET /item-646063706165674038157.html HTTP/2.0" 404 28431 "https://floresyfloresarmenia.com/epigastricalwzt.xml" "Mozilla/5.0 AppleWebKit/537.36 (KHTML, like Gecko; compatible; GPTBot/1.4; +https://openai.com/gptbot)" floresyfloresarmenia.com 10.53.129.184
57.141.22.48 - - [30/Aug/2026:11:57:30 -0500] "GET /spinogambino-recensioni-analisi-imparziale-cruciali/null HTTP/2.0" 404 28471 "https://floresyfloresarmenia.com/spinogambino-recensioni-analisi-imparziale-cruciali/" "Mozilla/5.0 (Windows NT 10.0; Win64; x64) AppleWebKit/537.36 (KHTML, like Gecko) Chrome/145.0.0.0 Safari/537.36 (compatible; meta-externalagent/1.1 (+https://developers.facebook.com/docs/sharing/webmasters/crawler))" floresyfloresarmenia.com 10.53.129.184
69.6.233.64 - - [30/Aug/2026:11:57:33 -0500] "POST /wp-cron.php?doing_wp_cron=1788109053.2158451080322265625000 HTTP/1.1" 200 - "-" "WordPress/7.1; https://floresyfloresarmenia.com" floresyfloresarmenia.com 10.53.129.184
57.141.22.52 - - [30/Aug/2026:11:57:36 -0500] "GET /jugar-en-casino-online-espana-con-paypal/ HTTP/2.0" 200 47169 "-" "Mozilla/5.0 (Windows NT 10.0; Win64; x64) AppleWebKit/537.36 (KHTML, like Gecko) Chrome/145.0.0.0 Safari/537.36 (compatible; meta-externalagent/1.1 (+https://developers.facebook.com/docs/sharing/webmasters/crawler))" floresyfloresarmenia.com 10.53.129.184
74.7.242.53 - - [30/Aug/2026:11:57:43 -0500] "GET /item-647165706162704958128.html HTTP/2.0" 404 28432 "https://floresyfloresarmenia.com/cytoplastptf.xml" "Mozilla/5.0 AppleWebKit/537.36 (KHTML, like Gecko; compatible; GPTBot/1.4; +https://openai.com/gptbot)" floresyfloresarmenia.com 10.53.129.184
89.46.108.101 - - [30/Aug/2026:11:57:45 -0500] "GET /wp-login.php HTTP/2.0" 409 83 "-" "89.46.108.101" www.floresyfloresarmenia.com.floresyfloresibague.com 10.53.129.184
89.46.108.101 - - [30/Aug/2026:11:57:46 -0500] "POST /wp-login.php HTTP/2.0" 409 83 "https://www.floresyfloresarmenia.com.floresyfloresibague.com/wp-login.php" "89.46.108.101" www.floresyfloresarmenia.com.floresyfloresibague.com 10.53.129.184
57.141.22.102 - - [30/Aug/2026:11:57:57 -0500] "GET /jugar-al-black-jack-casino-online/ HTTP/2.0" 200 46520 "-" "Mozilla/5.0 (Windows NT 10.0; Win64; x64) AppleWebKit/537.36 (KHTML, like Gecko) Chrome/145.0.0.0 Safari/537.36 (compatible; meta-externalagent/1.1 (+https://developers.facebook.com/docs/sharing/webmasters/crawler))" floresyfloresarmenia.com 10.53.129.184
74.7.242.53 - - [30/Aug/2026:11:58:03 -0500] "GET /item-637162706264643928244.html HTTP/2.0" 404 28432 "https://floresyfloresarmenia.com/epigastricalwzt.xml" "Mozilla/5.0 AppleWebKit/537.36 (KHTML, like Gecko; compatible; GPTBot/1.4; +https://openai.com/gptbot)" floresyfloresarmenia.com 10.53.129.184
66.249.73.101 - - [30/Aug/2026:11:58:18 -0500] "GET /?item-646461676365624417352.html HTTP/1.1" 200 47114 "-" "Mozilla/5.0 (Linux; Android 6.0.1; Nexus 5X Build/MMB29P) AppleWebKit/537.36 (KHTML, like Gecko) Chrome/151.0.7922.173 Mobile Safari/537.36 (compatible; GoogleOther)" floresyfloresarmenia.com 10.53.129.184
66.249.73.99 - - [30/Aug/2026:11:58:21 -0500] "GET /robots.txt HTTP/1.1" 200 148 "-" "Mozilla/5.0 (compatible; Googlebot/2.1; +http://www.google.com/bot.html)" floresyfloresarmenia.com 10.53.129.184
52.167.144.21 - - [30/Aug/2026:11:58:21 -0500] "GET /gente-que-se-hizo-millonaria-en-el-casino/ HTTP/2.0" 200 45941 "-" "Mozilla/5.0 AppleWebKit/537.36 (KHTML, like Gecko; compatible; bingbot/2.0; +http://www.bing.com/bingbot.htm) Chrome/116.0.1938.76 Safari/537.36" floresyfloresarmenia.com 10.53.129.184
66.249.73.100 - - [30/Aug/2026:11:58:23 -0500] "GET /?item-636660646462653604425.html HTTP/1.1" 200 48179 "-" "Mozilla/5.0 (Linux; Android 6.0.1; Nexus 5X Build/MMB29P) AppleWebKit/537.36 (KHTML, like Gecko) Chrome/151.0.7922.173 Mobile Safari/537.36 (compatible; Googlebot/2.1; +http://www.google.com/bot.html)" floresyfloresarmenia.com 10.53.129.184
74.7.242.53 - - [30/Aug/2026:11:58:23 -0500] "GET /item-647065636162644853124.html HTTP/2.0" 404 28432 "https://floresyfloresarmenia.com/brachmanrth.xml" "Mozilla/5.0 AppleWebKit/537.36 (KHTML, like Gecko; compatible; GPTBot/1.4; +https://openai.com/gptbot)" floresyfloresarmenia.com 10.53.129.184
57.141.22.121 - - [30/Aug/2026:11:58:24 -0500] "GET /casino-gratis-para-jugar-en-casa/ HTTP/2.0" 200 47408 "-" "Mozilla/5.0 (Windows NT 10.0; Win64; x64) AppleWebKit/537.36 (KHTML, like Gecko) Chrome/145.0.0.0 Safari/537.36 (compatible; meta-externalagent/1.1 (+https://developers.facebook.com/docs/sharing/webmasters/crawler))" floresyfloresarmenia.com 10.53.129.184
57.141.22.34 - - [30/Aug/2026:11:58:29 -0500] "GET /casino-online-bitcoin-espana/ HTTP/2.0" 200 47980 "-" "Mozilla/5.0 (X11; Linux x86_64) AppleWebKit/537.36 (KHTML, like Gecko) Chrome/145.0.0.0 Safari/537.36 (compatible; meta-externalagent/1.1 (+https://developers.facebook.com/docs/sharing/webmasters/crawler))" floresyfloresarmenia.com 10.53.129.184
57.141.22.21 - - [30/Aug/2026:11:58:31 -0500] "GET /los-10-mejores-casinos-de-espana/ HTTP/2.0" 200 46489 "-" "Mozilla/5.0 (Macintosh; Intel Mac OS X 10_15_7) AppleWebKit/537.36 (KHTML, like Gecko) Chrome/145.0.0.0 Safari/537.36 (compatible; meta-externalagent/1.1 (+https://developers.facebook.com/docs/sharing/webmasters/crawler))" floresyfloresarmenia.com 10.53.129.184
69.6.233.64 - - [30/Aug/2026:11:58:33 -0500] "POST /wp-cron.php?doing_wp_cron=1788109113.9802050590515136718750 HTTP/1.1" 200 - "-" "WordPress/7.1; https://floresyfloresarmenia.com" floresyfloresarmenia.com 10.53.129.184
57.141.22.14 - - [30/Aug/2026:11:58:32 -0500] "GET /juegos-crash-fiable/ HTTP/2.0" 200 47817 "-" "Mozilla/5.0 (Windows NT 10.0; Win64; x64) AppleWebKit/537.36 (KHTML, like Gecko) Chrome/145.0.0.0 Safari/537.36 (compatible; meta-externalagent/1.1 (+https://developers.facebook.com/docs/sharing/webmasters/crawler))" floresyfloresarmenia.com 10.53.129.184
66.249.73.99 - - [30/Aug/2026:11:58:38 -0500] "GET /?item-626262667061672226817.html HTTP/1.1" 200 47679 "-" "Mozilla/5.0 (Linux; Android 6.0.1; Nexus 5X Build/MMB29P) AppleWebKit/537.36 (KHTML, like Gecko) Chrome/151.0.7922.173 Mobile Safari/537.36 (compatible; Googlebot/2.1; +http://www.google.com/bot.html)" floresyfloresarmenia.com 10.53.129.184
66.249.73.165 - - [30/Aug/2026:11:58:40 -0500] "GET /item-626571627165632592953.html HTTP/1.1" 200 45828 "-" "Mozilla/5.0 (Linux; Android 6.0.1; Nexus 5X Build/MMB29P) AppleWebKit/537.36 (KHTML, like Gecko) Chrome/151.0.7922.173 Mobile Safari/537.36 (compatible; GoogleOther)" www.floresyfloresarmenia.com 10.53.129.184
74.7.242.53 - - [30/Aug/2026:11:58:43 -0500] "GET /item-647161626671704912698.html HTTP/2.0" 404 28432 "https://floresyfloresarmenia.com/cytoplastptf.xml" "Mozilla/5.0 AppleWebKit/537.36 (KHTML, like Gecko; compatible; GPTBot/1.4; +https://openai.com/gptbot)" floresyfloresarmenia.com 10.53.129.184
66.249.73.99 - - [30/Aug/2026:11:58:45 -0500] "GET /?item-657062616170645821184.html HTTP/1.1" 200 44383 "-" "Mozilla/5.0 (Linux; Android 6.0.1; Nexus 5X Build/MMB29P) AppleWebKit/537.36 (KHTML, like Gecko) Chrome/151.0.7922.173 Mobile Safari/537.36 (compatible; Googlebot/2.1; +http://www.google.com/bot.html)" floresyfloresarmenia.com 10.53.129.184
66.249.73.99 - - [30/Aug/2026:11:58:45 -0500] "GET /?item-636762616564703721548.html HTTP/1.1" 200 46126 "-" "Mozilla/5.0 (Linux; Android 6.0.1; Nexus 5X Build/MMB29P) AppleWebKit/537.36 (KHTML, like Gecko) Chrome/151.0.7922.173 Mobile Safari/537.36 (compatible; Googlebot/2.1; +http://www.google.com/bot.html)" floresyfloresarmenia.com 10.53.129.184
91.86.16.6 - - [30/Aug/2026:11:58:47 -0500] "GET /wp-login.php HTTP/2.0" 409 83 "-" "91.86.16.6" floresyfloresarmenia.com.floresyfloresibague.com 10.53.129.184
91.86.16.6 - - [30/Aug/2026:11:58:48 -0500] "POST /wp-login.php HTTP/2.0" 409 83 "https://floresyfloresarmenia.com.floresyfloresibague.com/wp-login.php" "91.86.16.6" floresyfloresarmenia.com.floresyfloresibague.com 10.53.129.184
57.141.22.106 - - [30/Aug/2026:11:58:49 -0500] "GET /bono-sin-deposito-casino-dogecoin/ HTTP/2.0" 200 48192 "-" "Mozilla/5.0 (Windows NT 10.0; Win64; x64) AppleWebKit/537.36 (KHTML, like Gecko) Chrome/145.0.0.0 Safari/537.36 (compatible; meta-externalagent/1.1 (+https://developers.facebook.com/docs/sharing/webmasters/crawler))" floresyfloresarmenia.com 10.53.129.184
66.249.73.99 - - [30/Aug/2026:11:58:59 -0500] "GET /?item-656561606267645510274.html HTTP/1.1" 200 46226 "-" "Mozilla/5.0 (Linux; Android 6.0.1; Nexus 5X Build/MMB29P) AppleWebKit/537.36 (KHTML, like Gecko) Chrome/151.0.7922.173 Mobile Safari/537.36 (compatible; Googlebot/2.1; +http://www.google.com/bot.html)" floresyfloresarmenia.com 10.53.129.184
66.249.73.99 - - [30/Aug/2026:11:58:59 -0500] "GET /?item-626563706170712538189.html HTTP/1.1" 200 45213 "-" "Mozilla/5.0 (Linux; Android 6.0.1; Nexus 5X Build/MMB29P) AppleWebKit/537.36 (KHTML, like Gecko) Chrome/151.0.7922.173 Mobile Safari/537.36 (compatible; Googlebot/2.1; +http://www.google.com/bot.html)" floresyfloresarmenia.com 10.53.129.184
66.249.73.99 - - [30/Aug/2026:11:59:03 -0500] "GET /?item-656164636260665143206.html HTTP/1.1" 200 44582 "-" "Mozilla/5.0 (Linux; Android 6.0.1; Nexus 5X Build/MMB29P) AppleWebKit/537.36 (KHTML, like Gecko) Chrome/151.0.7922.173 Mobile Safari/537.36 (compatible; GoogleOther)" floresyfloresarmenia.com 10.53.129.184
74.7.242.53 - - [30/Aug/2026:11:59:03 -0500] "GET /item-647071716370644899384.html HTTP/2.0" 404 28432 "https://floresyfloresarmenia.com/cytoplastptf.xml" "Mozilla/5.0 AppleWebKit/537.36 (KHTML, like Gecko; compatible; GPTBot/1.4; +https://openai.com/gptbot)" floresyfloresarmenia.com 10.53.129.184
74.7.242.53 - - [30/Aug/2026:11:59:23 -0500] "GET /item-656362606471645320494.html HTTP/2.0" 404 28432 "https://floresyfloresarmenia.com/epigastricalwzt.xml" "Mozilla/5.0 AppleWebKit/537.36 (KHTML, like Gecko; compatible; GPTBot/1.4; +https://openai.com/gptbot)" floresyfloresarmenia.com 10.53.129.184
66.249.73.99 - - [30/Aug/2026:11:59:36 -0500] "GET /robots.txt HTTP/1.1" 200 148 "-" "Mozilla/5.0 (compatible; Googlebot/2.1; +http://www.google.com/bot.html)" floresyfloresarmenia.com 10.53.129.184
66.249.73.99 - - [30/Aug/2026:11:59:36 -0500] "GET /?item-656164636260665143206.html HTTP/1.1" 200 44583 "-" "Mozilla/5.0 (Linux; Android 6.0.1; Nexus 5X Build/MMB29P) AppleWebKit/537.36 (KHTML, like Gecko) Chrome/151.0.7922.173 Mobile Safari/537.36 (compatible; Googlebot/2.1; +http://www.google.com/bot.html)" floresyfloresarmenia.com 10.53.129.184
74.7.242.53 - - [30/Aug/2026:11:59:43 -0500] "GET /item-627170656067712985079.html HTTP/2.0" 404 28432 "https://floresyfloresarmenia.com/epigastricalwzt.xml" "Mozilla/5.0 AppleWebKit/537.36 (KHTML, like Gecko; compatible; GPTBot/1.4; +https://openai.com/gptbot)" floresyfloresarmenia.com 10.53.129.184
69.6.233.64 - - [30/Aug/2026:11:59:44 -0500] "POST /wp-cron.php?doing_wp_cron=1788109184.9772350788116455078125 HTTP/1.1" 200 - "-" "WordPress/7.1; https://floresyfloresarmenia.com" floresyfloresarmenia.com 10.53.129.184
57.141.8.40 - - [30/Aug/2026:11:59:52 -0500] "GET / HTTP/2.0" 200 56968 "-" "facebookexternalhit/1.1 (+http://www.facebook.com/externalhit_uatext.php)" floresyfloresarmenia.com 10.53.129.184
66.249.73.165 - - [30/Aug/2026:11:59:52 -0500] "GET /item-637067636367643873374.html HTTP/1.1" 200 47899 "-" "Mozilla/5.0 (Linux; Android 6.0.1; Nexus 5X Build/MMB29P) AppleWebKit/537.36 (KHTML, like Gecko) Chrome/151.0.7922.173 Mobile Safari/537.36 (compatible; GoogleOther)" www.floresyfloresarmenia.com 10.53.129.184
74.7.242.53 - - [30/Aug/2026:12:00:03 -0500] "GET /item-646165636670704153688.html HTTP/2.0" 404 28432 "https://floresyfloresarmenia.com/cytoplastptf.xml" "Mozilla/5.0 AppleWebKit/537.36 (KHTML, like Gecko; compatible; GPTBot/1.4; +https://openai.com/gptbot)" floresyfloresarmenia.com 10.53.129.184
57.141.22.126 - - [30/Aug/2026:12:00:05 -0500] "GET /three-card-poker-dinero-real/ HTTP/2.0" 200 46552 "-" "Mozilla/5.0 (Windows NT 10.0; Win64; x64) AppleWebKit/537.36 (KHTML, like Gecko) Chrome/145.0.0.0 Safari/537.36 (compatible; meta-externalagent/1.1 (+https://developers.facebook.com/docs/sharing/webmasters/crawler))" floresyfloresarmenia.com 10.53.129.184
57.141.22.105 - - [30/Aug/2026:12:00:07 -0500] "GET /royal-panda-casino-giros-gratis-sin-deposito-hoy/ HTTP/2.0" 200 47018 "-" "Mozilla/5.0 (Windows NT 10.0; Win64; x64) AppleWebKit/537.36 (KHTML, like Gecko) Chrome/145.0.0.0 Safari/537.36 (compatible; meta-externalagent/1.1 (+https://developers.facebook.com/docs/sharing/webmasters/crawler))" floresyfloresarmenia.com 10.53.129.184
57.141.22.13 - - [30/Aug/2026:12:00:22 -0500] "GET /jugar-ruleta-en-directo-movil/ HTTP/2.0" 200 46870 "-" "Mozilla/5.0 (Windows NT 10.0; Win64; x64) AppleWebKit/537.36 (KHTML, like Gecko) Chrome/145.0.0.0 Safari/537.36 (compatible; meta-externalagent/1.1 (+https://developers.facebook.com/docs/sharing/webmasters/crawler))" floresyfloresarmenia.com 10.53.129.184
69.6.233.64 - - [30/Aug/2026:12:00:23 -0500] "POST /wp-cron.php?doing_wp_cron=1788109223.4345979690551757812500 HTTP/1.1" 200 - "-" "WordPress/7.1; https://floresyfloresarmenia.com" floresyfloresarmenia.com 10.53.129.184
74.7.242.53 - - [30/Aug/2026:12:00:23 -0500] "GET /item-657071706467615898471.html HTTP/2.0" 404 28432 "https://floresyfloresarmenia.com/refederalizejlh.xml" "Mozilla/5.0 AppleWebKit/537.36 (KHTML, like Gecko; compatible; GPTBot/1.4; +https://openai.com/gptbot)" floresyfloresarmenia.com 10.53.129.184
66.249.73.99 - - [30/Aug/2026:12:00:25 -0500] "GET /?item-656467706160635478103.html HTTP/1.1" 200 52321 "-" "Mozilla/5.0 (Linux; Android 6.0.1; Nexus 5X Build/MMB29P) AppleWebKit/537.36 (KHTML, like Gecko) Chrome/151.0.7922.173 Mobile Safari/537.36 (compatible; GoogleOther)" floresyfloresarmenia.com 10.53.129.184
66.249.73.100 - - [30/Aug/2026:12:00:32 -0500] "GET /?item-627162656366602925360.html HTTP/1.1" 200 44829 "-" "Mozilla/5.0 (Linux; Android 6.0.1; Nexus 5X Build/MMB29P) AppleWebKit/537.36 (KHTML, like Gecko) Chrome/151.0.7922.173 Mobile Safari/537.36 (compatible; Googlebot/2.1; +http://www.google.com/bot.html)" floresyfloresarmenia.com 10.53.129.184
66.249.73.99 - - [30/Aug/2026:12:00:44 -0500] "GET /?item-636260626170603202180.html HTTP/1.1" 200 48102 "-" "Mozilla/5.0 (Linux; Android 6.0.1; Nexus 5X Build/MMB29P) AppleWebKit/537.36 (KHTML, like Gecko) Chrome/151.0.7922.173 Mobile Safari/537.36 (compatible; Googlebot/2.1; +http://www.google.com/bot.html)" floresyfloresarmenia.com 10.53.129.184
74.7.242.53 - - [30/Aug/2026:12:00:43 -0500] "GET /item-646771716261634799213.html HTTP/2.0" 404 28432 "https://www.floresyfloresarmenia.com" "Mozilla/5.0 AppleWebKit/537.36 (KHTML, like Gecko; compatible; GPTBot/1.4; +https://openai.com/gptbot)" floresyfloresarmenia.com 10.53.129.184
69.6.233.64 - - [30/Aug/2026:12:00:46 -0500] "POST /wp-cron.php?doing_wp_cron=1788109246.3586909770965576171875 HTTP/1.1" 200 - "-" "WordPress/7.1; https://floresyfloresarmenia.com" floresyfloresarmenia.com 10.53.129.184
57.141.22.51 - - [30/Aug/2026:12:00:55 -0500] "GET /casino-holdem-con-licencia/ HTTP/2.0" 200 47590 "-" "Mozilla/5.0 (Windows NT 10.0; Win64; x64) AppleWebKit/537.36 (KHTML, like Gecko) Chrome/145.0.0.0 Safari/537.36 (compatible; meta-externalagent/1.1 (+https://developers.facebook.com/docs/sharing/webmasters/crawler))" floresyfloresarmenia.com 10.53.129.184
66.249.73.166 - - [30/Aug/2026:12:00:55 -0500] "GET /item-626371656365662395356.html HTTP/1.1" 200 45874 "-" "Mozilla/5.0 (Linux; Android 6.0.1; Nexus 5X Build/MMB29P) AppleWebKit/537.36 (KHTML, like Gecko) Chrome/151.0.7922.173 Mobile Safari/537.36 (compatible; GoogleOther)" www.floresyfloresarmenia.com 10.53.129.184
66.249.73.99 - - [30/Aug/2026:12:00:59 -0500] "GET /robots.txt HTTP/1.1" 200 148 "-" "Mozilla/5.0 (compatible; Googlebot/2.1; +http://www.google.com/bot.html)" floresyfloresarmenia.com 10.53.129.184
74.7.242.53 - - [30/Aug/2026:12:01:03 -0500] "GET /item-646261716064714219049.html HTTP/2.0" 404 28432 "https://floresyfloresarmenia.com/grecojbu.xml" "Mozilla/5.0 AppleWebKit/537.36 (KHTML, like Gecko; compatible; GPTBot/1.4; +https://openai.com/gptbot)" floresyfloresarmenia.com 10.53.129.184
74.7.242.53 - - [30/Aug/2026:12:01:23 -0500] "GET /item-656060716264675009247.html HTTP/2.0" 404 28432 "https://floresyfloresarmenia.com/intermitshsc.xml" "Mozilla/5.0 AppleWebKit/537.36 (KHTML, like Gecko; compatible; GPTBot/1.4; +https://openai.com/gptbot)" floresyfloresarmenia.com 10.53.129.184
69.6.233.64 - - [30/Aug/2026:12:01:45 -0500] "POST /wp-cron.php?doing_wp_cron=1788109305.3065409660339355468750 HTTP/1.1" 200 - "-" "WordPress/7.1; https://floresyfloresarmenia.com" floresyfloresarmenia.com 10.53.129.184
74.7.242.53 - - [30/Aug/2026:12:01:43 -0500] "GET /item-626560647170712504989.html HTTP/2.0" 404 28432 "https://floresyfloresarmenia.com/cytoplastptf.xml" "Mozilla/5.0 AppleWebKit/537.36 (KHTML, like Gecko; compatible; GPTBot/1.4; +https://openai.com/gptbot)" floresyfloresarmenia.com 10.53.129.184
66.249.73.101 - - [30/Aug/2026:12:01:53 -0500] "GET /?item-656563617067705531878.html HTTP/1.1" 200 47503 "-" "Mozilla/5.0 (Linux; Android 6.0.1; Nexus 5X Build/MMB29P) AppleWebKit/537.36 (KHTML, like Gecko) Chrome/151.0.7922.173 Mobile Safari/537.36 (compatible; Googlebot/2.1; +http://www.google.com/bot.html)" floresyfloresarmenia.com 10.53.129.184
57.141.22.48 - - [30/Aug/2026:12:01:56 -0500] "GET /mejores-tragamonedas-de-navidad/ HTTP/2.0" 200 46914 "-" "Mozilla/5.0 (Macintosh; Intel Mac OS X 10_15_7) AppleWebKit/537.36 (KHTML, like Gecko) Chrome/145.0.0.0 Safari/537.36 (compatible; meta-externalagent/1.1 (+https://developers.facebook.com/docs/sharing/webmasters/crawler))" floresyfloresarmenia.com 10.53.129.184
66.249.73.101 - - [30/Aug/2026:12:02:01 -0500] "GET /robots.txt HTTP/1.1" 200 148 "-" "Mozilla/5.0 (compatible; Googlebot/2.1; +http://www.google.com/bot.html)" floresyfloresarmenia.com 10.53.129.184
57.141.22.49 - - [30/Aug/2026:12:02:02 -0500] "GET /mejores-casinos-online-sin-licencia-espana/ HTTP/2.0" 200 47611 "-" "Mozilla/5.0 (X11; Linux x86_64) AppleWebKit/537.36 (KHTML, like Gecko) Chrome/145.0.0.0 Safari/537.36 (compatible; meta-externalagent/1.1 (+https://developers.facebook.com/docs/sharing/webmasters/crawler))" floresyfloresarmenia.com 10.53.129.184
74.7.242.53 - - [30/Aug/2026:12:02:03 -0500] "GET /item-646671607065624690852.html HTTP/2.0" 404 28432 "https://floresyfloresarmenia.com/halfwittednesswzp.xml" "Mozilla/5.0 AppleWebKit/537.36 (KHTML, like Gecko; compatible; GPTBot/1.4; +https://openai.com/gptbot)" floresyfloresarmenia.com 10.53.129.184
66.249.73.101 - - [30/Aug/2026:12:02:04 -0500] "GET /?item-646465646463664454436.html HTTP/1.1" 200 47507 "-" "Mozilla/5.0 (Linux; Android 6.0.1; Nexus 5X Build/MMB29P) AppleWebKit/537.36 (KHTML, like Gecko) Chrome/151.0.7922.173 Mobile Safari/537.36 (compatible; Googlebot/2.1; +http://www.google.com/bot.html)" floresyfloresarmenia.com 10.53.129.184
57.141.22.112 - - [30/Aug/2026:12:02:04 -0500] "GET /dados-online-android/ HTTP/2.0" 200 48666 "-" "Mozilla/5.0 (Macintosh; Intel Mac OS X 10_15_7) AppleWebKit/537.36 (KHTML, like Gecko) Chrome/145.0.0.0 Safari/537.36 (compatible; meta-externalagent/1.1 (+https://developers.facebook.com/docs/sharing/webmasters/crawler))" floresyfloresarmenia.com 10.53.129.184
57.141.22.100 - - [30/Aug/2026:12:02:05 -0500] "GET /depositar-en-casino-movil-con-visa/ HTTP/2.0" 200 49144 "-" "Mozilla/5.0 (Windows NT 10.0; Win64; x64) AppleWebKit/537.36 (KHTML, like Gecko) Chrome/145.0.0.0 Safari/537.36 (compatible; meta-externalagent/1.1 (+https://developers.facebook.com/docs/sharing/webmasters/crawler))" floresyfloresarmenia.com 10.53.129.184
66.249.73.166 - - [30/Aug/2026:12:02:16 -0500] "GET /item-646460636161644403114.html HTTP/1.1" 200 49393 "-" "Mozilla/5.0 (Linux; Android 6.0.1; Nexus 5X Build/MMB29P) AppleWebKit/537.36 (KHTML, like Gecko) Chrome/151.0.7922.173 Mobile Safari/537.36 (compatible; GoogleOther)" www.floresyfloresarmenia.com 10.53.129.184
66.249.73.99 - - [30/Aug/2026:12:02:17 -0500] "GET /?item-637060616761613801711.html HTTP/1.1" 200 49225 "-" "Mozilla/5.0 (Linux; Android 6.0.1; Nexus 5X Build/MMB29P) AppleWebKit/537.36 (KHTML, like Gecko) Chrome/151.0.7922.173 Mobile Safari/537.36 (compatible; Googlebot/2.1; +http://www.google.com/bot.html)" floresyfloresarmenia.com 10.53.129.184
74.7.242.53 - - [30/Aug/2026:12:02:23 -0500] "GET /item-646062627171644022994.html HTTP/2.0" 404 28431 "https://floresyfloresarmenia.com/pyropesqjj.xml" "Mozilla/5.0 AppleWebKit/537.36 (KHTML, like Gecko; compatible; GPTBot/1.4; +https://openai.com/gptbot)" floresyfloresarmenia.com 10.53.129.184
69.6.233.64 - - [30/Aug/2026:12:02:45 -0500] "POST /wp-cron.php?doing_wp_cron=1788109365.1225359439849853515625 HTTP/1.1" 200 - "-" "WordPress/7.1; https://floresyfloresarmenia.com" floresyfloresarmenia.com 10.53.129.184
74.7.242.53 - - [30/Aug/2026:12:02:43 -0500] "GET /item-626271616371702291398.html HTTP/2.0" 404 28432 "https://floresyfloresarmenia.com/bucketeerzaj.xml" "Mozilla/5.0 AppleWebKit/537.36 (KHTML, like Gecko; compatible; GPTBot/1.4; +https://openai.com/gptbot)" floresyfloresarmenia.com 10.53.129.184
57.141.22.14 - - [30/Aug/2026:12:02:45 -0500] "GET /ruleta-electronica-retiro-rapido/ HTTP/2.0" 200 - "-" "Mozilla/5.0 (Windows NT 10.0; Win64; x64) AppleWebKit/537.36 (KHTML, like Gecko) Chrome/145.0.0.0 Safari/537.36 (compatible; meta-externalagent/1.1 (+https://developers.facebook.com/docs/sharing/webmasters/crawler))" floresyfloresarmenia.com 10.53.129.184
57.141.22.92 - - [30/Aug/2026:12:02:54 -0500] "GET /dividir-cartas-en-el-blackjack/ HTTP/2.0" 200 48075 "-" "Mozilla/5.0 (Windows NT 10.0; Win64; x64) AppleWebKit/537.36 (KHTML, like Gecko) Chrome/145.0.0.0 Safari/537.36 (compatible; meta-externalagent/1.1 (+https://developers.facebook.com/docs/sharing/webmasters/crawler))" floresyfloresarmenia.com 10.53.129.184
57.141.0.53 - - [30/Aug/2026:12:02:58 -0500] "GET / HTTP/2.0" 200 56966 "-" "facebookexternalhit/1.1 (+http://www.facebook.com/externalhit_uatext.php)" floresyfloresarmenia.com 10.53.129.184
66.249.73.165 - - [30/Aug/2026:12:03:01 -0500] "GET /item-627170606265662980256.html HTTP/1.1" 200 45005 "-" "Mozilla/5.0 (Linux; Android 6.0.1; Nexus 5X Build/MMB29P) AppleWebKit/537.36 (KHTML, like Gecko) Chrome/151.0.7922.173 Mobile Safari/537.36 (compatible; GoogleOther)" www.floresyfloresarmenia.com 10.53.129.184
66.249.73.99 - - [30/Aug/2026:12:03:02 -0500] "GET /?item-636462716760613429701.html HTTP/1.1" 200 45278 "-" "Mozilla/5.0 (Linux; Android 6.0.1; Nexus 5X Build/MMB29P) AppleWebKit/537.36 (KHTML, like Gecko) Chrome/151.0.7922.173 Mobile Safari/537.36 (compatible; Googlebot/2.1; +http://www.google.com/bot.html)" floresyfloresarmenia.com 10.53.129.184
57.141.22.5 - - [30/Aug/2026:12:03:03 -0500] "GET /juegos-de-todos-los-casinos/ HTTP/2.0" 200 47561 "-" "Mozilla/5.0 (Macintosh; Intel Mac OS X 10_15_7) AppleWebKit/537.36 (KHTML, like Gecko) Chrome/145.0.0.0 Safari/537.36 (compatible; meta-externalagent/1.1 (+https://developers.facebook.com/docs/sharing/webmasters/crawler))" floresyfloresarmenia.com 10.53.129.184
74.7.242.53 - - [30/Aug/2026:12:03:03 -0500] "GET /item-626362716567642329574.html HTTP/2.0" 404 28432 "https://floresyfloresarmenia.com/grecojbu.xml" "Mozilla/5.0 AppleWebKit/537.36 (KHTML, like Gecko; compatible; GPTBot/1.4; +https://openai.com/gptbot)" floresyfloresarmenia.com 10.53.129.184
66.249.73.99 - - [30/Aug/2026:12:03:12 -0500] "GET /robots.txt HTTP/1.1" 200 148 "-" "Mozilla/5.0 (compatible; Googlebot/2.1; +http://www.google.com/bot.html)" floresyfloresarmenia.com 10.53.129.184
57.141.22.53 - - [30/Aug/2026:12:03:22 -0500] "GET /ruleta-electronica-espana/ HTTP/2.0" 200 48219 "-" "Mozilla/5.0 (Macintosh; Intel Mac OS X 10_15_7) AppleWebKit/537.36 (KHTML, like Gecko) Chrome/145.0.0.0 Safari/537.36 (compatible; meta-externalagent/1.1 (+https://developers.facebook.com/docs/sharing/webmasters/crawler))" floresyfloresarmenia.com 10.53.129.184
74.7.242.53 - - [30/Aug/2026:12:03:23 -0500] "GET /item-656370606761645380714.html HTTP/2.0" 404 28432 "https://floresyfloresarmenia.com/foraramensbqy.xml" "Mozilla/5.0 AppleWebKit/537.36 (KHTML, like Gecko; compatible; GPTBot/1.4; +https://openai.com/gptbot)" floresyfloresarmenia.com 10.53.129.184
66.249.73.99 - - [30/Aug/2026:12:03:31 -0500] "GET /?item-636563606567633530573.html HTTP/1.1" 200 47368 "-" "Mozilla/5.0 (Linux; Android 6.0.1; Nexus 5X Build/MMB29P) AppleWebKit/537.36 (KHTML, like Gecko) Chrome/151.0.7922.173 Mobile Safari/537.36 (compatible; Googlebot/2.1; +http://www.google.com/bot.html)" floresyfloresarmenia.com 10.53.129.184
69.6.233.64 - - [30/Aug/2026:12:03:41 -0500] "POST /wp-cron.php?doing_wp_cron=1788109421.9584519863128662109375 HTTP/1.1" 200 - "-" "WordPress/7.1; https://floresyfloresarmenia.com" floresyfloresarmenia.com 10.53.129.184
57.141.22.114 - - [30/Aug/2026:12:03:39 -0500] "GET /casino-online-retiro-transferencia/ HTTP/2.0" 200 46413 "-" "Mozilla/5.0 (Macintosh; Intel Mac OS X 10_15_7) AppleWebKit/537.36 (KHTML, like Gecko) Chrome/145.0.0.0 Safari/537.36 (compatible; meta-externalagent/1.1 (+https://developers.facebook.com/docs/sharing/webmasters/crawler))" floresyfloresarmenia.com 10.53.129.184
66.249.73.99 - - [30/Aug/2026:12:03:40 -0500] "GET /?item-636563716266633539263.html HTTP/1.1" 200 50599 "-" "Mozilla/5.0 (Linux; Android 6.0.1; Nexus 5X Build/MMB29P) AppleWebKit/537.36 (KHTML, like Gecko) Chrome/151.0.7922.173 Mobile Safari/537.36 (compatible; Googlebot/2.1; +http://www.google.com/bot.html)" floresyfloresarmenia.com 10.53.129.184
74.7.242.53 - - [30/Aug/2026:12:03:43 -0500] "GET /item-647165646671704954698.html HTTP/2.0" 404 28432 "https://floresyfloresarmenia.com/foraramensbqy.xml" "Mozilla/5.0 AppleWebKit/537.36 (KHTML, like Gecko; compatible; GPTBot/1.4; +https://openai.com/gptbot)" floresyfloresarmenia.com 10.53.129.184
66.249.73.99 - - [30/Aug/2026:12:03:58 -0500] "GET /?item-626463656663622435632.html HTTP/1.1" 200 45063 "-" "Mozilla/5.0 (Linux; Android 6.0.1; Nexus 5X Build/MMB29P) AppleWebKit/537.36 (KHTML, like Gecko) Chrome/151.0.7922.173 Mobile Safari/537.36 (compatible; Googlebot/2.1; +http://www.google.com/bot.html)" floresyfloresarmenia.com 10.53.129.184
66.249.73.99 - - [30/Aug/2026:12:03:58 -0500] "GET /?item-646466606261644460214.htmlm HTTP/1.1" 200 49390 "-" "Mozilla/5.0 (Linux; Android 6.0.1; Nexus 5X Build/MMB29P) AppleWebKit/537.36 (KHTML, like Gecko) Chrome/151.0.7922.173 Mobile Safari/537.36 (compatible; Googlebot/2.1; +http://www.google.com/bot.html)" floresyfloresarmenia.com 10.53.129.184
66.249.73.99 - - [30/Aug/2026:12:03:59 -0500] "GET /?item-646767636061704773018.html HTTP/1.1" 200 45255 "-" "Mozilla/5.0 (Linux; Android 6.0.1; Nexus 5X Build/MMB29P) AppleWebKit/537.36 (KHTML, like Gecko) Chrome/151.0.7922.173 Mobile Safari/537.36 (compatible; GoogleOther)" floresyfloresarmenia.com 10.53.129.184
66.249.73.99 - - [30/Aug/2026:12:04:01 -0500] "GET /?item-627165606764652950745.html HTTP/1.1" 200 44242 "-" "Mozilla/5.0 (Linux; Android 6.0.1; Nexus 5X Build/MMB29P) AppleWebKit/537.36 (KHTML, like Gecko) Chrome/151.0.7922.173 Mobile Safari/537.36 (compatible; Googlebot/2.1; +http://www.google.com/bot.html)" floresyfloresarmenia.com 10.53.129.184
74.7.242.53 - - [30/Aug/2026:12:04:03 -0500] "GET /item-627071637066712893869.html HTTP/2.0" 404 28432 "https://floresyfloresarmenia.com/foraramensbqy.xml" "Mozilla/5.0 AppleWebKit/537.36 (KHTML, like Gecko; compatible; GPTBot/1.4; +https://openai.com/gptbot)" floresyfloresarmenia.com 10.53.129.184
69.6.233.64 - - [30/Aug/2026:12:04:25 -0500] "POST /wp-cron.php?doing_wp_cron=1788109465.1451740264892578125000 HTTP/1.1" 200 - "-" "WordPress/7.1; https://floresyfloresarmenia.com" floresyfloresarmenia.com 10.53.129.184
57.141.22.15 - - [30/Aug/2026:12:04:21 -0500] "GET /video-juego-tragamonedas-gratis/ HTTP/2.0" 200 47321 "-" "Mozilla/5.0 (Macintosh; Intel Mac OS X 10_15_7) AppleWebKit/537.36 (KHTML, like Gecko) Chrome/145.0.0.0 Safari/537.36 (compatible; meta-externalagent/1.1 (+https://developers.facebook.com/docs/sharing/webmasters/crawler))" floresyfloresarmenia.com 10.53.129.184
74.7.242.53 - - [30/Aug/2026:12:04:23 -0500] "GET /item-646065637070644053884.html HTTP/2.0" 404 28431 "https://floresyfloresarmenia.com/grecojbu.xml" "Mozilla/5.0 AppleWebKit/537.36 (KHTML, like Gecko; compatible; GPTBot/1.4; +https://openai.com/gptbot)" floresyfloresarmenia.com 10.53.129.184
66.249.73.99 - - [30/Aug/2026:12:04:29 -0500] "GET /?item-646671646764634694743.html HTTP/1.1" 200 45525 "-" "Mozilla/5.0 (Linux; Android 6.0.1; Nexus 5X Build/MMB29P) AppleWebKit/537.36 (KHTML, like Gecko) Chrome/151.0.7922.173 Mobile Safari/537.36 (compatible; GoogleOther)" floresyfloresarmenia.com 10.53.129.184
66.249.73.99 - - [30/Aug/2026:12:04:33 -0500] "GET /robots.txt HTTP/1.1" 200 148 "-" "Mozilla/5.0 (compatible; Googlebot/2.1; +http://www.google.com/bot.html)" floresyfloresarmenia.com 10.53.129.184
69.6.233.64 - - [30/Aug/2026:12:04:45 -0500] "POST /wp-cron.php?doing_wp_cron=1788109485.9220139980316162109375 HTTP/1.1" 200 - "-" "WordPress/7.1; https://floresyfloresarmenia.com" floresyfloresarmenia.com 10.53.129.184
74.7.242.53 - - [30/Aug/2026:12:04:43 -0500] "GET /item-646165716261704159218.html HTTP/2.0" 404 28431 "https://floresyfloresarmenia.com/cytoplastptf.xml" "Mozilla/5.0 AppleWebKit/537.36 (KHTML, like Gecko; compatible; GPTBot/1.4; +https://openai.com/gptbot)" floresyfloresarmenia.com 10.53.129.184
57.141.22.122 - - [30/Aug/2026:12:04:53 -0500] "GET /jugar-juegos-de-cartas-espanolas-casino-online/ HTTP/2.0" 200 47599 "-" "Mozilla/5.0 (Windows NT 10.0; Win64; x64) AppleWebKit/537.36 (KHTML, like Gecko) Chrome/145.0.0.0 Safari/537.36 (compatible; meta-externalagent/1.1 (+https://developers.facebook.com/docs/sharing/webmasters/crawler))" floresyfloresarmenia.com 10.53.129.184
66.249.73.99 - - [30/Aug/2026:12:04:58 -0500] "GET /neon54-casino-bono-de-bienvenida-primer-deposito-y-giros-gratis/ HTTP/1.1" 200 50717 "-" "Mozilla/5.0 (Linux; Android 6.0.1; Nexus 5X Build/MMB29P) AppleWebKit/537.36 (KHTML, like Gecko) Chrome/151.0.7922.173 Mobile Safari/537.36 (compatible; GoogleOther)" floresyfloresarmenia.com 10.53.129.184
57.141.22.110 - - [30/Aug/2026:12:05:00 -0500] "GET /jugar-ruleta-rapida-gratis/ HTTP/2.0" 200 47817 "-" "Mozilla/5.0 (Windows NT 10.0; Win64; x64) AppleWebKit/537.36 (KHTML, like Gecko) Chrome/145.0.0.0 Safari/537.36 (compatible; meta-externalagent/1.1 (+https://developers.facebook.com/docs/sharing/webmasters/crawler))" floresyfloresarmenia.com 10.53.129.184
74.7.242.53 - - [30/Aug/2026:12:05:03 -0500] "GET /item-627064667161602846910.html HTTP/2.0" 404 28432 "https://floresyfloresarmenia.com/pyropesqjj.xml" "Mozilla/5.0 AppleWebKit/537.36 (KHTML, like Gecko; compatible; GPTBot/1.4; +https://openai.com/gptbot)" floresyfloresarmenia.com 10.53.129.184
66.249.73.99 - - [30/Aug/2026:12:05:03 -0500] "GET /?item-636366606365603360350.html HTTP/1.1" 200 45460 "-" "Mozilla/5.0 (Linux; Android 6.0.1; Nexus 5X Build/MMB29P) AppleWebKit/537.36 (KHTML, like Gecko) Chrome/151.0.7922.173 Mobile Safari/537.36 (compatible; Googlebot/2.1; +http://www.google.com/bot.html)" floresyfloresarmenia.com 10.53.129.184
57.141.22.95 - - [30/Aug/2026:12:05:06 -0500] "GET /buscar-juegos-casino-tragamonedas-gratis/ HTTP/2.0" 200 48430 "-" "Mozilla/5.0 (Windows NT 10.0; Win64; x64) AppleWebKit/537.36 (KHTML, like Gecko) Chrome/145.0.0.0 Safari/537.36 (compatible; meta-externalagent/1.1 (+https://developers.facebook.com/docs/sharing/webmasters/crawler))" floresyfloresarmenia.com 10.53.129.184
74.7.242.53 - - [30/Aug/2026:12:05:23 -0500] "GET /item-627164656162602945120.html HTTP/2.0" 404 28431 "https://www.floresyfloresarmenia.com" "Mozilla/5.0 AppleWebKit/537.36 (KHTML, like Gecko; compatible; GPTBot/1.4; +https://openai.com/gptbot)" floresyfloresarmenia.com 10.53.129.184
66.249.73.99 - - [30/Aug/2026:12:05:25 -0500] "GET /?item-646662646563704624538.html HTTP/1.1" 200 48321 "-" "Mozilla/5.0 (Linux; Android 6.0.1; Nexus 5X Build/MMB29P) AppleWebKit/537.36 (KHTML, like Gecko) Chrome/151.0.7922.173 Mobile Safari/537.36 (compatible; Googlebot/2.1; +http://www.google.com/bot.html)" floresyfloresarmenia.com 10.53.129.184
66.249.73.99 - - [30/Aug/2026:12:05:29 -0500] "GET /?item-646766626270704762288.html HTTP/1.1" 200 45407 "-" "Mozilla/5.0 (Linux; Android 6.0.1; Nexus 5X Build/MMB29P) AppleWebKit/537.36 (KHTML, like Gecko) Chrome/151.0.7922.173 Mobile Safari/537.36 (compatible; Googlebot/2.1; +http://www.google.com/bot.html)" floresyfloresarmenia.com 10.53.129.184
69.6.233.64 - - [30/Aug/2026:12:05:35 -0500] "POST /wp-cron.php?doing_wp_cron=1788109535.3858869075775146484375 HTTP/1.1" 200 - "-" "WordPress/7.1; https://floresyfloresarmenia.com" floresyfloresarmenia.com 10.53.129.184
57.141.22.4 - - [30/Aug/2026:12:05:33 -0500] "GET /dinero-en-las-maquinitas-tragamonedas/ HTTP/2.0" 200 46671 "-" "Mozilla/5.0 (Windows NT 10.0; Win64; x64) AppleWebKit/537.36 (KHTML, like Gecko) Chrome/145.0.0.0 Safari/537.36 (compatible; meta-externalagent/1.1 (+https://developers.facebook.com/docs/sharing/webmasters/crawler))" floresyfloresarmenia.com 10.53.129.184
74.7.242.53 - - [30/Aug/2026:12:05:43 -0500] "GET /item-636570646563713584539.html HTTP/2.0" 404 28432 "https://floresyfloresarmenia.com/nuagvo.xml" "Mozilla/5.0 AppleWebKit/537.36 (KHTML, like Gecko; compatible; GPTBot/1.4; +https://openai.com/gptbot)" floresyfloresarmenia.com 10.53.129.184
57.141.22.102 - - [30/Aug/2026:12:05:45 -0500] "GET /cuando-jackpot-online-gratis/ HTTP/2.0" 200 47906 "-" "Mozilla/5.0 (X11; Linux x86_64) AppleWebKit/537.36 (KHTML, like Gecko) Chrome/145.0.0.0 Safari/537.36 (compatible; meta-externalagent/1.1 (+https://developers.facebook.com/docs/sharing/webmasters/crawler))" floresyfloresarmenia.com 10.53.129.184
66.249.73.99 - - [30/Aug/2026:12:05:59 -0500] "GET /robots.txt HTTP/1.1" 200 148 "-" "Mozilla/5.0 (compatible; Googlebot/2.1; +http://www.google.com/bot.html)" floresyfloresarmenia.com 10.53.129.184
57.141.22.10 - - [30/Aug/2026:12:06:01 -0500] "GET /casinos-online-que-aceptan-tarjeta-de-credito/ HTTP/2.0" 200 48800 "-" "Mozilla/5.0 (Windows NT 10.0; Win64; x64) AppleWebKit/537.36 (KHTML, like Gecko) Chrome/145.0.0.0 Safari/537.36 Edg/145.0.0.0 (compatible; meta-externalagent/1.1 (+https://developers.facebook.com/docs/sharing/webmasters/crawler))" floresyfloresarmenia.com 10.53.129.184
74.7.242.53 - - [30/Aug/2026:12:06:03 -0500] "GET /item-647162606165604920150.html HTTP/2.0" 404 28432 "https://floresyfloresarmenia.com/refederalizejlh.xml" "Mozilla/5.0 AppleWebKit/537.36 (KHTML, like Gecko; compatible; GPTBot/1.4; +https://openai.com/gptbot)" floresyfloresarmenia.com 10.53.129.184
57.141.14.3 - - [30/Aug/2026:12:06:07 -0500] "GET / HTTP/2.0" 200 56958 "-" "facebookexternalhit/1.1 (+http://www.facebook.com/externalhit_uatext.php)" floresyfloresarmenia.com 10.53.129.184
66.249.73.100 - - [30/Aug/2026:12:06:08 -0500] "GET /?item-646263647066614234861.htmlm HTTP/1.1" 200 51166 "-" "Mozilla/5.0 (Linux; Android 6.0.1; Nexus 5X Build/MMB29P) AppleWebKit/537.36 (KHTML, like Gecko) Chrome/151.0.7922.173 Mobile Safari/537.36 (compatible; Googlebot/2.1; +http://www.google.com/bot.html)" floresyfloresarmenia.com 10.53.129.184
66.249.73.100 - - [30/Aug/2026:12:06:12 -0500] "GET /?item-646563716066654539065.html HTTP/1.1" 200 48481 "-" "Mozilla/5.0 (Linux; Android 6.0.1; Nexus 5X Build/MMB29P) AppleWebKit/537.36 (KHTML, like Gecko) Chrome/151.0.7922.173 Mobile Safari/537.36 (compatible; Googlebot/2.1; +http://www.google.com/bot.html)" floresyfloresarmenia.com 10.53.129.184
66.249.73.100 - - [30/Aug/2026:12:06:14 -0500] "GET /?item-626364627067662342876.html HTTP/1.1" 200 46268 "-" "Mozilla/5.0 (Linux; Android 6.0.1; Nexus 5X Build/MMB29P) AppleWebKit/537.36 (KHTML, like Gecko) Chrome/151.0.7922.173 Mobile Safari/537.36 (compatible; Googlebot/2.1; +http://www.google.com/bot.html)" floresyfloresarmenia.com 10.53.129.184
66.249.73.100 - - [30/Aug/2026:12:06:15 -0500] "GET /?item-636461706362713418329.html HTTP/1.1" 200 46170 "-" "Mozilla/5.0 (Linux; Android 6.0.1; Nexus 5X Build/MMB29P) AppleWebKit/537.36 (KHTML, like Gecko) Chrome/151.0.7922.173 Mobile Safari/537.36 (compatible; GoogleOther)" floresyfloresarmenia.com 10.53.129.184
74.7.242.53 - - [30/Aug/2026:12:06:23 -0500] "GET /item-636462637165703423958.html HTTP/2.0" 404 28432 "https://floresyfloresarmenia.com/intermitshsc.xml" "Mozilla/5.0 AppleWebKit/537.36 (KHTML, like Gecko; compatible; GPTBot/1.4; +https://openai.com/gptbot)" floresyfloresarmenia.com 10.53.129.184
57.141.22.46 - - [30/Aug/2026:12:06:29 -0500] "GET /casino-monticello-juegos-para-ninos/ HTTP/2.0" 200 47120 "-" "Mozilla/5.0 (Macintosh; Intel Mac OS X 10_15_7) AppleWebKit/537.36 (KHTML, like Gecko) Chrome/145.0.0.0 Safari/537.36 (compatible; meta-externalagent/1.1 (+https://developers.facebook.com/docs/sharing/webmasters/crawler))" floresyfloresarmenia.com 10.53.129.184
57.141.22.101 - - [30/Aug/2026:12:06:30 -0500] "GET /retiros-en-casino-tether/ HTTP/2.0" 200 48677 "-" "Mozilla/5.0 (Windows NT 10.0; Win64; x64) AppleWebKit/537.36 (KHTML, like Gecko) Chrome/145.0.0.0 Safari/537.36 (compatible; meta-externalagent/1.1 (+https://developers.facebook.com/docs/sharing/webmasters/crawler))" floresyfloresarmenia.com 10.53.129.184
74.7.242.53 - - [30/Aug/2026:12:06:43 -0500] "GET /item-626365716070602359080.html HTTP/2.0" 404 28432 "https://floresyfloresarmenia.com/halfwittednesswzp.xml" "Mozilla/5.0 AppleWebKit/537.36 (KHTML, like Gecko; compatible; GPTBot/1.4; +https://openai.com/gptbot)" floresyfloresarmenia.com 10.53.129.184
69.6.233.64 - - [30/Aug/2026:12:06:45 -0500] "PURGE /excellent-bonuses-and-glory-casino-promo-code-for/ HTTP/1.1" 200 43803 "-" "WordPress/7.1; https://floresyfloresarmenia.com; EPC/v2.2.2/option_handler" floresyfloresarmenia.com 10.53.129.184
69.6.233.64 - - [30/Aug/2026:12:06:50 -0500] "PURGE /excellent-bonuses-and-glory-casino-promo-code-for/ HTTP/1.1" 200 43865 "-" "WordPress/7.1; https://floresyfloresarmenia.com; EPC/v2.2.2/option_handler" floresyfloresarmenia.com 10.53.129.184
57.141.22.101 - - [30/Aug/2026:12:06:51 -0500] "GET /bingo-electronico-licenciado/ HTTP/2.0" 200 47620 "-" "Mozilla/5.0 (Windows NT 10.0; Win64; x64) AppleWebKit/537.36 (KHTML, like Gecko) Chrome/145.0.0.0 Safari/537.36 (compatible; meta-externalagent/1.1 (+https://developers.facebook.com/docs/sharing/webmasters/crawler))" floresyfloresarmenia.com 10.53.129.184
69.6.233.64 - - [30/Aug/2026:12:06:54 -0500] "PURGE / HTTP/1.1" 200 64166 "-" "WordPress/7.1; https://floresyfloresarmenia.com; EPC/v2.2.2/option_handler" floresyfloresarmenia.com 10.53.129.184
69.6.233.64 - - [30/Aug/2026:12:07:00 -0500] "PURGE / HTTP/1.1" 200 64208 "-" "WordPress/7.1; https://floresyfloresarmenia.com; EPC/v2.2.2/option_handler" floresyfloresarmenia.com 10.53.129.184
74.7.242.53 - - [30/Aug/2026:12:07:03 -0500] "GET /item-656461706360675418307.html HTTP/2.0" 404 28432 "https://floresyfloresarmenia.com/cytoplastptf.xml" "Mozilla/5.0 AppleWebKit/537.36 (KHTML, like Gecko; compatible; GPTBot/1.4; +https://openai.com/gptbot)" floresyfloresarmenia.com 10.53.129.184
57.141.22.7 - - [30/Aug/2026:12:07:05 -0500] "GET /casino-en-vivo-retiro-bizum/ HTTP/2.0" 200 48778 "-" "Mozilla/5.0 (Windows NT 10.0; Win64; x64) AppleWebKit/537.36 (KHTML, like Gecko) Chrome/145.0.0.0 Safari/537.36 (compatible; meta-externalagent/1.1 (+https://developers.facebook.com/docs/sharing/webmasters/crawler))" floresyfloresarmenia.com 10.53.129.184
69.6.233.64 - - [30/Aug/2026:12:07:05 -0500] "PURGE /category/post/ HTTP/1.1" 200 31381 "-" "WordPress/7.1; https://floresyfloresarmenia.com; EPC/v2.2.2/option_handler" floresyfloresarmenia.com 10.53.129.184
57.141.22.23 - - [30/Aug/2026:12:07:09 -0500] "GET /que-son-los-casinos-cripto/ HTTP/2.0" 200 49101 "-" "Mozilla/5.0 (Macintosh; Intel Mac OS X 10_15_7) AppleWebKit/537.36 (KHTML, like Gecko) Chrome/145.0.0.0 Safari/537.36 (compatible; meta-externalagent/1.1 (+https://developers.facebook.com/docs/sharing/webmasters/crawler))" floresyfloresarmenia.com 10.53.129.184
69.6.233.64 - - [30/Aug/2026:12:07:10 -0500] "PURGE /category/post/ HTTP/1.1" 200 31381 "-" "WordPress/7.1; https://floresyfloresarmenia.com; EPC/v2.2.2/option_handler" floresyfloresarmenia.com 10.53.129.184
74.7.242.53 - - [30/Aug/2026:12:07:23 -0500] "GET /item-626361716065652319055.html HTTP/2.0" 404 28432 "https://floresyfloresarmenia.com/epigastricalwzt.xml" "Mozilla/5.0 AppleWebKit/537.36 (KHTML, like Gecko; compatible; GPTBot/1.4; +https://openai.com/gptbot)" floresyfloresarmenia.com 10.53.129.184
66.249.73.101 - - [30/Aug/2026:12:07:30 -0500] "GET /?item-646464626371674442397.html HTTP/1.1" 200 44643 "-" "Mozilla/5.0 (Linux; Android 6.0.1; Nexus 5X Build/MMB29P) AppleWebKit/537.36 (KHTML, like Gecko) Chrome/151.0.7922.173 Mobile Safari/537.36 (compatible; Googlebot/2.1; +http://www.google.com/bot.html)" floresyfloresarmenia.com 10.53.129.184
69.6.233.64 - - [30/Aug/2026:12:07:43 -0500] "POST /wp-cron.php?doing_wp_cron=1788109663.9480841159820556640625 HTTP/1.1" 200 - "-" "WordPress/7.1; https://floresyfloresarmenia.com" floresyfloresarmenia.com 10.53.129.184
57.141.22.114 - - [30/Aug/2026:12:07:37 -0500] "GET /bingo-gratis-gratis/ HTTP/2.0" 200 46459 "-" "Mozilla/5.0 (X11; Linux x86_64) AppleWebKit/537.36 (KHTML, like Gecko) Chrome/145.0.0.0 Safari/537.36 (compatible; meta-externalagent/1.1 (+https://developers.facebook.com/docs/sharing/webmasters/crawler))" floresyfloresarmenia.com 10.53.129.184
74.7.242.53 - - [30/Aug/2026:12:07:43 -0500] "GET /item-646770656362654785325.html HTTP/2.0" 404 28432 "https://floresyfloresarmenia.com/halfwittednesswzp.xml" "Mozilla/5.0 AppleWebKit/537.36 (KHTML, like Gecko; compatible; GPTBot/1.4; +https://openai.com/gptbot)" floresyfloresarmenia.com 10.53.129.184
69.6.233.64 - - [30/Aug/2026:12:07:48 -0500] "PURGE /.* HTTP/1.1" 404 28409 "-" "WordPress/7.1; https://floresyfloresarmenia.com; EPC/v2.2.2/epc_scheduled_purge_all" floresyfloresarmenia.com 10.53.129.184
69.6.233.64 - - [30/Aug/2026:12:07:51 -0500] "PURGE /.* HTTP/1.1" 404 28409 "-" "WordPress/7.1; https://floresyfloresarmenia.com; EPC/v2.2.2/epc_scheduled_purge_all" floresyfloresarmenia.com 10.53.129.184
66.249.73.100 - - [30/Aug/2026:12:07:54 -0500] "GET /?item-646066657164664065946.html HTTP/1.1" 200 47274 "-" "Mozilla/5.0 (Linux; Android 6.0.1; Nexus 5X Build/MMB29P) AppleWebKit/537.36 (KHTML, like Gecko) Chrome/151.0.7922.173 Mobile Safari/537.36 (compatible; Googlebot/2.1; +http://www.google.com/bot.html)" floresyfloresarmenia.com 10.53.129.184
74.7.242.53 - - [30/Aug/2026:12:08:03 -0500] "GET /item-646371647060654394805.html HTTP/2.0" 404 28432 "https://floresyfloresarmenia.com/pyropesqjj.xml" "Mozilla/5.0 AppleWebKit/537.36 (KHTML, like Gecko; compatible; GPTBot/1.4; +https://openai.com/gptbot)" floresyfloresarmenia.com 10.53.129.184
74.7.242.53 - - [30/Aug/2026:12:08:23 -0500] "GET /item-656261636171645213194.html HTTP/2.0" 404 28431 "https://floresyfloresarmenia.com/brachmanrth.xml" "Mozilla/5.0 AppleWebKit/537.36 (KHTML, like Gecko; compatible; GPTBot/1.4; +https://openai.com/gptbot)" floresyfloresarmenia.com 10.53.129.184
66.249.73.100 - - [30/Aug/2026:12:08:40 -0500] "GET /?item-646264676267614247271.html HTTP/1.1" 200 52620 "-" "Mozilla/5.0 (Linux; Android 6.0.1; Nexus 5X Build/MMB29P) AppleWebKit/537.36 (KHTML, like Gecko) Chrome/151.0.7922.173 Mobile Safari/537.36 (compatible; Googlebot/2.1; +http://www.google.com/bot.html)" floresyfloresarmenia.com 10.53.129.184
69.6.233.64 - - [30/Aug/2026:12:08:43 -0500] "POST /wp-cron.php?doing_wp_cron=1788109723.2746880054473876953125 HTTP/1.1" 200 - "-" "WordPress/7.1; https://floresyfloresarmenia.com" floresyfloresarmenia.com 10.53.129.184
57.141.22.119 - - [30/Aug/2026:12:08:41 -0500] "GET /maquinas-tragamonedas-en-espanol-gratis/ HTTP/2.0" 200 47857 "-" "Mozilla/5.0 (Windows NT 10.0; Win64; x64) AppleWebKit/537.36 (KHTML, like Gecko) Chrome/145.0.0.0 Safari/537.36 (compatible; meta-externalagent/1.1 (+https://developers.facebook.com/docs/sharing/webmasters/crawler))" floresyfloresarmenia.com 10.53.129.184
57.141.22.36 - - [30/Aug/2026:12:08:43 -0500] "GET /casino-online-espana-slots/ HTTP/2.0" 200 49103 "-" "Mozilla/5.0 (Windows NT 10.0; Win64; x64) AppleWebKit/537.36 (KHTML, like Gecko) Chrome/145.0.0.0 Safari/537.36 (compatible; meta-externalagent/1.1 (+https://developers.facebook.com/docs/sharing/webmasters/crawler))" floresyfloresarmenia.com 10.53.129.184
74.7.242.53 - - [30/Aug/2026:12:08:43 -0500] "GET /item-647163646170604934180.html HTTP/2.0" 404 28432 "https://floresyfloresarmenia.com/refederalizejlh.xml" "Mozilla/5.0 AppleWebKit/537.36 (KHTML, like Gecko; compatible; GPTBot/1.4; +https://openai.com/gptbot)" floresyfloresarmenia.com 10.53.129.184
66.249.73.99 - - [30/Aug/2026:12:08:56 -0500] "GET /?item-636270646066633284063.html HTTP/1.1" 200 47782 "-" "Mozilla/5.0 (Linux; Android 6.0.1; Nexus 5X Build/MMB29P) AppleWebKit/537.36 (KHTML, like Gecko) Chrome/151.0.7922.173 Mobile Safari/537.36 (compatible; Googlebot/2.1; +http://www.google.com/bot.html)" floresyfloresarmenia.com 10.53.129.184
66.249.73.100 - - [30/Aug/2026:12:09:02 -0500] "GET /?item-626764666670622746682.html HTTP/1.1" 200 49313 "-" "Mozilla/5.0 (Linux; Android 6.0.1; Nexus 5X Build/MMB29P) AppleWebKit/537.36 (KHTML, like Gecko) Chrome/151.0.7922.173 Mobile Safari/537.36 (compatible; Googlebot/2.1; +http://www.google.com/bot.html)" floresyfloresarmenia.com 10.53.129.184
74.7.242.53 - - [30/Aug/2026:12:09:03 -0500] "GET /item-656064716463635049433.html HTTP/2.0" 404 28432 "https://floresyfloresarmenia.com/epigastricalwzt.xml" "Mozilla/5.0 AppleWebKit/537.36 (KHTML, like Gecko; compatible; GPTBot/1.4; +https://openai.com/gptbot)" floresyfloresarmenia.com 10.53.129.184
66.249.73.101 - - [30/Aug/2026:12:09:06 -0500] "GET /?item-656167656264705175248.html HTTP/1.1" 200 47068 "-" "Mozilla/5.0 (Linux; Android 6.0.1; Nexus 5X Build/MMB29P) AppleWebKit/537.36 (KHTML, like Gecko) Chrome/151.0.7922.173 Mobile Safari/537.36 (compatible; Googlebot/2.1; +http://www.google.com/bot.html)" floresyfloresarmenia.com 10.53.129.184
66.249.73.99 - - [30/Aug/2026:12:09:09 -0500] "GET /?item-626361616061622311012.html HTTP/1.1" 200 49842 "-" "Mozilla/5.0 (Linux; Android 6.0.1; Nexus 5X Build/MMB29P) AppleWebKit/537.36 (KHTML, like Gecko) Chrome/151.0.7922.173 Mobile Safari/537.36 (compatible; Googlebot/2.1; +http://www.google.com/bot.html)" floresyfloresarmenia.com 10.53.129.184
66.249.73.99 - - [30/Aug/2026:12:09:16 -0500] "GET /?item-656666666670675666687.html HTTP/1.1" 200 46269 "-" "Mozilla/5.0 (Linux; Android 6.0.1; Nexus 5X Build/MMB29P) AppleWebKit/537.36 (KHTML, like Gecko) Chrome/151.0.7922.173 Mobile Safari/537.36 (compatible; GoogleOther)" floresyfloresarmenia.com 10.53.129.184
66.249.73.99 - - [30/Aug/2026:12:09:21 -0500] "GET /?cate/item-collars.html HTTP/1.1" 200 45479 "-" "Mozilla/5.0 (Linux; Android 6.0.1; Nexus 5X Build/MMB29P) AppleWebKit/537.36 (KHTML, like Gecko) Chrome/151.0.7922.173 Mobile Safari/537.36 (compatible; Googlebot/2.1; +http://www.google.com/bot.html)" floresyfloresarmenia.com 10.53.129.184
