79.117.105.140 - - [30/Aug/2026:11:04:09 -0500] "GET /wp-content/uploads/2025/09/rose-768x768.png HTTP/2.0" 200 196992 "https://floresyfloresarmenia.com/" "Mozilla/5.0 (Linux; Android 10; K) AppleWebKit/537.36 (KHTML, like Gecko) Chrome/151.0.0.0 Mobile Safari/537.36" floresyfloresarmenia.com 10.53.129.184
79.117.105.140 - - [30/Aug/2026:11:04:09 -0500] "GET /wp-content/uploads/2025/09/especial2-768x768.png HTTP/2.0" 200 198716 "https://floresyfloresarmenia.com/" "Mozilla/5.0 (Linux; Android 10; K) AppleWebKit/537.36 (KHTML, like Gecko) Chrome/151.0.0.0 Mobile Safari/537.36" floresyfloresarmenia.com 10.53.129.184
79.117.105.140 - - [30/Aug/2026:11:04:09 -0500] "GET /wp-content/uploads/2025/09/pedestalamarillo-768x768.png HTTP/2.0" 200 203022 "https://floresyfloresarmenia.com/" "Mozilla/5.0 (Linux; Android 10; K) AppleWebKit/537.36 (KHTML, like Gecko) Chrome/151.0.0.0 Mobile Safari/537.36" floresyfloresarmenia.com 10.53.129.184
79.117.105.140 - - [30/Aug/2026:11:04:09 -0500] "GET /wp-content/uploads/2025/09/coronaes-768x768.png HTTP/2.0" 200 253168 "https://floresyfloresarmenia.com/" "Mozilla/5.0 (Linux; Android 10; K) AppleWebKit/537.36 (KHTML, like Gecko) Chrome/151.0.0.0 Mobile Safari/537.36" floresyfloresarmenia.com 10.53.129.184
79.117.105.140 - - [30/Aug/2026:11:04:09 -0500] "GET /product/caja-corazon-ferrero/ HTTP/2.0" 200 42025 "https://floresyfloresarmenia.com/" "Mozilla/5.0 (Linux; Android 10; K) AppleWebKit/537.36 (KHTML, like Gecko) Chrome/151.0.0.0 Mobile Safari/537.36" floresyfloresarmenia.com 10.53.129.184
79.117.105.140 - - [30/Aug/2026:11:04:09 -0500] "GET /product/corona-radiante/ HTTP/2.0" 200 41971 "https://floresyfloresarmenia.com/" "Mozilla/5.0 (Linux; Android 10; K) AppleWebKit/537.36 (KHTML, like Gecko) Chrome/151.0.0.0 Mobile Safari/537.36" floresyfloresarmenia.com 10.53.129.184
69.6.233.64 - - [30/Aug/2026:11:04:11 -0500] "POST /wp-cron.php?doing_wp_cron=1788105851.2629270553588867187500 HTTP/1.1" 200 - "-" "WordPress/7.1; https://floresyfloresarmenia.com" floresyfloresarmenia.com 10.53.129.184
79.117.105.140 - - [30/Aug/2026:11:04:11 -0500] "GET /product/pedestal-anturios/ HTTP/2.0" 200 41688 "https://floresyfloresarmenia.com/" "Mozilla/5.0 (Linux; Android 10; K) AppleWebKit/537.36 (KHTML, like Gecko) Chrome/151.0.0.0 Mobile Safari/537.36" floresyfloresarmenia.com 10.53.129.184
57.141.22.15 - - [30/Aug/2026:11:04:17 -0500] "GET /casinos-que-acepta-muchbetter/ HTTP/2.0" 200 47475 "-" "Mozilla/5.0 (Windows NT 10.0; Win64; x64) AppleWebKit/537.36 (KHTML, like Gecko) Chrome/145.0.0.0 Safari/537.36 (compatible; meta-externalagent/1.1 (+https://developers.facebook.com/docs/sharing/webmasters/crawler))" floresyfloresarmenia.com 10.53.129.184
74.7.242.53 - - [30/Aug/2026:11:04:24 -0500] "GET /item-656763606262715730229.html HTTP/2.0" 404 28429 "https://floresyfloresarmenia.com/bucketeerzaj.xml" "Mozilla/5.0 AppleWebKit/537.36 (KHTML, like Gecko; compatible; GPTBot/1.4; +https://openai.com/gptbot)" floresyfloresarmenia.com 10.53.129.184
213.32.77.104 - - [30/Aug/2026:11:04:32 -0500] "GET /wp-login.php HTTP/2.0" 409 83 "-" "213.32.77.104" floresyfloresarmenia.com.floresyfloresibague.com 10.53.129.184
213.32.77.104 - - [30/Aug/2026:11:04:32 -0500] "POST /wp-login.php HTTP/2.0" 409 83 "https://floresyfloresarmenia.com.floresyfloresibague.com/wp-login.php" "213.32.77.104" floresyfloresarmenia.com.floresyfloresibague.com 10.53.129.184
74.7.242.53 - - [30/Aug/2026:11:04:44 -0500] "GET /item-646361716560644319504.html HTTP/2.0" 404 28432 "https://floresyfloresarmenia.com/brachmanrth.xml" "Mozilla/5.0 AppleWebKit/537.36 (KHTML, like Gecko; compatible; GPTBot/1.4; +https://openai.com/gptbot)" floresyfloresarmenia.com 10.53.129.184
69.6.233.64 - - [30/Aug/2026:11:04:46 -0500] "POST /wp-cron.php?doing_wp_cron=1788105886.0310359001159667968750 HTTP/1.1" 200 - "-" "WordPress/7.1; https://floresyfloresarmenia.com" floresyfloresarmenia.com 10.53.129.184
57.141.22.23 - - [30/Aug/2026:11:04:47 -0500] "GET /sitios-web-de-ruleta-con-bitcoin/ HTTP/2.0" 200 48077 "-" "Mozilla/5.0 (Macintosh; Intel Mac OS X 10_15_7) AppleWebKit/537.36 (KHTML, like Gecko) Chrome/145.0.0.0 Safari/537.36 (compatible; meta-externalagent/1.1 (+https://developers.facebook.com/docs/sharing/webmasters/crawler))" floresyfloresarmenia.com 10.53.129.184
57.141.22.99 - - [30/Aug/2026:11:04:53 -0500] "POST /wp-admin/admin-ajax.php HTTP/2.0" 409 83 "https://floresyfloresarmenia.com/sitios-web-de-ruleta-con-bitcoin/" "Mozilla/5.0 (Macintosh; Intel Mac OS X 10_15_7) AppleWebKit/537.36 (KHTML, like Gecko) Chrome/145.0.0.0 Safari/537.36 (compatible; meta-externalagent/1.1 (+https://developers.facebook.com/docs/sharing/webmasters/crawler))" floresyfloresarmenia.com 10.53.129.184
57.141.22.26 - - [30/Aug/2026:11:04:52 -0500] "GET /home4/adrian81/floresyfloresarmenia.com/wp-content/fonts/open-sans/memvYaGs126MiZpBA-UvWbX2vVnXBbObj2OVTS-muw.woff2 HTTP/2.0" 404 28477 "https://floresyfloresarmenia.com/sitios-web-de-ruleta-con-bitcoin/" "Mozilla/5.0 (Macintosh; Intel Mac OS X 10_15_7) AppleWebKit/537.36 (KHTML, like Gecko) Chrome/145.0.0.0 Safari/537.36 (compatible; meta-externalagent/1.1 (+https://developers.facebook.com/docs/sharing/webmasters/crawler))" floresyfloresarmenia.com 10.53.129.184
57.141.22.21 - - [30/Aug/2026:11:04:52 -0500] "GET /home4/adrian81/floresyfloresarmenia.com/wp-content/fonts/open-sans/memvYaGs126MiZpBA-UvWbX2vVnXBbObj2OVTSumu1aB.woff2 HTTP/2.0" 404 28479 "https://floresyfloresarmenia.com/sitios-web-de-ruleta-con-bitcoin/" "Mozilla/5.0 (Macintosh; Intel Mac OS X 10_15_7) AppleWebKit/537.36 (KHTML, like Gecko) Chrome/145.0.0.0 Safari/537.36 (compatible; meta-externalagent/1.1 (+https://developers.facebook.com/docs/sharing/webmasters/crawler))" floresyfloresarmenia.com 10.53.129.184
57.141.22.54 - - [30/Aug/2026:11:04:52 -0500] "GET /home4/adrian81/floresyfloresarmenia.com/wp-content/fonts/poppins/pxiEyp8kv8JHgFVrJJfecg.woff2 HTTP/2.0" 404 28456 "https://floresyfloresarmenia.com/sitios-web-de-ruleta-con-bitcoin/" "Mozilla/5.0 (Macintosh; Intel Mac OS X 10_15_7) AppleWebKit/537.36 (KHTML, like Gecko) Chrome/145.0.0.0 Safari/537.36 (compatible; meta-externalagent/1.1 (+https://developers.facebook.com/docs/sharing/webmasters/crawler))" floresyfloresarmenia.com 10.53.129.184
57.141.22.31 - - [30/Aug/2026:11:04:52 -0500] "GET /home4/adrian81/floresyfloresarmenia.com/wp-content/fonts/open-sans/memvYaGs126MiZpBA-UvWbX2vVnXBbObj2OVTVOmu1aB.woff2 HTTP/2.0" 404 28479 "https://floresyfloresarmenia.com/sitios-web-de-ruleta-con-bitcoin/" "Mozilla/5.0 (Macintosh; Intel Mac OS X 10_15_7) AppleWebKit/537.36 (KHTML, like Gecko) Chrome/145.0.0.0 Safari/537.36 (compatible; meta-externalagent/1.1 (+https://developers.facebook.com/docs/sharing/webmasters/crawler))" floresyfloresarmenia.com 10.53.129.184
57.141.22.126 - - [30/Aug/2026:11:04:54 -0500] "GET /home4/adrian81/floresyfloresarmenia.com/wp-content/fonts/open-sans/memvYaGs126MiZpBA-UvWbX2vVnXBbObj2OVTSGmu1aB.woff2 HTTP/2.0" 404 28480 "https://floresyfloresarmenia.com/sitios-web-de-ruleta-con-bitcoin/" "Mozilla/5.0 (Macintosh; Intel Mac OS X 10_15_7) AppleWebKit/537.36 (KHTML, like Gecko) Chrome/145.0.0.0 Safari/537.36 (compatible; meta-externalagent/1.1 (+https://developers.facebook.com/docs/sharing/webmasters/crawler))" floresyfloresarmenia.com 10.53.129.184
66.249.73.99 - - [30/Aug/2026:11:04:55 -0500] "GET /?item-637166667163643966934.html HTTP/1.1" 200 45126 "-" "Mozilla/5.0 (Linux; Android 6.0.1; Nexus 5X Build/MMB29P) AppleWebKit/537.36 (KHTML, like Gecko) Chrome/151.0.7922.173 Mobile Safari/537.36 (compatible; Googlebot/2.1; +http://www.google.com/bot.html)" floresyfloresarmenia.com 10.53.129.184
57.141.22.29 - - [30/Aug/2026:11:04:59 -0500] "GET /home4/adrian81/floresyfloresarmenia.com/wp-content/fonts/open-sans/memvYaGs126MiZpBA-UvWbX2vVnXBbObj2OVTSCmu1aB.woff2 HTTP/2.0" 404 28480 "https://floresyfloresarmenia.com/sitios-web-de-ruleta-con-bitcoin/" "Mozilla/5.0 (Macintosh; Intel Mac OS X 10_15_7) AppleWebKit/537.36 (KHTML, like Gecko) Chrome/145.0.0.0 Safari/537.36 (compatible; meta-externalagent/1.1 (+https://developers.facebook.com/docs/sharing/webmasters/crawler))" floresyfloresarmenia.com 10.53.129.184
57.141.22.118 - - [30/Aug/2026:11:05:03 -0500] "GET /home4/adrian81/floresyfloresarmenia.com/wp-content/fonts/open-sans/memvYaGs126MiZpBA-UvWbX2vVnXBbObj2OVTS2mu1aB.woff2 HTTP/2.0" 404 28479 "https://floresyfloresarmenia.com/sitios-web-de-ruleta-con-bitcoin/" "Mozilla/5.0 (Macintosh; Intel Mac OS X 10_15_7) AppleWebKit/537.36 (KHTML, like Gecko) Chrome/145.0.0.0 Safari/537.36 (compatible; meta-externalagent/1.1 (+https://developers.facebook.com/docs/sharing/webmasters/crawler))" floresyfloresarmenia.com 10.53.129.184
74.7.242.53 - - [30/Aug/2026:11:05:04 -0500] "GET /item-657160656763645905734.html HTTP/2.0" 404 28431 "https://floresyfloresarmenia.com/nuagvo.xml" "Mozilla/5.0 AppleWebKit/537.36 (KHTML, like Gecko; compatible; GPTBot/1.4; +https://openai.com/gptbot)" floresyfloresarmenia.com 10.53.129.184
57.141.22.101 - - [30/Aug/2026:11:05:06 -0500] "GET /caribbean-poker-bizum/ HTTP/2.0" 200 47764 "-" "Mozilla/5.0 (Windows NT 10.0; Win64; x64) AppleWebKit/537.36 (KHTML, like Gecko) Chrome/145.0.0.0 Safari/537.36 (compatible; meta-externalagent/1.1 (+https://developers.facebook.com/docs/sharing/webmasters/crawler))" floresyfloresarmenia.com 10.53.129.184
57.141.22.15 - - [30/Aug/2026:11:05:10 -0500] "GET /sitios-web-de-ruleta-con-bitcoin/null HTTP/2.0" 404 28458 "https://floresyfloresarmenia.com/sitios-web-de-ruleta-con-bitcoin/" "Mozilla/5.0 (Macintosh; Intel Mac OS X 10_15_7) AppleWebKit/537.36 (KHTML, like Gecko) Chrome/145.0.0.0 Safari/537.36 (compatible; meta-externalagent/1.1 (+https://developers.facebook.com/docs/sharing/webmasters/crawler))" floresyfloresarmenia.com 10.53.129.184
74.7.242.53 - - [30/Aug/2026:11:05:24 -0500] "GET /item-657160637062645903824.html HTTP/2.0" 404 28432 "https://floresyfloresarmenia.com/halfwittednesswzp.xml" "Mozilla/5.0 AppleWebKit/537.36 (KHTML, like Gecko; compatible; GPTBot/1.4; +https://openai.com/gptbot)" floresyfloresarmenia.com 10.53.129.184
66.249.73.165 - - [30/Aug/2026:11:05:25 -0500] "GET /item-627066616163652861135.html HTTP/1.1" 200 45764 "-" "Mozilla/5.0 (Linux; Android 6.0.1; Nexus 5X Build/MMB29P) AppleWebKit/537.36 (KHTML, like Gecko) Chrome/151.0.7922.173 Mobile Safari/537.36 (compatible; Googlebot/2.1; +http://www.google.com/bot.html)" www.floresyfloresarmenia.com 10.53.129.184
74.7.242.53 - - [30/Aug/2026:11:05:44 -0500] "GET /item-636263717167653239975.html HTTP/2.0" 404 28432 "https://floresyfloresarmenia.com/epigastricalwzt.xml" "Mozilla/5.0 AppleWebKit/537.36 (KHTML, like Gecko; compatible; GPTBot/1.4; +https://openai.com/gptbot)" floresyfloresarmenia.com 10.53.129.184
69.6.233.64 - - [30/Aug/2026:11:05:46 -0500] "POST /wp-cron.php?doing_wp_cron=1788105946.1400690078735351562500 HTTP/1.1" 200 - "-" "WordPress/7.1; https://floresyfloresarmenia.com" floresyfloresarmenia.com 10.53.129.184
57.141.14.8 - - [30/Aug/2026:11:05:55 -0500] "GET / HTTP/2.0" 200 56965 "-" "facebookexternalhit/1.1 (+http://www.facebook.com/externalhit_uatext.php)" floresyfloresarmenia.com 10.53.129.184
57.141.22.108 - - [30/Aug/2026:11:05:59 -0500] "GET /betsextra-casino-opinion-real-y-experiencia-de-jugadores-2026/ HTTP/2.0" 200 48899 "-" "Mozilla/5.0 (Windows NT 10.0; Win64; x64) AppleWebKit/537.36 (KHTML, like Gecko) Chrome/145.0.0.0 Safari/537.36 (compatible; meta-externalagent/1.1 (+https://developers.facebook.com/docs/sharing/webmasters/crawler))" floresyfloresarmenia.com 10.53.129.184
74.7.242.53 - - [30/Aug/2026:11:06:04 -0500] "GET /item-656570706263675588237.html HTTP/2.0" 404 28432 "https://floresyfloresarmenia.com/brachmanrth.xml" "Mozilla/5.0 AppleWebKit/537.36 (KHTML, like Gecko; compatible; GPTBot/1.4; +https://openai.com/gptbot)" floresyfloresarmenia.com 10.53.129.184
66.249.73.99 - - [30/Aug/2026:11:06:10 -0500] "GET /?item-626464616561632441513.html HTTP/1.1" 200 46433 "-" "Mozilla/5.0 (Linux; Android 6.0.1; Nexus 5X Build/MMB29P) AppleWebKit/537.36 (KHTML, like Gecko) Chrome/151.0.7922.173 Mobile Safari/537.36 (compatible; GoogleOther)" floresyfloresarmenia.com 10.53.129.184
74.7.242.53 - - [30/Aug/2026:11:06:24 -0500] "GET /item-626770706465602788450.html HTTP/2.0" 404 28432 "https://floresyfloresarmenia.com/refederalizejlh.xml" "Mozilla/5.0 AppleWebKit/537.36 (KHTML, like Gecko; compatible; GPTBot/1.4; +https://openai.com/gptbot)" floresyfloresarmenia.com 10.53.129.184
69.6.233.64 - - [30/Aug/2026:11:06:28 -0500] "PURGE /test/ HTTP/1.1" 200 32055 "-" "WordPress/7.1; https://floresyfloresarmenia.com; EPC/v2.2.2/option_handler" floresyfloresarmenia.com 10.53.129.184
69.6.233.64 - - [30/Aug/2026:11:06:32 -0500] "POST /wp-cron.php?doing_wp_cron=1788105992.3667418956756591796875 HTTP/1.1" 200 - "-" "WordPress/7.1; https://floresyfloresarmenia.com" floresyfloresarmenia.com 10.53.129.184
69.6.233.64 - - [30/Aug/2026:11:06:33 -0500] "PURGE /test/ HTTP/1.1" 200 32027 "-" "WordPress/7.1; https://floresyfloresarmenia.com; EPC/v2.2.2/option_handler" floresyfloresarmenia.com 10.53.129.184
69.6.233.64 - - [30/Aug/2026:11:06:38 -0500] "PURGE / HTTP/1.1" 200 64179 "-" "WordPress/7.1; https://floresyfloresarmenia.com; EPC/v2.2.2/option_handler" floresyfloresarmenia.com 10.53.129.184
69.6.233.64 - - [30/Aug/2026:11:06:43 -0500] "PURGE / HTTP/1.1" 200 64194 "-" "WordPress/7.1; https://floresyfloresarmenia.com; EPC/v2.2.2/option_handler" floresyfloresarmenia.com 10.53.129.184
69.6.233.64 - - [30/Aug/2026:11:06:48 -0500] "PURGE /category/uncategorized/ HTTP/1.1" 200 40839 "-" "WordPress/7.1; https://floresyfloresarmenia.com; EPC/v2.2.2/option_handler" floresyfloresarmenia.com 10.53.129.184
74.7.242.53 - - [30/Aug/2026:11:06:44 -0500] "GET /item-646770706271654788295.html HTTP/2.0" 404 28432 "https://floresyfloresarmenia.com/bucketeerzaj.xml" "Mozilla/5.0 AppleWebKit/537.36 (KHTML, like Gecko; compatible; GPTBot/1.4; +https://openai.com/gptbot)" floresyfloresarmenia.com 10.53.129.184
66.249.73.166 - - [30/Aug/2026:11:06:51 -0500] "GET /item-646067716464644079444.html HTTP/1.1" 200 52080 "-" "Mozilla/5.0 (Linux; Android 6.0.1; Nexus 5X Build/MMB29P) AppleWebKit/537.36 (KHTML, like Gecko) Chrome/151.0.7922.173 Mobile Safari/537.36 (compatible; Googlebot/2.1; +http://www.google.com/bot.html)" www.floresyfloresarmenia.com 10.53.129.184
46.224.140.177 - - [30/Aug/2026:11:06:25 -0500] "POST /xmlrpc.php HTTP/1.1" 200 130 "-" "Mozilla/5.0 (Windows NT 10.0; Win64; x64) AppleWebKit/537.36 (KHTML, like Gecko) Chrome/108.0.0.0 Safari/537.36" floresyfloresarmenia.com 10.53.129.184
69.6.233.64 - - [30/Aug/2026:11:06:53 -0500] "PURGE /category/uncategorized/ HTTP/1.1" 200 40839 "-" "WordPress/7.1; https://floresyfloresarmenia.com; EPC/v2.2.2/option_handler" floresyfloresarmenia.com 10.53.129.184
57.141.22.97 - - [30/Aug/2026:11:06:57 -0500] "GET /cual-es-la-mejor-hora-para-ir-al-casino/ HTTP/2.0" 200 48788 "-" "Mozilla/5.0 (X11; Linux x86_64) AppleWebKit/537.36 (KHTML, like Gecko) Chrome/145.0.0.0 Safari/537.36 (compatible; meta-externalagent/1.1 (+https://developers.facebook.com/docs/sharing/webmasters/crawler))" floresyfloresarmenia.com 10.53.129.184
69.6.233.64 - - [30/Aug/2026:11:07:00 -0500] "POST /wp-cron.php?doing_wp_cron=1788106020.3107540607452392578125 HTTP/1.1" 200 - "-" "WordPress/7.1; https://floresyfloresarmenia.com" floresyfloresarmenia.com 10.53.129.184
66.249.73.100 - - [30/Aug/2026:11:07:01 -0500] "GET /?item-636162676467613127471.html HTTP/1.1" 200 44552 "-" "Mozilla/5.0 (Linux; Android 6.0.1; Nexus 5X Build/MMB29P) AppleWebKit/537.36 (KHTML, like Gecko) Chrome/151.0.7922.173 Mobile Safari/537.36 (compatible; Googlebot/2.1; +http://www.google.com/bot.html)" floresyfloresarmenia.com 10.53.129.184
74.7.242.53 - - [30/Aug/2026:11:07:04 -0500] "GET /item-636163706471673138497.html HTTP/2.0" 404 28432 "https://floresyfloresarmenia.com/epigastricalwzt.xml" "Mozilla/5.0 AppleWebKit/537.36 (KHTML, like Gecko; compatible; GPTBot/1.4; +https://openai.com/gptbot)" floresyfloresarmenia.com 10.53.129.184
69.6.233.64 - - [30/Aug/2026:11:07:05 -0500] "PURGE /test-2/ HTTP/1.1" 200 31950 "-" "WordPress/7.1; https://floresyfloresarmenia.com; EPC/v2.2.2/option_handler" floresyfloresarmenia.com 10.53.129.184
46.224.140.177 - - [30/Aug/2026:11:06:57 -0500] "POST /xmlrpc.php HTTP/1.1" 200 130 "-" "Mozilla/5.0 (Windows NT 10.0; Win64; x64) AppleWebKit/537.36 (KHTML, like Gecko) Chrome/108.0.0.0 Safari/537.36" floresyfloresarmenia.com 10.53.129.184
66.249.73.100 - - [30/Aug/2026:11:07:06 -0500] "GET /?item-646360646667614304671.html HTTP/1.1" 200 46360 "-" "Mozilla/5.0 (Linux; Android 6.0.1; Nexus 5X Build/MMB29P) AppleWebKit/537.36 (KHTML, like Gecko) Chrome/151.0.7922.173 Mobile Safari/537.36 (compatible; GoogleOther)" floresyfloresarmenia.com 10.53.129.184
69.6.233.64 - - [30/Aug/2026:11:07:10 -0500] "PURGE /test-2/ HTTP/1.1" 200 31950 "-" "WordPress/7.1; https://floresyfloresarmenia.com; EPC/v2.2.2/option_handler" floresyfloresarmenia.com 10.53.129.184
46.224.140.177 - - [30/Aug/2026:11:07:17 -0500] "POST /xmlrpc.php HTTP/1.1" 200 620 "-" "Mozilla/5.0 (Windows NT 10.0; Win64; x64) AppleWebKit/537.36 (KHTML, like Gecko) Chrome/108.0.0.0 Safari/537.36" floresyfloresarmenia.com 10.53.129.184
57.141.22.114 - - [30/Aug/2026:11:07:18 -0500] "GET /craps-online-seguro/ HTTP/2.0" 200 48538 "-" "Mozilla/5.0 (Windows NT 10.0; Win64; x64) AppleWebKit/537.36 (KHTML, like Gecko) Chrome/145.0.0.0 Safari/537.36 (compatible; meta-externalagent/1.1 (+https://developers.facebook.com/docs/sharing/webmasters/crawler))" floresyfloresarmenia.com 10.53.129.184
57.141.22.33 - - [30/Aug/2026:11:07:21 -0500] "GET /blackjack-online-ipad/ HTTP/2.0" 200 47556 "-" "Mozilla/5.0 (Macintosh; Intel Mac OS X 10_15_7) AppleWebKit/537.36 (KHTML, like Gecko) Chrome/145.0.0.0 Safari/537.36 (compatible; meta-externalagent/1.1 (+https://developers.facebook.com/docs/sharing/webmasters/crawler))" floresyfloresarmenia.com 10.53.129.184
74.7.242.53 - - [30/Aug/2026:11:07:24 -0500] "GET /item-646363706271624338292.html HTTP/2.0" 404 28432 "https://floresyfloresarmenia.com/grecojbu.xml" "Mozilla/5.0 AppleWebKit/537.36 (KHTML, like Gecko; compatible; GPTBot/1.4; +https://openai.com/gptbot)" floresyfloresarmenia.com 10.53.129.184
46.224.140.177 - - [30/Aug/2026:11:07:26 -0500] "GET /test-2/ HTTP/1.1" 200 31923 "-" "Mozilla/5.0 (Windows NT 10.0; Win64; x64) AppleWebKit/537.36 (KHTML, like Gecko) Chrome/108.0.0.0 Safari/537.36" floresyfloresarmenia.com 10.53.129.184
69.6.233.64 - - [30/Aug/2026:11:07:29 -0500] "POST /wp-cron.php?doing_wp_cron=1788106049.3115129470825195312500 HTTP/1.1" 200 - "-" "WordPress/7.1; https://floresyfloresarmenia.com" floresyfloresarmenia.com 10.53.129.184
69.6.233.64 - - [30/Aug/2026:11:07:33 -0500] "PURGE /.* HTTP/1.1" 404 28409 "-" "WordPress/7.1; https://floresyfloresarmenia.com; EPC/v2.2.2/epc_scheduled_purge_all" floresyfloresarmenia.com 10.53.129.184
69.6.233.64 - - [30/Aug/2026:11:07:38 -0500] "PURGE /.* HTTP/1.1" 404 28409 "-" "WordPress/7.1; https://floresyfloresarmenia.com; EPC/v2.2.2/epc_scheduled_purge_all" floresyfloresarmenia.com 10.53.129.184
69.6.233.64 - - [30/Aug/2026:11:07:39 -0500] "PURGE /?p=8085 HTTP/1.1" 404 28406 "-" "WordPress/7.1; https://floresyfloresarmenia.com; EPC/v2.2.2/option_handler" floresyfloresarmenia.com 10.53.129.184
69.6.233.64 - - [30/Aug/2026:11:07:44 -0500] "PURGE /?p=8085 HTTP/1.1" 404 28406 "-" "WordPress/7.1; https://floresyfloresarmenia.com; EPC/v2.2.2/option_handler" floresyfloresarmenia.com 10.53.129.184
74.7.242.53 - - [30/Aug/2026:11:07:44 -0500] "GET /item-636470646171673484197.html HTTP/2.0" 404 28432 "https://floresyfloresarmenia.com/halfwittednesswzp.xml" "Mozilla/5.0 AppleWebKit/537.36 (KHTML, like Gecko; compatible; GPTBot/1.4; +https://openai.com/gptbot)" floresyfloresarmenia.com 10.53.129.184
69.6.233.64 - - [30/Aug/2026:11:07:45 -0500] "POST /wp-cron.php?doing_wp_cron=1788106065.5895929336547851562500 HTTP/1.1" 200 - "-" "WordPress/7.1; https://floresyfloresarmenia.com" floresyfloresarmenia.com 10.53.129.184
46.224.140.177 - - [30/Aug/2026:11:07:48 -0500] "POST /xmlrpc.php HTTP/1.1" 200 128 "-" "Mozilla/5.0 (Windows NT 10.0; Win64; x64) AppleWebKit/537.36 (KHTML, like Gecko) Chrome/108.0.0.0 Safari/537.36" floresyfloresarmenia.com 10.53.129.184
46.224.140.177 - - [30/Aug/2026:11:07:32 -0500] "POST /xmlrpc.php HTTP/1.1" 200 128 "-" "Mozilla/5.0 (Windows NT 10.0; Win64; x64) AppleWebKit/537.36 (KHTML, like Gecko) Chrome/108.0.0.0 Safari/537.36" floresyfloresarmenia.com 10.53.129.184
69.6.233.64 - - [30/Aug/2026:11:07:49 -0500] "PURGE / HTTP/1.1" 200 64210 "-" "WordPress/7.1; https://floresyfloresarmenia.com; EPC/v2.2.2/option_handler" floresyfloresarmenia.com 10.53.129.184
69.6.233.64 - - [30/Aug/2026:11:07:54 -0500] "PURGE / HTTP/1.1" 200 64170 "-" "WordPress/7.1; https://floresyfloresarmenia.com; EPC/v2.2.2/option_handler" floresyfloresarmenia.com 10.53.129.184
57.141.22.53 - - [30/Aug/2026:11:07:56 -0500] "GET /speed-blackjack-ios/ HTTP/2.0" 200 49179 "-" "Mozilla/5.0 (Macintosh; Intel Mac OS X 10_15_7) AppleWebKit/537.36 (KHTML, like Gecko) Chrome/145.0.0.0 Safari/537.36 (compatible; meta-externalagent/1.1 (+https://developers.facebook.com/docs/sharing/webmasters/crawler))" floresyfloresarmenia.com 10.53.129.184
74.7.242.53 - - [30/Aug/2026:11:08:04 -0500] "GET /item-626560636170622503182.html HTTP/2.0" 404 28432 "https://floresyfloresarmenia.com/halfwittednesswzp.xml" "Mozilla/5.0 AppleWebKit/537.36 (KHTML, like Gecko; compatible; GPTBot/1.4; +https://openai.com/gptbot)" floresyfloresarmenia.com 10.53.129.184
66.249.73.164 - - [30/Aug/2026:11:08:18 -0500] "GET /item-636470646562613484521.html HTTP/1.1" 200 45062 "-" "Mozilla/5.0 (Linux; Android 6.0.1; Nexus 5X Build/MMB29P) AppleWebKit/537.36 (KHTML, like Gecko) Chrome/151.0.7922.173 Mobile Safari/537.36 (compatible; Googlebot/2.1; +http://www.google.com/bot.html)" www.floresyfloresarmenia.com 10.53.129.184
74.7.242.53 - - [30/Aug/2026:11:08:24 -0500] "GET /item-646065626471674052497.html HTTP/2.0" 404 28431 "https://floresyfloresarmenia.com/foraramensbqy.xml" "Mozilla/5.0 AppleWebKit/537.36 (KHTML, like Gecko; compatible; GPTBot/1.4; +https://openai.com/gptbot)" floresyfloresarmenia.com 10.53.129.184
57.141.22.115 - - [30/Aug/2026:11:08:25 -0500] "GET /tragamonedas-espanolas-online/ HTTP/2.0" 200 45796 "-" "Mozilla/5.0 (Windows NT 10.0; Win64; x64) AppleWebKit/537.36 (KHTML, like Gecko) Chrome/145.0.0.0 Safari/537.36 Edg/145.0.0.0 (compatible; meta-externalagent/1.1 (+https://developers.facebook.com/docs/sharing/webmasters/crawler))" floresyfloresarmenia.com 10.53.129.184
74.7.242.53 - - [30/Aug/2026:11:08:44 -0500] "GET /item-656570646266715584269.html HTTP/2.0" 404 28432 "https://floresyfloresarmenia.com/halfwittednesswzp.xml" "Mozilla/5.0 AppleWebKit/537.36 (KHTML, like Gecko; compatible; GPTBot/1.4; +https://openai.com/gptbot)" floresyfloresarmenia.com 10.53.129.184
69.6.233.64 - - [30/Aug/2026:11:08:45 -0500] "POST /wp-cron.php?doing_wp_cron=1788106125.1686348915100097656250 HTTP/1.1" 200 - "-" "WordPress/7.1; https://floresyfloresarmenia.com" floresyfloresarmenia.com 10.53.129.184
66.249.73.101 - - [30/Aug/2026:11:08:45 -0500] "GET /?item-656166626664645162644.htmlm HTTP/1.1" 200 48931 "-" "Mozilla/5.0 (Linux; Android 6.0.1; Nexus 5X Build/MMB29P) AppleWebKit/537.36 (KHTML, like Gecko) Chrome/151.0.7922.173 Mobile Safari/537.36 (compatible; GoogleOther)" floresyfloresarmenia.com 10.53.129.184
57.141.22.87 - - [30/Aug/2026:11:08:53 -0500] "GET /product/caja-corazon-ferrero/ HTTP/2.0" 200 42017 "-" "Mozilla/5.0 (Windows NT 10.0; Win64; x64) AppleWebKit/537.36 (KHTML, like Gecko) Chrome/145.0.0.0 Safari/537.36 Edg/145.0.0.0 (compatible; meta-externalagent/1.1 (+https://developers.facebook.com/docs/sharing/webmasters/crawler))" floresyfloresarmenia.com 10.53.129.184
57.141.22.37 - - [30/Aug/2026:11:08:57 -0500] "GET /jugar-slots-alto-rtp/ HTTP/2.0" 200 48655 "-" "Mozilla/5.0 (Windows NT 10.0; Win64; x64) AppleWebKit/537.36 (KHTML, like Gecko) Chrome/145.0.0.0 Safari/537.36 (compatible; meta-externalagent/1.1 (+https://developers.facebook.com/docs/sharing/webmasters/crawler))" floresyfloresarmenia.com 10.53.129.184
69.6.233.64 - - [30/Aug/2026:11:09:00 -0500] "POST /wp-cron.php?doing_wp_cron=1788106140.9264030456542968750000 HTTP/1.1" 200 - "-" "WordPress/7.1; https://floresyfloresarmenia.com" floresyfloresarmenia.com 10.53.129.184
74.7.242.53 - - [30/Aug/2026:11:09:04 -0500] "GET /item-646171627070624192882.html HTTP/2.0" 404 28432 "https://floresyfloresarmenia.com/bucketeerzaj.xml" "Mozilla/5.0 AppleWebKit/537.36 (KHTML, like Gecko; compatible; GPTBot/1.4; +https://openai.com/gptbot)" floresyfloresarmenia.com 10.53.129.184
69.6.233.64 - - [30/Aug/2026:11:09:04 -0500] "PURGE /.* HTTP/1.1" 404 28409 "-" "WordPress/7.1; https://floresyfloresarmenia.com; EPC/v2.2.2/epc_scheduled_purge_all" floresyfloresarmenia.com 10.53.129.184
69.6.233.64 - - [30/Aug/2026:11:09:09 -0500] "PURGE /.* HTTP/1.1" 404 28409 "-" "WordPress/7.1; https://floresyfloresarmenia.com; EPC/v2.2.2/epc_scheduled_purge_all" floresyfloresarmenia.com 10.53.129.184
66.249.73.100 - - [30/Aug/2026:11:09:22 -0500] "GET /?item-656171637071715193899.htmlm HTTP/1.1" 200 48248 "-" "Mozilla/5.0 (Linux; Android 6.0.1; Nexus 5X Build/MMB29P) AppleWebKit/537.36 (KHTML, like Gecko) Chrome/151.0.7922.173 Mobile Safari/537.36 (compatible; Googlebot/2.1; +http://www.google.com/bot.html)" floresyfloresarmenia.com 10.53.129.184
57.141.22.11 - - [30/Aug/2026:11:09:22 -0500] "GET /casino-online-gratis-para-ganar-dinero-real/ HTTP/2.0" 200 48574 "-" "Mozilla/5.0 (Windows NT 10.0; Win64; x64) AppleWebKit/537.36 (KHTML, like Gecko) Chrome/145.0.0.0 Safari/537.36 (compatible; meta-externalagent/1.1 (+https://developers.facebook.com/docs/sharing/webmasters/crawler))" floresyfloresarmenia.com 10.53.129.184
74.7.242.53 - - [30/Aug/2026:11:09:24 -0500] "GET /item-656165716370605159380.html HTTP/2.0" 404 28432 "https://floresyfloresarmenia.com/nuagvo.xml" "Mozilla/5.0 AppleWebKit/537.36 (KHTML, like Gecko; compatible; GPTBot/1.4; +https://openai.com/gptbot)" floresyfloresarmenia.com 10.53.129.184
57.141.22.47 - - [30/Aug/2026:11:09:26 -0500] "GET /jugar-caribbean-poker-dinero-real/ HTTP/2.0" 200 49464 "-" "Mozilla/5.0 (Macintosh; Intel Mac OS X 10_15_7) AppleWebKit/537.36 (KHTML, like Gecko) Chrome/145.0.0.0 Safari/537.36 (compatible; meta-externalagent/1.1 (+https://developers.facebook.com/docs/sharing/webmasters/crawler))" floresyfloresarmenia.com 10.53.129.184
66.249.73.99 - - [30/Aug/2026:11:09:33 -0500] "GET /?item-646665646663714654639.html HTTP/1.1" 200 45924 "-" "Mozilla/5.0 (Linux; Android 6.0.1; Nexus 5X Build/MMB29P) AppleWebKit/537.36 (KHTML, like Gecko) Chrome/151.0.7922.173 Mobile Safari/537.36 (compatible; Googlebot/2.1; +http://www.google.com/bot.html)" floresyfloresarmenia.com 10.53.129.184
74.7.242.53 - - [30/Aug/2026:11:09:44 -0500] "GET /item-656061636471715013499.html HTTP/2.0" 404 28432 "https://floresyfloresarmenia.com/refederalizejlh.xml" "Mozilla/5.0 AppleWebKit/537.36 (KHTML, like Gecko; compatible; GPTBot/1.4; +https://openai.com/gptbot)" floresyfloresarmenia.com 10.53.129.184
66.249.73.99 - - [30/Aug/2026:11:09:44 -0500] "GET /?item-636665646366713654369.html HTTP/1.1" 200 48026 "-" "Mozilla/5.0 (Linux; Android 6.0.1; Nexus 5X Build/MMB29P) AppleWebKit/537.36 (KHTML, like Gecko) Chrome/151.0.7922.173 Mobile Safari/537.36 (compatible; Googlebot/2.1; +http://www.google.com/bot.html)" floresyfloresarmenia.com 10.53.129.184
69.6.233.64 - - [30/Aug/2026:11:09:46 -0500] "POST /wp-cron.php?doing_wp_cron=1788106186.4613409042358398437500 HTTP/1.1" 200 - "-" "WordPress/7.1; https://floresyfloresarmenia.com" floresyfloresarmenia.com 10.53.129.184
66.249.73.166 - - [30/Aug/2026:11:09:51 -0500] "GET /item-646064626162674042127.html HTTP/1.1" 200 44525 "-" "Mozilla/5.0 (Linux; Android 6.0.1; Nexus 5X Build/MMB29P) AppleWebKit/537.36 (KHTML, like Gecko) Chrome/151.0.7922.173 Mobile Safari/537.36 (compatible; GoogleOther)" www.floresyfloresarmenia.com 10.53.129.184
57.141.22.22 - - [30/Aug/2026:11:09:54 -0500] "GET /mejor-casino-de-btc-con-giros-gratis/ HTTP/2.0" 200 48052 "-" "Mozilla/5.0 (X11; Linux x86_64) AppleWebKit/537.36 (KHTML, like Gecko) Chrome/145.0.0.0 Safari/537.36 (compatible; meta-externalagent/1.1 (+https://developers.facebook.com/docs/sharing/webmasters/crawler))" floresyfloresarmenia.com 10.53.129.184
57.141.22.106 - - [30/Aug/2026:11:10:03 -0500] "GET /retirar-dinero-de-casinos/ HTTP/2.0" 200 48687 "-" "Mozilla/5.0 (Windows NT 10.0; Win64; x64) AppleWebKit/537.36 (KHTML, like Gecko) Chrome/145.0.0.0 Safari/537.36 (compatible; meta-externalagent/1.1 (+https://developers.facebook.com/docs/sharing/webmasters/crawler))" floresyfloresarmenia.com 10.53.129.184
74.7.242.53 - - [30/Aug/2026:11:10:04 -0500] "GET /item-627071716770652899785.html HTTP/2.0" 404 28432 "https://floresyfloresarmenia.com/bucketeerzaj.xml" "Mozilla/5.0 AppleWebKit/537.36 (KHTML, like Gecko; compatible; GPTBot/1.4; +https://openai.com/gptbot)" floresyfloresarmenia.com 10.53.129.184
57.141.22.85 - - [30/Aug/2026:11:10:17 -0500] "GET /infinity-casino-codigo-promocional-y-codigo-bonus-2026/ HTTP/2.0" 200 47929 "-" "Mozilla/5.0 (Windows NT 10.0; Win64; x64) AppleWebKit/537.36 (KHTML, like Gecko) Chrome/145.0.0.0 Safari/537.36 (compatible; meta-externalagent/1.1 (+https://developers.facebook.com/docs/sharing/webmasters/crawler))" floresyfloresarmenia.com 10.53.129.184
57.141.22.109 - - [30/Aug/2026:11:10:17 -0500] "GET /casino-con-50-giros-gratis-al-registrarse/ HTTP/2.0" 200 46690 "-" "Mozilla/5.0 (Macintosh; Intel Mac OS X 10_15_7) AppleWebKit/537.36 (KHTML, like Gecko) Chrome/145.0.0.0 Safari/537.36 (compatible; meta-externalagent/1.1 (+https://developers.facebook.com/docs/sharing/webmasters/crawler))" floresyfloresarmenia.com 10.53.129.184
74.7.242.53 - - [30/Aug/2026:11:10:24 -0500] "GET /item-657060617071635801893.html HTTP/2.0" 404 28432 "https://www.floresyfloresarmenia.com" "Mozilla/5.0 AppleWebKit/537.36 (KHTML, like Gecko; compatible; GPTBot/1.4; +https://openai.com/gptbot)" floresyfloresarmenia.com 10.53.129.184
74.7.242.53 - - [30/Aug/2026:11:10:44 -0500] "GET /item-626461647063632414833.html HTTP/2.0" 404 28432 "https://floresyfloresarmenia.com/bucketeerzaj.xml" "Mozilla/5.0 AppleWebKit/537.36 (KHTML, like Gecko; compatible; GPTBot/1.4; +https://openai.com/gptbot)" floresyfloresarmenia.com 10.53.129.184
69.6.233.64 - - [30/Aug/2026:11:10:46 -0500] "POST /wp-cron.php?doing_wp_cron=1788106246.3528850078582763671875 HTTP/1.1" 200 - "-" "WordPress/7.1; https://floresyfloresarmenia.com" floresyfloresarmenia.com 10.53.129.184
57.141.22.5 - - [30/Aug/2026:11:10:51 -0500] "GET /nuevo-casino-online-junio-2026/ HTTP/2.0" 200 45948 "-" "Mozilla/5.0 (X11; Linux x86_64) AppleWebKit/537.36 (KHTML, like Gecko) Chrome/145.0.0.0 Safari/537.36 (compatible; meta-externalagent/1.1 (+https://developers.facebook.com/docs/sharing/webmasters/crawler))" floresyfloresarmenia.com 10.53.129.184
57.141.22.98 - - [30/Aug/2026:11:10:54 -0500] "GET /buscar-casinos-gratis/ HTTP/2.0" 200 47621 "-" "Mozilla/5.0 (Macintosh; Intel Mac OS X 10_15_7) AppleWebKit/537.36 (KHTML, like Gecko) Chrome/145.0.0.0 Safari/537.36 (compatible; meta-externalagent/1.1 (+https://developers.facebook.com/docs/sharing/webmasters/crawler))" floresyfloresarmenia.com 10.53.129.184
66.249.73.99 - - [30/Aug/2026:11:10:57 -0500] "GET /?item-626167716170672179187.html HTTP/1.1" 200 48111 "-" "Mozilla/5.0 (Linux; Android 6.0.1; Nexus 5X Build/MMB29P) AppleWebKit/537.36 (KHTML, like Gecko) Chrome/151.0.7922.173 Mobile Safari/537.36 (compatible; GoogleOther)" floresyfloresarmenia.com 10.53.129.184
74.7.242.53 - - [30/Aug/2026:11:11:04 -0500] "GET /item-657160627067715902879.html HTTP/2.0" 404 28432 "https://www.floresyfloresarmenia.com" "Mozilla/5.0 AppleWebKit/537.36 (KHTML, like Gecko; compatible; GPTBot/1.4; +https://openai.com/gptbot)" floresyfloresarmenia.com 10.53.129.184
66.249.73.166 - - [30/Aug/2026:11:11:20 -0500] "GET /item-636661676767653617775.html HTTP/1.1" 200 45419 "-" "Mozilla/5.0 (Linux; Android 6.0.1; Nexus 5X Build/MMB29P) AppleWebKit/537.36 (KHTML, like Gecko) Chrome/151.0.7922.173 Mobile Safari/537.36 (compatible; Googlebot/2.1; +http://www.google.com/bot.html)" www.floresyfloresarmenia.com 10.53.129.184
57.141.22.123 - - [30/Aug/2026:11:11:21 -0500] "GET /duospin-casino-opinion-real-y-experiencia-de-jugadores-2026/ HTTP/2.0" 200 46977 "-" "Mozilla/5.0 (Macintosh; Intel Mac OS X 10_15_7) AppleWebKit/537.36 (KHTML, like Gecko) Chrome/145.0.0.0 Safari/537.36 (compatible; meta-externalagent/1.1 (+https://developers.facebook.com/docs/sharing/webmasters/crawler))" floresyfloresarmenia.com 10.53.129.184
74.7.242.53 - - [30/Aug/2026:11:11:24 -0500] "GET /item-647165626761604952710.html HTTP/2.0" 404 28431 "https://floresyfloresarmenia.com/grecojbu.xml" "Mozilla/5.0 AppleWebKit/537.36 (KHTML, like Gecko; compatible; GPTBot/1.4; +https://openai.com/gptbot)" floresyfloresarmenia.com 10.53.129.184
66.249.73.99 - - [30/Aug/2026:11:11:29 -0500] "GET /?item-626764666461662746416.html HTTP/1.1" 200 45046 "-" "Mozilla/5.0 (Linux; Android 6.0.1; Nexus 5X Build/MMB29P) AppleWebKit/537.36 (KHTML, like Gecko) Chrome/151.0.7922.173 Mobile Safari/537.36 (compatible; Googlebot/2.1; +http://www.google.com/bot.html)" floresyfloresarmenia.com 10.53.129.184
66.249.73.99 - - [30/Aug/2026:11:11:38 -0500] "GET /?item-647064646261634844213.html HTTP/1.1" 200 44730 "-" "Mozilla/5.0 (Linux; Android 6.0.1; Nexus 5X Build/MMB29P) AppleWebKit/537.36 (KHTML, like Gecko) Chrome/151.0.7922.173 Mobile Safari/537.36 (compatible; Googlebot/2.1; +http://www.google.com/bot.html)" floresyfloresarmenia.com 10.53.129.184
57.141.22.101 - - [30/Aug/2026:11:11:38 -0500] "GET /cual-es-el-mejor-casino-de-espana/ HTTP/2.0" 200 47469 "-" "Mozilla/5.0 (Macintosh; Intel Mac OS X 10_15_7) AppleWebKit/537.36 (KHTML, like Gecko) Chrome/145.0.0.0 Safari/537.36 (compatible; meta-externalagent/1.1 (+https://developers.facebook.com/docs/sharing/webmasters/crawler))" floresyfloresarmenia.com 10.53.129.184
69.6.233.64 - - [30/Aug/2026:11:11:41 -0500] "POST /wp-cron.php?doing_wp_cron=1788106301.9720840454101562500000 HTTP/1.1" 200 - "-" "WordPress/7.1; https://floresyfloresarmenia.com" floresyfloresarmenia.com 10.53.129.184
74.7.242.53 - - [30/Aug/2026:11:11:44 -0500] "GET /item-646371616070654391085.html HTTP/2.0" 404 28432 "https://floresyfloresarmenia.com/bucketeerzaj.xml" "Mozilla/5.0 AppleWebKit/537.36 (KHTML, like Gecko; compatible; GPTBot/1.4; +https://openai.com/gptbot)" floresyfloresarmenia.com 10.53.129.184
57.141.22.33 - - [30/Aug/2026:11:11:44 -0500] "GET /el-casino-barrio-de-los-judios/ HTTP/2.0" 200 48396 "-" "Mozilla/5.0 (Windows NT 10.0; Win64; x64) AppleWebKit/537.36 (KHTML, like Gecko) Chrome/145.0.0.0 Safari/537.36 (compatible; meta-externalagent/1.1 (+https://developers.facebook.com/docs/sharing/webmasters/crawler))" floresyfloresarmenia.com 10.53.129.184
66.249.73.99 - - [30/Aug/2026:11:11:51 -0500] "GET /?item-626371606163702390138.html HTTP/1.1" 200 48499 "-" "Mozilla/5.0 (Linux; Android 6.0.1; Nexus 5X Build/MMB29P) AppleWebKit/537.36 (KHTML, like Gecko) Chrome/151.0.7922.173 Mobile Safari/537.36 (compatible; Googlebot/2.1; +http://www.google.com/bot.html)" floresyfloresarmenia.com 10.53.129.184
66.249.73.99 - - [30/Aug/2026:11:11:55 -0500] "GET /?item-646670666371664686396.htmlm HTTP/1.1" 200 46176 "-" "Mozilla/5.0 (Linux; Android 6.0.1; Nexus 5X Build/MMB29P) AppleWebKit/537.36 (KHTML, like Gecko) Chrome/151.0.7922.173 Mobile Safari/537.36 (compatible; Googlebot/2.1; +http://www.google.com/bot.html)" floresyfloresarmenia.com 10.53.129.184
57.141.22.42 - - [30/Aug/2026:11:12:02 -0500] "GET /mini-casino-las-americas/ HTTP/2.0" 200 47057 "-" "Mozilla/5.0 (Windows NT 10.0; Win64; x64) AppleWebKit/537.36 (KHTML, like Gecko) Chrome/145.0.0.0 Safari/537.36 (compatible; meta-externalagent/1.1 (+https://developers.facebook.com/docs/sharing/webmasters/crawler))" floresyfloresarmenia.com 10.53.129.184
74.7.242.53 - - [30/Aug/2026:11:12:04 -0500] "GET /item-627065676164622857142.html HTTP/2.0" 404 28432 "https://floresyfloresarmenia.com/cytoplastptf.xml" "Mozilla/5.0 AppleWebKit/537.36 (KHTML, like Gecko; compatible; GPTBot/1.4; +https://openai.com/gptbot)" floresyfloresarmenia.com 10.53.129.184
57.141.22.41 - - [30/Aug/2026:11:12:05 -0500] "GET /jugar-ruleta-con-usdt/ HTTP/2.0" 200 48372 "-" "Mozilla/5.0 (Macintosh; Intel Mac OS X 10_15_7) AppleWebKit/537.36 (KHTML, like Gecko) Chrome/145.0.0.0 Safari/537.36 (compatible; meta-externalagent/1.1 (+https://developers.facebook.com/docs/sharing/webmasters/crawler))" floresyfloresarmenia.com 10.53.129.184
66.249.73.99 - - [30/Aug/2026:11:12:06 -0500] "GET /?item-646667627162634672923.htmlm HTTP/1.1" 200 46922 "-" "Mozilla/5.0 (Linux; Android 6.0.1; Nexus 5X Build/MMB29P) AppleWebKit/537.36 (KHTML, like Gecko) Chrome/151.0.7922.173 Mobile Safari/537.36 (compatible; Googlebot/2.1; +http://www.google.com/bot.html)" floresyfloresarmenia.com 10.53.129.184
57.141.22.0 - - [30/Aug/2026:11:12:10 -0500] "GET /jet-casino-juego-legal/ HTTP/2.0" 200 48258 "-" "Mozilla/5.0 (Windows NT 10.0; Win64; x64) AppleWebKit/537.36 (KHTML, like Gecko) Chrome/145.0.0.0 Safari/537.36 (compatible; meta-externalagent/1.1 (+https://developers.facebook.com/docs/sharing/webmasters/crawler))" floresyfloresarmenia.com 10.53.129.184
66.249.73.99 - - [30/Aug/2026:11:12:10 -0500] "GET /?item-627070676470642887484.html HTTP/1.1" 200 49285 "-" "Mozilla/5.0 (Linux; Android 6.0.1; Nexus 5X Build/MMB29P) AppleWebKit/537.36 (KHTML, like Gecko) Chrome/151.0.7922.173 Mobile Safari/537.36 (compatible; Googlebot/2.1; +http://www.google.com/bot.html)" floresyfloresarmenia.com 10.53.129.184
66.249.73.100 - - [30/Aug/2026:11:12:14 -0500] "GET /shop/pg/2526176-4 HTTP/1.1" 200 48297 "-" "Mozilla/5.0 (Linux; Android 6.0.1; Nexus 5X Build/MMB29P) AppleWebKit/537.36 (KHTML, like Gecko) Chrome/151.0.7922.173 Mobile Safari/537.36 (compatible; Googlebot/2.1; +http://www.google.com/bot.html)" floresyfloresarmenia.com 10.53.129.184
66.249.73.99 - - [30/Aug/2026:11:12:18 -0500] "GET /shop/pg/3714897-4 HTTP/1.1" 200 46601 "-" "Mozilla/5.0 (Linux; Android 6.0.1; Nexus 5X Build/MMB29P) AppleWebKit/537.36 (KHTML, like Gecko) Chrome/151.0.7922.173 Mobile Safari/537.36 (compatible; Googlebot/2.1; +http://www.google.com/bot.html)" floresyfloresarmenia.com 10.53.129.184
66.249.73.99 - - [30/Aug/2026:11:12:20 -0500] "GET /?item-646662616566634621563.html HTTP/1.1" 200 46694 "-" "Mozilla/5.0 (Linux; Android 6.0.1; Nexus 5X Build/MMB29P) AppleWebKit/537.36 (KHTML, like Gecko) Chrome/151.0.7922.173 Mobile Safari/537.36 (compatible; Googlebot/2.1; +http://www.google.com/bot.html)" floresyfloresarmenia.com 10.53.129.184
57.141.22.18 - - [30/Aug/2026:11:12:23 -0500] "GET /yoyo-casino-opinion-real-y-experiencia-de-jugadores-2026/ HTTP/2.0" 200 47839 "-" "Mozilla/5.0 (Windows NT 10.0; Win64; x64) AppleWebKit/537.36 (KHTML, like Gecko) Chrome/145.0.0.0 Safari/537.36 (compatible; meta-externalagent/1.1 (+https://developers.facebook.com/docs/sharing/webmasters/crawler))" floresyfloresarmenia.com 10.53.129.184
66.249.73.99 - - [30/Aug/2026:11:12:23 -0500] "GET /?item-636063716765623039752.html HTTP/1.1" 200 45463 "-" "Mozilla/5.0 (Linux; Android 6.0.1; Nexus 5X Build/MMB29P) AppleWebKit/537.36 (KHTML, like Gecko) Chrome/151.0.7922.173 Mobile Safari/537.36 (compatible; Googlebot/2.1; +http://www.google.com/bot.html)" floresyfloresarmenia.com 10.53.129.184
74.7.242.53 - - [30/Aug/2026:11:12:24 -0500] "GET /item-647160706760634908703.html HTTP/2.0" 404 28432 "https://www.floresyfloresarmenia.com" "Mozilla/5.0 AppleWebKit/537.36 (KHTML, like Gecko; compatible; GPTBot/1.4; +https://openai.com/gptbot)" floresyfloresarmenia.com 10.53.129.184
66.249.73.99 - - [30/Aug/2026:11:12:25 -0500] "GET /shop/pg/4113835-2 HTTP/1.1" 200 54025 "-" "Mozilla/5.0 (Linux; Android 6.0.1; Nexus 5X Build/MMB29P) AppleWebKit/537.36 (KHTML, like Gecko) Chrome/151.0.7922.173 Mobile Safari/537.36 (compatible; Googlebot/2.1; +http://www.google.com/bot.html)" floresyfloresarmenia.com 10.53.129.184
66.249.73.166 - - [30/Aug/2026:11:12:37 -0500] "GET /item-656260666670705206688.html HTTP/1.1" 200 50638 "-" "Mozilla/5.0 (Linux; Android 6.0.1; Nexus 5X Build/MMB29P) AppleWebKit/537.36 (KHTML, like Gecko) Chrome/151.0.7922.173 Mobile Safari/537.36 (compatible; Googlebot/2.1; +http://www.google.com/bot.html)" www.floresyfloresarmenia.com 10.53.129.184
74.7.242.53 - - [30/Aug/2026:11:12:44 -0500] "GET /item-646063656471624035492.html HTTP/2.0" 404 28431 "https://floresyfloresarmenia.com/epigastricalwzt.xml" "Mozilla/5.0 AppleWebKit/537.36 (KHTML, like Gecko; compatible; GPTBot/1.4; +https://openai.com/gptbot)" floresyfloresarmenia.com 10.53.129.184
69.6.233.64 - - [30/Aug/2026:11:12:46 -0500] "POST /wp-cron.php?doing_wp_cron=1788106366.8185980319976806640625 HTTP/1.1" 200 - "-" "WordPress/7.1; https://floresyfloresarmenia.com" floresyfloresarmenia.com 10.53.129.184
66.249.73.99 - - [30/Aug/2026:11:12:58 -0500] "GET /national-casino-codigo-promocional-y-codigo-bonus-2026/ HTTP/1.1" 200 44763 "-" "Mozilla/5.0 (Linux; Android 6.0.1; Nexus 5X Build/MMB29P) AppleWebKit/537.36 (KHTML, like Gecko) Chrome/151.0.7922.173 Mobile Safari/537.36 (compatible; Googlebot/2.1; +http://www.google.com/bot.html)" floresyfloresarmenia.com 10.53.129.184
74.7.242.53 - - [30/Aug/2026:11:13:04 -0500] "GET /item-656070637162625083922.html HTTP/2.0" 404 28432 "https://www.floresyfloresarmenia.com" "Mozilla/5.0 AppleWebKit/537.36 (KHTML, like Gecko; compatible; GPTBot/1.4; +https://openai.com/gptbot)" floresyfloresarmenia.com 10.53.129.184
57.141.22.29 - - [30/Aug/2026:11:13:13 -0500] "GET /ganar-dinero-con-la-ruleta/ HTTP/2.0" 200 48027 "-" "Mozilla/5.0 (Windows NT 10.0; Win64; x64) AppleWebKit/537.36 (KHTML, like Gecko) Chrome/145.0.0.0 Safari/537.36 (compatible; meta-externalagent/1.1 (+https://developers.facebook.com/docs/sharing/webmasters/crawler))" floresyfloresarmenia.com 10.53.129.184
66.249.73.101 - - [30/Aug/2026:11:13:20 -0500] "GET /?item-626563646362712534329.html HTTP/1.1" 200 45405 "-" "Mozilla/5.0 (Linux; Android 6.0.1; Nexus 5X Build/MMB29P) AppleWebKit/537.36 (KHTML, like Gecko) Chrome/151.0.7922.173 Mobile Safari/537.36 (compatible; Googlebot/2.1; +http://www.google.com/bot.html)" floresyfloresarmenia.com 10.53.129.184
66.249.73.164 - - [30/Aug/2026:11:13:21 -0500] "GET /item-637064606166673840167.html HTTP/1.1" 200 48825 "-" "Mozilla/5.0 (Linux; Android 6.0.1; Nexus 5X Build/MMB29P) AppleWebKit/537.36 (KHTML, like Gecko) Chrome/151.0.7922.173 Mobile Safari/537.36 (compatible; GoogleOther)" www.floresyfloresarmenia.com 10.53.129.184
74.7.242.53 - - [30/Aug/2026:11:13:24 -0500] "GET /item-646367607161704370918.html HTTP/2.0" 404 28432 "https://floresyfloresarmenia.com/intermitshsc.xml" "Mozilla/5.0 AppleWebKit/537.36 (KHTML, like Gecko; compatible; GPTBot/1.4; +https://openai.com/gptbot)" floresyfloresarmenia.com 10.53.129.184
66.249.73.99 - - [30/Aug/2026:11:13:31 -0500] "GET /?item-646165616365714151359.html HTTP/1.1" 200 48406 "-" "Mozilla/5.0 (Linux; Android 6.0.1; Nexus 5X Build/MMB29P) AppleWebKit/537.36 (KHTML, like Gecko) Chrome/151.0.7922.173 Mobile Safari/537.36 (compatible; Googlebot/2.1; +http://www.google.com/bot.html)" floresyfloresarmenia.com 10.53.129.184
57.141.22.123 - - [30/Aug/2026:11:13:38 -0500] "GET /mejor-casino-atencion-al-cliente-24h/ HTTP/2.0" 200 46672 "-" "Mozilla/5.0 (X11; Linux x86_64) AppleWebKit/537.36 (KHTML, like Gecko) Chrome/145.0.0.0 Safari/537.36 (compatible; meta-externalagent/1.1 (+https://developers.facebook.com/docs/sharing/webmasters/crawler))" floresyfloresarmenia.com 10.53.129.184
74.7.242.53 - - [30/Aug/2026:11:13:44 -0500] "GET /item-647161706264674918247.html HTTP/2.0" 404 28432 "https://floresyfloresarmenia.com/epigastricalwzt.xml" "Mozilla/5.0 AppleWebKit/537.36 (KHTML, like Gecko; compatible; GPTBot/1.4; +https://openai.com/gptbot)" floresyfloresarmenia.com 10.53.129.184
69.6.233.64 - - [30/Aug/2026:11:13:44 -0500] "POST /wp-cron.php?doing_wp_cron=1788106424.7757289409637451171875 HTTP/1.1" 200 - "-" "WordPress/7.1; https://floresyfloresarmenia.com" floresyfloresarmenia.com 10.53.129.184
66.249.73.99 - - [30/Aug/2026:11:13:54 -0500] "GET /shop/pg/3511679-4 HTTP/1.1" 200 50642 "-" "Mozilla/5.0 (Linux; Android 6.0.1; Nexus 5X Build/MMB29P) AppleWebKit/537.36 (KHTML, like Gecko) Chrome/151.0.7922.173 Mobile Safari/537.36 (compatible; Googlebot/2.1; +http://www.google.com/bot.html)" floresyfloresarmenia.com 10.53.129.184
57.141.22.29 - - [30/Aug/2026:11:13:54 -0500] "GET /casinos-online-que-acepta-neteller/ HTTP/2.0" 200 48698 "-" "Mozilla/5.0 (Windows NT 10.0; Win64; x64) AppleWebKit/537.36 (KHTML, like Gecko) Chrome/145.0.0.0 Safari/537.36 (compatible; meta-externalagent/1.1 (+https://developers.facebook.com/docs/sharing/webmasters/crawler))" floresyfloresarmenia.com 10.53.129.184
57.141.22.30 - - [30/Aug/2026:11:13:56 -0500] "GET /maquina-de-casino-con-bitcoin/ HTTP/2.0" 200 46534 "-" "Mozilla/5.0 (Windows NT 10.0; Win64; x64) AppleWebKit/537.36 (KHTML, like Gecko) Chrome/145.0.0.0 Safari/537.36 (compatible; meta-externalagent/1.1 (+https://developers.facebook.com/docs/sharing/webmasters/crawler))" floresyfloresarmenia.com 10.53.129.184
57.141.22.35 - - [30/Aug/2026:11:13:59 -0500] "GET /sitio-de-dados-con-btc/ HTTP/2.0" 200 48121 "-" "Mozilla/5.0 (Windows NT 10.0; Win64; x64) AppleWebKit/537.36 (KHTML, like Gecko) Chrome/145.0.0.0 Safari/537.36 (compatible; meta-externalagent/1.1 (+https://developers.facebook.com/docs/sharing/webmasters/crawler))" floresyfloresarmenia.com 10.53.129.184
74.7.242.53 - - [30/Aug/2026:11:14:04 -0500] "GET /item-636261646562713214529.html HTTP/2.0" 404 28432 "https://floresyfloresarmenia.com/refederalizejlh.xml" "Mozilla/5.0 AppleWebKit/537.36 (KHTML, like Gecko; compatible; GPTBot/1.4; +https://openai.com/gptbot)" floresyfloresarmenia.com 10.53.129.184
57.141.22.100 - - [30/Aug/2026:11:14:17 -0500] "GET /casino-con-100-giros-gratis-al-registrarse/ HTTP/2.0" 200 47889 "-" "Mozilla/5.0 (Windows NT 10.0; Win64; x64) AppleWebKit/537.36 (KHTML, like Gecko) Chrome/145.0.0.0 Safari/537.36 (compatible; meta-externalagent/1.1 (+https://developers.facebook.com/docs/sharing/webmasters/crawler))" floresyfloresarmenia.com 10.53.129.184
66.249.73.99 - - [30/Aug/2026:11:14:21 -0500] "GET /?item-657060706070635808083.html HTTP/1.1" 200 47517 "-" "Mozilla/5.0 (Linux; Android 6.0.1; Nexus 5X Build/MMB29P) AppleWebKit/537.36 (KHTML, like Gecko) Chrome/151.0.7922.173 Mobile Safari/537.36 (compatible; Googlebot/2.1; +http://www.google.com/bot.html)" floresyfloresarmenia.com 10.53.129.184
74.7.242.53 - - [30/Aug/2026:11:14:24 -0500] "GET /item-636770716261603789210.html HTTP/2.0" 404 28432 "https://floresyfloresarmenia.com/cytoplastptf.xml" "Mozilla/5.0 AppleWebKit/537.36 (KHTML, like Gecko; compatible; GPTBot/1.4; +https://openai.com/gptbot)" floresyfloresarmenia.com 10.53.129.184
66.249.73.99 - - [30/Aug/2026:11:14:31 -0500] "GET /?item-627063667171672836997.htmlm HTTP/1.1" 200 49333 "-" "Mozilla/5.0 (Linux; Android 6.0.1; Nexus 5X Build/MMB29P) AppleWebKit/537.36 (KHTML, like Gecko) Chrome/151.0.7922.173 Mobile Safari/537.36 (compatible; Googlebot/2.1; +http://www.google.com/bot.html)" floresyfloresarmenia.com 10.53.129.184
69.6.233.64 - - [30/Aug/2026:11:14:31 -0500] "POST /wp-cron.php?doing_wp_cron=1788106471.9272360801696777343750 HTTP/1.1" 200 - "-" "WordPress/7.1; https://floresyfloresarmenia.com" floresyfloresarmenia.com 10.53.129.184
74.7.242.53 - - [30/Aug/2026:11:14:44 -0500] "GET /item-656063677064705037848.html HTTP/2.0" 404 28432 "https://floresyfloresarmenia.com/pyropesqjj.xml" "Mozilla/5.0 AppleWebKit/537.36 (KHTML, like Gecko; compatible; GPTBot/1.4; +https://openai.com/gptbot)" floresyfloresarmenia.com 10.53.129.184
66.249.73.166 - - [30/Aug/2026:11:15:01 -0500] "GET /item-656270677070665287886.htmlm HTTP/1.1" 200 46194 "-" "Mozilla/5.0 (Linux; Android 6.0.1; Nexus 5X Build/MMB29P) AppleWebKit/537.36 (KHTML, like Gecko) Chrome/151.0.7922.173 Mobile Safari/537.36 (compatible; GoogleOther)" www.floresyfloresarmenia.com 10.53.129.184
74.7.242.53 - - [30/Aug/2026:11:15:04 -0500] "GET /item-657063676266715837269.html HTTP/2.0" 404 28432 "https://www.floresyfloresarmenia.com" "Mozilla/5.0 AppleWebKit/537.36 (KHTML, like Gecko; compatible; GPTBot/1.4; +https://openai.com/gptbot)" floresyfloresarmenia.com 10.53.129.184
57.141.22.7 - - [30/Aug/2026:11:15:16 -0500] "GET /casino-real-online-espana/ HTTP/2.0" 200 45935 "-" "Mozilla/5.0 (Macintosh; Intel Mac OS X 10_15_7) AppleWebKit/537.36 (KHTML, like Gecko) Chrome/145.0.0.0 Safari/537.36 (compatible; meta-externalagent/1.1 (+https://developers.facebook.com/docs/sharing/webmasters/crawler))" floresyfloresarmenia.com 10.53.129.184
74.7.242.53 - - [30/Aug/2026:11:15:24 -0500] "GET /item-656763706670715738689.html HTTP/2.0" 404 28431 "https://floresyfloresarmenia.com/epigastricalwzt.xml" "Mozilla/5.0 AppleWebKit/537.36 (KHTML, like Gecko; compatible; GPTBot/1.4; +https://openai.com/gptbot)" floresyfloresarmenia.com 10.53.129.184
69.6.233.64 - - [30/Aug/2026:11:15:30 -0500] "POST /wp-cron.php?doing_wp_cron=1788106530.7795391082763671875000 HTTP/1.1" 200 - "-" "WordPress/7.1; https://floresyfloresarmenia.com" floresyfloresarmenia.com 10.53.129.184
57.141.22.53 - - [30/Aug/2026:11:15:31 -0500] "GET /mejor-bono-de-recarga-casino-online/ HTTP/2.0" 200 48640 "-" "Mozilla/5.0 (Macintosh; Intel Mac OS X 10_15_7) AppleWebKit/537.36 (KHTML, like Gecko) Chrome/145.0.0.0 Safari/537.36 (compatible; meta-externalagent/1.1 (+https://developers.facebook.com/docs/sharing/webmasters/crawler))" floresyfloresarmenia.com 10.53.129.184
