69.6.233.64 - - [30/Aug/2026:11:18:57 -0500] "PURGE /test/ HTTP/1.1" 501 29272 "-" "WordPress/7.1; https://floresyfloresfusagasuga.com; EPC/v2.2.2/option_handler" floresyfloresfusagasuga.com 10.53.129.184
69.6.233.64 - - [30/Aug/2026:11:19:02 -0500] "PURGE / HTTP/1.1" 501 65242 "-" "WordPress/7.1; https://floresyfloresfusagasuga.com; EPC/v2.2.2/option_handler" floresyfloresfusagasuga.com 10.53.129.184
69.6.233.64 - - [30/Aug/2026:11:19:07 -0500] "PURGE / HTTP/1.1" 501 57437 "-" "WordPress/7.1; https://floresyfloresfusagasuga.com; EPC/v2.2.2/option_handler" floresyfloresfusagasuga.com 10.53.129.184
69.6.233.64 - - [30/Aug/2026:11:19:11 -0500] "PURGE /category/uncategorized/ HTTP/1.1" 200 42202 "-" "WordPress/7.1; https://floresyfloresfusagasuga.com; EPC/v2.2.2/option_handler" floresyfloresfusagasuga.com 10.53.129.184
69.6.233.64 - - [30/Aug/2026:11:19:16 -0500] "PURGE /category/uncategorized/ HTTP/1.1" 200 42202 "-" "WordPress/7.1; https://floresyfloresfusagasuga.com; EPC/v2.2.2/option_handler" floresyfloresfusagasuga.com 10.53.129.184
46.224.140.177 - - [30/Aug/2026:11:18:49 -0500] "POST /xmlrpc.php HTTP/1.1" 200 130 "-" "Mozilla/5.0 (Windows NT 10.0; Win64; x64) AppleWebKit/537.36 (KHTML, like Gecko) Chrome/108.0.0.0 Safari/537.36" floresyfloresfusagasuga.com 10.53.129.184
69.6.233.64 - - [30/Aug/2026:11:19:21 -0500] "PURGE /blog/ HTTP/1.1" 501 41978 "-" "WordPress/7.1; https://floresyfloresfusagasuga.com; EPC/v2.2.2/option_handler" floresyfloresfusagasuga.com 10.53.129.184
46.224.140.177 - - [30/Aug/2026:11:19:21 -0500] "POST /xmlrpc.php HTTP/1.1" 200 130 "-" "Mozilla/5.0 (Windows NT 10.0; Win64; x64) AppleWebKit/537.36 (KHTML, like Gecko) Chrome/108.0.0.0 Safari/537.36" floresyfloresfusagasuga.com 10.53.129.184
69.6.233.64 - - [30/Aug/2026:11:19:26 -0500] "PURGE /blog/ HTTP/1.1" 501 41949 "-" "WordPress/7.1; https://floresyfloresfusagasuga.com; EPC/v2.2.2/option_handler" floresyfloresfusagasuga.com 10.53.129.184
69.6.233.64 - - [30/Aug/2026:11:19:33 -0500] "POST /wp-cron.php?doing_wp_cron=1788106773.7248640060424804687500 HTTP/1.1" 200 - "-" "WordPress/7.1; https://floresyfloresfusagasuga.com" floresyfloresfusagasuga.com 10.53.129.184
69.6.233.64 - - [30/Aug/2026:11:19:42 -0500] "PURGE /test-2/ HTTP/1.1" 200 32757 "-" "WordPress/7.1; https://floresyfloresfusagasuga.com; EPC/v2.2.2/option_handler" floresyfloresfusagasuga.com 10.53.129.184
69.6.233.64 - - [30/Aug/2026:11:19:47 -0500] "PURGE /test-2/ HTTP/1.1" 200 32729 "-" "WordPress/7.1; https://floresyfloresfusagasuga.com; EPC/v2.2.2/option_handler" floresyfloresfusagasuga.com 10.53.129.184
69.6.233.64 - - [30/Aug/2026:11:19:58 -0500] "PURGE /.* HTTP/1.1" 404 28795 "-" "WordPress/7.1; https://floresyfloresfusagasuga.com; EPC/v2.2.2/epc_scheduled_purge_all" floresyfloresfusagasuga.com 10.53.129.184
69.6.233.64 - - [30/Aug/2026:11:20:03 -0500] "PURGE /.* HTTP/1.1" 404 28795 "-" "WordPress/7.1; https://floresyfloresfusagasuga.com; EPC/v2.2.2/epc_scheduled_purge_all" floresyfloresfusagasuga.com 10.53.129.184
57.141.22.39 - - [30/Aug/2026:11:20:51 -0500] "GET /casino-2-euros-de-deposito/ HTTP/2.0" 200 47425 "-" "Mozilla/5.0 (Macintosh; Intel Mac OS X 10_15_7) AppleWebKit/537.36 (KHTML, like Gecko) Chrome/145.0.0.0 Safari/537.36 (compatible; meta-externalagent/1.1 (+https://developers.facebook.com/docs/sharing/webmasters/crawler))" floresyfloresfusagasuga.com 10.53.129.184
69.6.233.64 - - [30/Aug/2026:11:20:53 -0500] "POST /wp-cron.php?doing_wp_cron=1788106853.7502040863037109375000 HTTP/1.1" 200 - "-" "WordPress/7.1; https://floresyfloresfusagasuga.com" floresyfloresfusagasuga.com 10.53.129.184
57.141.22.88 - - [30/Aug/2026:11:21:11 -0500] "GET /casino-villa-allende/ HTTP/2.0" 200 49130 "-" "Mozilla/5.0 (Windows NT 10.0; Win64; x64) AppleWebKit/537.36 (KHTML, like Gecko) Chrome/145.0.0.0 Safari/537.36 (compatible; meta-externalagent/1.1 (+https://developers.facebook.com/docs/sharing/webmasters/crawler))" floresyfloresfusagasuga.com 10.53.129.184
57.141.22.90 - - [30/Aug/2026:11:21:25 -0500] "GET /jugar-baccarat-vip-iphone/ HTTP/2.0" 200 47435 "-" "Mozilla/5.0 (Windows NT 10.0; Win64; x64) AppleWebKit/537.36 (KHTML, like Gecko) Chrome/145.0.0.0 Safari/537.36 (compatible; meta-externalagent/1.1 (+https://developers.facebook.com/docs/sharing/webmasters/crawler))" floresyfloresfusagasuga.com 10.53.129.184
142.93.10.93 - - [30/Aug/2026:11:21:47 -0500] "GET /wp-login.php HTTP/2.0" 409 83 "-" "142.93.10.93" floresyfloresfusagasuga.com 10.53.129.184
142.93.10.93 - - [30/Aug/2026:11:21:48 -0500] "POST /wp-login.php HTTP/2.0" 409 83 "https://floresyfloresfusagasuga.com/wp-login.php" "142.93.10.93" floresyfloresfusagasuga.com 10.53.129.184
47.79.13.147 - - [30/Aug/2026:11:22:53 -0500] "GET /sitios-de-juego-anonimos-con-cripto/ HTTP/1.1" 200 521 "https://floresyfloresfusagasuga.com/" "Mozilla/5.0 (Windows NT 10.0; Win64; x64) AppleWebKit/537.36 (KHTML, like Gecko) Chrome/135.0.0.0 Safari/537.36" floresyfloresfusagasuga.com 10.53.129.184
69.6.233.64 - - [30/Aug/2026:11:23:05 -0500] "POST /wp-cron.php?doing_wp_cron=1788106985.8644099235534667968750 HTTP/1.1" 200 - "-" "WordPress/7.1; https://floresyfloresfusagasuga.com" floresyfloresfusagasuga.com 10.53.129.184
47.79.13.77 - - [30/Aug/2026:11:23:06 -0500] "GET /?p=4027 HTTP/1.1" 301 - "https://floresyfloresfusagasuga.com/" "Mozilla/5.0 (Macintosh; Intel Mac OS X 10_15_7) AppleWebKit/605.1.15 (KHTML, like Gecko) Version/17.6 Safari/605.1.15" floresyfloresfusagasuga.com 10.53.129.184
57.141.22.101 - - [30/Aug/2026:11:23:13 -0500] "GET /depositar-en-casino-con-paypal-con-visa/ HTTP/2.0" 200 49861 "-" "Mozilla/5.0 (X11; Linux x86_64) AppleWebKit/537.36 (KHTML, like Gecko) Chrome/145.0.0.0 Safari/537.36 (compatible; meta-externalagent/1.1 (+https://developers.facebook.com/docs/sharing/webmasters/crawler))" floresyfloresfusagasuga.com 10.53.129.184
143.14.49.47 - - [30/Aug/2026:11:23:25 -0500] "POST / HTTP/2.0" 200 50 "-" "Mozilla/5.0 (Macintosh; Intel Mac OS X 10_15_7) AppleWebKit/537.36 (KHTML, like Gecko) Chrome/120.0.0.0 Safari/537.36" floresyfloresfusagasuga.com 10.53.129.184
69.6.233.64 - - [30/Aug/2026:11:23:35 -0500] "POST /wp-cron.php?doing_wp_cron=1788107015.7247390747070312500000 HTTP/1.1" 200 - "-" "WordPress/7.1; https://floresyfloresfusagasuga.com" floresyfloresfusagasuga.com 10.53.129.184
143.14.49.47 - - [30/Aug/2026:11:23:45 -0500] "POST / HTTP/2.0" 200 121053 "-" "Mozilla/5.0 (Macintosh; Intel Mac OS X 10_15_7) AppleWebKit/537.36 (KHTML, like Gecko) Chrome/120.0.0.0 Safari/537.36" floresyfloresfusagasuga.com 10.53.129.184
143.14.49.47 - - [30/Aug/2026:11:24:09 -0500] "POST / HTTP/2.0" 200 - "-" "Mozilla/5.0 (Macintosh; Intel Mac OS X 10_15_7) AppleWebKit/537.36 (KHTML, like Gecko) Chrome/120.0.0.0 Safari/537.36" floresyfloresfusagasuga.com 10.53.129.184
57.141.22.44 - - [30/Aug/2026:11:24:11 -0500] "GET /juego-de-la-ruleta-para-beber/ HTTP/2.0" 200 - "-" "Mozilla/5.0 (Macintosh; Intel Mac OS X 10_15_7) AppleWebKit/537.36 (KHTML, like Gecko) Chrome/145.0.0.0 Safari/537.36 (compatible; meta-externalagent/1.1 (+https://developers.facebook.com/docs/sharing/webmasters/crawler))" floresyfloresfusagasuga.com 10.53.129.184
57.141.22.41 - - [30/Aug/2026:11:24:37 -0500] "GET /jet-casino-juego-bizum/ HTTP/2.0" 200 - "-" "Mozilla/5.0 (Windows NT 10.0; Win64; x64) AppleWebKit/537.36 (KHTML, like Gecko) Chrome/145.0.0.0 Safari/537.36 (compatible; meta-externalagent/1.1 (+https://developers.facebook.com/docs/sharing/webmasters/crawler))" floresyfloresfusagasuga.com 10.53.129.184
184.181.217.194 - - [30/Aug/2026:11:24:50 -0500] "POST / HTTP/1.1" 200 36 "-" "Mozilla/5.0 (Macintosh; Intel Mac OS X 10_15_7) AppleWebKit/537.36 (KHTML, like Gecko) Chrome/120.0.0.0 Safari/537.36" floresyfloresfusagasuga.com 10.53.129.184
69.6.233.64 - - [30/Aug/2026:11:24:56 -0500] "POST /wp-cron.php?doing_wp_cron=1788107096.3877329826354980468750 HTTP/1.1" 200 - "-" "WordPress/7.1; https://floresyfloresfusagasuga.com" floresyfloresfusagasuga.com 10.53.129.184
57.141.22.25 - - [30/Aug/2026:11:25:15 -0500] "GET /melbet-casino-bono-de-bienvenida-primer-deposito-y-giros-gratis/ HTTP/2.0" 200 49036 "-" "Mozilla/5.0 (Windows NT 10.0; Win64; x64) AppleWebKit/537.36 (KHTML, like Gecko) Chrome/144.0.0.0 Safari/537.36 Edg/144.0.0.0 (compatible; meta-externalagent/1.1 (+https://developers.facebook.com/docs/sharing/webmasters/crawler))" floresyfloresfusagasuga.com 10.53.129.184
184.181.217.194 - - [30/Aug/2026:11:25:20 -0500] "POST / HTTP/1.1" 200 10189 "-" "Mozilla/5.0 (Macintosh; Intel Mac OS X 10_15_7) AppleWebKit/537.36 (KHTML, like Gecko) Chrome/120.0.0.0 Safari/537.36" floresyfloresfusagasuga.com 10.53.129.184
69.6.233.64 - - [30/Aug/2026:11:25:36 -0500] "POST /wp-cron.php?doing_wp_cron=1788107136.4623520374298095703125 HTTP/1.1" 200 - "-" "WordPress/7.1; https://floresyfloresfusagasuga.com" floresyfloresfusagasuga.com 10.53.129.184
184.181.217.194 - - [30/Aug/2026:11:25:42 -0500] "POST / HTTP/1.1" 200 30 "-" "Mozilla/5.0 (Macintosh; Intel Mac OS X 10_15_7) AppleWebKit/537.36 (KHTML, like Gecko) Chrome/120.0.0.0 Safari/537.36" floresyfloresfusagasuga.com 10.53.129.184
57.141.22.55 - - [30/Aug/2026:11:25:42 -0500] "GET /bingo-regles/ HTTP/2.0" 200 48069 "-" "Mozilla/5.0 (Macintosh; Intel Mac OS X 10_15_7) AppleWebKit/537.36 (KHTML, like Gecko) Chrome/145.0.0.0 Safari/537.36 (compatible; meta-externalagent/1.1 (+https://developers.facebook.com/docs/sharing/webmasters/crawler))" floresyfloresfusagasuga.com 10.53.129.184
57.141.22.117 - - [30/Aug/2026:11:25:55 -0500] "GET /marca-casino-opinion-real-y-experiencia-de-jugadores-2026/ HTTP/2.0" 200 - "-" "Mozilla/5.0 (Windows NT 10.0; Win64; x64) AppleWebKit/537.36 (KHTML, like Gecko) Chrome/145.0.0.0 Safari/537.36 (compatible; meta-externalagent/1.1 (+https://developers.facebook.com/docs/sharing/webmasters/crawler))" floresyfloresfusagasuga.com 10.53.129.184
69.6.233.64 - - [30/Aug/2026:11:25:55 -0500] "POST /wp-cron.php?doing_wp_cron=1788107155.9295060634613037109375 HTTP/1.1" 200 - "-" "WordPress/7.1; https://floresyfloresfusagasuga.com" floresyfloresfusagasuga.com 10.53.129.184
184.181.217.194 - - [30/Aug/2026:11:25:56 -0500] "POST / HTTP/1.1" 200 9 "-" "Mozilla/5.0 (Macintosh; Intel Mac OS X 10_15_7) AppleWebKit/537.36 (KHTML, like Gecko) Chrome/120.0.0.0 Safari/537.36" floresyfloresfusagasuga.com 10.53.129.184
57.141.22.39 - - [30/Aug/2026:11:26:18 -0500] "GET /jugar-slots-alto-rtp/ HTTP/2.0" 200 48395 "-" "Mozilla/5.0 (Windows NT 10.0; Win64; x64) AppleWebKit/537.36 (KHTML, like Gecko) Chrome/145.0.0.0 Safari/537.36 (compatible; meta-externalagent/1.1 (+https://developers.facebook.com/docs/sharing/webmasters/crawler))" floresyfloresfusagasuga.com 10.53.129.184
184.181.217.194 - - [30/Aug/2026:11:26:19 -0500] "POST / HTTP/1.1" 200 33 "-" "Mozilla/5.0 (Macintosh; Intel Mac OS X 10_15_7) AppleWebKit/537.36 (KHTML, like Gecko) Chrome/120.0.0.0 Safari/537.36" floresyfloresfusagasuga.com 10.53.129.184
184.181.217.194 - - [30/Aug/2026:11:26:23 -0500] "POST / HTTP/1.1" 200 25 "-" "Mozilla/5.0 (Macintosh; Intel Mac OS X 10_15_7) AppleWebKit/537.36 (KHTML, like Gecko) Chrome/120.0.0.0 Safari/537.36" floresyfloresfusagasuga.com 10.53.129.184
184.181.217.194 - - [30/Aug/2026:11:26:35 -0500] "POST / HTTP/1.1" 200 31 "-" "Mozilla/5.0 (Macintosh; Intel Mac OS X 10_15_7) AppleWebKit/537.36 (KHTML, like Gecko) Chrome/120.0.0.0 Safari/537.36" floresyfloresfusagasuga.com 10.53.129.184
184.181.217.194 - - [30/Aug/2026:11:26:38 -0500] "POST / HTTP/1.1" 200 25 "-" "Mozilla/5.0 (Macintosh; Intel Mac OS X 10_15_7) AppleWebKit/537.36 (KHTML, like Gecko) Chrome/120.0.0.0 Safari/537.36" floresyfloresfusagasuga.com 10.53.129.184
184.181.217.194 - - [30/Aug/2026:11:26:53 -0500] "POST / HTTP/1.1" 200 31 "-" "Mozilla/5.0 (Macintosh; Intel Mac OS X 10_15_7) AppleWebKit/537.36 (KHTML, like Gecko) Chrome/120.0.0.0 Safari/537.36" floresyfloresfusagasuga.com 10.53.129.184
184.181.217.194 - - [30/Aug/2026:11:26:55 -0500] "POST / HTTP/1.1" 200 25 "-" "Mozilla/5.0 (Macintosh; Intel Mac OS X 10_15_7) AppleWebKit/537.36 (KHTML, like Gecko) Chrome/120.0.0.0 Safari/537.36" floresyfloresfusagasuga.com 10.53.129.184
184.181.217.194 - - [30/Aug/2026:11:27:08 -0500] "POST / HTTP/1.1" 200 27 "-" "Mozilla/5.0 (Macintosh; Intel Mac OS X 10_15_7) AppleWebKit/537.36 (KHTML, like Gecko) Chrome/120.0.0.0 Safari/537.36" floresyfloresfusagasuga.com 10.53.129.184
184.181.217.194 - - [30/Aug/2026:11:27:14 -0500] "POST / HTTP/1.1" 200 25 "-" "Mozilla/5.0 (Macintosh; Intel Mac OS X 10_15_7) AppleWebKit/537.36 (KHTML, like Gecko) Chrome/120.0.0.0 Safari/537.36" floresyfloresfusagasuga.com 10.53.129.184
184.181.217.194 - - [30/Aug/2026:11:27:26 -0500] "POST / HTTP/1.1" 200 28 "-" "Mozilla/5.0 (Macintosh; Intel Mac OS X 10_15_7) AppleWebKit/537.36 (KHTML, like Gecko) Chrome/120.0.0.0 Safari/537.36" floresyfloresfusagasuga.com 10.53.129.184
184.181.217.194 - - [30/Aug/2026:11:27:29 -0500] "POST / HTTP/1.1" 200 25 "-" "Mozilla/5.0 (Macintosh; Intel Mac OS X 10_15_7) AppleWebKit/537.36 (KHTML, like Gecko) Chrome/120.0.0.0 Safari/537.36" floresyfloresfusagasuga.com 10.53.129.184
184.181.217.194 - - [30/Aug/2026:11:27:44 -0500] "POST / HTTP/1.1" 200 32 "-" "Mozilla/5.0 (Macintosh; Intel Mac OS X 10_15_7) AppleWebKit/537.36 (KHTML, like Gecko) Chrome/120.0.0.0 Safari/537.36" floresyfloresfusagasuga.com 10.53.129.184
184.181.217.194 - - [30/Aug/2026:11:27:47 -0500] "POST / HTTP/1.1" 200 25 "-" "Mozilla/5.0 (Macintosh; Intel Mac OS X 10_15_7) AppleWebKit/537.36 (KHTML, like Gecko) Chrome/120.0.0.0 Safari/537.36" floresyfloresfusagasuga.com 10.53.129.184
184.181.217.194 - - [30/Aug/2026:11:27:50 -0500] "POST / HTTP/1.1" 200 37 "-" "Mozilla/5.0 (Macintosh; Intel Mac OS X 10_15_7) AppleWebKit/537.36 (KHTML, like Gecko) Chrome/120.0.0.0 Safari/537.36" floresyfloresfusagasuga.com 10.53.129.184
184.181.217.194 - - [30/Aug/2026:11:27:52 -0500] "POST / HTTP/1.1" 200 9 "-" "Mozilla/5.0 (Macintosh; Intel Mac OS X 10_15_7) AppleWebKit/537.36 (KHTML, like Gecko) Chrome/120.0.0.0 Safari/537.36" floresyfloresfusagasuga.com 10.53.129.184
184.181.217.194 - - [30/Aug/2026:11:27:55 -0500] "POST / HTTP/1.1" 200 31 "-" "Mozilla/5.0 (Macintosh; Intel Mac OS X 10_15_7) AppleWebKit/537.36 (KHTML, like Gecko) Chrome/120.0.0.0 Safari/537.36" floresyfloresfusagasuga.com 10.53.129.184
184.181.217.194 - - [30/Aug/2026:11:27:57 -0500] "POST / HTTP/1.1" 200 936227 "-" "Mozilla/5.0 (Macintosh; Intel Mac OS X 10_15_7) AppleWebKit/537.36 (KHTML, like Gecko) Chrome/120.0.0.0 Safari/537.36" floresyfloresfusagasuga.com 10.53.129.184
184.181.217.194 - - [30/Aug/2026:11:28:02 -0500] "POST / HTTP/1.1" 200 38 "-" "Mozilla/5.0 (Macintosh; Intel Mac OS X 10_15_7) AppleWebKit/537.36 (KHTML, like Gecko) Chrome/120.0.0.0 Safari/537.36" floresyfloresfusagasuga.com 10.53.129.184
184.181.217.194 - - [30/Aug/2026:11:28:07 -0500] "POST / HTTP/1.1" 200 9 "-" "Mozilla/5.0 (Macintosh; Intel Mac OS X 10_15_7) AppleWebKit/537.36 (KHTML, like Gecko) Chrome/120.0.0.0 Safari/537.36" floresyfloresfusagasuga.com 10.53.129.184
143.14.49.47 - - [30/Aug/2026:11:28:11 -0500] "POST /wp-content/plugins/google-site-kit/third-party/google/apiclient-services/src/PeopleService/BatchDeleteContactsRequest.php HTTP/2.0" 500 - "-" "Mozilla/5.0 (Macintosh; Intel Mac OS X 10_15_7) AppleWebKit/537.36 (KHTML, like Gecko) Chrome/120.0.0.0 Safari/537.36" floresyfloresfusagasuga.com 10.53.129.184
184.181.217.194 - - [30/Aug/2026:11:28:13 -0500] "POST / HTTP/1.1" 200 33 "-" "Mozilla/5.0 (Macintosh; Intel Mac OS X 10_15_7) AppleWebKit/537.36 (KHTML, like Gecko) Chrome/120.0.0.0 Safari/537.36" floresyfloresfusagasuga.com 10.53.129.184
57.141.22.19 - - [30/Aug/2026:11:28:12 -0500] "GET /craps-online-con-skrill/ HTTP/2.0" 200 47080 "-" "Mozilla/5.0 (Windows NT 10.0; Win64; x64) AppleWebKit/537.36 (KHTML, like Gecko) Chrome/145.0.0.0 Safari/537.36 (compatible; meta-externalagent/1.1 (+https://developers.facebook.com/docs/sharing/webmasters/crawler))" floresyfloresfusagasuga.com 10.53.129.184
69.6.233.64 - - [30/Aug/2026:11:28:14 -0500] "POST /wp-cron.php?doing_wp_cron=1788107294.4282898902893066406250 HTTP/1.1" 200 - "-" "WordPress/7.1; https://floresyfloresfusagasuga.com" floresyfloresfusagasuga.com 10.53.129.184
184.181.217.194 - - [30/Aug/2026:11:28:17 -0500] "POST / HTTP/1.1" 200 9 "-" "Mozilla/5.0 (Macintosh; Intel Mac OS X 10_15_7) AppleWebKit/537.36 (KHTML, like Gecko) Chrome/120.0.0.0 Safari/537.36" floresyfloresfusagasuga.com 10.53.129.184
57.141.22.42 - - [30/Aug/2026:11:28:17 -0500] "GET /casinos-licenciado-2026/ HTTP/2.0" 200 47135 "-" "Mozilla/5.0 (Windows NT 10.0; Win64; x64) AppleWebKit/537.36 (KHTML, like Gecko) Chrome/145.0.0.0 Safari/537.36 Edg/145.0.0.0 (compatible; meta-externalagent/1.1 (+https://developers.facebook.com/docs/sharing/webmasters/crawler))" floresyfloresfusagasuga.com 10.53.129.184
184.181.217.194 - - [30/Aug/2026:11:28:19 -0500] "POST / HTTP/1.1" 200 29 "-" "Mozilla/5.0 (Macintosh; Intel Mac OS X 10_15_7) AppleWebKit/537.36 (KHTML, like Gecko) Chrome/120.0.0.0 Safari/537.36" floresyfloresfusagasuga.com 10.53.129.184
184.181.217.194 - - [30/Aug/2026:11:28:21 -0500] "POST / HTTP/1.1" 200 28 "-" "Mozilla/5.0 (Macintosh; Intel Mac OS X 10_15_7) AppleWebKit/537.36 (KHTML, like Gecko) Chrome/120.0.0.0 Safari/537.36" floresyfloresfusagasuga.com 10.53.129.184
143.14.49.47 - - [30/Aug/2026:11:28:25 -0500] "POST /wp-content/plugins/akeebabackupwp/app/vendor/phpmailer/phpmailer/language/phpmailer.lang-ro.php HTTP/2.0" 200 49 "-" "Mozilla/5.0 (Macintosh; Intel Mac OS X 10_15_7) AppleWebKit/537.36 (KHTML, like Gecko) Chrome/120.0.0.0 Safari/537.36" floresyfloresfusagasuga.com 10.53.129.184
143.14.49.47 - - [30/Aug/2026:11:28:26 -0500] "POST /wp-content/plugins/akeebabackupwp/app/vendor/phpmailer/phpmailer/language/phpmailer.lang-ro.php HTTP/2.0" 200 50 "-" "Mozilla/5.0 (Macintosh; Intel Mac OS X 10_15_7) AppleWebKit/537.36 (KHTML, like Gecko) Chrome/120.0.0.0 Safari/537.36" floresyfloresfusagasuga.com 10.53.129.184
143.14.49.47 - - [30/Aug/2026:11:28:28 -0500] "POST /wp-content/plugins/akeebabackupwp/app/vendor/phpmailer/phpmailer/language/phpmailer.lang-ro.php HTTP/2.0" 200 29 "-" "Mozilla/5.0 (Macintosh; Intel Mac OS X 10_15_7) AppleWebKit/537.36 (KHTML, like Gecko) Chrome/120.0.0.0 Safari/537.36" floresyfloresfusagasuga.com 10.53.129.184
143.14.49.47 - - [30/Aug/2026:11:28:29 -0500] "POST /wp-content/plugins/akeebabackupwp/app/vendor/phpmailer/phpmailer/language/phpmailer.lang-ro.php HTTP/2.0" 200 52 "-" "Mozilla/5.0 (Macintosh; Intel Mac OS X 10_15_7) AppleWebKit/537.36 (KHTML, like Gecko) Chrome/120.0.0.0 Safari/537.36" floresyfloresfusagasuga.com 10.53.129.184
143.14.49.47 - - [30/Aug/2026:11:28:32 -0500] "POST /wp-content/plugins/akeebabackupwp/app/vendor/phpmailer/phpmailer/language/phpmailer.lang-ro.php HTTP/2.0" 200 46 "-" "Mozilla/5.0 (Macintosh; Intel Mac OS X 10_15_7) AppleWebKit/537.36 (KHTML, like Gecko) Chrome/120.0.0.0 Safari/537.36" floresyfloresfusagasuga.com 10.53.129.184
143.14.49.47 - - [30/Aug/2026:11:28:36 -0500] "POST /wp-content/plugins/creame-whatsapp-me/public/class-joinchat-preview.php HTTP/2.0" 200 56 "-" "Mozilla/5.0 (Macintosh; Intel Mac OS X 10_15_7) AppleWebKit/537.36 (KHTML, like Gecko) Chrome/120.0.0.0 Safari/537.36" floresyfloresfusagasuga.com 10.53.129.184
143.14.49.47 - - [30/Aug/2026:11:28:40 -0500] "POST /wp-content/plugins/creame-whatsapp-me/public/class-joinchat-preview.php HTTP/2.0" 200 50 "-" "Mozilla/5.0 (Macintosh; Intel Mac OS X 10_15_7) AppleWebKit/537.36 (KHTML, like Gecko) Chrome/120.0.0.0 Safari/537.36" floresyfloresfusagasuga.com 10.53.129.184
143.14.49.47 - - [30/Aug/2026:11:28:42 -0500] "POST /wp-content/plugins/creame-whatsapp-me/public/class-joinchat-preview.php HTTP/2.0" 200 29 "-" "Mozilla/5.0 (Macintosh; Intel Mac OS X 10_15_7) AppleWebKit/537.36 (KHTML, like Gecko) Chrome/120.0.0.0 Safari/537.36" floresyfloresfusagasuga.com 10.53.129.184
143.14.49.47 - - [30/Aug/2026:11:28:45 -0500] "POST /wp-content/plugins/creame-whatsapp-me/public/class-joinchat-preview.php HTTP/2.0" 200 56 "-" "Mozilla/5.0 (Macintosh; Intel Mac OS X 10_15_7) AppleWebKit/537.36 (KHTML, like Gecko) Chrome/120.0.0.0 Safari/537.36" floresyfloresfusagasuga.com 10.53.129.184
143.14.49.47 - - [30/Aug/2026:11:28:47 -0500] "POST /wp-content/plugins/creame-whatsapp-me/public/class-joinchat-preview.php HTTP/2.0" 200 46 "-" "Mozilla/5.0 (Macintosh; Intel Mac OS X 10_15_7) AppleWebKit/537.36 (KHTML, like Gecko) Chrome/120.0.0.0 Safari/537.36" floresyfloresfusagasuga.com 10.53.129.184
143.14.49.47 - - [30/Aug/2026:11:28:51 -0500] "POST /wp-admin/includes/class-wp-debug-data.php HTTP/2.0" 200 51 "-" "Mozilla/5.0 (Macintosh; Intel Mac OS X 10_15_7) AppleWebKit/537.36 (KHTML, like Gecko) Chrome/120.0.0.0 Safari/537.36" floresyfloresfusagasuga.com 10.53.129.184
143.14.49.47 - - [30/Aug/2026:11:28:54 -0500] "POST /wp-admin/includes/class-wp-debug-data.php HTTP/2.0" 200 56 "-" "Mozilla/5.0 (Macintosh; Intel Mac OS X 10_15_7) AppleWebKit/537.36 (KHTML, like Gecko) Chrome/120.0.0.0 Safari/537.36" floresyfloresfusagasuga.com 10.53.129.184
143.14.49.47 - - [30/Aug/2026:11:28:56 -0500] "POST /wp-admin/includes/class-wp-debug-data.php HTTP/2.0" 200 29 "-" "Mozilla/5.0 (Macintosh; Intel Mac OS X 10_15_7) AppleWebKit/537.36 (KHTML, like Gecko) Chrome/120.0.0.0 Safari/537.36" floresyfloresfusagasuga.com 10.53.129.184
143.14.49.47 - - [30/Aug/2026:11:28:57 -0500] "POST /wp-admin/includes/class-wp-debug-data.php HTTP/2.0" 200 57 "-" "Mozilla/5.0 (Macintosh; Intel Mac OS X 10_15_7) AppleWebKit/537.36 (KHTML, like Gecko) Chrome/120.0.0.0 Safari/537.36" floresyfloresfusagasuga.com 10.53.129.184
143.14.49.47 - - [30/Aug/2026:11:28:58 -0500] "POST /wp-admin/includes/class-wp-debug-data.php HTTP/2.0" 200 46 "-" "Mozilla/5.0 (Macintosh; Intel Mac OS X 10_15_7) AppleWebKit/537.36 (KHTML, like Gecko) Chrome/120.0.0.0 Safari/537.36" floresyfloresfusagasuga.com 10.53.129.184
143.14.49.47 - - [30/Aug/2026:11:29:01 -0500] "POST /wp-content/plugins/akeebabackupwp/app/vendor/akeeba/engine/engine/Core/Timer.php HTTP/2.0" 403 6083 "-" "Mozilla/5.0 (Macintosh; Intel Mac OS X 10_15_7) AppleWebKit/537.36 (KHTML, like Gecko) Chrome/120.0.0.0 Safari/537.36" floresyfloresfusagasuga.com 10.53.129.184
143.14.49.47 - - [30/Aug/2026:11:29:02 -0500] "POST /wp-admin/includes/class-wp-debug-data.php HTTP/2.0" 200 56 "-" "Mozilla/5.0 (Macintosh; Intel Mac OS X 10_15_7) AppleWebKit/537.36 (KHTML, like Gecko) Chrome/120.0.0.0 Safari/537.36" floresyfloresfusagasuga.com 10.53.129.184
143.14.49.47 - - [30/Aug/2026:11:29:03 -0500] "POST /wp-admin/includes/class-wp-debug-data.php HTTP/2.0" 200 29 "-" "Mozilla/5.0 (Macintosh; Intel Mac OS X 10_15_7) AppleWebKit/537.36 (KHTML, like Gecko) Chrome/120.0.0.0 Safari/537.36" floresyfloresfusagasuga.com 10.53.129.184
143.14.49.47 - - [30/Aug/2026:11:29:05 -0500] "POST /wp-admin/includes/class-wp-debug-data.php HTTP/2.0" 200 51 "-" "Mozilla/5.0 (Macintosh; Intel Mac OS X 10_15_7) AppleWebKit/537.36 (KHTML, like Gecko) Chrome/120.0.0.0 Safari/537.36" floresyfloresfusagasuga.com 10.53.129.184
143.14.49.47 - - [30/Aug/2026:11:29:07 -0500] "POST /wp-admin/includes/class-wp-debug-data.php HTTP/2.0" 200 46 "-" "Mozilla/5.0 (Macintosh; Intel Mac OS X 10_15_7) AppleWebKit/537.36 (KHTML, like Gecko) Chrome/120.0.0.0 Safari/537.36" floresyfloresfusagasuga.com 10.53.129.184
143.14.49.47 - - [30/Aug/2026:11:29:11 -0500] "GET /wp-content/plugins/woocommerce/src/Blocks/Payments/Integrations/BankTransfer.php HTTP/2.0" 500 - "-" "Mozilla/5.0 (Macintosh; Intel Mac OS X 10_15_7) AppleWebKit/537.36 (KHTML, like Gecko) Chrome/120.0.0.0 Safari/537.36" floresyfloresfusagasuga.com 10.53.129.184
143.14.49.47 - - [30/Aug/2026:11:29:13 -0500] "POST /wp-admin/includes/class-wp-debug-data.php HTTP/2.0" 200 52 "-" "Mozilla/5.0 (Macintosh; Intel Mac OS X 10_15_7) AppleWebKit/537.36 (KHTML, like Gecko) Chrome/120.0.0.0 Safari/537.36" floresyfloresfusagasuga.com 10.53.129.184
143.14.49.47 - - [30/Aug/2026:11:29:15 -0500] "POST /wp-admin/includes/class-wp-debug-data.php HTTP/2.0" 200 29 "-" "Mozilla/5.0 (Macintosh; Intel Mac OS X 10_15_7) AppleWebKit/537.36 (KHTML, like Gecko) Chrome/120.0.0.0 Safari/537.36" floresyfloresfusagasuga.com 10.53.129.184
143.14.49.47 - - [30/Aug/2026:11:29:17 -0500] "POST /wp-admin/includes/class-wp-debug-data.php HTTP/2.0" 200 50 "-" "Mozilla/5.0 (Macintosh; Intel Mac OS X 10_15_7) AppleWebKit/537.36 (KHTML, like Gecko) Chrome/120.0.0.0 Safari/537.36" floresyfloresfusagasuga.com 10.53.129.184
143.14.49.47 - - [30/Aug/2026:11:29:18 -0500] "POST /wp-admin/includes/class-wp-debug-data.php HTTP/2.0" 200 46 "-" "Mozilla/5.0 (Macintosh; Intel Mac OS X 10_15_7) AppleWebKit/537.36 (KHTML, like Gecko) Chrome/120.0.0.0 Safari/537.36" floresyfloresfusagasuga.com 10.53.129.184
143.14.49.47 - - [30/Aug/2026:11:29:21 -0500] "POST /wp-content/plugins/wordpress-seo/src/presenters/open-graph/description-presenter.php HTTP/2.0" 500 - "-" "Mozilla/5.0 (Macintosh; Intel Mac OS X 10_15_7) AppleWebKit/537.36 (KHTML, like Gecko) Chrome/120.0.0.0 Safari/537.36" floresyfloresfusagasuga.com 10.53.129.184
143.14.49.47 - - [30/Aug/2026:11:29:22 -0500] "POST /wp-admin/includes/class-wp-debug-data.php HTTP/2.0" 200 50 "-" "Mozilla/5.0 (Macintosh; Intel Mac OS X 10_15_7) AppleWebKit/537.36 (KHTML, like Gecko) Chrome/120.0.0.0 Safari/537.36" floresyfloresfusagasuga.com 10.53.129.184
143.14.49.47 - - [30/Aug/2026:11:29:23 -0500] "POST /wp-admin/includes/class-wp-debug-data.php HTTP/2.0" 200 29 "-" "Mozilla/5.0 (Macintosh; Intel Mac OS X 10_15_7) AppleWebKit/537.36 (KHTML, like Gecko) Chrome/120.0.0.0 Safari/537.36" floresyfloresfusagasuga.com 10.53.129.184
143.14.49.47 - - [30/Aug/2026:11:29:26 -0500] "POST /wp-admin/includes/class-wp-debug-data.php HTTP/2.0" 200 45 "-" "Mozilla/5.0 (Macintosh; Intel Mac OS X 10_15_7) AppleWebKit/537.36 (KHTML, like Gecko) Chrome/120.0.0.0 Safari/537.36" floresyfloresfusagasuga.com 10.53.129.184
57.141.22.33 - - [30/Aug/2026:11:29:27 -0500] "GET /jugar-blackjack-online-latino/ HTTP/2.0" 200 48909 "-" "Mozilla/5.0 (Windows NT 10.0; Win64; x64) AppleWebKit/537.36 (KHTML, like Gecko) Chrome/145.0.0.0 Safari/537.36 (compatible; meta-externalagent/1.1 (+https://developers.facebook.com/docs/sharing/webmasters/crawler))" floresyfloresfusagasuga.com 10.53.129.184
143.14.49.47 - - [30/Aug/2026:11:29:31 -0500] "POST /wp-admin/includes/class-wp-debug-data.php HTTP/2.0" 200 46 "-" "Mozilla/5.0 (Macintosh; Intel Mac OS X 10_15_7) AppleWebKit/537.36 (KHTML, like Gecko) Chrome/120.0.0.0 Safari/537.36" floresyfloresfusagasuga.com 10.53.129.184
69.6.233.64 - - [30/Aug/2026:11:29:32 -0500] "POST /wp-cron.php?doing_wp_cron=1788107372.8251230716705322265625 HTTP/1.1" 200 - "-" "WordPress/7.1; https://floresyfloresfusagasuga.com" floresyfloresfusagasuga.com 10.53.129.184
143.14.49.47 - - [30/Aug/2026:11:29:37 -0500] "GET /wp-content/plugins/woocommerce/src/Proxies/ActionsProxy.php HTTP/2.0" 500 - "-" "Mozilla/5.0 (Macintosh; Intel Mac OS X 10_15_7) AppleWebKit/537.36 (KHTML, like Gecko) Chrome/120.0.0.0 Safari/537.36" floresyfloresfusagasuga.com 10.53.129.184
143.14.49.47 - - [30/Aug/2026:11:29:39 -0500] "POST /wp-admin/includes/class-wp-debug-data.php HTTP/2.0" 200 48 "-" "Mozilla/5.0 (Macintosh; Intel Mac OS X 10_15_7) AppleWebKit/537.36 (KHTML, like Gecko) Chrome/120.0.0.0 Safari/537.36" floresyfloresfusagasuga.com 10.53.129.184
143.14.49.47 - - [30/Aug/2026:11:29:41 -0500] "POST /wp-admin/includes/class-wp-debug-data.php HTTP/2.0" 200 29 "-" "Mozilla/5.0 (Macintosh; Intel Mac OS X 10_15_7) AppleWebKit/537.36 (KHTML, like Gecko) Chrome/120.0.0.0 Safari/537.36" floresyfloresfusagasuga.com 10.53.129.184
143.14.49.47 - - [30/Aug/2026:11:29:41 -0500] "POST /wp-admin/includes/class-wp-debug-data.php HTTP/2.0" 200 52 "-" "Mozilla/5.0 (Macintosh; Intel Mac OS X 10_15_7) AppleWebKit/537.36 (KHTML, like Gecko) Chrome/120.0.0.0 Safari/537.36" floresyfloresfusagasuga.com 10.53.129.184
143.14.49.47 - - [30/Aug/2026:11:29:43 -0500] "POST /wp-admin/includes/class-wp-debug-data.php HTTP/2.0" 200 46 "-" "Mozilla/5.0 (Macintosh; Intel Mac OS X 10_15_7) AppleWebKit/537.36 (KHTML, like Gecko) Chrome/120.0.0.0 Safari/537.36" floresyfloresfusagasuga.com 10.53.129.184
143.14.49.47 - - [30/Aug/2026:11:29:46 -0500] "POST /wp-content/plugins/woocommerce/includes/wc-page-functions.php HTTP/2.0" 200 46 "-" "Mozilla/5.0 (Macintosh; Intel Mac OS X 10_15_7) AppleWebKit/537.36 (KHTML, like Gecko) Chrome/120.0.0.0 Safari/537.36" floresyfloresfusagasuga.com 10.53.129.184
57.141.22.88 - - [30/Aug/2026:11:29:46 -0500] "GET /juegos-que-te-pagan-por-jugar-paypal-casino-online/ HTTP/2.0" 200 49309 "-" "Mozilla/5.0 (Windows NT 10.0; Win64; x64) AppleWebKit/537.36 (KHTML, like Gecko) Chrome/145.0.0.0 Safari/537.36 (compatible; meta-externalagent/1.1 (+https://developers.facebook.com/docs/sharing/webmasters/crawler))" floresyfloresfusagasuga.com 10.53.129.184
143.14.49.47 - - [30/Aug/2026:11:29:48 -0500] "POST /wp-content/plugins/woocommerce/includes/wc-page-functions.php HTTP/2.0" 200 51 "-" "Mozilla/5.0 (Macintosh; Intel Mac OS X 10_15_7) AppleWebKit/537.36 (KHTML, like Gecko) Chrome/120.0.0.0 Safari/537.36" floresyfloresfusagasuga.com 10.53.129.184
143.14.49.47 - - [30/Aug/2026:11:29:49 -0500] "POST /wp-content/plugins/woocommerce/includes/wc-page-functions.php HTTP/2.0" 200 29 "-" "Mozilla/5.0 (Macintosh; Intel Mac OS X 10_15_7) AppleWebKit/537.36 (KHTML, like Gecko) Chrome/120.0.0.0 Safari/537.36" floresyfloresfusagasuga.com 10.53.129.184
143.14.49.47 - - [30/Aug/2026:11:29:51 -0500] "POST /wp-content/plugins/woocommerce/includes/wc-page-functions.php HTTP/2.0" 200 45 "-" "Mozilla/5.0 (Macintosh; Intel Mac OS X 10_15_7) AppleWebKit/537.36 (KHTML, like Gecko) Chrome/120.0.0.0 Safari/537.36" floresyfloresfusagasuga.com 10.53.129.184
143.14.49.47 - - [30/Aug/2026:11:29:53 -0500] "POST /wp-content/plugins/woocommerce/includes/wc-page-functions.php HTTP/2.0" 200 46 "-" "Mozilla/5.0 (Macintosh; Intel Mac OS X 10_15_7) AppleWebKit/537.36 (KHTML, like Gecko) Chrome/120.0.0.0 Safari/537.36" floresyfloresfusagasuga.com 10.53.129.184
57.141.22.86 - - [30/Aug/2026:11:29:55 -0500] "GET /casinos-online-espana-que-pagan/ HTTP/2.0" 200 48628 "-" "Mozilla/5.0 (Macintosh; Intel Mac OS X 10_15_7) AppleWebKit/537.36 (KHTML, like Gecko) Chrome/145.0.0.0 Safari/537.36 (compatible; meta-externalagent/1.1 (+https://developers.facebook.com/docs/sharing/webmasters/crawler))" floresyfloresfusagasuga.com 10.53.129.184
143.14.49.47 - - [30/Aug/2026:11:29:57 -0500] "POST /wp-content/plugins/google-site-kit/third-party/google/apiclient-services/src/GoogleAnalyticsAdmin/GoogleAnalyticsAdminV1betaListMeasurementProtocolSecretsResponse.php HTTP/2.0" 500 - "-" "Mozilla/5.0 (Macintosh; Intel Mac OS X 10_15_7) AppleWebKit/537.36 (KHTML, like Gecko) Chrome/120.0.0.0 Safari/537.36" floresyfloresfusagasuga.com 10.53.129.184
69.6.233.64 - - [30/Aug/2026:11:29:59 -0500] "POST /wp-cron.php?doing_wp_cron=1788107399.0309948921203613281250 HTTP/1.1" 200 - "-" "WordPress/7.1; https://floresyfloresfusagasuga.com" floresyfloresfusagasuga.com 10.53.129.184
143.14.49.47 - - [30/Aug/2026:11:30:00 -0500] "POST /wp-content/plugins/woocommerce/includes/wc-page-functions.php HTTP/2.0" 200 42 "-" "Mozilla/5.0 (Macintosh; Intel Mac OS X 10_15_7) AppleWebKit/537.36 (KHTML, like Gecko) Chrome/120.0.0.0 Safari/537.36" floresyfloresfusagasuga.com 10.53.129.184
143.14.49.47 - - [30/Aug/2026:11:30:04 -0500] "POST /wp-content/plugins/woocommerce/includes/wc-page-functions.php HTTP/2.0" 200 29 "-" "Mozilla/5.0 (Macintosh; Intel Mac OS X 10_15_7) AppleWebKit/537.36 (KHTML, like Gecko) Chrome/120.0.0.0 Safari/537.36" floresyfloresfusagasuga.com 10.53.129.184
143.14.49.47 - - [30/Aug/2026:11:30:08 -0500] "POST /wp-content/plugins/woocommerce/includes/wc-page-functions.php HTTP/2.0" 200 47 "-" "Mozilla/5.0 (Macintosh; Intel Mac OS X 10_15_7) AppleWebKit/537.36 (KHTML, like Gecko) Chrome/120.0.0.0 Safari/537.36" floresyfloresfusagasuga.com 10.53.129.184
143.14.49.47 - - [30/Aug/2026:11:30:15 -0500] "POST /wp-content/plugins/woocommerce/includes/wc-page-functions.php HTTP/2.0" 200 46 "-" "Mozilla/5.0 (Macintosh; Intel Mac OS X 10_15_7) AppleWebKit/537.36 (KHTML, like Gecko) Chrome/120.0.0.0 Safari/537.36" floresyfloresfusagasuga.com 10.53.129.184
143.14.49.47 - - [30/Aug/2026:11:30:20 -0500] "POST /wp-content/plugins/wordpress-seo/src/dashboard/application/traffic/organic-sessions-compare-repository.php HTTP/2.0" 500 - "-" "Mozilla/5.0 (Macintosh; Intel Mac OS X 10_15_7) AppleWebKit/537.36 (KHTML, like Gecko) Chrome/120.0.0.0 Safari/537.36" floresyfloresfusagasuga.com 10.53.129.184
143.14.49.47 - - [30/Aug/2026:11:30:21 -0500] "POST /wp-content/plugins/woocommerce/includes/wc-page-functions.php HTTP/2.0" 200 60 "-" "Mozilla/5.0 (Macintosh; Intel Mac OS X 10_15_7) AppleWebKit/537.36 (KHTML, like Gecko) Chrome/120.0.0.0 Safari/537.36" floresyfloresfusagasuga.com 10.53.129.184
143.14.49.47 - - [30/Aug/2026:11:30:23 -0500] "POST /wp-content/plugins/woocommerce/includes/wc-page-functions.php HTTP/2.0" 200 29 "-" "Mozilla/5.0 (Macintosh; Intel Mac OS X 10_15_7) AppleWebKit/537.36 (KHTML, like Gecko) Chrome/120.0.0.0 Safari/537.36" floresyfloresfusagasuga.com 10.53.129.184
143.14.49.47 - - [30/Aug/2026:11:30:24 -0500] "POST /wp-content/plugins/woocommerce/includes/wc-page-functions.php HTTP/2.0" 200 47 "-" "Mozilla/5.0 (Macintosh; Intel Mac OS X 10_15_7) AppleWebKit/537.36 (KHTML, like Gecko) Chrome/120.0.0.0 Safari/537.36" floresyfloresfusagasuga.com 10.53.129.184
143.14.49.47 - - [30/Aug/2026:11:30:27 -0500] "POST /wp-content/plugins/woocommerce/includes/wc-page-functions.php HTTP/2.0" 200 46 "-" "Mozilla/5.0 (Macintosh; Intel Mac OS X 10_15_7) AppleWebKit/537.36 (KHTML, like Gecko) Chrome/120.0.0.0 Safari/537.36" floresyfloresfusagasuga.com 10.53.129.184
143.14.49.47 - - [30/Aug/2026:11:30:30 -0500] "POST /wp-content/plugins/woocommerce/packages/email-editor/src/Engine/class-user-theme.php HTTP/2.0" 500 - "-" "Mozilla/5.0 (Macintosh; Intel Mac OS X 10_15_7) AppleWebKit/537.36 (KHTML, like Gecko) Chrome/120.0.0.0 Safari/537.36" floresyfloresfusagasuga.com 10.53.129.184
143.14.49.47 - - [30/Aug/2026:11:30:32 -0500] "POST /wp-content/plugins/woocommerce/includes/wc-page-functions.php HTTP/2.0" 200 50 "-" "Mozilla/5.0 (Macintosh; Intel Mac OS X 10_15_7) AppleWebKit/537.36 (KHTML, like Gecko) Chrome/120.0.0.0 Safari/537.36" floresyfloresfusagasuga.com 10.53.129.184
143.14.49.47 - - [30/Aug/2026:11:30:34 -0500] "POST /wp-content/plugins/woocommerce/includes/wc-page-functions.php HTTP/2.0" 200 29 "-" "Mozilla/5.0 (Macintosh; Intel Mac OS X 10_15_7) AppleWebKit/537.36 (KHTML, like Gecko) Chrome/120.0.0.0 Safari/537.36" floresyfloresfusagasuga.com 10.53.129.184
143.14.49.47 - - [30/Aug/2026:11:30:35 -0500] "POST /wp-content/plugins/woocommerce/includes/wc-page-functions.php HTTP/2.0" 200 49 "-" "Mozilla/5.0 (Macintosh; Intel Mac OS X 10_15_7) AppleWebKit/537.36 (KHTML, like Gecko) Chrome/120.0.0.0 Safari/537.36" floresyfloresfusagasuga.com 10.53.129.184
143.14.49.47 - - [30/Aug/2026:11:30:35 -0500] "POST /wp-content/plugins/woocommerce/includes/wc-page-functions.php HTTP/2.0" 200 46 "-" "Mozilla/5.0 (Macintosh; Intel Mac OS X 10_15_7) AppleWebKit/537.36 (KHTML, like Gecko) Chrome/120.0.0.0 Safari/537.36" floresyfloresfusagasuga.com 10.53.129.184
143.14.49.47 - - [30/Aug/2026:11:30:38 -0500] "POST /wp-content/plugins/wordpress-seo/src/llms-txt/domain/markdown/items/link.php HTTP/2.0" 500 - "-" "Mozilla/5.0 (Macintosh; Intel Mac OS X 10_15_7) AppleWebKit/537.36 (KHTML, like Gecko) Chrome/120.0.0.0 Safari/537.36" floresyfloresfusagasuga.com 10.53.129.184
143.14.49.47 - - [30/Aug/2026:11:30:39 -0500] "POST /wp-content/plugins/woocommerce/includes/wc-page-functions.php HTTP/2.0" 200 50 "-" "Mozilla/5.0 (Macintosh; Intel Mac OS X 10_15_7) AppleWebKit/537.36 (KHTML, like Gecko) Chrome/120.0.0.0 Safari/537.36" floresyfloresfusagasuga.com 10.53.129.184
143.14.49.47 - - [30/Aug/2026:11:30:40 -0500] "POST /wp-content/plugins/woocommerce/includes/wc-page-functions.php HTTP/2.0" 200 29 "-" "Mozilla/5.0 (Macintosh; Intel Mac OS X 10_15_7) AppleWebKit/537.36 (KHTML, like Gecko) Chrome/120.0.0.0 Safari/537.36" floresyfloresfusagasuga.com 10.53.129.184
143.14.49.47 - - [30/Aug/2026:11:30:41 -0500] "POST /wp-content/plugins/woocommerce/includes/wc-page-functions.php HTTP/2.0" 200 50 "-" "Mozilla/5.0 (Macintosh; Intel Mac OS X 10_15_7) AppleWebKit/537.36 (KHTML, like Gecko) Chrome/120.0.0.0 Safari/537.36" floresyfloresfusagasuga.com 10.53.129.184
57.141.22.104 - - [30/Aug/2026:11:30:40 -0500] "GET /royal-vegas-casino-bono-de-bienvenida-primer-deposito-y-giros-gratis/ HTTP/2.0" 200 48114 "-" "Mozilla/5.0 (Windows NT 10.0; Win64; x64) AppleWebKit/537.36 (KHTML, like Gecko) Chrome/145.0.0.0 Safari/537.36 (compatible; meta-externalagent/1.1 (+https://developers.facebook.com/docs/sharing/webmasters/crawler))" floresyfloresfusagasuga.com 10.53.129.184
143.14.49.47 - - [30/Aug/2026:11:30:43 -0500] "POST /wp-content/plugins/woocommerce/includes/wc-page-functions.php HTTP/2.0" 200 46 "-" "Mozilla/5.0 (Macintosh; Intel Mac OS X 10_15_7) AppleWebKit/537.36 (KHTML, like Gecko) Chrome/120.0.0.0 Safari/537.36" floresyfloresfusagasuga.com 10.53.129.184
69.6.233.64 - - [30/Aug/2026:11:30:43 -0500] "POST /wp-cron.php?doing_wp_cron=1788107442.9018449783325195312500 HTTP/1.1" 200 - "-" "WordPress/7.1; https://floresyfloresfusagasuga.com" floresyfloresfusagasuga.com 10.53.129.184
143.14.49.47 - - [30/Aug/2026:11:30:47 -0500] "POST /wp-includes/class-smtp.php HTTP/2.0" 200 53 "-" "Mozilla/5.0 (Macintosh; Intel Mac OS X 10_15_7) AppleWebKit/537.36 (KHTML, like Gecko) Chrome/120.0.0.0 Safari/537.36" floresyfloresfusagasuga.com 10.53.129.184
143.14.49.47 - - [30/Aug/2026:11:30:50 -0500] "POST /wp-includes/class-smtp.php HTTP/2.0" 200 50 "-" "Mozilla/5.0 (Macintosh; Intel Mac OS X 10_15_7) AppleWebKit/537.36 (KHTML, like Gecko) Chrome/120.0.0.0 Safari/537.36" floresyfloresfusagasuga.com 10.53.129.184
143.14.49.47 - - [30/Aug/2026:11:30:54 -0500] "POST /wp-includes/class-smtp.php HTTP/2.0" 200 29 "-" "Mozilla/5.0 (Macintosh; Intel Mac OS X 10_15_7) AppleWebKit/537.36 (KHTML, like Gecko) Chrome/120.0.0.0 Safari/537.36" floresyfloresfusagasuga.com 10.53.129.184
143.14.49.47 - - [30/Aug/2026:11:30:57 -0500] "POST /wp-includes/class-smtp.php HTTP/2.0" 200 45 "-" "Mozilla/5.0 (Macintosh; Intel Mac OS X 10_15_7) AppleWebKit/537.36 (KHTML, like Gecko) Chrome/120.0.0.0 Safari/537.36" floresyfloresfusagasuga.com 10.53.129.184
143.14.49.47 - - [30/Aug/2026:11:30:59 -0500] "POST /wp-includes/class-smtp.php HTTP/2.0" 200 24108 "-" "Mozilla/5.0 (Macintosh; Intel Mac OS X 10_15_7) AppleWebKit/537.36 (KHTML, like Gecko) Chrome/120.0.0.0 Safari/537.36" floresyfloresfusagasuga.com 10.53.129.184
143.14.49.47 - - [30/Aug/2026:11:31:01 -0500] "POST /wp-includes/class-smtp.php HTTP/2.0" 200 53 "-" "Mozilla/5.0 (Macintosh; Intel Mac OS X 10_15_7) AppleWebKit/537.36 (KHTML, like Gecko) Chrome/120.0.0.0 Safari/537.36" floresyfloresfusagasuga.com 10.53.129.184
143.14.49.47 - - [30/Aug/2026:11:31:03 -0500] "POST /wp-includes/class-smtp.php HTTP/2.0" 200 123 "-" "Mozilla/5.0 (Macintosh; Intel Mac OS X 10_15_7) AppleWebKit/537.36 (KHTML, like Gecko) Chrome/120.0.0.0 Safari/537.36" floresyfloresfusagasuga.com 10.53.129.184
143.14.49.47 - - [30/Aug/2026:11:31:07 -0500] "POST /wp-includes/class-smtp.php HTTP/2.0" 200 52 "-" "Mozilla/5.0 (Macintosh; Intel Mac OS X 10_15_7) AppleWebKit/537.36 (KHTML, like Gecko) Chrome/120.0.0.0 Safari/537.36" floresyfloresfusagasuga.com 10.53.129.184
143.14.49.47 - - [30/Aug/2026:11:31:10 -0500] "POST /wp-includes/class-smtp.php HTTP/2.0" 200 36 "-" "Mozilla/5.0 (Macintosh; Intel Mac OS X 10_15_7) AppleWebKit/537.36 (KHTML, like Gecko) Chrome/120.0.0.0 Safari/537.36" floresyfloresfusagasuga.com 10.53.129.184
143.14.49.47 - - [30/Aug/2026:11:31:12 -0500] "GET /wp-content/plugins/akeebabackupwp/app/vendor/akeeba/awf/src/Mvc/DataModel/Exception/mod_k2_comments.php HTTP/2.0" 403 6083 "-" "Mozilla/5.0 (Macintosh; Intel Mac OS X 10_15_7) AppleWebKit/537.36 (KHTML, like Gecko) Chrome/120.0.0.0 Safari/537.36" floresyfloresfusagasuga.com 10.53.129.184
143.14.49.47 - - [30/Aug/2026:11:31:13 -0500] "POST /wp-includes/class-smtp.php HTTP/2.0" 200 55 "-" "Mozilla/5.0 (Macintosh; Intel Mac OS X 10_15_7) AppleWebKit/537.36 (KHTML, like Gecko) Chrome/120.0.0.0 Safari/537.36" floresyfloresfusagasuga.com 10.53.129.184
143.14.49.47 - - [30/Aug/2026:11:31:14 -0500] "POST /wp-includes/class-smtp.php HTTP/2.0" 200 29 "-" "Mozilla/5.0 (Macintosh; Intel Mac OS X 10_15_7) AppleWebKit/537.36 (KHTML, like Gecko) Chrome/120.0.0.0 Safari/537.36" floresyfloresfusagasuga.com 10.53.129.184
143.14.49.47 - - [30/Aug/2026:11:31:15 -0500] "POST /wp-includes/class-smtp.php HTTP/2.0" 200 45 "-" "Mozilla/5.0 (Macintosh; Intel Mac OS X 10_15_7) AppleWebKit/537.36 (KHTML, like Gecko) Chrome/120.0.0.0 Safari/537.36" floresyfloresfusagasuga.com 10.53.129.184
143.14.49.47 - - [30/Aug/2026:11:31:16 -0500] "POST /wp-includes/class-smtp.php HTTP/2.0" 200 50 "-" "Mozilla/5.0 (Macintosh; Intel Mac OS X 10_15_7) AppleWebKit/537.36 (KHTML, like Gecko) Chrome/120.0.0.0 Safari/537.36" floresyfloresfusagasuga.com 10.53.129.184
143.14.49.47 - - [30/Aug/2026:11:31:17 -0500] "POST /wp-includes/class-smtp.php HTTP/2.0" 200 52 "-" "Mozilla/5.0 (Macintosh; Intel Mac OS X 10_15_7) AppleWebKit/537.36 (KHTML, like Gecko) Chrome/120.0.0.0 Safari/537.36" floresyfloresfusagasuga.com 10.53.129.184
143.14.49.47 - - [30/Aug/2026:11:31:17 -0500] "POST /wp-includes/class-smtp.php HTTP/2.0" 200 36 "-" "Mozilla/5.0 (Macintosh; Intel Mac OS X 10_15_7) AppleWebKit/537.36 (KHTML, like Gecko) Chrome/120.0.0.0 Safari/537.36" floresyfloresfusagasuga.com 10.53.129.184
143.14.49.47 - - [30/Aug/2026:11:31:20 -0500] "POST /wp-content/plugins/woocommerce/assets/client/admin/product-editor/blocks/product-fields/product-details-section-description/ruby.php HTTP/2.0" 200 50 "-" "Mozilla/5.0 (Macintosh; Intel Mac OS X 10_15_7) AppleWebKit/537.36 (KHTML, like Gecko) Chrome/120.0.0.0 Safari/537.36" floresyfloresfusagasuga.com 10.53.129.184
143.14.49.47 - - [30/Aug/2026:11:31:21 -0500] "POST /wp-content/plugins/woocommerce/assets/client/admin/product-editor/blocks/product-fields/product-details-section-description/ruby.php HTTP/2.0" 200 55 "-" "Mozilla/5.0 (Macintosh; Intel Mac OS X 10_15_7) AppleWebKit/537.36 (KHTML, like Gecko) Chrome/120.0.0.0 Safari/537.36" floresyfloresfusagasuga.com 10.53.129.184
143.14.49.47 - - [30/Aug/2026:11:31:22 -0500] "POST /wp-content/plugins/woocommerce/assets/client/admin/product-editor/blocks/product-fields/product-details-section-description/ruby.php HTTP/2.0" 200 93 "-" "Mozilla/5.0 (Macintosh; Intel Mac OS X 10_15_7) AppleWebKit/537.36 (KHTML, like Gecko) Chrome/120.0.0.0 Safari/537.36" floresyfloresfusagasuga.com 10.53.129.184
143.14.49.47 - - [30/Aug/2026:11:31:23 -0500] "POST /wp-content/plugins/woocommerce/assets/client/admin/product-editor/blocks/product-fields/product-details-section-description/ruby.php HTTP/2.0" 200 50 "-" "Mozilla/5.0 (Macintosh; Intel Mac OS X 10_15_7) AppleWebKit/537.36 (KHTML, like Gecko) Chrome/120.0.0.0 Safari/537.36" floresyfloresfusagasuga.com 10.53.129.184
143.14.49.47 - - [30/Aug/2026:11:31:25 -0500] "POST /wp-content/plugins/woocommerce/assets/client/admin/product-editor/blocks/product-fields/product-details-section-description/ruby.php HTTP/2.0" 200 36 "-" "Mozilla/5.0 (Macintosh; Intel Mac OS X 10_15_7) AppleWebKit/537.36 (KHTML, like Gecko) Chrome/120.0.0.0 Safari/537.36" floresyfloresfusagasuga.com 10.53.129.184
143.14.49.47 - - [30/Aug/2026:11:31:27 -0500] "POST /wp-content/plugins/akeebabackupwp/app/vendor/akeeba/engine/engine/Util/Transfer/docsql.php HTTP/2.0" 403 6083 "-" "Mozilla/5.0 (Macintosh; Intel Mac OS X 10_15_7) AppleWebKit/537.36 (KHTML, like Gecko) Chrome/120.0.0.0 Safari/537.36" floresyfloresfusagasuga.com 10.53.129.184
143.14.49.47 - - [30/Aug/2026:11:31:28 -0500] "POST /wp-content/plugins/woocommerce/assets/client/admin/product-editor/blocks/product-fields/product-details-section-description/ruby.php HTTP/2.0" 200 50 "-" "Mozilla/5.0 (Macintosh; Intel Mac OS X 10_15_7) AppleWebKit/537.36 (KHTML, like Gecko) Chrome/120.0.0.0 Safari/537.36" floresyfloresfusagasuga.com 10.53.129.184
143.14.49.47 - - [30/Aug/2026:11:31:31 -0500] "POST /wp-content/plugins/woocommerce/assets/client/admin/product-editor/blocks/product-fields/product-details-section-description/ruby.php HTTP/2.0" 200 29 "-" "Mozilla/5.0 (Macintosh; Intel Mac OS X 10_15_7) AppleWebKit/537.36 (KHTML, like Gecko) Chrome/120.0.0.0 Safari/537.36" floresyfloresfusagasuga.com 10.53.129.184
143.14.49.47 - - [30/Aug/2026:11:31:33 -0500] "POST /wp-content/plugins/woocommerce/assets/client/admin/product-editor/blocks/product-fields/product-details-section-description/ruby.php HTTP/2.0" 200 50 "-" "Mozilla/5.0 (Macintosh; Intel Mac OS X 10_15_7) AppleWebKit/537.36 (KHTML, like Gecko) Chrome/120.0.0.0 Safari/537.36" floresyfloresfusagasuga.com 10.53.129.184
143.14.49.47 - - [30/Aug/2026:11:31:35 -0500] "POST /wp-content/plugins/woocommerce/assets/client/admin/product-editor/blocks/product-fields/product-details-section-description/ruby.php HTTP/2.0" 200 57 "-" "Mozilla/5.0 (Macintosh; Intel Mac OS X 10_15_7) AppleWebKit/537.36 (KHTML, like Gecko) Chrome/120.0.0.0 Safari/537.36" floresyfloresfusagasuga.com 10.53.129.184
143.14.49.47 - - [30/Aug/2026:11:31:38 -0500] "POST /wp-content/plugins/woocommerce/assets/client/admin/product-editor/blocks/product-fields/product-details-section-description/ruby.php HTTP/2.0" 200 44 "-" "Mozilla/5.0 (Macintosh; Intel Mac OS X 10_15_7) AppleWebKit/537.36 (KHTML, like Gecko) Chrome/120.0.0.0 Safari/537.36" floresyfloresfusagasuga.com 10.53.129.184
143.14.49.47 - - [30/Aug/2026:11:31:39 -0500] "POST /wp-content/plugins/woocommerce/assets/client/admin/product-editor/blocks/product-fields/product-details-section-description/ruby.php HTTP/2.0" 200 36 "-" "Mozilla/5.0 (Macintosh; Intel Mac OS X 10_15_7) AppleWebKit/537.36 (KHTML, like Gecko) Chrome/120.0.0.0 Safari/537.36" floresyfloresfusagasuga.com 10.53.129.184
143.14.49.47 - - [30/Aug/2026:11:31:41 -0500] "POST /wp-content/plugins/akeebabackupwp/app/vendor/akeeba/engine/engine/Dump/Dependencies/beginedit8.php HTTP/2.0" 403 6083 "-" "Mozilla/5.0 (Macintosh; Intel Mac OS X 10_15_7) AppleWebKit/537.36 (KHTML, like Gecko) Chrome/120.0.0.0 Safari/537.36" floresyfloresfusagasuga.com 10.53.129.184
143.14.49.47 - - [30/Aug/2026:11:31:42 -0500] "POST /wp-content/plugins/woocommerce/assets/client/admin/product-editor/blocks/product-fields/product-details-section-description/ruby.php HTTP/2.0" 200 57 "-" "Mozilla/5.0 (Macintosh; Intel Mac OS X 10_15_7) AppleWebKit/537.36 (KHTML, like Gecko) Chrome/120.0.0.0 Safari/537.36" floresyfloresfusagasuga.com 10.53.129.184
143.14.49.47 - - [30/Aug/2026:11:31:46 -0500] "POST /wp-content/plugins/woocommerce/assets/client/admin/product-editor/blocks/product-fields/product-details-section-description/ruby.php HTTP/2.0" 200 29 "-" "Mozilla/5.0 (Macintosh; Intel Mac OS X 10_15_7) AppleWebKit/537.36 (KHTML, like Gecko) Chrome/120.0.0.0 Safari/537.36" floresyfloresfusagasuga.com 10.53.129.184
66.249.74.166 - - [30/Aug/2026:11:31:44 -0500] "GET /plataformas-de-ruleta-con-bitcoin-en-vivo/ HTTP/1.1" 200 48064 "-" "Mozilla/5.0 (Linux; Android 6.0.1; Nexus 5X Build/MMB29P) AppleWebKit/537.36 (KHTML, like Gecko) Chrome/151.0.7922.173 Mobile Safari/537.36 (compatible; Googlebot/2.1; +http://www.google.com/bot.html)" floresyfloresfusagasuga.com 10.53.129.184
69.6.233.64 - - [30/Aug/2026:11:31:49 -0500] "POST /wp-cron.php?doing_wp_cron=1788107509.0444140434265136718750 HTTP/1.1" 200 - "-" "WordPress/7.1; https://floresyfloresfusagasuga.com" floresyfloresfusagasuga.com 10.53.129.184
143.14.49.47 - - [30/Aug/2026:11:31:50 -0500] "POST /wp-content/plugins/woocommerce/assets/client/admin/product-editor/blocks/product-fields/product-details-section-description/ruby.php HTTP/2.0" 200 41 "-" "Mozilla/5.0 (Macintosh; Intel Mac OS X 10_15_7) AppleWebKit/537.36 (KHTML, like Gecko) Chrome/120.0.0.0 Safari/537.36" floresyfloresfusagasuga.com 10.53.129.184
143.14.49.47 - - [30/Aug/2026:11:31:57 -0500] "POST /wp-content/plugins/woocommerce/assets/client/admin/product-editor/blocks/product-fields/product-details-section-description/ruby.php HTTP/2.0" 200 94 "-" "Mozilla/5.0 (Macintosh; Intel Mac OS X 10_15_7) AppleWebKit/537.36 (KHTML, like Gecko) Chrome/120.0.0.0 Safari/537.36" floresyfloresfusagasuga.com 10.53.129.184
57.141.22.23 - - [30/Aug/2026:11:31:57 -0500] "GET /casinos-virtuales-en-espana/ HTTP/2.0" 200 49612 "-" "Mozilla/5.0 (Windows NT 10.0; Win64; x64) AppleWebKit/537.36 (KHTML, like Gecko) Chrome/145.0.0.0 Safari/537.36 (compatible; meta-externalagent/1.1 (+https://developers.facebook.com/docs/sharing/webmasters/crawler))" floresyfloresfusagasuga.com 10.53.129.184
143.14.49.47 - - [30/Aug/2026:11:32:03 -0500] "POST /wp-content/plugins/woocommerce/assets/client/admin/product-editor/blocks/product-fields/product-details-section-description/ruby.php HTTP/2.0" 200 47 "-" "Mozilla/5.0 (Macintosh; Intel Mac OS X 10_15_7) AppleWebKit/537.36 (KHTML, like Gecko) Chrome/120.0.0.0 Safari/537.36" floresyfloresfusagasuga.com 10.53.129.184
143.14.49.47 - - [30/Aug/2026:11:32:09 -0500] "POST /wp-content/plugins/woocommerce/assets/client/admin/product-editor/blocks/product-fields/product-details-section-description/ruby.php HTTP/2.0" 200 36 "-" "Mozilla/5.0 (Macintosh; Intel Mac OS X 10_15_7) AppleWebKit/537.36 (KHTML, like Gecko) Chrome/120.0.0.0 Safari/537.36" floresyfloresfusagasuga.com 10.53.129.184
143.14.49.47 - - [30/Aug/2026:11:32:16 -0500] "POST /wp-content/plugins/akeebabackupwp/app/vendor/akeeba/engine/engine/Driver/Query/stalled_issues.php HTTP/2.0" 403 6083 "-" "Mozilla/5.0 (Macintosh; Intel Mac OS X 10_15_7) AppleWebKit/537.36 (KHTML, like Gecko) Chrome/120.0.0.0 Safari/537.36" floresyfloresfusagasuga.com 10.53.129.184
