74.7.242.56 - - [29/Aug/2026:17:08:25 -0500] "GET /?p=1290 HTTP/1.1" 301 - "https://floresyfloresibague.com/?p=4375" "Mozilla/5.0 AppleWebKit/537.36 (KHTML, like Gecko; compatible; GPTBot/1.4; +https://openai.com/gptbot)" floresyfloresibague.com 10.53.129.184
74.7.242.56 - - [29/Aug/2026:17:08:25 -0500] "GET /?p=1290 HTTP/2.0" 301 - "https://floresyfloresibague.com/?p=4375" "Mozilla/5.0 AppleWebKit/537.36 (KHTML, like Gecko; compatible; GPTBot/1.4; +https://openai.com/gptbot)" floresyfloresibague.com 10.53.129.184
74.7.242.56 - - [29/Aug/2026:17:08:26 -0500] "GET /casino-en-espanol/ HTTP/1.1" 200 49014 "https://floresyfloresibague.com/?p=1290" "Mozilla/5.0 AppleWebKit/537.36 (KHTML, like Gecko; compatible; GPTBot/1.4; +https://openai.com/gptbot)" floresyfloresibague.com 10.53.129.184
74.7.242.56 - - [29/Aug/2026:17:08:26 -0500] "GET /casino-en-espanol/ HTTP/2.0" 200 49014 "https://floresyfloresibague.com/?p=1290" "Mozilla/5.0 AppleWebKit/537.36 (KHTML, like Gecko; compatible; GPTBot/1.4; +https://openai.com/gptbot)" floresyfloresibague.com 10.53.129.184
74.7.242.56 - - [29/Aug/2026:17:08:28 -0500] "GET /?p=1032 HTTP/1.1" 301 - "https://floresyfloresibague.com/?p=1643" "Mozilla/5.0 AppleWebKit/537.36 (KHTML, like Gecko; compatible; GPTBot/1.4; +https://openai.com/gptbot)" floresyfloresibague.com 10.53.129.184
74.7.242.56 - - [29/Aug/2026:17:08:28 -0500] "GET /?p=1032 HTTP/2.0" 301 - "https://floresyfloresibague.com/?p=1643" "Mozilla/5.0 AppleWebKit/537.36 (KHTML, like Gecko; compatible; GPTBot/1.4; +https://openai.com/gptbot)" floresyfloresibague.com 10.53.129.184
74.7.242.56 - - [29/Aug/2026:17:08:29 -0500] "GET /slot-significa/ HTTP/1.1" 200 46620 "https://floresyfloresibague.com/?p=1032" "Mozilla/5.0 AppleWebKit/537.36 (KHTML, like Gecko; compatible; GPTBot/1.4; +https://openai.com/gptbot)" floresyfloresibague.com 10.53.129.184
74.7.242.56 - - [29/Aug/2026:17:08:29 -0500] "GET /slot-significa/ HTTP/2.0" 200 46620 "https://floresyfloresibague.com/?p=1032" "Mozilla/5.0 AppleWebKit/537.36 (KHTML, like Gecko; compatible; GPTBot/1.4; +https://openai.com/gptbot)" floresyfloresibague.com 10.53.129.184
74.7.242.56 - - [29/Aug/2026:17:08:31 -0500] "GET /?p=1062 HTTP/1.1" 301 - "https://floresyfloresibague.com/?p=1543" "Mozilla/5.0 AppleWebKit/537.36 (KHTML, like Gecko; compatible; GPTBot/1.4; +https://openai.com/gptbot)" floresyfloresibague.com 10.53.129.184
74.7.242.56 - - [29/Aug/2026:17:08:31 -0500] "GET /?p=1062 HTTP/2.0" 301 - "https://floresyfloresibague.com/?p=1543" "Mozilla/5.0 AppleWebKit/537.36 (KHTML, like Gecko; compatible; GPTBot/1.4; +https://openai.com/gptbot)" floresyfloresibague.com 10.53.129.184
74.7.242.56 - - [29/Aug/2026:17:08:32 -0500] "GET /blackjack-switch-fiable/ HTTP/1.1" 200 47826 "https://floresyfloresibague.com/?p=1062" "Mozilla/5.0 AppleWebKit/537.36 (KHTML, like Gecko; compatible; GPTBot/1.4; +https://openai.com/gptbot)" floresyfloresibague.com 10.53.129.184
74.7.242.56 - - [29/Aug/2026:17:08:32 -0500] "GET /blackjack-switch-fiable/ HTTP/2.0" 200 47826 "https://floresyfloresibague.com/?p=1062" "Mozilla/5.0 AppleWebKit/537.36 (KHTML, like Gecko; compatible; GPTBot/1.4; +https://openai.com/gptbot)" floresyfloresibague.com 10.53.129.184
74.7.242.56 - - [29/Aug/2026:17:08:34 -0500] "GET /?p=1960 HTTP/1.1" 301 - "https://floresyfloresibague.com/?p=2189" "Mozilla/5.0 AppleWebKit/537.36 (KHTML, like Gecko; compatible; GPTBot/1.4; +https://openai.com/gptbot)" floresyfloresibague.com 10.53.129.184
74.7.242.56 - - [29/Aug/2026:17:08:34 -0500] "GET /?p=1960 HTTP/2.0" 301 - "https://floresyfloresibague.com/?p=2189" "Mozilla/5.0 AppleWebKit/537.36 (KHTML, like Gecko; compatible; GPTBot/1.4; +https://openai.com/gptbot)" floresyfloresibague.com 10.53.129.184
74.7.242.56 - - [29/Aug/2026:17:08:35 -0500] "GET /juegos-de-casino-online-con-tiradas-gratis/ HTTP/1.1" 200 47046 "https://floresyfloresibague.com/?p=1960" "Mozilla/5.0 AppleWebKit/537.36 (KHTML, like Gecko; compatible; GPTBot/1.4; +https://openai.com/gptbot)" floresyfloresibague.com 10.53.129.184
74.7.242.56 - - [29/Aug/2026:17:08:35 -0500] "GET /juegos-de-casino-online-con-tiradas-gratis/ HTTP/2.0" 200 47046 "https://floresyfloresibague.com/?p=1960" "Mozilla/5.0 AppleWebKit/537.36 (KHTML, like Gecko; compatible; GPTBot/1.4; +https://openai.com/gptbot)" floresyfloresibague.com 10.53.129.184
74.7.242.56 - - [29/Aug/2026:17:08:37 -0500] "GET /?p=1638 HTTP/1.1" 301 - "https://floresyfloresibague.com/?p=2189" "Mozilla/5.0 AppleWebKit/537.36 (KHTML, like Gecko; compatible; GPTBot/1.4; +https://openai.com/gptbot)" floresyfloresibague.com 10.53.129.184
74.7.242.56 - - [29/Aug/2026:17:08:37 -0500] "GET /?p=1638 HTTP/2.0" 301 - "https://floresyfloresibague.com/?p=2189" "Mozilla/5.0 AppleWebKit/537.36 (KHTML, like Gecko; compatible; GPTBot/1.4; +https://openai.com/gptbot)" floresyfloresibague.com 10.53.129.184
74.7.242.56 - - [29/Aug/2026:17:08:38 -0500] "GET /casino-barcelona-jugar-online/ HTTP/1.1" 200 47522 "https://floresyfloresibague.com/?p=1638" "Mozilla/5.0 AppleWebKit/537.36 (KHTML, like Gecko; compatible; GPTBot/1.4; +https://openai.com/gptbot)" floresyfloresibague.com 10.53.129.184
74.7.242.56 - - [29/Aug/2026:17:08:38 -0500] "GET /casino-barcelona-jugar-online/ HTTP/2.0" 200 47522 "https://floresyfloresibague.com/?p=1638" "Mozilla/5.0 AppleWebKit/537.36 (KHTML, like Gecko; compatible; GPTBot/1.4; +https://openai.com/gptbot)" floresyfloresibague.com 10.53.129.184
74.7.242.56 - - [29/Aug/2026:17:08:40 -0500] "GET /?p=2170 HTTP/1.1" 301 - "https://floresyfloresibague.com/?p=2189" "Mozilla/5.0 AppleWebKit/537.36 (KHTML, like Gecko; compatible; GPTBot/1.4; +https://openai.com/gptbot)" floresyfloresibague.com 10.53.129.184
74.7.242.56 - - [29/Aug/2026:17:08:40 -0500] "GET /?p=2170 HTTP/2.0" 301 - "https://floresyfloresibague.com/?p=2189" "Mozilla/5.0 AppleWebKit/537.36 (KHTML, like Gecko; compatible; GPTBot/1.4; +https://openai.com/gptbot)" floresyfloresibague.com 10.53.129.184
57.141.22.100 - - [29/Aug/2026:17:08:41 -0500] "GET /jugar-tragamonedas-online-android/ HTTP/1.1" 200 47722 "-" "Mozilla/5.0 (Windows NT 10.0; Win64; x64) AppleWebKit/537.36 (KHTML, like Gecko) Chrome/145.0.0.0 Safari/537.36 Edg/145.0.0.0 (compatible; meta-externalagent/1.1 (+https://developers.facebook.com/docs/sharing/webmasters/crawler))" floresyfloresibague.com 10.53.129.184
57.141.22.100 - - [29/Aug/2026:17:08:41 -0500] "GET /jugar-tragamonedas-online-android/ HTTP/2.0" 200 47722 "-" "Mozilla/5.0 (Windows NT 10.0; Win64; x64) AppleWebKit/537.36 (KHTML, like Gecko) Chrome/145.0.0.0 Safari/537.36 Edg/145.0.0.0 (compatible; meta-externalagent/1.1 (+https://developers.facebook.com/docs/sharing/webmasters/crawler))" floresyfloresibague.com 10.53.129.184
74.7.242.56 - - [29/Aug/2026:17:08:41 -0500] "GET /ruleta-online-bono-bienvenida/ HTTP/1.1" 200 47263 "https://floresyfloresibague.com/?p=2170" "Mozilla/5.0 AppleWebKit/537.36 (KHTML, like Gecko; compatible; GPTBot/1.4; +https://openai.com/gptbot)" floresyfloresibague.com 10.53.129.184
74.7.242.56 - - [29/Aug/2026:17:08:41 -0500] "GET /ruleta-online-bono-bienvenida/ HTTP/2.0" 200 47263 "https://floresyfloresibague.com/?p=2170" "Mozilla/5.0 AppleWebKit/537.36 (KHTML, like Gecko; compatible; GPTBot/1.4; +https://openai.com/gptbot)" floresyfloresibague.com 10.53.129.184
74.7.242.56 - - [29/Aug/2026:17:08:43 -0500] "GET /?p=2097 HTTP/1.1" 301 - "https://floresyfloresibague.com/?p=2765" "Mozilla/5.0 AppleWebKit/537.36 (KHTML, like Gecko; compatible; GPTBot/1.4; +https://openai.com/gptbot)" floresyfloresibague.com 10.53.129.184
74.7.242.56 - - [29/Aug/2026:17:08:43 -0500] "GET /?p=2097 HTTP/2.0" 301 - "https://floresyfloresibague.com/?p=2765" "Mozilla/5.0 AppleWebKit/537.36 (KHTML, like Gecko; compatible; GPTBot/1.4; +https://openai.com/gptbot)" floresyfloresibague.com 10.53.129.184
57.141.22.20 - - [29/Aug/2026:17:08:43 -0500] "GET /blackjack-surrender-online-apuesta-minima-baja/ HTTP/1.1" 200 48862 "-" "Mozilla/5.0 (Macintosh; Intel Mac OS X 10_15_7) AppleWebKit/537.36 (KHTML, like Gecko) Chrome/145.0.0.0 Safari/537.36 (compatible; meta-externalagent/1.1 (+https://developers.facebook.com/docs/sharing/webmasters/crawler))" floresyfloresibague.com 10.53.129.184
57.141.22.20 - - [29/Aug/2026:17:08:43 -0500] "GET /blackjack-surrender-online-apuesta-minima-baja/ HTTP/2.0" 200 48862 "-" "Mozilla/5.0 (Macintosh; Intel Mac OS X 10_15_7) AppleWebKit/537.36 (KHTML, like Gecko) Chrome/145.0.0.0 Safari/537.36 (compatible; meta-externalagent/1.1 (+https://developers.facebook.com/docs/sharing/webmasters/crawler))" floresyfloresibague.com 10.53.129.184
74.7.242.56 - - [29/Aug/2026:17:08:45 -0500] "GET /21-juego-de-cartas-online/ HTTP/1.1" 200 48923 "https://floresyfloresibague.com/?p=2097" "Mozilla/5.0 AppleWebKit/537.36 (KHTML, like Gecko; compatible; GPTBot/1.4; +https://openai.com/gptbot)" floresyfloresibague.com 10.53.129.184
74.7.242.56 - - [29/Aug/2026:17:08:45 -0500] "GET /21-juego-de-cartas-online/ HTTP/2.0" 200 48923 "https://floresyfloresibague.com/?p=2097" "Mozilla/5.0 AppleWebKit/537.36 (KHTML, like Gecko; compatible; GPTBot/1.4; +https://openai.com/gptbot)" floresyfloresibague.com 10.53.129.184
74.7.242.56 - - [29/Aug/2026:17:08:47 -0500] "GET /?p=1240 HTTP/1.1" 301 - "https://floresyfloresibague.com/?p=3269" "Mozilla/5.0 AppleWebKit/537.36 (KHTML, like Gecko; compatible; GPTBot/1.4; +https://openai.com/gptbot)" floresyfloresibague.com 10.53.129.184
74.7.242.56 - - [29/Aug/2026:17:08:47 -0500] "GET /?p=1240 HTTP/2.0" 301 - "https://floresyfloresibague.com/?p=3269" "Mozilla/5.0 AppleWebKit/537.36 (KHTML, like Gecko; compatible; GPTBot/1.4; +https://openai.com/gptbot)" floresyfloresibague.com 10.53.129.184
74.7.242.56 - - [29/Aug/2026:17:08:49 -0500] "GET /descargar-caesar-casino/ HTTP/1.1" 200 48619 "https://floresyfloresibague.com/?p=1240" "Mozilla/5.0 AppleWebKit/537.36 (KHTML, like Gecko; compatible; GPTBot/1.4; +https://openai.com/gptbot)" floresyfloresibague.com 10.53.129.184
74.7.242.56 - - [29/Aug/2026:17:08:49 -0500] "GET /descargar-caesar-casino/ HTTP/2.0" 200 48619 "https://floresyfloresibague.com/?p=1240" "Mozilla/5.0 AppleWebKit/537.36 (KHTML, like Gecko; compatible; GPTBot/1.4; +https://openai.com/gptbot)" floresyfloresibague.com 10.53.129.184
74.7.242.56 - - [29/Aug/2026:17:08:50 -0500] "GET /?p=2034 HTTP/1.1" 301 - "https://floresyfloresibague.com/?p=2459" "Mozilla/5.0 AppleWebKit/537.36 (KHTML, like Gecko; compatible; GPTBot/1.4; +https://openai.com/gptbot)" floresyfloresibague.com 10.53.129.184
74.7.242.56 - - [29/Aug/2026:17:08:50 -0500] "GET /?p=2034 HTTP/2.0" 301 - "https://floresyfloresibague.com/?p=2459" "Mozilla/5.0 AppleWebKit/537.36 (KHTML, like Gecko; compatible; GPTBot/1.4; +https://openai.com/gptbot)" floresyfloresibague.com 10.53.129.184
74.7.242.56 - - [29/Aug/2026:17:08:51 -0500] "GET /casino-sites/ HTTP/1.1" 200 48004 "https://floresyfloresibague.com/?p=2034" "Mozilla/5.0 AppleWebKit/537.36 (KHTML, like Gecko; compatible; GPTBot/1.4; +https://openai.com/gptbot)" floresyfloresibague.com 10.53.129.184
74.7.242.56 - - [29/Aug/2026:17:08:51 -0500] "GET /casino-sites/ HTTP/2.0" 200 48004 "https://floresyfloresibague.com/?p=2034" "Mozilla/5.0 AppleWebKit/537.36 (KHTML, like Gecko; compatible; GPTBot/1.4; +https://openai.com/gptbot)" floresyfloresibague.com 10.53.129.184
74.7.242.56 - - [29/Aug/2026:17:08:53 -0500] "GET /?p=2983 HTTP/1.1" 301 - "https://floresyfloresibague.com/?p=3807" "Mozilla/5.0 AppleWebKit/537.36 (KHTML, like Gecko; compatible; GPTBot/1.4; +https://openai.com/gptbot)" floresyfloresibague.com 10.53.129.184
74.7.242.56 - - [29/Aug/2026:17:08:53 -0500] "GET /?p=2983 HTTP/2.0" 301 - "https://floresyfloresibague.com/?p=3807" "Mozilla/5.0 AppleWebKit/537.36 (KHTML, like Gecko; compatible; GPTBot/1.4; +https://openai.com/gptbot)" floresyfloresibague.com 10.53.129.184
74.7.242.56 - - [29/Aug/2026:17:08:54 -0500] "GET /bonos-para-ruleta-sin-deposito/ HTTP/1.1" 200 47910 "https://floresyfloresibague.com/?p=2983" "Mozilla/5.0 AppleWebKit/537.36 (KHTML, like Gecko; compatible; GPTBot/1.4; +https://openai.com/gptbot)" floresyfloresibague.com 10.53.129.184
74.7.242.56 - - [29/Aug/2026:17:08:54 -0500] "GET /bonos-para-ruleta-sin-deposito/ HTTP/2.0" 200 47910 "https://floresyfloresibague.com/?p=2983" "Mozilla/5.0 AppleWebKit/537.36 (KHTML, like Gecko; compatible; GPTBot/1.4; +https://openai.com/gptbot)" floresyfloresibague.com 10.53.129.184
74.7.242.56 - - [29/Aug/2026:17:08:55 -0500] "GET /?p=8154 HTTP/1.1" 301 - "https://floresyfloresibague.com/onemli-frsatlar-barndran-casibom-platformunda/" "Mozilla/5.0 AppleWebKit/537.36 (KHTML, like Gecko; compatible; GPTBot/1.4; +https://openai.com/gptbot)" floresyfloresibague.com 10.53.129.184
74.7.242.56 - - [29/Aug/2026:17:08:55 -0500] "GET /?p=8154 HTTP/2.0" 301 - "https://floresyfloresibague.com/onemli-frsatlar-barndran-casibom-platformunda/" "Mozilla/5.0 AppleWebKit/537.36 (KHTML, like Gecko; compatible; GPTBot/1.4; +https://openai.com/gptbot)" floresyfloresibague.com 10.53.129.184
74.7.242.56 - - [29/Aug/2026:17:08:56 -0500] "GET /?p=2359 HTTP/1.1" 301 - "https://floresyfloresibague.com/tragamonedas-de-ultima-generacion-gratis/" "Mozilla/5.0 AppleWebKit/537.36 (KHTML, like Gecko; compatible; GPTBot/1.4; +https://openai.com/gptbot)" floresyfloresibague.com 10.53.129.184
74.7.242.56 - - [29/Aug/2026:17:08:56 -0500] "GET /?p=2359 HTTP/2.0" 301 - "https://floresyfloresibague.com/tragamonedas-de-ultima-generacion-gratis/" "Mozilla/5.0 AppleWebKit/537.36 (KHTML, like Gecko; compatible; GPTBot/1.4; +https://openai.com/gptbot)" floresyfloresibague.com 10.53.129.184
74.7.242.56 - - [29/Aug/2026:17:08:57 -0500] "GET /codigo-promocional-en-cripto-casino/ HTTP/1.1" 200 48047 "https://floresyfloresibague.com/?p=2359" "Mozilla/5.0 AppleWebKit/537.36 (KHTML, like Gecko; compatible; GPTBot/1.4; +https://openai.com/gptbot)" floresyfloresibague.com 10.53.129.184
74.7.242.56 - - [29/Aug/2026:17:08:57 -0500] "GET /codigo-promocional-en-cripto-casino/ HTTP/2.0" 200 48047 "https://floresyfloresibague.com/?p=2359" "Mozilla/5.0 AppleWebKit/537.36 (KHTML, like Gecko; compatible; GPTBot/1.4; +https://openai.com/gptbot)" floresyfloresibague.com 10.53.129.184
74.7.242.56 - - [29/Aug/2026:17:08:59 -0500] "GET /?p=4529 HTTP/1.1" 301 - "https://floresyfloresibague.com/mejor-sitio-para-jugar-dados-online/" "Mozilla/5.0 AppleWebKit/537.36 (KHTML, like Gecko; compatible; GPTBot/1.4; +https://openai.com/gptbot)" floresyfloresibague.com 10.53.129.184
74.7.242.56 - - [29/Aug/2026:17:08:59 -0500] "GET /?p=4529 HTTP/2.0" 301 - "https://floresyfloresibague.com/mejor-sitio-para-jugar-dados-online/" "Mozilla/5.0 AppleWebKit/537.36 (KHTML, like Gecko; compatible; GPTBot/1.4; +https://openai.com/gptbot)" floresyfloresibague.com 10.53.129.184
69.6.233.64 - - [29/Aug/2026:17:09:02 -0500] "POST /wp-cron.php?doing_wp_cron=1788041342.2687580585479736328125 HTTP/1.1" 200 - "-" "WordPress/7.1; https://floresyfloresibague.com" floresyfloresibague.com 10.53.129.184
74.7.242.56 - - [29/Aug/2026:17:09:01 -0500] "GET /juegos-de-casino-gratis-el-payaso/ HTTP/1.1" 200 46744 "https://floresyfloresibague.com/?p=4529" "Mozilla/5.0 AppleWebKit/537.36 (KHTML, like Gecko; compatible; GPTBot/1.4; +https://openai.com/gptbot)" floresyfloresibague.com 10.53.129.184
74.7.242.56 - - [29/Aug/2026:17:09:00 -0500] "GET /juegos-de-casino-gratis-el-payaso/ HTTP/2.0" 200 46744 "https://floresyfloresibague.com/?p=4529" "Mozilla/5.0 AppleWebKit/537.36 (KHTML, like Gecko; compatible; GPTBot/1.4; +https://openai.com/gptbot)" floresyfloresibague.com 10.53.129.184
74.7.242.56 - - [29/Aug/2026:17:09:03 -0500] "GET /?p=5723 HTTP/1.1" 301 - "https://floresyfloresibague.com/ruleta-multijugador-con-trustly/" "Mozilla/5.0 AppleWebKit/537.36 (KHTML, like Gecko; compatible; GPTBot/1.4; +https://openai.com/gptbot)" floresyfloresibague.com 10.53.129.184
74.7.242.56 - - [29/Aug/2026:17:09:03 -0500] "GET /?p=5723 HTTP/2.0" 301 - "https://floresyfloresibague.com/ruleta-multijugador-con-trustly/" "Mozilla/5.0 AppleWebKit/537.36 (KHTML, like Gecko; compatible; GPTBot/1.4; +https://openai.com/gptbot)" floresyfloresibague.com 10.53.129.184
74.7.242.56 - - [29/Aug/2026:17:09:05 -0500] "GET /?p=4359 HTTP/1.1" 301 - "https://floresyfloresibague.com/?p=5321" "Mozilla/5.0 AppleWebKit/537.36 (KHTML, like Gecko; compatible; GPTBot/1.4; +https://openai.com/gptbot)" floresyfloresibague.com 10.53.129.184
74.7.242.56 - - [29/Aug/2026:17:09:05 -0500] "GET /?p=4359 HTTP/2.0" 301 - "https://floresyfloresibague.com/?p=5321" "Mozilla/5.0 AppleWebKit/537.36 (KHTML, like Gecko; compatible; GPTBot/1.4; +https://openai.com/gptbot)" floresyfloresibague.com 10.53.129.184
74.7.242.56 - - [29/Aug/2026:17:09:06 -0500] "GET /juegos-crash-con-tarjeta-de-credito/ HTTP/1.1" 200 47412 "https://floresyfloresibague.com/?p=4359" "Mozilla/5.0 AppleWebKit/537.36 (KHTML, like Gecko; compatible; GPTBot/1.4; +https://openai.com/gptbot)" floresyfloresibague.com 10.53.129.184
74.7.242.56 - - [29/Aug/2026:17:09:06 -0500] "GET /juegos-crash-con-tarjeta-de-credito/ HTTP/2.0" 200 47412 "https://floresyfloresibague.com/?p=4359" "Mozilla/5.0 AppleWebKit/537.36 (KHTML, like Gecko; compatible; GPTBot/1.4; +https://openai.com/gptbot)" floresyfloresibague.com 10.53.129.184
74.7.242.56 - - [29/Aug/2026:17:09:07 -0500] "GET /?p=1347 HTTP/1.1" 301 - "https://floresyfloresibague.com/?p=2345" "Mozilla/5.0 AppleWebKit/537.36 (KHTML, like Gecko; compatible; GPTBot/1.4; +https://openai.com/gptbot)" floresyfloresibague.com 10.53.129.184
74.7.242.56 - - [29/Aug/2026:17:09:07 -0500] "GET /?p=1347 HTTP/2.0" 301 - "https://floresyfloresibague.com/?p=2345" "Mozilla/5.0 AppleWebKit/537.36 (KHTML, like Gecko; compatible; GPTBot/1.4; +https://openai.com/gptbot)" floresyfloresibague.com 10.53.129.184
43.130.106.18 - - [29/Aug/2026:17:09:07 -0500] "GET /product/corona-esp/ HTTP/1.1" 200 42351 "-" "Mozilla/5.0 (iPhone; CPU iPhone OS 13_2_3 like Mac OS X) AppleWebKit/605.1.15 (KHTML, like Gecko) Version/13.0.3 Mobile/15E148 Safari/604.1" floresyfloresibague.com 10.53.129.184
43.130.106.18 - - [29/Aug/2026:17:09:07 -0500] "GET /product/corona-esp/ HTTP/1.1" 200 42351 "-" "Mozilla/5.0 (iPhone; CPU iPhone OS 13_2_3 like Mac OS X) AppleWebKit/605.1.15 (KHTML, like Gecko) Version/13.0.3 Mobile/15E148 Safari/604.1" floresyfloresibague.com 10.53.129.184
74.7.242.56 - - [29/Aug/2026:17:09:09 -0500] "GET /slots-megaways/ HTTP/1.1" 200 48239 "https://floresyfloresibague.com/?p=1347" "Mozilla/5.0 AppleWebKit/537.36 (KHTML, like Gecko; compatible; GPTBot/1.4; +https://openai.com/gptbot)" floresyfloresibague.com 10.53.129.184
74.7.242.56 - - [29/Aug/2026:17:09:09 -0500] "GET /slots-megaways/ HTTP/2.0" 200 48239 "https://floresyfloresibague.com/?p=1347" "Mozilla/5.0 AppleWebKit/537.36 (KHTML, like Gecko; compatible; GPTBot/1.4; +https://openai.com/gptbot)" floresyfloresibague.com 10.53.129.184
74.7.242.56 - - [29/Aug/2026:17:09:11 -0500] "GET /?p=2365 HTTP/1.1" 301 - "https://floresyfloresibague.com/?p=2461" "Mozilla/5.0 AppleWebKit/537.36 (KHTML, like Gecko; compatible; GPTBot/1.4; +https://openai.com/gptbot)" floresyfloresibague.com 10.53.129.184
74.7.242.56 - - [29/Aug/2026:17:09:11 -0500] "GET /?p=2365 HTTP/2.0" 301 - "https://floresyfloresibague.com/?p=2461" "Mozilla/5.0 AppleWebKit/537.36 (KHTML, like Gecko; compatible; GPTBot/1.4; +https://openai.com/gptbot)" floresyfloresibague.com 10.53.129.184
74.7.242.56 - - [29/Aug/2026:17:09:12 -0500] "GET /bono-semanal-casino-2026/ HTTP/1.1" 200 47846 "https://floresyfloresibague.com/?p=2365" "Mozilla/5.0 AppleWebKit/537.36 (KHTML, like Gecko; compatible; GPTBot/1.4; +https://openai.com/gptbot)" floresyfloresibague.com 10.53.129.184
74.7.242.56 - - [29/Aug/2026:17:09:12 -0500] "GET /bono-semanal-casino-2026/ HTTP/2.0" 200 47846 "https://floresyfloresibague.com/?p=2365" "Mozilla/5.0 AppleWebKit/537.36 (KHTML, like Gecko; compatible; GPTBot/1.4; +https://openai.com/gptbot)" floresyfloresibague.com 10.53.129.184
74.7.242.56 - - [29/Aug/2026:17:09:14 -0500] "GET /?p=1842 HTTP/1.1" 301 - "https://floresyfloresibague.com/?p=2097" "Mozilla/5.0 AppleWebKit/537.36 (KHTML, like Gecko; compatible; GPTBot/1.4; +https://openai.com/gptbot)" floresyfloresibague.com 10.53.129.184
74.7.242.56 - - [29/Aug/2026:17:09:14 -0500] "GET /?p=1842 HTTP/2.0" 301 - "https://floresyfloresibague.com/?p=2097" "Mozilla/5.0 AppleWebKit/537.36 (KHTML, like Gecko; compatible; GPTBot/1.4; +https://openai.com/gptbot)" floresyfloresibague.com 10.53.129.184
74.7.242.56 - - [29/Aug/2026:17:09:15 -0500] "GET /casino-con-ethereum-10-euros/ HTTP/1.1" 200 46830 "https://floresyfloresibague.com/?p=1842" "Mozilla/5.0 AppleWebKit/537.36 (KHTML, like Gecko; compatible; GPTBot/1.4; +https://openai.com/gptbot)" floresyfloresibague.com 10.53.129.184
74.7.242.56 - - [29/Aug/2026:17:09:15 -0500] "GET /casino-con-ethereum-10-euros/ HTTP/2.0" 200 46830 "https://floresyfloresibague.com/?p=1842" "Mozilla/5.0 AppleWebKit/537.36 (KHTML, like Gecko; compatible; GPTBot/1.4; +https://openai.com/gptbot)" floresyfloresibague.com 10.53.129.184
74.7.242.56 - - [29/Aug/2026:17:09:17 -0500] "GET /?p=1680 HTTP/1.1" 301 - "https://floresyfloresibague.com/?p=3521" "Mozilla/5.0 AppleWebKit/537.36 (KHTML, like Gecko; compatible; GPTBot/1.4; +https://openai.com/gptbot)" floresyfloresibague.com 10.53.129.184
74.7.242.56 - - [29/Aug/2026:17:09:17 -0500] "GET /?p=1680 HTTP/2.0" 301 - "https://floresyfloresibague.com/?p=3521" "Mozilla/5.0 AppleWebKit/537.36 (KHTML, like Gecko; compatible; GPTBot/1.4; +https://openai.com/gptbot)" floresyfloresibague.com 10.53.129.184
74.7.242.56 - - [29/Aug/2026:17:09:18 -0500] "GET /descargar-casino-tablet/ HTTP/1.1" 200 48446 "https://floresyfloresibague.com/?p=1680" "Mozilla/5.0 AppleWebKit/537.36 (KHTML, like Gecko; compatible; GPTBot/1.4; +https://openai.com/gptbot)" floresyfloresibague.com 10.53.129.184
74.7.242.56 - - [29/Aug/2026:17:09:18 -0500] "GET /descargar-casino-tablet/ HTTP/2.0" 200 48446 "https://floresyfloresibague.com/?p=1680" "Mozilla/5.0 AppleWebKit/537.36 (KHTML, like Gecko; compatible; GPTBot/1.4; +https://openai.com/gptbot)" floresyfloresibague.com 10.53.129.184
74.7.242.56 - - [29/Aug/2026:17:09:20 -0500] "GET /?p=1079 HTTP/1.1" 301 - "https://floresyfloresibague.com/?p=2345" "Mozilla/5.0 AppleWebKit/537.36 (KHTML, like Gecko; compatible; GPTBot/1.4; +https://openai.com/gptbot)" floresyfloresibague.com 10.53.129.184
74.7.242.56 - - [29/Aug/2026:17:09:20 -0500] "GET /?p=1079 HTTP/2.0" 301 - "https://floresyfloresibague.com/?p=2345" "Mozilla/5.0 AppleWebKit/537.36 (KHTML, like Gecko; compatible; GPTBot/1.4; +https://openai.com/gptbot)" floresyfloresibague.com 10.53.129.184
74.7.242.56 - - [29/Aug/2026:17:09:21 -0500] "GET /casino-online-blackjack-live/ HTTP/1.1" 200 47004 "https://floresyfloresibague.com/?p=1079" "Mozilla/5.0 AppleWebKit/537.36 (KHTML, like Gecko; compatible; GPTBot/1.4; +https://openai.com/gptbot)" floresyfloresibague.com 10.53.129.184
74.7.242.56 - - [29/Aug/2026:17:09:21 -0500] "GET /casino-online-blackjack-live/ HTTP/2.0" 200 47004 "https://floresyfloresibague.com/?p=1079" "Mozilla/5.0 AppleWebKit/537.36 (KHTML, like Gecko; compatible; GPTBot/1.4; +https://openai.com/gptbot)" floresyfloresibague.com 10.53.129.184
74.7.242.56 - - [29/Aug/2026:17:09:23 -0500] "GET /?p=1386 HTTP/1.1" 301 - "https://floresyfloresibague.com/?p=2983" "Mozilla/5.0 AppleWebKit/537.36 (KHTML, like Gecko; compatible; GPTBot/1.4; +https://openai.com/gptbot)" floresyfloresibague.com 10.53.129.184
74.7.242.56 - - [29/Aug/2026:17:09:23 -0500] "GET /?p=1386 HTTP/2.0" 301 - "https://floresyfloresibague.com/?p=2983" "Mozilla/5.0 AppleWebKit/537.36 (KHTML, like Gecko; compatible; GPTBot/1.4; +https://openai.com/gptbot)" floresyfloresibague.com 10.53.129.184
74.7.242.56 - - [29/Aug/2026:17:09:25 -0500] "GET /hay-casino-en-oporto/ HTTP/1.1" 200 47515 "https://floresyfloresibague.com/?p=1386" "Mozilla/5.0 AppleWebKit/537.36 (KHTML, like Gecko; compatible; GPTBot/1.4; +https://openai.com/gptbot)" floresyfloresibague.com 10.53.129.184
74.7.242.56 - - [29/Aug/2026:17:09:25 -0500] "GET /hay-casino-en-oporto/ HTTP/2.0" 200 47515 "https://floresyfloresibague.com/?p=1386" "Mozilla/5.0 AppleWebKit/537.36 (KHTML, like Gecko; compatible; GPTBot/1.4; +https://openai.com/gptbot)" floresyfloresibague.com 10.53.129.184
74.7.242.56 - - [29/Aug/2026:17:09:26 -0500] "GET /?p=2358 HTTP/1.1" 301 - "https://floresyfloresibague.com/?p=2983" "Mozilla/5.0 AppleWebKit/537.36 (KHTML, like Gecko; compatible; GPTBot/1.4; +https://openai.com/gptbot)" floresyfloresibague.com 10.53.129.184
74.7.242.56 - - [29/Aug/2026:17:09:26 -0500] "GET /?p=2358 HTTP/2.0" 301 - "https://floresyfloresibague.com/?p=2983" "Mozilla/5.0 AppleWebKit/537.36 (KHTML, like Gecko; compatible; GPTBot/1.4; +https://openai.com/gptbot)" floresyfloresibague.com 10.53.129.184
74.7.242.56 - - [29/Aug/2026:17:09:27 -0500] "GET /deposito-5-euros-slots/ HTTP/1.1" 200 46171 "https://floresyfloresibague.com/?p=2358" "Mozilla/5.0 AppleWebKit/537.36 (KHTML, like Gecko; compatible; GPTBot/1.4; +https://openai.com/gptbot)" floresyfloresibague.com 10.53.129.184
74.7.242.56 - - [29/Aug/2026:17:09:27 -0500] "GET /deposito-5-euros-slots/ HTTP/2.0" 200 46171 "https://floresyfloresibague.com/?p=2358" "Mozilla/5.0 AppleWebKit/537.36 (KHTML, like Gecko; compatible; GPTBot/1.4; +https://openai.com/gptbot)" floresyfloresibague.com 10.53.129.184
74.7.242.56 - - [29/Aug/2026:17:09:29 -0500] "GET /?p=1250 HTTP/1.1" 301 - "https://floresyfloresibague.com/?p=2359" "Mozilla/5.0 AppleWebKit/537.36 (KHTML, like Gecko; compatible; GPTBot/1.4; +https://openai.com/gptbot)" floresyfloresibague.com 10.53.129.184
74.7.242.56 - - [29/Aug/2026:17:09:29 -0500] "GET /?p=1250 HTTP/2.0" 301 - "https://floresyfloresibague.com/?p=2359" "Mozilla/5.0 AppleWebKit/537.36 (KHTML, like Gecko; compatible; GPTBot/1.4; +https://openai.com/gptbot)" floresyfloresibague.com 10.53.129.184
74.7.242.56 - - [29/Aug/2026:17:09:30 -0500] "GET /betsextra-casino-bono-sin-deposito-codigo-exclusivo-2026/ HTTP/1.1" 200 49358 "https://floresyfloresibague.com/?p=1250" "Mozilla/5.0 AppleWebKit/537.36 (KHTML, like Gecko; compatible; GPTBot/1.4; +https://openai.com/gptbot)" floresyfloresibague.com 10.53.129.184
74.7.242.56 - - [29/Aug/2026:17:09:30 -0500] "GET /betsextra-casino-bono-sin-deposito-codigo-exclusivo-2026/ HTTP/2.0" 200 49358 "https://floresyfloresibague.com/?p=1250" "Mozilla/5.0 AppleWebKit/537.36 (KHTML, like Gecko; compatible; GPTBot/1.4; +https://openai.com/gptbot)" floresyfloresibague.com 10.53.129.184
74.7.242.56 - - [29/Aug/2026:17:09:32 -0500] "GET /?p=1264 HTTP/1.1" 301 - "https://floresyfloresibague.com/?p=4529" "Mozilla/5.0 AppleWebKit/537.36 (KHTML, like Gecko; compatible; GPTBot/1.4; +https://openai.com/gptbot)" floresyfloresibague.com 10.53.129.184
74.7.242.56 - - [29/Aug/2026:17:09:32 -0500] "GET /?p=1264 HTTP/2.0" 301 - "https://floresyfloresibague.com/?p=4529" "Mozilla/5.0 AppleWebKit/537.36 (KHTML, like Gecko; compatible; GPTBot/1.4; +https://openai.com/gptbot)" floresyfloresibague.com 10.53.129.184
74.7.242.56 - - [29/Aug/2026:17:09:34 -0500] "GET /blackjack-clasico-regulado/ HTTP/1.1" 200 47313 "https://floresyfloresibague.com/?p=1264" "Mozilla/5.0 AppleWebKit/537.36 (KHTML, like Gecko; compatible; GPTBot/1.4; +https://openai.com/gptbot)" floresyfloresibague.com 10.53.129.184
74.7.242.56 - - [29/Aug/2026:17:09:34 -0500] "GET /blackjack-clasico-regulado/ HTTP/2.0" 200 47313 "https://floresyfloresibague.com/?p=1264" "Mozilla/5.0 AppleWebKit/537.36 (KHTML, like Gecko; compatible; GPTBot/1.4; +https://openai.com/gptbot)" floresyfloresibague.com 10.53.129.184
74.7.242.56 - - [29/Aug/2026:17:09:35 -0500] "GET /?p=3748 HTTP/1.1" 301 - "https://floresyfloresibague.com/?p=4529" "Mozilla/5.0 AppleWebKit/537.36 (KHTML, like Gecko; compatible; GPTBot/1.4; +https://openai.com/gptbot)" floresyfloresibague.com 10.53.129.184
74.7.242.56 - - [29/Aug/2026:17:09:35 -0500] "GET /?p=3748 HTTP/2.0" 301 - "https://floresyfloresibague.com/?p=4529" "Mozilla/5.0 AppleWebKit/537.36 (KHTML, like Gecko; compatible; GPTBot/1.4; +https://openai.com/gptbot)" floresyfloresibague.com 10.53.129.184
74.7.242.56 - - [29/Aug/2026:17:09:36 -0500] "GET /casino-de-dados-con-cripto/ HTTP/1.1" 200 46278 "https://floresyfloresibague.com/?p=3748" "Mozilla/5.0 AppleWebKit/537.36 (KHTML, like Gecko; compatible; GPTBot/1.4; +https://openai.com/gptbot)" floresyfloresibague.com 10.53.129.184
74.7.242.56 - - [29/Aug/2026:17:09:36 -0500] "GET /casino-de-dados-con-cripto/ HTTP/2.0" 200 46278 "https://floresyfloresibague.com/?p=3748" "Mozilla/5.0 AppleWebKit/537.36 (KHTML, like Gecko; compatible; GPTBot/1.4; +https://openai.com/gptbot)" floresyfloresibague.com 10.53.129.184
74.7.242.56 - - [29/Aug/2026:17:09:37 -0500] "GET /?p=1739 HTTP/1.1" 301 - "https://floresyfloresibague.com/?p=2983" "Mozilla/5.0 AppleWebKit/537.36 (KHTML, like Gecko; compatible; GPTBot/1.4; +https://openai.com/gptbot)" floresyfloresibague.com 10.53.129.184
74.7.242.56 - - [29/Aug/2026:17:09:37 -0500] "GET /?p=1739 HTTP/2.0" 301 - "https://floresyfloresibague.com/?p=2983" "Mozilla/5.0 AppleWebKit/537.36 (KHTML, like Gecko; compatible; GPTBot/1.4; +https://openai.com/gptbot)" floresyfloresibague.com 10.53.129.184
74.7.242.56 - - [29/Aug/2026:17:09:38 -0500] "GET /yoyo-casino-bono-de-bienvenida-primer-deposito-y-giros-gratis/ HTTP/1.1" 200 47938 "https://floresyfloresibague.com/?p=1739" "Mozilla/5.0 AppleWebKit/537.36 (KHTML, like Gecko; compatible; GPTBot/1.4; +https://openai.com/gptbot)" floresyfloresibague.com 10.53.129.184
74.7.242.56 - - [29/Aug/2026:17:09:38 -0500] "GET /yoyo-casino-bono-de-bienvenida-primer-deposito-y-giros-gratis/ HTTP/2.0" 200 47938 "https://floresyfloresibague.com/?p=1739" "Mozilla/5.0 AppleWebKit/537.36 (KHTML, like Gecko; compatible; GPTBot/1.4; +https://openai.com/gptbot)" floresyfloresibague.com 10.53.129.184
74.7.242.56 - - [29/Aug/2026:17:09:39 -0500] "GET /?p=2953 HTTP/1.1" 301 - "https://floresyfloresibague.com/?p=5890" "Mozilla/5.0 AppleWebKit/537.36 (KHTML, like Gecko; compatible; GPTBot/1.4; +https://openai.com/gptbot)" floresyfloresibague.com 10.53.129.184
74.7.242.56 - - [29/Aug/2026:17:09:39 -0500] "GET /?p=2953 HTTP/2.0" 301 - "https://floresyfloresibague.com/?p=5890" "Mozilla/5.0 AppleWebKit/537.36 (KHTML, like Gecko; compatible; GPTBot/1.4; +https://openai.com/gptbot)" floresyfloresibague.com 10.53.129.184
74.7.242.56 - - [29/Aug/2026:17:09:40 -0500] "GET /casinos-sin-verificacion/ HTTP/1.1" 200 47952 "https://floresyfloresibague.com/?p=2953" "Mozilla/5.0 AppleWebKit/537.36 (KHTML, like Gecko; compatible; GPTBot/1.4; +https://openai.com/gptbot)" floresyfloresibague.com 10.53.129.184
74.7.242.56 - - [29/Aug/2026:17:09:40 -0500] "GET /casinos-sin-verificacion/ HTTP/2.0" 200 47952 "https://floresyfloresibague.com/?p=2953" "Mozilla/5.0 AppleWebKit/537.36 (KHTML, like Gecko; compatible; GPTBot/1.4; +https://openai.com/gptbot)" floresyfloresibague.com 10.53.129.184
74.7.242.56 - - [29/Aug/2026:17:09:42 -0500] "GET /?p=1083 HTTP/1.1" 301 - "https://floresyfloresibague.com/wonaco-casino-opinion-real-y-experiencia-de-jugadores-2026/" "Mozilla/5.0 AppleWebKit/537.36 (KHTML, like Gecko; compatible; GPTBot/1.4; +https://openai.com/gptbot)" floresyfloresibague.com 10.53.129.184
74.7.242.56 - - [29/Aug/2026:17:09:42 -0500] "GET /?p=1083 HTTP/2.0" 301 - "https://floresyfloresibague.com/wonaco-casino-opinion-real-y-experiencia-de-jugadores-2026/" "Mozilla/5.0 AppleWebKit/537.36 (KHTML, like Gecko; compatible; GPTBot/1.4; +https://openai.com/gptbot)" floresyfloresibague.com 10.53.129.184
74.7.242.56 - - [29/Aug/2026:17:09:44 -0500] "GET /blackjack-clasico-con-mastercard/ HTTP/1.1" 200 47123 "https://floresyfloresibague.com/?p=1083" "Mozilla/5.0 AppleWebKit/537.36 (KHTML, like Gecko; compatible; GPTBot/1.4; +https://openai.com/gptbot)" floresyfloresibague.com 10.53.129.184
74.7.242.56 - - [29/Aug/2026:17:09:44 -0500] "GET /blackjack-clasico-con-mastercard/ HTTP/2.0" 200 47123 "https://floresyfloresibague.com/?p=1083" "Mozilla/5.0 AppleWebKit/537.36 (KHTML, like Gecko; compatible; GPTBot/1.4; +https://openai.com/gptbot)" floresyfloresibague.com 10.53.129.184
3.18.212.83 - - [29/Aug/2026:17:09:46 -0500] "GET / HTTP/1.1" 200 53632 "-" "curl/8.3.0" floresyfloresibague.com 10.53.129.184
74.7.242.56 - - [29/Aug/2026:17:09:47 -0500] "GET /?p=1567 HTTP/1.1" 301 - "https://floresyfloresibague.com/?p=3247" "Mozilla/5.0 AppleWebKit/537.36 (KHTML, like Gecko; compatible; GPTBot/1.4; +https://openai.com/gptbot)" floresyfloresibague.com 10.53.129.184
74.7.242.56 - - [29/Aug/2026:17:09:47 -0500] "GET /?p=1567 HTTP/2.0" 301 - "https://floresyfloresibague.com/?p=3247" "Mozilla/5.0 AppleWebKit/537.36 (KHTML, like Gecko; compatible; GPTBot/1.4; +https://openai.com/gptbot)" floresyfloresibague.com 10.53.129.184
3.18.212.83 - - [29/Aug/2026:17:09:46 -0500] "GET / HTTP/2.0" 200 53632 "-" "curl/8.3.0" floresyfloresibague.com 10.53.129.184
74.7.242.56 - - [29/Aug/2026:17:09:50 -0500] "GET /mesas-en-vivo-con-skrill/ HTTP/1.1" 200 47021 "https://floresyfloresibague.com/?p=1567" "Mozilla/5.0 AppleWebKit/537.36 (KHTML, like Gecko; compatible; GPTBot/1.4; +https://openai.com/gptbot)" floresyfloresibague.com 10.53.129.184
74.7.242.56 - - [29/Aug/2026:17:09:50 -0500] "GET /mesas-en-vivo-con-skrill/ HTTP/2.0" 200 47021 "https://floresyfloresibague.com/?p=1567" "Mozilla/5.0 AppleWebKit/537.36 (KHTML, like Gecko; compatible; GPTBot/1.4; +https://openai.com/gptbot)" floresyfloresibague.com 10.53.129.184
143.14.49.47 - - [29/Aug/2026:17:09:54 -0500] "GET /wp-login.php HTTP/2.0" 409 83 "-" "Mozilla/5.0 (Macintosh; Intel Mac OS X 10_15_7) AppleWebKit/605.1.15 (KHTML, like Gecko) Version/18.0 Safari/605.1.15" floresyfloresibague.com 10.53.129.184
74.7.242.56 - - [29/Aug/2026:17:09:52 -0500] "GET /?p=1450 HTTP/1.1" 301 - "https://floresyfloresibague.com/jugar-la-frutillita-tragamonedas/" "Mozilla/5.0 AppleWebKit/537.36 (KHTML, like Gecko; compatible; GPTBot/1.4; +https://openai.com/gptbot)" floresyfloresibague.com 10.53.129.184
74.7.242.56 - - [29/Aug/2026:17:09:52 -0500] "GET /?p=1450 HTTP/2.0" 301 - "https://floresyfloresibague.com/jugar-la-frutillita-tragamonedas/" "Mozilla/5.0 AppleWebKit/537.36 (KHTML, like Gecko; compatible; GPTBot/1.4; +https://openai.com/gptbot)" floresyfloresibague.com 10.53.129.184
143.14.49.47 - - [29/Aug/2026:17:09:55 -0500] "GET /wp-login.php HTTP/2.0" 200 8341 "-" "Mozilla/5.0 (Windows NT 10.0; Win64; x64; rv:133.0) Gecko/20100101 Firefox/133.0" floresyfloresibague.com 10.53.129.184
143.14.49.47 - - [29/Aug/2026:17:09:58 -0500] "POST /xmlrpc.php HTTP/2.0" 409 83 "-" "Mozilla/5.0 (Windows NT 10.0; Win64; x64; rv:133.0) Gecko/20100101 Firefox/133.0" floresyfloresibague.com 10.53.129.184
74.7.242.56 - - [29/Aug/2026:17:09:55 -0500] "GET /tragamonedas-gratis-bono-de-bienvenida/ HTTP/1.1" 200 48276 "https://floresyfloresibague.com/?p=1450" "Mozilla/5.0 AppleWebKit/537.36 (KHTML, like Gecko; compatible; GPTBot/1.4; +https://openai.com/gptbot)" floresyfloresibague.com 10.53.129.184
74.7.242.56 - - [29/Aug/2026:17:09:55 -0500] "GET /tragamonedas-gratis-bono-de-bienvenida/ HTTP/2.0" 200 48276 "https://floresyfloresibague.com/?p=1450" "Mozilla/5.0 AppleWebKit/537.36 (KHTML, like Gecko; compatible; GPTBot/1.4; +https://openai.com/gptbot)" floresyfloresibague.com 10.53.129.184
143.14.49.47 - - [29/Aug/2026:17:09:59 -0500] "POST /xmlrpc.php HTTP/2.0" 409 83 "-" "Mozilla/5.0 (Macintosh; Intel Mac OS X 10_15_7) AppleWebKit/605.1.15 (KHTML, like Gecko) Version/18.0 Safari/605.1.15" floresyfloresibague.com 10.53.129.184
143.14.49.47 - - [29/Aug/2026:17:10:00 -0500] "POST /xmlrpc.php HTTP/2.0" 409 83 "-" "Mozilla/5.0 (Windows NT 10.0; Win64; x64; rv:133.0) Gecko/20100101 Firefox/133.0" floresyfloresibague.com 10.53.129.184
143.14.49.47 - - [29/Aug/2026:17:10:01 -0500] "POST /xmlrpc.php HTTP/2.0" 409 83 "-" "Mozilla/5.0 (Macintosh; Intel Mac OS X 10_15_7) AppleWebKit/605.1.15 (KHTML, like Gecko) Version/18.0 Safari/605.1.15" floresyfloresibague.com 10.53.129.184
143.14.49.47 - - [29/Aug/2026:17:10:01 -0500] "POST /xmlrpc.php HTTP/2.0" 409 83 "-" "Mozilla/5.0 (Windows NT 10.0; Win64; x64) AppleWebKit/537.36 (KHTML, like Gecko) Chrome/124.0.0.0 Safari/537.36" floresyfloresibague.com 10.53.129.184
69.6.233.64 - - [29/Aug/2026:17:10:03 -0500] "POST /wp-cron.php?doing_wp_cron=1788041403.0696129798889160156250 HTTP/1.1" 200 - "-" "WordPress/7.1; https://floresyfloresibague.com" floresyfloresibague.com 10.53.129.184
74.7.242.56 - - [29/Aug/2026:17:09:59 -0500] "GET /?p=1572 HTTP/1.1" 301 - "https://floresyfloresibague.com/?p=2140" "Mozilla/5.0 AppleWebKit/537.36 (KHTML, like Gecko; compatible; GPTBot/1.4; +https://openai.com/gptbot)" floresyfloresibague.com 10.53.129.184
74.7.242.56 - - [29/Aug/2026:17:09:59 -0500] "GET /?p=1572 HTTP/2.0" 301 - "https://floresyfloresibague.com/?p=2140" "Mozilla/5.0 AppleWebKit/537.36 (KHTML, like Gecko; compatible; GPTBot/1.4; +https://openai.com/gptbot)" floresyfloresibague.com 10.53.129.184
74.7.242.56 - - [29/Aug/2026:17:10:03 -0500] "GET /juegos-de-blackjack-online-en-espanol/ HTTP/1.1" 200 48488 "https://floresyfloresibague.com/?p=1572" "Mozilla/5.0 AppleWebKit/537.36 (KHTML, like Gecko; compatible; GPTBot/1.4; +https://openai.com/gptbot)" floresyfloresibague.com 10.53.129.184
74.7.242.56 - - [29/Aug/2026:17:10:03 -0500] "GET /juegos-de-blackjack-online-en-espanol/ HTTP/2.0" 200 48488 "https://floresyfloresibague.com/?p=1572" "Mozilla/5.0 AppleWebKit/537.36 (KHTML, like Gecko; compatible; GPTBot/1.4; +https://openai.com/gptbot)" floresyfloresibague.com 10.53.129.184
24.249.199.4 - - [29/Aug/2026:17:10:03 -0500] "POST /xmlrpc.php HTTP/1.1" 200 1169 "-" "Mozilla/5.0 (Windows NT 10.0; Win64; x64) AppleWebKit/537.36 (KHTML, like Gecko) Chrome/124.0.0.0 Safari/537.36" floresyfloresibague.com 10.53.129.184
143.14.49.47 - - [29/Aug/2026:17:10:08 -0500] "GET /wp-login.php HTTP/2.0" 409 83 "-" "Mozilla/5.0 (Windows NT 10.0; Win64; x64; rv:133.0) Gecko/20100101 Firefox/133.0" floresyfloresibague.com 10.53.129.184
74.7.242.56 - - [29/Aug/2026:17:10:07 -0500] "GET /?p=1697 HTTP/1.1" 301 - "https://floresyfloresibague.com/?p=4359" "Mozilla/5.0 AppleWebKit/537.36 (KHTML, like Gecko; compatible; GPTBot/1.4; +https://openai.com/gptbot)" floresyfloresibague.com 10.53.129.184
74.7.242.56 - - [29/Aug/2026:17:10:07 -0500] "GET /?p=1697 HTTP/2.0" 301 - "https://floresyfloresibague.com/?p=4359" "Mozilla/5.0 AppleWebKit/537.36 (KHTML, like Gecko; compatible; GPTBot/1.4; +https://openai.com/gptbot)" floresyfloresibague.com 10.53.129.184
143.14.49.47 - - [29/Aug/2026:17:10:08 -0500] "GET /wp-login.php HTTP/2.0" 200 8468 "-" "Mozilla/5.0 (Windows NT 10.0; Win64; x64; rv:133.0) Gecko/20100101 Firefox/133.0" floresyfloresibague.com 10.53.129.184
57.141.22.34 - - [29/Aug/2026:17:10:06 -0500] "GET /el-casino-de-madridejos/ HTTP/1.1" 200 47599 "-" "Mozilla/5.0 (Windows NT 10.0; Win64; x64) AppleWebKit/537.36 (KHTML, like Gecko) Chrome/145.0.0.0 Safari/537.36 (compatible; meta-externalagent/1.1 (+https://developers.facebook.com/docs/sharing/webmasters/crawler))" floresyfloresibague.com 10.53.129.184
57.141.22.34 - - [29/Aug/2026:17:10:06 -0500] "GET /el-casino-de-madridejos/ HTTP/2.0" 200 47599 "-" "Mozilla/5.0 (Windows NT 10.0; Win64; x64) AppleWebKit/537.36 (KHTML, like Gecko) Chrome/145.0.0.0 Safari/537.36 (compatible; meta-externalagent/1.1 (+https://developers.facebook.com/docs/sharing/webmasters/crawler))" floresyfloresibague.com 10.53.129.184
74.7.242.56 - - [29/Aug/2026:17:10:10 -0500] "GET /minijuegos-casino-dinosaurio/ HTTP/1.1" 200 48139 "https://floresyfloresibague.com/?p=1697" "Mozilla/5.0 AppleWebKit/537.36 (KHTML, like Gecko; compatible; GPTBot/1.4; +https://openai.com/gptbot)" floresyfloresibague.com 10.53.129.184
74.7.242.56 - - [29/Aug/2026:17:10:10 -0500] "GET /minijuegos-casino-dinosaurio/ HTTP/2.0" 200 48139 "https://floresyfloresibague.com/?p=1697" "Mozilla/5.0 AppleWebKit/537.36 (KHTML, like Gecko; compatible; GPTBot/1.4; +https://openai.com/gptbot)" floresyfloresibague.com 10.53.129.184
74.7.242.56 - - [29/Aug/2026:17:10:12 -0500] "GET /?p=1453 HTTP/1.1" 301 - "https://floresyfloresibague.com/?p=2358" "Mozilla/5.0 AppleWebKit/537.36 (KHTML, like Gecko; compatible; GPTBot/1.4; +https://openai.com/gptbot)" floresyfloresibague.com 10.53.129.184
74.7.242.56 - - [29/Aug/2026:17:10:12 -0500] "GET /?p=1453 HTTP/2.0" 301 - "https://floresyfloresibague.com/?p=2358" "Mozilla/5.0 AppleWebKit/537.36 (KHTML, like Gecko; compatible; GPTBot/1.4; +https://openai.com/gptbot)" floresyfloresibague.com 10.53.129.184
74.7.242.56 - - [29/Aug/2026:17:10:14 -0500] "GET /mrpacho-casino-bono-sin-deposito-codigo-exclusivo-2026/ HTTP/1.1" 200 48105 "https://floresyfloresibague.com/?p=1453" "Mozilla/5.0 AppleWebKit/537.36 (KHTML, like Gecko; compatible; GPTBot/1.4; +https://openai.com/gptbot)" floresyfloresibague.com 10.53.129.184
74.7.242.56 - - [29/Aug/2026:17:10:14 -0500] "GET /mrpacho-casino-bono-sin-deposito-codigo-exclusivo-2026/ HTTP/2.0" 200 48105 "https://floresyfloresibague.com/?p=1453" "Mozilla/5.0 AppleWebKit/537.36 (KHTML, like Gecko; compatible; GPTBot/1.4; +https://openai.com/gptbot)" floresyfloresibague.com 10.53.129.184
74.7.242.56 - - [29/Aug/2026:17:10:18 -0500] "GET /?p=1078 HTTP/1.1" 301 - "https://floresyfloresibague.com/?p=1250" "Mozilla/5.0 AppleWebKit/537.36 (KHTML, like Gecko; compatible; GPTBot/1.4; +https://openai.com/gptbot)" floresyfloresibague.com 10.53.129.184
74.7.242.56 - - [29/Aug/2026:17:10:18 -0500] "GET /?p=1078 HTTP/2.0" 301 - "https://floresyfloresibague.com/?p=1250" "Mozilla/5.0 AppleWebKit/537.36 (KHTML, like Gecko; compatible; GPTBot/1.4; +https://openai.com/gptbot)" floresyfloresibague.com 10.53.129.184
74.7.242.56 - - [29/Aug/2026:17:10:21 -0500] "GET /casinos-online-regulado-en-espana-2026/ HTTP/1.1" 200 47084 "https://floresyfloresibague.com/?p=1078" "Mozilla/5.0 AppleWebKit/537.36 (KHTML, like Gecko; compatible; GPTBot/1.4; +https://openai.com/gptbot)" floresyfloresibague.com 10.53.129.184
74.7.242.56 - - [29/Aug/2026:17:10:20 -0500] "GET /casinos-online-regulado-en-espana-2026/ HTTP/2.0" 200 47084 "https://floresyfloresibague.com/?p=1078" "Mozilla/5.0 AppleWebKit/537.36 (KHTML, like Gecko; compatible; GPTBot/1.4; +https://openai.com/gptbot)" floresyfloresibague.com 10.53.129.184
74.7.242.56 - - [29/Aug/2026:17:10:23 -0500] "GET /?p=1637 HTTP/1.1" 301 - "https://floresyfloresibague.com/?p=2358" "Mozilla/5.0 AppleWebKit/537.36 (KHTML, like Gecko; compatible; GPTBot/1.4; +https://openai.com/gptbot)" floresyfloresibague.com 10.53.129.184
74.7.242.56 - - [29/Aug/2026:17:10:23 -0500] "GET /?p=1637 HTTP/2.0" 301 - "https://floresyfloresibague.com/?p=2358" "Mozilla/5.0 AppleWebKit/537.36 (KHTML, like Gecko; compatible; GPTBot/1.4; +https://openai.com/gptbot)" floresyfloresibague.com 10.53.129.184
143.14.49.47 - - [29/Aug/2026:17:10:22 -0500] "POST /wp-login.php HTTP/2.0" 302 - "https://floresyfloresibague.com/wp-login.php" "Mozilla/5.0 (Windows NT 10.0; Win64; x64; rv:133.0) Gecko/20100101 Firefox/133.0" floresyfloresibague.com 10.53.129.184
74.7.242.56 - - [29/Aug/2026:17:10:25 -0500] "GET /888starz-casino-opinion-real-y-experiencia-de-jugadores-2026/ HTTP/1.1" 200 48498 "https://floresyfloresibague.com/?p=1637" "Mozilla/5.0 AppleWebKit/537.36 (KHTML, like Gecko; compatible; GPTBot/1.4; +https://openai.com/gptbot)" floresyfloresibague.com 10.53.129.184
74.7.242.56 - - [29/Aug/2026:17:10:25 -0500] "GET /888starz-casino-opinion-real-y-experiencia-de-jugadores-2026/ HTTP/2.0" 200 48498 "https://floresyfloresibague.com/?p=1637" "Mozilla/5.0 AppleWebKit/537.36 (KHTML, like Gecko; compatible; GPTBot/1.4; +https://openai.com/gptbot)" floresyfloresibague.com 10.53.129.184
143.14.49.47 - - [29/Aug/2026:17:10:26 -0500] "GET /wp-login.php?redirect_to=%2Fwp-login.php%2F%3Fcaptcha%3D%27confirm_error%27&action=confirm_admin_email&wp_lang=es_CO HTTP/2.0" 302 - "https://floresyfloresibague.com/wp-login.php" "Mozilla/5.0 (Windows NT 10.0; Win64; x64; rv:133.0) Gecko/20100101 Firefox/133.0" floresyfloresibague.com 10.53.129.184
74.7.242.56 - - [29/Aug/2026:17:10:28 -0500] "GET /?p=6150 HTTP/1.1" 301 - "https://floresyfloresibague.com/jugar-en-casino-con-paypal-con-paysafecard/" "Mozilla/5.0 AppleWebKit/537.36 (KHTML, like Gecko; compatible; GPTBot/1.4; +https://openai.com/gptbot)" floresyfloresibague.com 10.53.129.184
74.7.242.56 - - [29/Aug/2026:17:10:28 -0500] "GET /?p=6150 HTTP/2.0" 301 - "https://floresyfloresibague.com/jugar-en-casino-con-paypal-con-paysafecard/" "Mozilla/5.0 AppleWebKit/537.36 (KHTML, like Gecko; compatible; GPTBot/1.4; +https://openai.com/gptbot)" floresyfloresibague.com 10.53.129.184
143.14.49.47 - - [29/Aug/2026:17:10:29 -0500] "GET /wp-login.php HTTP/2.0" 200 8646 "https://floresyfloresibague.com/wp-login.php" "Mozilla/5.0 (Windows NT 10.0; Win64; x64; rv:133.0) Gecko/20100101 Firefox/133.0" floresyfloresibague.com 10.53.129.184
74.7.242.56 - - [29/Aug/2026:17:10:31 -0500] "GET /quiero-jugar-a-blackjack/ HTTP/1.1" 200 47745 "https://floresyfloresibague.com/?p=6150" "Mozilla/5.0 AppleWebKit/537.36 (KHTML, like Gecko; compatible; GPTBot/1.4; +https://openai.com/gptbot)" floresyfloresibague.com 10.53.129.184
74.7.242.56 - - [29/Aug/2026:17:10:31 -0500] "GET /quiero-jugar-a-blackjack/ HTTP/2.0" 200 47745 "https://floresyfloresibague.com/?p=6150" "Mozilla/5.0 AppleWebKit/537.36 (KHTML, like Gecko; compatible; GPTBot/1.4; +https://openai.com/gptbot)" floresyfloresibague.com 10.53.129.184
143.14.49.47 - - [29/Aug/2026:17:10:32 -0500] "GET /wp-login.php HTTP/2.0" 200 8868 "-" "Mozilla/5.0 (Windows NT 10.0; Win64; x64) AppleWebKit/537.36 (KHTML, like Gecko) Chrome/124.0.0.0 Safari/537.36" floresyfloresibague.com 10.53.129.184
74.7.242.56 - - [29/Aug/2026:17:10:35 -0500] "GET /?p=2945 HTTP/1.1" 301 - "https://floresyfloresibague.com/?p=5890" "Mozilla/5.0 AppleWebKit/537.36 (KHTML, like Gecko; compatible; GPTBot/1.4; +https://openai.com/gptbot)" floresyfloresibague.com 10.53.129.184
74.7.242.56 - - [29/Aug/2026:17:10:35 -0500] "GET /?p=2945 HTTP/2.0" 301 - "https://floresyfloresibague.com/?p=5890" "Mozilla/5.0 AppleWebKit/537.36 (KHTML, like Gecko; compatible; GPTBot/1.4; +https://openai.com/gptbot)" floresyfloresibague.com 10.53.129.184
74.7.242.56 - - [29/Aug/2026:17:10:38 -0500] "GET /blackjack-switch-con-neteller/ HTTP/1.1" 200 48153 "https://floresyfloresibague.com/?p=2945" "Mozilla/5.0 AppleWebKit/537.36 (KHTML, like Gecko; compatible; GPTBot/1.4; +https://openai.com/gptbot)" floresyfloresibague.com 10.53.129.184
74.7.242.56 - - [29/Aug/2026:17:10:38 -0500] "GET /blackjack-switch-con-neteller/ HTTP/2.0" 200 48153 "https://floresyfloresibague.com/?p=2945" "Mozilla/5.0 AppleWebKit/537.36 (KHTML, like Gecko; compatible; GPTBot/1.4; +https://openai.com/gptbot)" floresyfloresibague.com 10.53.129.184
57.141.22.20 - - [29/Aug/2026:17:10:40 -0500] "GET /juegos-de-tragaperrasgratis/ HTTP/1.1" 200 47748 "-" "Mozilla/5.0 (Macintosh; Intel Mac OS X 10_15_7) AppleWebKit/537.36 (KHTML, like Gecko) Chrome/145.0.0.0 Safari/537.36 (compatible; meta-externalagent/1.1 (+https://developers.facebook.com/docs/sharing/webmasters/crawler))" floresyfloresibague.com 10.53.129.184
57.141.22.20 - - [29/Aug/2026:17:10:40 -0500] "GET /juegos-de-tragaperrasgratis/ HTTP/2.0" 200 47748 "-" "Mozilla/5.0 (Macintosh; Intel Mac OS X 10_15_7) AppleWebKit/537.36 (KHTML, like Gecko) Chrome/145.0.0.0 Safari/537.36 (compatible; meta-externalagent/1.1 (+https://developers.facebook.com/docs/sharing/webmasters/crawler))" floresyfloresibague.com 10.53.129.184
74.7.242.56 - - [29/Aug/2026:17:10:41 -0500] "GET /?p=1723 HTTP/1.1" 301 - "https://floresyfloresibague.com/?p=2953" "Mozilla/5.0 AppleWebKit/537.36 (KHTML, like Gecko; compatible; GPTBot/1.4; +https://openai.com/gptbot)" floresyfloresibague.com 10.53.129.184
74.7.242.56 - - [29/Aug/2026:17:10:41 -0500] "GET /?p=1723 HTTP/2.0" 301 - "https://floresyfloresibague.com/?p=2953" "Mozilla/5.0 AppleWebKit/537.36 (KHTML, like Gecko; compatible; GPTBot/1.4; +https://openai.com/gptbot)" floresyfloresibague.com 10.53.129.184
74.7.242.56 - - [29/Aug/2026:17:10:44 -0500] "GET /mejores-juegos-de-ruleta-gratis/ HTTP/1.1" 200 47352 "https://floresyfloresibague.com/?p=1723" "Mozilla/5.0 AppleWebKit/537.36 (KHTML, like Gecko; compatible; GPTBot/1.4; +https://openai.com/gptbot)" floresyfloresibague.com 10.53.129.184
74.7.242.56 - - [29/Aug/2026:17:10:44 -0500] "GET /mejores-juegos-de-ruleta-gratis/ HTTP/2.0" 200 47352 "https://floresyfloresibague.com/?p=1723" "Mozilla/5.0 AppleWebKit/537.36 (KHTML, like Gecko; compatible; GPTBot/1.4; +https://openai.com/gptbot)" floresyfloresibague.com 10.53.129.184
143.14.49.47 - - [29/Aug/2026:17:10:45 -0500] "POST /wp-login.php HTTP/2.0" 302 - "https://floresyfloresibague.com/wp-login.php" "Mozilla/5.0 (Windows NT 10.0; Win64; x64) AppleWebKit/537.36 (KHTML, like Gecko) Chrome/124.0.0.0 Safari/537.36" floresyfloresibague.com 10.53.129.184
74.7.242.56 - - [29/Aug/2026:17:10:47 -0500] "GET /?p=1074 HTTP/1.1" 301 - "https://floresyfloresibague.com/?p=1094" "Mozilla/5.0 AppleWebKit/537.36 (KHTML, like Gecko; compatible; GPTBot/1.4; +https://openai.com/gptbot)" floresyfloresibague.com 10.53.129.184
74.7.242.56 - - [29/Aug/2026:17:10:47 -0500] "GET /?p=1074 HTTP/2.0" 301 - "https://floresyfloresibague.com/?p=1094" "Mozilla/5.0 AppleWebKit/537.36 (KHTML, like Gecko; compatible; GPTBot/1.4; +https://openai.com/gptbot)" floresyfloresibague.com 10.53.129.184
143.14.49.47 - - [29/Aug/2026:17:10:48 -0500] "GET /wp-login.php?redirect_to=%2Fwp-login.php%2F%3Fcaptcha%3D%27confirm_error%27&action=confirm_admin_email&wp_lang=es_CO HTTP/2.0" 302 - "https://floresyfloresibague.com/wp-login.php" "Mozilla/5.0 (Windows NT 10.0; Win64; x64) AppleWebKit/537.36 (KHTML, like Gecko) Chrome/124.0.0.0 Safari/537.36" floresyfloresibague.com 10.53.129.184
