57.141.22.103 - - [30/Aug/2026:07:26:47 -0500] "GET /details/666565717161626559912 HTTP/2.0" 404 27218 "-" "Mozilla/5.0 (Windows NT 10.0; Win64; x64) AppleWebKit/537.36 (KHTML, like Gecko) Chrome/145.0.0.0 Safari/537.36 (compatible; meta-externalagent/1.1 (+https://developers.facebook.com/docs/sharing/webmasters/crawler))" floresyfloressincelejo.com 10.53.129.184
74.7.242.57 - - [30/Aug/2026:07:26:50 -0500] "GET /details/656771616663605791630 HTTP/2.0" 404 27218 "https://floresyfloressincelejo.com/sitemap-12.xml" "Mozilla/5.0 AppleWebKit/537.36 (KHTML, like Gecko; compatible; GPTBot/1.4; +https://openai.com/gptbot)" floresyfloressincelejo.com 10.53.129.184
74.7.241.169 - - [30/Aug/2026:07:26:52 -0500] "GET /robots.txt HTTP/2.0" 200 146 "-" "Mozilla/5.0 (Macintosh; Intel Mac OS X 10_15_7) AppleWebKit/537.36 (KHTML, like Gecko) Chrome/131.0.0.0 Safari/537.36; compatible; OAI-SearchBot/1.4; robots.txt; +https://openai.com/searchbot" floresyfloressincelejo.com 10.53.129.184
216.73.217.1 - - [30/Aug/2026:07:26:57 -0500] "GET /details/656366607163675360937 HTTP/2.0" 404 27217 "-" "Mozilla/5.0 AppleWebKit/537.36 (KHTML, like Gecko; compatible; ClaudeBot/1.0; +claudebot@anthropic.com)" floresyfloressincelejo.com 10.53.129.184
57.141.22.7 - - [30/Aug/2026:07:26:59 -0500] "GET /details/666461666563616416531 HTTP/2.0" 404 27215 "-" "Mozilla/5.0 (Windows NT 10.0; Win64; x64) AppleWebKit/537.36 (KHTML, like Gecko) Chrome/145.0.0.0 Safari/537.36 (compatible; meta-externalagent/1.1 (+https://developers.facebook.com/docs/sharing/webmasters/crawler))" floresyfloressincelejo.com 10.53.129.184
69.6.233.64 - - [30/Aug/2026:07:27:04 -0500] "POST /wp-cron.php?doing_wp_cron=1788092824.2310678958892822265625 HTTP/1.1" 200 - "-" "WordPress/7.1; https://floresyfloressincelejo.com" floresyfloressincelejo.com 10.53.129.184
216.73.217.1 - - [30/Aug/2026:07:27:05 -0500] "GET /details/646064646370674044387 HTTP/2.0" 404 27217 "-" "Mozilla/5.0 AppleWebKit/537.36 (KHTML, like Gecko; compatible; ClaudeBot/1.0; +claudebot@anthropic.com)" floresyfloressincelejo.com 10.53.129.184
74.7.242.57 - - [30/Aug/2026:07:27:10 -0500] "GET /details/656662616064655621045 HTTP/2.0" 404 27218 "https://floresyfloressincelejo.com/sitemap-8.xml" "Mozilla/5.0 AppleWebKit/537.36 (KHTML, like Gecko; compatible; GPTBot/1.4; +https://openai.com/gptbot)" floresyfloressincelejo.com 10.53.129.184
57.141.22.96 - - [30/Aug/2026:07:27:12 -0500] "GET /details/656467616661675471617 HTTP/2.0" 404 27217 "-" "Mozilla/5.0 (Macintosh; Intel Mac OS X 10_15_7) AppleWebKit/537.36 (KHTML, like Gecko) Chrome/145.0.0.0 Safari/537.36 (compatible; meta-externalagent/1.1 (+https://developers.facebook.com/docs/sharing/webmasters/crawler))" floresyfloressincelejo.com 10.53.129.184
57.141.22.46 - - [30/Aug/2026:07:27:26 -0500] "GET /details/667163606570606930580 HTTP/2.0" 404 27217 "-" "Mozilla/5.0 (Windows NT 10.0; Win64; x64) AppleWebKit/537.36 (KHTML, like Gecko) Chrome/145.0.0.0 Safari/537.36 (compatible; meta-externalagent/1.1 (+https://developers.facebook.com/docs/sharing/webmasters/crawler))" floresyfloressincelejo.com 10.53.129.184
216.73.217.1 - - [30/Aug/2026:07:27:27 -0500] "GET /details/646064626570654042585 HTTP/2.0" 404 27217 "-" "Mozilla/5.0 AppleWebKit/537.36 (KHTML, like Gecko; compatible; ClaudeBot/1.0; +claudebot@anthropic.com)" floresyfloressincelejo.com 10.53.129.184
74.7.242.57 - - [30/Aug/2026:07:27:30 -0500] "GET /details/637164656663653945635 HTTP/2.0" 404 27219 "https://floresyfloressincelejo.com/sitemap-9.xml" "Mozilla/5.0 AppleWebKit/537.36 (KHTML, like Gecko; compatible; GPTBot/1.4; +https://openai.com/gptbot)" floresyfloressincelejo.com 10.53.129.184
216.73.217.1 - - [30/Aug/2026:07:27:35 -0500] "GET /details/666766716067636769073 HTTP/2.0" 404 27215 "-" "Mozilla/5.0 AppleWebKit/537.36 (KHTML, like Gecko; compatible; ClaudeBot/1.0; +claudebot@anthropic.com)" floresyfloressincelejo.com 10.53.129.184
57.141.22.115 - - [30/Aug/2026:07:27:38 -0500] "GET /details/647070667067644886874 HTTP/2.0" 404 27218 "-" "Mozilla/5.0 (Macintosh; Intel Mac OS X 10_15_7) AppleWebKit/537.36 (KHTML, like Gecko) Chrome/145.0.0.0 Safari/537.36 (compatible; meta-externalagent/1.1 (+https://developers.facebook.com/docs/sharing/webmasters/crawler))" floresyfloressincelejo.com 10.53.129.184
216.73.217.1 - - [30/Aug/2026:07:27:49 -0500] "GET /details/676165606465657150455 HTTP/2.0" 404 27217 "-" "Mozilla/5.0 AppleWebKit/537.36 (KHTML, like Gecko; compatible; ClaudeBot/1.0; +claudebot@anthropic.com)" floresyfloressincelejo.com 10.53.129.184
74.7.242.57 - - [30/Aug/2026:07:27:50 -0500] "GET /details/666064616763706041738 HTTP/2.0" 404 27218 "https://floresyfloressincelejo.com/sitemap-9.xml" "Mozilla/5.0 AppleWebKit/537.36 (KHTML, like Gecko; compatible; GPTBot/1.4; +https://openai.com/gptbot)" floresyfloressincelejo.com 10.53.129.184
57.141.22.41 - - [30/Aug/2026:07:27:51 -0500] "GET /details/636662656364643625344 HTTP/2.0" 404 27217 "-" "Mozilla/5.0 (Windows NT 10.0; Win64; x64) AppleWebKit/537.36 (KHTML, like Gecko) Chrome/145.0.0.0 Safari/537.36 (compatible; meta-externalagent/1.1 (+https://developers.facebook.com/docs/sharing/webmasters/crawler))" floresyfloressincelejo.com 10.53.129.184
216.73.217.1 - - [30/Aug/2026:07:28:01 -0500] "GET /details/656466706561715468519 HTTP/2.0" 404 27217 "-" "Mozilla/5.0 AppleWebKit/537.36 (KHTML, like Gecko; compatible; ClaudeBot/1.0; +claudebot@anthropic.com)" floresyfloressincelejo.com 10.53.129.184
57.141.22.42 - - [30/Aug/2026:07:28:03 -0500] "GET /details/646670626766634682763 HTTP/2.0" 404 27219 "-" "Mozilla/5.0 (Windows NT 10.0; Win64; x64) AppleWebKit/537.36 (KHTML, like Gecko) Chrome/145.0.0.0 Safari/537.36 (compatible; meta-externalagent/1.1 (+https://developers.facebook.com/docs/sharing/webmasters/crawler))" floresyfloressincelejo.com 10.53.129.184
69.6.233.64 - - [30/Aug/2026:07:28:08 -0500] "POST /wp-cron.php?doing_wp_cron=1788092888.1439740657806396484375 HTTP/1.1" 200 - "-" "WordPress/7.1; https://floresyfloressincelejo.com" floresyfloressincelejo.com 10.53.129.184
74.7.242.57 - - [30/Aug/2026:07:28:10 -0500] "GET /details/646160666271614106291 HTTP/2.0" 404 27217 "https://floresyfloressincelejo.com/sitemap-8.xml" "Mozilla/5.0 AppleWebKit/537.36 (KHTML, like Gecko; compatible; GPTBot/1.4; +https://openai.com/gptbot)" floresyfloressincelejo.com 10.53.129.184
57.141.22.6 - - [30/Aug/2026:07:28:16 -0500] "GET /details/676261646171677214197 HTTP/2.0" 404 27218 "-" "Mozilla/5.0 (Windows NT 10.0; Win64; x64) AppleWebKit/537.36 (KHTML, like Gecko) Chrome/145.0.0.0 Safari/537.36 (compatible; meta-externalagent/1.1 (+https://developers.facebook.com/docs/sharing/webmasters/crawler))" floresyfloressincelejo.com 10.53.129.184
216.73.217.1 - - [30/Aug/2026:07:28:25 -0500] "GET /details/647164677065614947851 HTTP/2.0" 404 27216 "-" "Mozilla/5.0 AppleWebKit/537.36 (KHTML, like Gecko; compatible; ClaudeBot/1.0; +claudebot@anthropic.com)" floresyfloressincelejo.com 10.53.129.184
57.141.22.22 - - [30/Aug/2026:07:28:29 -0500] "GET /details/666160646163716104139 HTTP/2.0" 404 27217 "-" "Mozilla/5.0 (Macintosh; Intel Mac OS X 10_15_7) AppleWebKit/537.36 (KHTML, like Gecko) Chrome/145.0.0.0 Safari/537.36 (compatible; meta-externalagent/1.1 (+https://developers.facebook.com/docs/sharing/webmasters/crawler))" floresyfloressincelejo.com 10.53.129.184
74.7.242.57 - - [30/Aug/2026:07:28:30 -0500] "GET /details/636465676660613457601 HTTP/2.0" 404 27218 "https://floresyfloressincelejo.com/sitemap-4.xml" "Mozilla/5.0 AppleWebKit/537.36 (KHTML, like Gecko; compatible; GPTBot/1.4; +https://openai.com/gptbot)" floresyfloressincelejo.com 10.53.129.184
57.141.22.46 - - [30/Aug/2026:07:28:42 -0500] "GET /details/666264716470716249489 HTTP/2.0" 404 27215 "-" "Mozilla/5.0 (Macintosh; Intel Mac OS X 10_15_7) AppleWebKit/537.36 (KHTML, like Gecko) Chrome/145.0.0.0 Safari/537.36 (compatible; meta-externalagent/1.1 (+https://developers.facebook.com/docs/sharing/webmasters/crawler))" floresyfloressincelejo.com 10.53.129.184
216.73.217.1 - - [30/Aug/2026:07:28:48 -0500] "GET /details/646070656164644085144 HTTP/2.0" 404 27217 "-" "Mozilla/5.0 AppleWebKit/537.36 (KHTML, like Gecko; compatible; ClaudeBot/1.0; +claudebot@anthropic.com)" floresyfloressincelejo.com 10.53.129.184
74.7.242.57 - - [30/Aug/2026:07:28:50 -0500] "GET /details/666164607067606140870 HTTP/2.0" 404 27218 "https://floresyfloressincelejo.com/sitemap-3.xml" "Mozilla/5.0 AppleWebKit/537.36 (KHTML, like Gecko; compatible; GPTBot/1.4; +https://openai.com/gptbot)" floresyfloressincelejo.com 10.53.129.184
57.141.22.6 - - [30/Aug/2026:07:28:56 -0500] "GET /details/647164666064674946047 HTTP/2.0" 404 27217 "-" "Mozilla/5.0 (Windows NT 10.0; Win64; x64) AppleWebKit/537.36 (KHTML, like Gecko) Chrome/145.0.0.0 Safari/537.36 (compatible; meta-externalagent/1.1 (+https://developers.facebook.com/docs/sharing/webmasters/crawler))" floresyfloressincelejo.com 10.53.129.184
216.73.217.1 - - [30/Aug/2026:07:28:57 -0500] "GET /details/666462666162646426124 HTTP/2.0" 404 27216 "-" "Mozilla/5.0 AppleWebKit/537.36 (KHTML, like Gecko; compatible; ClaudeBot/1.0; +claudebot@anthropic.com)" floresyfloressincelejo.com 10.53.129.184
69.6.233.64 - - [30/Aug/2026:07:29:02 -0500] "POST /wp-cron.php?doing_wp_cron=1788092942.3305959701538085937500 HTTP/1.1" 200 - "-" "WordPress/7.1; https://floresyfloressincelejo.com" floresyfloressincelejo.com 10.53.129.184
57.141.22.36 - - [30/Aug/2026:07:29:08 -0500] "GET /details/656562646465645524454 HTTP/2.0" 404 27216 "-" "Mozilla/5.0 (Macintosh; Intel Mac OS X 10_15_7) AppleWebKit/537.36 (KHTML, like Gecko) Chrome/145.0.0.0 Safari/537.36 (compatible; meta-externalagent/1.1 (+https://developers.facebook.com/docs/sharing/webmasters/crawler))" floresyfloressincelejo.com 10.53.129.184
74.7.242.57 - - [30/Aug/2026:07:29:10 -0500] "GET /details/666763677162616737921 HTTP/2.0" 404 27218 "https://floresyfloressincelejo.com/sitemap-17.xml" "Mozilla/5.0 AppleWebKit/537.36 (KHTML, like Gecko; compatible; GPTBot/1.4; +https://openai.com/gptbot)" floresyfloressincelejo.com 10.53.129.184
57.141.22.2 - - [30/Aug/2026:07:29:21 -0500] "GET /details/656364666461615346411 HTTP/2.0" 404 27216 "-" "Mozilla/5.0 (Windows NT 10.0; Win64; x64) AppleWebKit/537.36 (KHTML, like Gecko) Chrome/145.0.0.0 Safari/537.36 (compatible; meta-externalagent/1.1 (+https://developers.facebook.com/docs/sharing/webmasters/crawler))" floresyfloressincelejo.com 10.53.129.184
216.73.217.1 - - [30/Aug/2026:07:29:21 -0500] "GET /details/656261636267625213272 HTTP/2.0" 404 27217 "-" "Mozilla/5.0 AppleWebKit/537.36 (KHTML, like Gecko; compatible; ClaudeBot/1.0; +claudebot@anthropic.com)" floresyfloressincelejo.com 10.53.129.184
74.7.242.57 - - [30/Aug/2026:07:29:30 -0500] "GET /details/666067657064626075842 HTTP/2.0" 404 27219 "https://floresyfloressincelejo.com/sitemap-9.xml" "Mozilla/5.0 AppleWebKit/537.36 (KHTML, like Gecko; compatible; GPTBot/1.4; +https://openai.com/gptbot)" floresyfloressincelejo.com 10.53.129.184
57.141.22.102 - - [30/Aug/2026:07:29:34 -0500] "GET /details/656570666560675586507 HTTP/2.0" 404 27218 "-" "Mozilla/5.0 (Windows NT 10.0; Win64; x64) AppleWebKit/537.36 (KHTML, like Gecko) Chrome/145.0.0.0 Safari/537.36 Edg/145.0.0.0 (compatible; meta-externalagent/1.1 (+https://developers.facebook.com/docs/sharing/webmasters/crawler))" floresyfloressincelejo.com 10.53.129.184
216.73.217.1 - - [30/Aug/2026:07:29:43 -0500] "GET /details/656760626264715702249 HTTP/2.0" 404 27217 "-" "Mozilla/5.0 AppleWebKit/537.36 (KHTML, like Gecko; compatible; ClaudeBot/1.0; +claudebot@anthropic.com)" floresyfloressincelejo.com 10.53.129.184
57.141.22.91 - - [30/Aug/2026:07:29:47 -0500] "GET /details/656165676670705157688 HTTP/2.0" 404 27217 "-" "Mozilla/5.0 (Windows NT 10.0; Win64; x64) AppleWebKit/537.36 (KHTML, like Gecko) Chrome/145.0.0.0 Safari/537.36 Edg/145.0.0.0 (compatible; meta-externalagent/1.1 (+https://developers.facebook.com/docs/sharing/webmasters/crawler))" floresyfloressincelejo.com 10.53.129.184
74.7.242.57 - - [30/Aug/2026:07:29:50 -0500] "GET /details/656460666763675406737 HTTP/2.0" 404 27219 "https://floresyfloressincelejo.com/sitemap-5.xml" "Mozilla/5.0 AppleWebKit/537.36 (KHTML, like Gecko; compatible; GPTBot/1.4; +https://openai.com/gptbot)" floresyfloressincelejo.com 10.53.129.184
216.73.217.1 - - [30/Aug/2026:07:29:51 -0500] "GET /details/657064636163635843133 HTTP/2.0" 404 27217 "-" "Mozilla/5.0 AppleWebKit/537.36 (KHTML, like Gecko; compatible; ClaudeBot/1.0; +claudebot@anthropic.com)" floresyfloressincelejo.com 10.53.129.184
57.141.22.37 - - [30/Aug/2026:07:30:01 -0500] "GET /details/647064606567614840571 HTTP/2.0" 404 27218 "-" "Mozilla/5.0 (Windows NT 10.0; Win64; x64) AppleWebKit/537.36 (KHTML, like Gecko) Chrome/145.0.0.0 Safari/537.36 (compatible; meta-externalagent/1.1 (+https://developers.facebook.com/docs/sharing/webmasters/crawler))" floresyfloressincelejo.com 10.53.129.184
216.73.217.1 - - [30/Aug/2026:07:30:05 -0500] "GET /details/656571676661675597617 HTTP/2.0" 404 27218 "-" "Mozilla/5.0 AppleWebKit/537.36 (KHTML, like Gecko; compatible; ClaudeBot/1.0; +claudebot@anthropic.com)" floresyfloressincelejo.com 10.53.129.184
69.6.233.64 - - [30/Aug/2026:07:30:09 -0500] "POST /wp-cron.php?doing_wp_cron=1788093009.0074179172515869140625 HTTP/1.1" 200 - "-" "WordPress/7.1; https://floresyfloressincelejo.com" floresyfloressincelejo.com 10.53.129.184
74.7.242.57 - - [30/Aug/2026:07:30:10 -0500] "GET /details/646771616566624791562 HTTP/2.0" 404 27219 "https://floresyfloressincelejo.com/sitemap-12.xml" "Mozilla/5.0 AppleWebKit/537.36 (KHTML, like Gecko; compatible; GPTBot/1.4; +https://openai.com/gptbot)" floresyfloressincelejo.com 10.53.129.184
57.141.22.3 - - [30/Aug/2026:07:30:12 -0500] "GET /details/656171646567625194572 HTTP/2.0" 404 27217 "-" "Mozilla/5.0 (Macintosh; Intel Mac OS X 10_15_7) AppleWebKit/537.36 (KHTML, like Gecko) Chrome/145.0.0.0 Safari/537.36 (compatible; meta-externalagent/1.1 (+https://developers.facebook.com/docs/sharing/webmasters/crawler))" floresyfloressincelejo.com 10.53.129.184
216.73.217.1 - - [30/Aug/2026:07:30:26 -0500] "GET /details/656467716670665479686 HTTP/2.0" 404 27219 "-" "Mozilla/5.0 AppleWebKit/537.36 (KHTML, like Gecko; compatible; ClaudeBot/1.0; +claudebot@anthropic.com)" floresyfloressincelejo.com 10.53.129.184
57.141.22.92 - - [30/Aug/2026:07:30:26 -0500] "GET /details/647060656663704805638 HTTP/2.0" 404 27218 "-" "Mozilla/5.0 (Windows NT 10.0; Win64; x64) AppleWebKit/537.36 (KHTML, like Gecko) Chrome/145.0.0.0 Safari/537.36 (compatible; meta-externalagent/1.1 (+https://developers.facebook.com/docs/sharing/webmasters/crawler))" floresyfloressincelejo.com 10.53.129.184
74.7.242.57 - - [30/Aug/2026:07:30:30 -0500] "GET /details/676262716566607229560 HTTP/2.0" 404 27218 "https://floresyfloressincelejo.com/sitemap-4.xml" "Mozilla/5.0 AppleWebKit/537.36 (KHTML, like Gecko; compatible; GPTBot/1.4; +https://openai.com/gptbot)" floresyfloressincelejo.com 10.53.129.184
57.141.22.122 - - [30/Aug/2026:07:30:39 -0500] "GET /details/666361646470676314487 HTTP/2.0" 404 27219 "-" "Mozilla/5.0 (Windows NT 10.0; Win64; x64) AppleWebKit/537.36 (KHTML, like Gecko) Chrome/145.0.0.0 Safari/537.36 (compatible; meta-externalagent/1.1 (+https://developers.facebook.com/docs/sharing/webmasters/crawler))" floresyfloressincelejo.com 10.53.129.184
74.7.242.57 - - [30/Aug/2026:07:30:50 -0500] "GET /details/657160666165675906157 HTTP/2.0" 404 27219 "https://floresyfloressincelejo.com/sitemap-3.xml" "Mozilla/5.0 AppleWebKit/537.36 (KHTML, like Gecko; compatible; GPTBot/1.4; +https://openai.com/gptbot)" floresyfloressincelejo.com 10.53.129.184
57.141.22.85 - - [30/Aug/2026:07:30:53 -0500] "GET /details/636561646065713514059 HTTP/2.0" 404 27218 "-" "Mozilla/5.0 (Windows NT 10.0; Win64; x64) AppleWebKit/537.36 (KHTML, like Gecko) Chrome/145.0.0.0 Safari/537.36 (compatible; meta-externalagent/1.1 (+https://developers.facebook.com/docs/sharing/webmasters/crawler))" floresyfloressincelejo.com 10.53.129.184
216.73.217.1 - - [30/Aug/2026:07:30:48 -0500] "GET /details/656266707163625268932 HTTP/2.0" 404 27218 "-" "Mozilla/5.0 AppleWebKit/537.36 (KHTML, like Gecko; compatible; ClaudeBot/1.0; +claudebot@anthropic.com)" floresyfloressincelejo.com 10.53.129.184
216.73.217.1 - - [30/Aug/2026:07:30:56 -0500] "GET /details/646365706264644358244 HTTP/2.0" 404 27217 "-" "Mozilla/5.0 AppleWebKit/537.36 (KHTML, like Gecko; compatible; ClaudeBot/1.0; +claudebot@anthropic.com)" floresyfloressincelejo.com 10.53.129.184
216.73.217.1 - - [30/Aug/2026:07:30:57 -0500] "GET /details/646061717067674019877 HTTP/2.0" 404 27218 "-" "Mozilla/5.0 AppleWebKit/537.36 (KHTML, like Gecko; compatible; ClaudeBot/1.0; +claudebot@anthropic.com)" floresyfloressincelejo.com 10.53.129.184
69.6.233.64 - - [30/Aug/2026:07:31:04 -0500] "POST /wp-cron.php?doing_wp_cron=1788093064.5358309745788574218750 HTTP/1.1" 200 - "-" "WordPress/7.1; https://floresyfloressincelejo.com" floresyfloressincelejo.com 10.53.129.184
57.141.22.102 - - [30/Aug/2026:07:31:04 -0500] "GET /details/656470706761705488718 HTTP/2.0" 404 27217 "-" "Mozilla/5.0 (Macintosh; Intel Mac OS X 10_15_7) AppleWebKit/537.36 (KHTML, like Gecko) Chrome/145.0.0.0 Safari/537.36 (compatible; meta-externalagent/1.1 (+https://developers.facebook.com/docs/sharing/webmasters/crawler))" floresyfloressincelejo.com 10.53.129.184
74.7.242.57 - - [30/Aug/2026:07:31:10 -0500] "GET /details/646664706765614648751 HTTP/2.0" 404 27218 "https://floresyfloressincelejo.com/sitemap.xml" "Mozilla/5.0 AppleWebKit/537.36 (KHTML, like Gecko; compatible; GPTBot/1.4; +https://openai.com/gptbot)" floresyfloressincelejo.com 10.53.129.184
216.73.217.1 - - [30/Aug/2026:07:31:15 -0500] "GET /details/666463656463676435437 HTTP/2.0" 404 - "-" "Mozilla/5.0 AppleWebKit/537.36 (KHTML, like Gecko; compatible; ClaudeBot/1.0; +claudebot@anthropic.com)" floresyfloressincelejo.com 10.53.129.184
57.141.22.111 - - [30/Aug/2026:07:31:17 -0500] "GET /details/656564637163675543937 HTTP/2.0" 404 27217 "-" "Mozilla/5.0 (Windows NT 10.0; Win64; x64) AppleWebKit/537.36 (KHTML, like Gecko) Chrome/145.0.0.0 Safari/537.36 (compatible; meta-externalagent/1.1 (+https://developers.facebook.com/docs/sharing/webmasters/crawler))" floresyfloressincelejo.com 10.53.129.184
74.7.242.57 - - [30/Aug/2026:07:31:30 -0500] "GET /details/666364626765606342750 HTTP/2.0" 404 27218 "https://floresyfloressincelejo.com/sitemap-17.xml" "Mozilla/5.0 AppleWebKit/537.36 (KHTML, like Gecko; compatible; GPTBot/1.4; +https://openai.com/gptbot)" floresyfloressincelejo.com 10.53.129.184
57.141.22.116 - - [30/Aug/2026:07:31:30 -0500] "GET /details/646064646167704044178 HTTP/2.0" 404 27216 "-" "Mozilla/5.0 (Macintosh; Intel Mac OS X 10_15_7) AppleWebKit/537.36 (KHTML, like Gecko) Chrome/145.0.0.0 Safari/537.36 (compatible; meta-externalagent/1.1 (+https://developers.facebook.com/docs/sharing/webmasters/crawler))" floresyfloressincelejo.com 10.53.129.184
216.73.217.1 - - [30/Aug/2026:07:31:38 -0500] "GET /details/636471646770663494786 HTTP/2.0" 404 - "-" "Mozilla/5.0 AppleWebKit/537.36 (KHTML, like Gecko; compatible; ClaudeBot/1.0; +claudebot@anthropic.com)" floresyfloressincelejo.com 10.53.129.184
216.73.217.1 - - [30/Aug/2026:07:31:45 -0500] "GET /details/656560616367635501373 HTTP/2.0" 404 27217 "-" "Mozilla/5.0 AppleWebKit/537.36 (KHTML, like Gecko; compatible; ClaudeBot/1.0; +claudebot@anthropic.com)" floresyfloressincelejo.com 10.53.129.184
74.7.242.57 - - [30/Aug/2026:07:31:50 -0500] "GET /details/657163676665625937652 HTTP/2.0" 404 27219 "https://floresyfloressincelejo.com/sitemap.xml" "Mozilla/5.0 AppleWebKit/537.36 (KHTML, like Gecko; compatible; GPTBot/1.4; +https://openai.com/gptbot)" floresyfloressincelejo.com 10.53.129.184
57.141.8.40 - - [30/Aug/2026:07:31:58 -0500] "GET / HTTP/2.0" 200 58175 "-" "facebookexternalhit/1.1 (+http://www.facebook.com/externalhit_uatext.php)" floresyfloressincelejo.com 10.53.129.184
57.141.22.92 - - [30/Aug/2026:07:31:56 -0500] "GET /details/646361666463614316431 HTTP/2.0" 404 27213 "-" "Mozilla/5.0 (Macintosh; Intel Mac OS X 10_15_7) AppleWebKit/537.36 (KHTML, like Gecko) Chrome/145.0.0.0 Safari/537.36 (compatible; meta-externalagent/1.1 (+https://developers.facebook.com/docs/sharing/webmasters/crawler))" floresyfloressincelejo.com 10.53.129.184
216.73.217.1 - - [30/Aug/2026:07:32:08 -0500] "GET /details/646266717067664269876 HTTP/2.0" 404 27219 "-" "Mozilla/5.0 AppleWebKit/537.36 (KHTML, like Gecko; compatible; ClaudeBot/1.0; +claudebot@anthropic.com)" floresyfloressincelejo.com 10.53.129.184
57.141.22.13 - - [30/Aug/2026:07:32:09 -0500] "GET /details/636663606764673630747 HTTP/2.0" 404 27216 "-" "Mozilla/5.0 (Windows NT 10.0; Win64; x64) AppleWebKit/537.36 (KHTML, like Gecko) Chrome/145.0.0.0 Safari/537.36 (compatible; meta-externalagent/1.1 (+https://developers.facebook.com/docs/sharing/webmasters/crawler))" floresyfloressincelejo.com 10.53.129.184
74.7.242.57 - - [30/Aug/2026:07:32:10 -0500] "GET /details/636770676662643787624 HTTP/2.0" 404 27219 "https://floresyfloressincelejo.com/sitemap.xml" "Mozilla/5.0 AppleWebKit/537.36 (KHTML, like Gecko; compatible; GPTBot/1.4; +https://openai.com/gptbot)" floresyfloressincelejo.com 10.53.129.184
69.6.233.64 - - [30/Aug/2026:07:32:13 -0500] "POST /wp-cron.php?doing_wp_cron=1788093133.8340339660644531250000 HTTP/1.1" 200 - "-" "WordPress/7.1; https://floresyfloressincelejo.com" floresyfloressincelejo.com 10.53.129.184
216.73.217.1 - - [30/Aug/2026:07:32:16 -0500] "GET /details/656170606162715180129 HTTP/2.0" 404 27218 "-" "Mozilla/5.0 AppleWebKit/537.36 (KHTML, like Gecko; compatible; ClaudeBot/1.0; +claudebot@anthropic.com)" floresyfloressincelejo.com 10.53.129.184
216.73.217.1 - - [30/Aug/2026:07:32:20 -0500] "GET /details/636761656070663715086 HTTP/2.0" 404 27218 "-" "Mozilla/5.0 AppleWebKit/537.36 (KHTML, like Gecko; compatible; ClaudeBot/1.0; +claudebot@anthropic.com)" floresyfloressincelejo.com 10.53.129.184
57.141.22.100 - - [30/Aug/2026:07:32:22 -0500] "GET /details/647071666364604896340 HTTP/2.0" 404 27218 "-" "Mozilla/5.0 (Windows NT 10.0; Win64; x64) AppleWebKit/537.36 (KHTML, like Gecko) Chrome/145.0.0.0 Safari/537.36 (compatible; meta-externalagent/1.1 (+https://developers.facebook.com/docs/sharing/webmasters/crawler))" floresyfloressincelejo.com 10.53.129.184
74.7.242.57 - - [30/Aug/2026:07:32:30 -0500] "GET /details/646163716660604139600 HTTP/2.0" 404 27218 "https://floresyfloressincelejo.com/sitemap-9.xml" "Mozilla/5.0 AppleWebKit/537.36 (KHTML, like Gecko; compatible; GPTBot/1.4; +https://openai.com/gptbot)" floresyfloressincelejo.com 10.53.129.184
57.141.22.32 - - [30/Aug/2026:07:32:35 -0500] "GET /details/637170616261703981218 HTTP/2.0" 404 27215 "-" "Mozilla/5.0 (Windows NT 10.0; Win64; x64) AppleWebKit/537.36 (KHTML, like Gecko) Chrome/145.0.0.0 Safari/537.36 (compatible; meta-externalagent/1.1 (+https://developers.facebook.com/docs/sharing/webmasters/crawler))" floresyfloressincelejo.com 10.53.129.184
216.73.217.1 - - [30/Aug/2026:07:32:39 -0500] "GET /details/667171647067716994879 HTTP/2.0" 404 27217 "-" "Mozilla/5.0 AppleWebKit/537.36 (KHTML, like Gecko; compatible; ClaudeBot/1.0; +claudebot@anthropic.com)" floresyfloressincelejo.com 10.53.129.184
57.141.22.39 - - [30/Aug/2026:07:32:48 -0500] "GET /details/666667646365646674354 HTTP/2.0" 404 27216 "-" "Mozilla/5.0 (X11; Linux x86_64) AppleWebKit/537.36 (KHTML, like Gecko) Chrome/145.0.0.0 Safari/537.36 (compatible; meta-externalagent/1.1 (+https://developers.facebook.com/docs/sharing/webmasters/crawler))" floresyfloressincelejo.com 10.53.129.184
74.7.242.57 - - [30/Aug/2026:07:32:50 -0500] "GET /details/667165666262706956228 HTTP/2.0" 404 27218 "https://floresyfloressincelejo.com/sitemap-1.xml" "Mozilla/5.0 AppleWebKit/537.36 (KHTML, like Gecko; compatible; GPTBot/1.4; +https://openai.com/gptbot)" floresyfloressincelejo.com 10.53.129.184
216.73.217.1 - - [30/Aug/2026:07:32:57 -0500] "GET /details/646061666371644016394 HTTP/2.0" 404 27218 "-" "Mozilla/5.0 AppleWebKit/537.36 (KHTML, like Gecko; compatible; ClaudeBot/1.0; +claudebot@anthropic.com)" floresyfloressincelejo.com 10.53.129.184
57.141.22.114 - - [30/Aug/2026:07:33:01 -0500] "GET /casino-tragamonedas-espanol/ HTTP/2.0" 200 46712 "-" "Mozilla/5.0 (Windows NT 10.0; Win64; x64) AppleWebKit/537.36 (KHTML, like Gecko) Chrome/145.0.0.0 Safari/537.36 (compatible; meta-externalagent/1.1 (+https://developers.facebook.com/docs/sharing/webmasters/crawler))" floresyfloressincelejo.com 10.53.129.184
69.6.233.64 - - [30/Aug/2026:07:33:05 -0500] "POST /wp-cron.php?doing_wp_cron=1788093185.0549380779266357421875 HTTP/1.1" 200 - "-" "WordPress/7.1; https://floresyfloressincelejo.com" floresyfloressincelejo.com 10.53.129.184
74.7.242.57 - - [30/Aug/2026:07:33:10 -0500] "GET /details/646263606766634230763 HTTP/2.0" 404 27218 "https://floresyfloressincelejo.com/sitemap-1.xml" "Mozilla/5.0 AppleWebKit/537.36 (KHTML, like Gecko; compatible; GPTBot/1.4; +https://openai.com/gptbot)" floresyfloressincelejo.com 10.53.129.184
57.141.22.3 - - [30/Aug/2026:07:33:13 -0500] "GET /details/637066616167663861176 HTTP/2.0" 404 27217 "-" "Mozilla/5.0 (Macintosh; Intel Mac OS X 10_15_7) AppleWebKit/537.36 (KHTML, like Gecko) Chrome/145.0.0.0 Safari/537.36 (compatible; meta-externalagent/1.1 (+https://developers.facebook.com/docs/sharing/webmasters/crawler))" floresyfloressincelejo.com 10.53.129.184
216.73.217.1 - - [30/Aug/2026:07:33:20 -0500] "GET /details/647061706364614818341 HTTP/2.0" 404 27216 "-" "Mozilla/5.0 AppleWebKit/537.36 (KHTML, like Gecko; compatible; ClaudeBot/1.0; +claudebot@anthropic.com)" floresyfloressincelejo.com 10.53.129.184
57.141.22.92 - - [30/Aug/2026:07:33:24 -0500] "GET /details/676162656371657125395 HTTP/2.0" 404 27218 "-" "Mozilla/5.0 (Windows NT 10.0; Win64; x64) AppleWebKit/537.36 (KHTML, like Gecko) Chrome/145.0.0.0 Safari/537.36 (compatible; meta-externalagent/1.1 (+https://developers.facebook.com/docs/sharing/webmasters/crawler))" floresyfloressincelejo.com 10.53.129.184
74.7.242.57 - - [30/Aug/2026:07:33:30 -0500] "GET /details/666567706461676578417 HTTP/2.0" 404 27219 "https://floresyfloressincelejo.com/sitemap-3.xml" "Mozilla/5.0 AppleWebKit/537.36 (KHTML, like Gecko; compatible; GPTBot/1.4; +https://openai.com/gptbot)" floresyfloressincelejo.com 10.53.129.184
57.141.22.8 - - [30/Aug/2026:07:33:36 -0500] "GET /details/666562616067636521073 HTTP/2.0" 404 27218 "-" "Mozilla/5.0 (Windows NT 10.0; Win64; x64) AppleWebKit/537.36 (KHTML, like Gecko) Chrome/145.0.0.0 Safari/537.36 (compatible; meta-externalagent/1.1 (+https://developers.facebook.com/docs/sharing/webmasters/crawler))" floresyfloressincelejo.com 10.53.129.184
216.73.217.1 - - [30/Aug/2026:07:33:45 -0500] "GET /details/646071666671624096692 HTTP/2.0" 404 27216 "-" "Mozilla/5.0 AppleWebKit/537.36 (KHTML, like Gecko; compatible; ClaudeBot/1.0; +claudebot@anthropic.com)" floresyfloressincelejo.com 10.53.129.184
57.141.22.53 - - [30/Aug/2026:07:33:47 -0500] "GET /details/676264616366647241364 HTTP/2.0" 404 27218 "-" "Mozilla/5.0 (Windows NT 10.0; Win64; x64) AppleWebKit/537.36 (KHTML, like Gecko) Chrome/145.0.0.0 Safari/537.36 (compatible; meta-externalagent/1.1 (+https://developers.facebook.com/docs/sharing/webmasters/crawler))" floresyfloressincelejo.com 10.53.129.184
74.7.242.57 - - [30/Aug/2026:07:33:50 -0500] "GET /details/666171616270626191282 HTTP/2.0" 404 27217 "https://floresyfloressincelejo.com/sitemap.xml" "Mozilla/5.0 AppleWebKit/537.36 (KHTML, like Gecko; compatible; GPTBot/1.4; +https://openai.com/gptbot)" floresyfloressincelejo.com 10.53.129.184
216.73.217.1 - - [30/Aug/2026:07:33:51 -0500] "GET /details/676260646260657204205 HTTP/2.0" 404 27215 "-" "Mozilla/5.0 AppleWebKit/537.36 (KHTML, like Gecko; compatible; ClaudeBot/1.0; +claudebot@anthropic.com)" floresyfloressincelejo.com 10.53.129.184
57.141.22.32 - - [30/Aug/2026:07:33:59 -0500] "GET /details/676261637060627213802 HTTP/2.0" 404 27218 "-" "Mozilla/5.0 (Macintosh; Intel Mac OS X 10_15_7) AppleWebKit/537.36 (KHTML, like Gecko) Chrome/145.0.0.0 Safari/537.36 (compatible; meta-externalagent/1.1 (+https://developers.facebook.com/docs/sharing/webmasters/crawler))" floresyfloressincelejo.com 10.53.129.184
47.79.13.131 - - [30/Aug/2026:07:34:01 -0500] "GET /?p=510 HTTP/1.1" 301 - "https://floresyfloressincelejo.com/" "Mozilla/5.0 (Windows NT 10.0; Win64; x64) AppleWebKit/537.36 (KHTML, like Gecko) Chrome/135.0.0.0 Safari/537.36 Edg/135.0.0.0" floresyfloressincelejo.com 10.53.129.184
69.6.233.64 - - [30/Aug/2026:07:34:06 -0500] "POST /wp-cron.php?doing_wp_cron=1788093246.4623770713806152343750 HTTP/1.1" 200 - "-" "WordPress/7.1; https://floresyfloressincelejo.com" floresyfloressincelejo.com 10.53.129.184
47.79.13.131 - - [30/Aug/2026:07:34:08 -0500] "GET /casino-samsung-con-bono/ HTTP/1.1" 200 762 "https://floresyfloressincelejo.com/" "Mozilla/5.0 (Windows NT 10.0; Win64; x64) AppleWebKit/537.36 (KHTML, like Gecko) Chrome/135.0.0.0 Safari/537.36 Edg/135.0.0.0" floresyfloressincelejo.com 10.53.129.184
57.141.22.36 - - [30/Aug/2026:07:34:10 -0500] "GET /details/647162636267614923271 HTTP/2.0" 404 27215 "-" "Mozilla/5.0 (Windows NT 10.0; Win64; x64) AppleWebKit/537.36 (KHTML, like Gecko) Chrome/145.0.0.0 Safari/537.36 (compatible; meta-externalagent/1.1 (+https://developers.facebook.com/docs/sharing/webmasters/crawler))" floresyfloressincelejo.com 10.53.129.184
74.7.242.57 - - [30/Aug/2026:07:34:10 -0500] "GET /details/656466636771635463793 HTTP/2.0" 404 27219 "https://floresyfloressincelejo.com/sitemap-1.xml" "Mozilla/5.0 AppleWebKit/537.36 (KHTML, like Gecko; compatible; GPTBot/1.4; +https://openai.com/gptbot)" floresyfloressincelejo.com 10.53.129.184
216.73.217.1 - - [30/Aug/2026:07:34:13 -0500] "GET /details/666171706464626198442 HTTP/2.0" 404 27217 "-" "Mozilla/5.0 AppleWebKit/537.36 (KHTML, like Gecko; compatible; ClaudeBot/1.0; +claudebot@anthropic.com)" floresyfloressincelejo.com 10.53.129.184
216.73.217.1 - - [30/Aug/2026:07:34:21 -0500] "GET /sitemap-4.xml HTTP/2.0" 200 27514 "-" "Mozilla/5.0 AppleWebKit/537.36 (KHTML, like Gecko; compatible; ClaudeBot/1.0; +claudebot@anthropic.com)" floresyfloressincelejo.com 10.53.129.184
57.141.22.0 - - [30/Aug/2026:07:34:22 -0500] "GET /details/657064616165715841159 HTTP/2.0" 404 27217 "-" "Mozilla/5.0 (Windows NT 10.0; Win64; x64) AppleWebKit/537.36 (KHTML, like Gecko) Chrome/145.0.0.0 Safari/537.36 (compatible; meta-externalagent/1.1 (+https://developers.facebook.com/docs/sharing/webmasters/crawler))" floresyfloressincelejo.com 10.53.129.184
74.7.242.57 - - [30/Aug/2026:07:34:30 -0500] "GET /details/637164676661613947611 HTTP/2.0" 404 27217 "https://floresyfloressincelejo.com/sitemap-9.xml" "Mozilla/5.0 AppleWebKit/537.36 (KHTML, like Gecko; compatible; GPTBot/1.4; +https://openai.com/gptbot)" floresyfloressincelejo.com 10.53.129.184
57.141.22.0 - - [30/Aug/2026:07:34:33 -0500] "GET /details/646161656560704115508 HTTP/2.0" 404 27215 "-" "Mozilla/5.0 (Macintosh; Intel Mac OS X 10_15_7) AppleWebKit/537.36 (KHTML, like Gecko) Chrome/145.0.0.0 Safari/537.36 (compatible; meta-externalagent/1.1 (+https://developers.facebook.com/docs/sharing/webmasters/crawler))" floresyfloressincelejo.com 10.53.129.184
57.141.22.37 - - [30/Aug/2026:07:34:45 -0500] "GET /details/657162616064615921041 HTTP/2.0" 404 27217 "-" "Mozilla/5.0 (Windows NT 10.0; Win64; x64) AppleWebKit/537.36 (KHTML, like Gecko) Chrome/145.0.0.0 Safari/537.36 (compatible; meta-externalagent/1.1 (+https://developers.facebook.com/docs/sharing/webmasters/crawler))" floresyfloressincelejo.com 10.53.129.184
216.73.217.1 - - [30/Aug/2026:07:34:45 -0500] "GET /details/656371716162675399127 HTTP/2.0" 404 27217 "-" "Mozilla/5.0 AppleWebKit/537.36 (KHTML, like Gecko; compatible; ClaudeBot/1.0; +claudebot@anthropic.com)" floresyfloressincelejo.com 10.53.129.184
57.141.0.10 - - [30/Aug/2026:07:34:55 -0500] "GET / HTTP/2.0" 200 58175 "-" "facebookexternalhit/1.1 (+http://www.facebook.com/externalhit_uatext.php)" floresyfloressincelejo.com 10.53.129.184
74.7.242.57 - - [30/Aug/2026:07:34:50 -0500] "GET /details/666764626471606742490 HTTP/2.0" 404 27217 "https://floresyfloressincelejo.com/sitemap-6.xml" "Mozilla/5.0 AppleWebKit/537.36 (KHTML, like Gecko; compatible; GPTBot/1.4; +https://openai.com/gptbot)" floresyfloressincelejo.com 10.53.129.184
57.141.22.91 - - [30/Aug/2026:07:34:56 -0500] "GET /details/666571636262666593226 HTTP/2.0" 404 27216 "-" "Mozilla/5.0 (Windows NT 10.0; Win64; x64) AppleWebKit/537.36 (KHTML, like Gecko) Chrome/145.0.0.0 Safari/537.36 (compatible; meta-externalagent/1.1 (+https://developers.facebook.com/docs/sharing/webmasters/crawler))" floresyfloressincelejo.com 10.53.129.184
69.6.233.64 - - [30/Aug/2026:07:35:05 -0500] "POST /wp-cron.php?doing_wp_cron=1788093305.4415121078491210937500 HTTP/1.1" 200 - "-" "WordPress/7.1; https://floresyfloressincelejo.com" floresyfloressincelejo.com 10.53.129.184
57.141.22.10 - - [30/Aug/2026:07:35:07 -0500] "GET /details/666366656060606365000 HTTP/2.0" 404 27214 "-" "Mozilla/5.0 (Windows NT 10.0; Win64; x64) AppleWebKit/537.36 (KHTML, like Gecko) Chrome/145.0.0.0 Safari/537.36 (compatible; meta-externalagent/1.1 (+https://developers.facebook.com/docs/sharing/webmasters/crawler))" floresyfloressincelejo.com 10.53.129.184
216.73.217.1 - - [30/Aug/2026:07:35:08 -0500] "GET /details/656161677171675117997 HTTP/2.0" 404 27216 "-" "Mozilla/5.0 AppleWebKit/537.36 (KHTML, like Gecko; compatible; ClaudeBot/1.0; +claudebot@anthropic.com)" floresyfloressincelejo.com 10.53.129.184
74.7.242.57 - - [30/Aug/2026:07:35:10 -0500] "GET /details/676166647063637164833 HTTP/2.0" 404 27218 "https://floresyfloressincelejo.com/sitemap-6.xml" "Mozilla/5.0 AppleWebKit/537.36 (KHTML, like Gecko; compatible; GPTBot/1.4; +https://openai.com/gptbot)" floresyfloressincelejo.com 10.53.129.184
216.73.217.1 - - [30/Aug/2026:07:35:16 -0500] "GET /details/656666666663705666638 HTTP/2.0" 404 27210 "-" "Mozilla/5.0 AppleWebKit/537.36 (KHTML, like Gecko; compatible; ClaudeBot/1.0; +claudebot@anthropic.com)" floresyfloressincelejo.com 10.53.129.184
134.209.147.207 - - [30/Aug/2026:07:35:26 -0500] "GET /wp-login.php HTTP/2.0" 409 83 "-" "134.209.147.207" floresyfloressincelejo.com 10.53.129.184
134.209.147.207 - - [30/Aug/2026:07:35:27 -0500] "POST /wp-login.php HTTP/2.0" 409 83 "https://floresyfloressincelejo.com/wp-login.php" "134.209.147.207" floresyfloressincelejo.com 10.53.129.184
57.141.22.89 - - [30/Aug/2026:07:35:19 -0500] "GET /details/646667676071704677098 HTTP/2.0" 404 27217 "-" "Mozilla/5.0 (Macintosh; Intel Mac OS X 10_15_7) AppleWebKit/537.36 (KHTML, like Gecko) Chrome/145.0.0.0 Safari/537.36 (compatible; meta-externalagent/1.1 (+https://developers.facebook.com/docs/sharing/webmasters/crawler))" floresyfloressincelejo.com 10.53.129.184
74.7.242.57 - - [30/Aug/2026:07:35:30 -0500] "GET /details/676066616564607061540 HTTP/2.0" 404 27218 "https://floresyfloressincelejo.com/sitemap-6.xml" "Mozilla/5.0 AppleWebKit/537.36 (KHTML, like Gecko; compatible; GPTBot/1.4; +https://openai.com/gptbot)" floresyfloressincelejo.com 10.53.129.184
57.141.22.21 - - [30/Aug/2026:07:35:31 -0500] "GET /details/667070636570636883583 HTTP/2.0" 404 27216 "-" "Mozilla/5.0 (Macintosh; Intel Mac OS X 10_15_7) AppleWebKit/537.36 (KHTML, like Gecko) Chrome/145.0.0.0 Safari/537.36 (compatible; meta-externalagent/1.1 (+https://developers.facebook.com/docs/sharing/webmasters/crawler))" floresyfloressincelejo.com 10.53.129.184
216.73.217.1 - - [30/Aug/2026:07:35:36 -0500] "GET /details/647062636566674823567 HTTP/2.0" 404 - "-" "Mozilla/5.0 AppleWebKit/537.36 (KHTML, like Gecko; compatible; ClaudeBot/1.0; +claudebot@anthropic.com)" floresyfloressincelejo.com 10.53.129.184
57.141.22.107 - - [30/Aug/2026:07:35:42 -0500] "GET /details/636467706460703478408 HTTP/2.0" 404 27216 "-" "Mozilla/5.0 (Windows NT 10.0; Win64; x64) AppleWebKit/537.36 (KHTML, like Gecko) Chrome/145.0.0.0 Safari/537.36 (compatible; meta-externalagent/1.1 (+https://developers.facebook.com/docs/sharing/webmasters/crawler))" floresyfloressincelejo.com 10.53.129.184
74.7.242.57 - - [30/Aug/2026:07:35:50 -0500] "GET /details/637070606366653880365 HTTP/2.0" 404 27218 "https://floresyfloressincelejo.com/sitemap-17.xml" "Mozilla/5.0 AppleWebKit/537.36 (KHTML, like Gecko; compatible; GPTBot/1.4; +https://openai.com/gptbot)" floresyfloressincelejo.com 10.53.129.184
57.141.22.23 - - [30/Aug/2026:07:35:53 -0500] "GET /details/637163627171673932997 HTTP/2.0" 404 27216 "-" "Mozilla/5.0 (Windows NT 10.0; Win64; x64) AppleWebKit/537.36 (KHTML, like Gecko) Chrome/145.0.0.0 Safari/537.36 (compatible; meta-externalagent/1.1 (+https://developers.facebook.com/docs/sharing/webmasters/crawler))" floresyfloressincelejo.com 10.53.129.184
216.73.217.1 - - [30/Aug/2026:07:35:59 -0500] "GET /details/656560626363705502338 HTTP/2.0" 404 27216 "-" "Mozilla/5.0 AppleWebKit/537.36 (KHTML, like Gecko; compatible; ClaudeBot/1.0; +claudebot@anthropic.com)" floresyfloressincelejo.com 10.53.129.184
57.141.22.18 - - [30/Aug/2026:07:36:05 -0500] "GET /details/666565626165646552154 HTTP/2.0" 404 27216 "-" "Mozilla/5.0 (Windows NT 10.0; Win64; x64) AppleWebKit/537.36 (KHTML, like Gecko) Chrome/145.0.0.0 Safari/537.36 (compatible; meta-externalagent/1.1 (+https://developers.facebook.com/docs/sharing/webmasters/crawler))" floresyfloressincelejo.com 10.53.129.184
216.73.217.1 - - [30/Aug/2026:07:36:06 -0500] "GET /details/646767656466714775469 HTTP/2.0" 404 27217 "-" "Mozilla/5.0 AppleWebKit/537.36 (KHTML, like Gecko; compatible; ClaudeBot/1.0; +claudebot@anthropic.com)" floresyfloressincelejo.com 10.53.129.184
69.6.233.64 - - [30/Aug/2026:07:36:08 -0500] "POST /wp-cron.php?doing_wp_cron=1788093368.0351250171661376953125 HTTP/1.1" 200 - "-" "WordPress/7.1; https://floresyfloressincelejo.com" floresyfloressincelejo.com 10.53.129.184
74.7.242.57 - - [30/Aug/2026:07:36:10 -0500] "GET /details/647070666260604886200 HTTP/2.0" 404 27218 "https://floresyfloressincelejo.com/sitemap-4.xml" "Mozilla/5.0 AppleWebKit/537.36 (KHTML, like Gecko; compatible; GPTBot/1.4; +https://openai.com/gptbot)" floresyfloressincelejo.com 10.53.129.184
57.141.22.126 - - [30/Aug/2026:07:36:16 -0500] "GET /details/656670606562675680527 HTTP/2.0" 404 27217 "-" "Mozilla/5.0 (Windows NT 10.0; Win64; x64) AppleWebKit/537.36 (KHTML, like Gecko) Chrome/145.0.0.0 Safari/537.36 (compatible; meta-externalagent/1.1 (+https://developers.facebook.com/docs/sharing/webmasters/crawler))" floresyfloressincelejo.com 10.53.129.184
216.73.217.1 - - [30/Aug/2026:07:36:26 -0500] "GET /details/656060716761655009715 HTTP/2.0" 404 27218 "-" "Mozilla/5.0 AppleWebKit/537.36 (KHTML, like Gecko; compatible; ClaudeBot/1.0; +claudebot@anthropic.com)" floresyfloressincelejo.com 10.53.129.184
57.141.22.37 - - [30/Aug/2026:07:36:27 -0500] "GET /details/656567666663645576634 HTTP/2.0" 404 27215 "-" "Mozilla/5.0 (Macintosh; Intel Mac OS X 10_15_7) AppleWebKit/537.36 (KHTML, like Gecko) Chrome/145.0.0.0 Safari/537.36 (compatible; meta-externalagent/1.1 (+https://developers.facebook.com/docs/sharing/webmasters/crawler))" floresyfloressincelejo.com 10.53.129.184
57.141.14.113 - - [30/Aug/2026:07:36:32 -0500] "GET / HTTP/2.0" 200 58175 "-" "facebookexternalhit/1.1 (+http://www.facebook.com/externalhit_uatext.php)" floresyfloressincelejo.com 10.53.129.184
74.7.242.57 - - [30/Aug/2026:07:36:30 -0500] "GET /details/666164676071706147098 HTTP/2.0" 404 27218 "https://floresyfloressincelejo.com/sitemap-8.xml" "Mozilla/5.0 AppleWebKit/537.36 (KHTML, like Gecko; compatible; GPTBot/1.4; +https://openai.com/gptbot)" floresyfloressincelejo.com 10.53.129.184
216.73.217.1 - - [30/Aug/2026:07:36:32 -0500] "GET /details/646764716160604749100 HTTP/2.0" 404 27218 "-" "Mozilla/5.0 AppleWebKit/537.36 (KHTML, like Gecko; compatible; ClaudeBot/1.0; +claudebot@anthropic.com)" floresyfloressincelejo.com 10.53.129.184
57.141.22.32 - - [30/Aug/2026:07:36:39 -0500] "GET /details/636464606065663440056 HTTP/2.0" 404 27216 "-" "Mozilla/5.0 (Windows NT 10.0; Win64; x64) AppleWebKit/537.36 (KHTML, like Gecko) Chrome/145.0.0.0 Safari/537.36 (compatible; meta-externalagent/1.1 (+https://developers.facebook.com/docs/sharing/webmasters/crawler))" floresyfloressincelejo.com 10.53.129.184
74.7.242.57 - - [30/Aug/2026:07:36:50 -0500] "GET /details/636561607066613510861 HTTP/2.0" 404 27217 "https://floresyfloressincelejo.com/sitemap-8.xml" "Mozilla/5.0 AppleWebKit/537.36 (KHTML, like Gecko; compatible; GPTBot/1.4; +https://openai.com/gptbot)" floresyfloressincelejo.com 10.53.129.184
57.141.22.29 - - [30/Aug/2026:07:36:51 -0500] "GET /details/636565626667623552672 HTTP/2.0" 404 27217 "-" "Mozilla/5.0 (Windows NT 10.0; Win64; x64) AppleWebKit/537.36 (KHTML, like Gecko) Chrome/145.0.0.0 Safari/537.36 Edg/145.0.0.0 (compatible; meta-externalagent/1.1 (+https://developers.facebook.com/docs/sharing/webmasters/crawler))" floresyfloressincelejo.com 10.53.129.184
216.73.217.1 - - [30/Aug/2026:07:36:55 -0500] "GET /details/666564646360646544304 HTTP/2.0" 404 - "-" "Mozilla/5.0 AppleWebKit/537.36 (KHTML, like Gecko; compatible; ClaudeBot/1.0; +claudebot@anthropic.com)" floresyfloressincelejo.com 10.53.129.184
216.73.217.1 - - [30/Aug/2026:07:37:03 -0500] "GET /details/666570676661716587619 HTTP/2.0" 404 27217 "-" "Mozilla/5.0 AppleWebKit/537.36 (KHTML, like Gecko; compatible; ClaudeBot/1.0; +claudebot@anthropic.com)" floresyfloressincelejo.com 10.53.129.184
69.6.233.64 - - [30/Aug/2026:07:37:05 -0500] "POST /wp-cron.php?doing_wp_cron=1788093425.6378378868103027343750 HTTP/1.1" 200 - "-" "WordPress/7.1; https://floresyfloressincelejo.com" floresyfloressincelejo.com 10.53.129.184
74.7.242.57 - - [30/Aug/2026:07:37:10 -0500] "GET /details/656360637166675303967 HTTP/2.0" 404 27218 "https://floresyfloressincelejo.com/sitemap.xml" "Mozilla/5.0 AppleWebKit/537.36 (KHTML, like Gecko; compatible; GPTBot/1.4; +https://openai.com/gptbot)" floresyfloressincelejo.com 10.53.129.184
57.141.22.100 - - [30/Aug/2026:07:37:13 -0500] "GET /details/656764656163635745133 HTTP/2.0" 404 27217 "-" "Mozilla/5.0 (X11; Linux x86_64) AppleWebKit/537.36 (KHTML, like Gecko) Chrome/145.0.0.0 Safari/537.36 (compatible; meta-externalagent/1.1 (+https://developers.facebook.com/docs/sharing/webmasters/crawler))" floresyfloressincelejo.com 10.53.129.184
216.73.217.1 - - [30/Aug/2026:07:37:23 -0500] "GET /sitemap-5.xml HTTP/2.0" 200 27512 "-" "Mozilla/5.0 AppleWebKit/537.36 (KHTML, like Gecko; compatible; ClaudeBot/1.0; +claudebot@anthropic.com)" floresyfloressincelejo.com 10.53.129.184
57.141.22.0 - - [30/Aug/2026:07:37:25 -0500] "GET /details/666362717170716329989 HTTP/2.0" 404 27216 "-" "Mozilla/5.0 (Macintosh; Intel Mac OS X 10_15_7) AppleWebKit/537.36 (KHTML, like Gecko) Chrome/145.0.0.0 Safari/537.36 (compatible; meta-externalagent/1.1 (+https://developers.facebook.com/docs/sharing/webmasters/crawler))" floresyfloressincelejo.com 10.53.129.184
74.7.242.57 - - [30/Aug/2026:07:37:30 -0500] "GET /details/666067716567636079573 HTTP/2.0" 404 27218 "https://floresyfloressincelejo.com/sitemap-3.xml" "Mozilla/5.0 AppleWebKit/537.36 (KHTML, like Gecko; compatible; GPTBot/1.4; +https://openai.com/gptbot)" floresyfloressincelejo.com 10.53.129.184
57.141.22.89 - - [30/Aug/2026:07:37:36 -0500] "GET /details/646671706264614698241 HTTP/2.0" 404 27217 "-" "Mozilla/5.0 (Macintosh; Intel Mac OS X 10_15_7) AppleWebKit/537.36 (KHTML, like Gecko) Chrome/145.0.0.0 Safari/537.36 (compatible; meta-externalagent/1.1 (+https://developers.facebook.com/docs/sharing/webmasters/crawler))" floresyfloressincelejo.com 10.53.129.184
216.73.217.1 - - [30/Aug/2026:07:37:40 -0500] "GET /details/637163716667613939671 HTTP/2.0" 404 27215 "-" "Mozilla/5.0 AppleWebKit/537.36 (KHTML, like Gecko; compatible; ClaudeBot/1.0; +claudebot@anthropic.com)" floresyfloressincelejo.com 10.53.129.184
216.73.217.1 - - [30/Aug/2026:07:37:46 -0500] "GET /details/636666716260703669208 HTTP/2.0" 404 27215 "-" "Mozilla/5.0 AppleWebKit/537.36 (KHTML, like Gecko; compatible; ClaudeBot/1.0; +claudebot@anthropic.com)" floresyfloressincelejo.com 10.53.129.184
66.249.65.7 - - [30/Aug/2026:07:37:48 -0500] "GET /details/646771676062714797029 HTTP/1.1" 200 47421 "-" "Mozilla/5.0 (compatible; Googlebot/2.1; +http://www.google.com/bot.html)" floresyfloressincelejo.com 10.53.129.184
57.141.22.111 - - [30/Aug/2026:07:37:48 -0500] "GET /details/646163676362644137324 HTTP/2.0" 404 27217 "-" "Mozilla/5.0 (Macintosh; Intel Mac OS X 10_15_7) AppleWebKit/537.36 (KHTML, like Gecko) Chrome/145.0.0.0 Safari/537.36 (compatible; meta-externalagent/1.1 (+https://developers.facebook.com/docs/sharing/webmasters/crawler))" floresyfloressincelejo.com 10.53.129.184
74.7.242.57 - - [30/Aug/2026:07:37:50 -0500] "GET /details/666164636271676143297 HTTP/2.0" 404 27218 "https://floresyfloressincelejo.com/sitemap-12.xml" "Mozilla/5.0 AppleWebKit/537.36 (KHTML, like Gecko; compatible; GPTBot/1.4; +https://openai.com/gptbot)" floresyfloressincelejo.com 10.53.129.184
57.141.22.43 - - [30/Aug/2026:07:37:59 -0500] "GET /details/676071667062627096822 HTTP/2.0" 404 27218 "-" "Mozilla/5.0 (Macintosh; Intel Mac OS X 10_15_7) AppleWebKit/537.36 (KHTML, like Gecko) Chrome/145.0.0.0 Safari/537.36 (compatible; meta-externalagent/1.1 (+https://developers.facebook.com/docs/sharing/webmasters/crawler))" floresyfloressincelejo.com 10.53.129.184
216.73.217.1 - - [30/Aug/2026:07:38:06 -0500] "GET /details/636671656164623695142 HTTP/2.0" 404 27218 "-" "Mozilla/5.0 AppleWebKit/537.36 (KHTML, like Gecko; compatible; ClaudeBot/1.0; +claudebot@anthropic.com)" floresyfloressincelejo.com 10.53.129.184
69.6.233.64 - - [30/Aug/2026:07:38:06 -0500] "POST /wp-cron.php?doing_wp_cron=1788093486.7070109844207763671875 HTTP/1.1" 200 - "-" "WordPress/7.1; https://floresyfloressincelejo.com" floresyfloressincelejo.com 10.53.129.184
74.7.242.57 - - [30/Aug/2026:07:38:10 -0500] "GET /details/666470636164606483140 HTTP/2.0" 404 27218 "https://floresyfloressincelejo.com/sitemap-9.xml" "Mozilla/5.0 AppleWebKit/537.36 (KHTML, like Gecko; compatible; GPTBot/1.4; +https://openai.com/gptbot)" floresyfloressincelejo.com 10.53.129.184
57.141.22.115 - - [30/Aug/2026:07:38:11 -0500] "GET /details/666661636261656613215 HTTP/2.0" 404 27214 "-" "Mozilla/5.0 (Windows NT 10.0; Win64; x64) AppleWebKit/537.36 (KHTML, like Gecko) Chrome/145.0.0.0 Safari/537.36 (compatible; meta-externalagent/1.1 (+https://developers.facebook.com/docs/sharing/webmasters/crawler))" floresyfloressincelejo.com 10.53.129.184
57.141.22.90 - - [30/Aug/2026:07:38:21 -0500] "GET /details/646563656171614535191 HTTP/2.0" 404 27216 "-" "Mozilla/5.0 (Windows NT 10.0; Win64; x64) AppleWebKit/537.36 (KHTML, like Gecko) Chrome/145.0.0.0 Safari/537.36 (compatible; meta-externalagent/1.1 (+https://developers.facebook.com/docs/sharing/webmasters/crawler))" floresyfloressincelejo.com 10.53.129.184
216.73.217.1 - - [30/Aug/2026:07:38:21 -0500] "GET /details/656267666162705276128 HTTP/2.0" 404 27217 "-" "Mozilla/5.0 AppleWebKit/537.36 (KHTML, like Gecko; compatible; ClaudeBot/1.0; +claudebot@anthropic.com)" floresyfloressincelejo.com 10.53.129.184
74.7.242.57 - - [30/Aug/2026:07:38:30 -0500] "GET /details/656066627167675062977 HTTP/2.0" 404 27219 "https://floresyfloressincelejo.com/sitemap-5.xml" "Mozilla/5.0 AppleWebKit/537.36 (KHTML, like Gecko; compatible; GPTBot/1.4; +https://openai.com/gptbot)" floresyfloressincelejo.com 10.53.129.184
57.141.22.25 - - [30/Aug/2026:07:38:33 -0500] "GET /details/666267666667616276671 HTTP/2.0" 404 27215 "-" "Mozilla/5.0 (Windows NT 10.0; Win64; x64) AppleWebKit/537.36 (KHTML, like Gecko) Chrome/145.0.0.0 Safari/537.36 (compatible; meta-externalagent/1.1 (+https://developers.facebook.com/docs/sharing/webmasters/crawler))" floresyfloressincelejo.com 10.53.129.184
57.141.22.6 - - [30/Aug/2026:07:38:44 -0500] "GET /details/646361656262614315221 HTTP/2.0" 404 27216 "-" "Mozilla/5.0 (Windows NT 10.0; Win64; x64) AppleWebKit/537.36 (KHTML, like Gecko) Chrome/145.0.0.0 Safari/537.36 (compatible; meta-externalagent/1.1 (+https://developers.facebook.com/docs/sharing/webmasters/crawler))" floresyfloressincelejo.com 10.53.129.184
216.73.217.1 - - [30/Aug/2026:07:38:44 -0500] "GET /details/646471617063634491833 HTTP/2.0" 404 - "-" "Mozilla/5.0 AppleWebKit/537.36 (KHTML, like Gecko; compatible; ClaudeBot/1.0; +claudebot@anthropic.com)" floresyfloressincelejo.com 10.53.129.184
74.7.242.57 - - [30/Aug/2026:07:38:50 -0500] "GET /details/646471716166624499162 HTTP/2.0" 404 27217 "https://floresyfloressincelejo.com/sitemap-7.xml" "Mozilla/5.0 AppleWebKit/537.36 (KHTML, like Gecko; compatible; GPTBot/1.4; +https://openai.com/gptbot)" floresyfloressincelejo.com 10.53.129.184
216.73.217.1 - - [30/Aug/2026:07:38:52 -0500] "GET /details/657166706063645968034 HTTP/2.0" 404 - "-" "Mozilla/5.0 AppleWebKit/537.36 (KHTML, like Gecko; compatible; ClaudeBot/1.0; +claudebot@anthropic.com)" floresyfloressincelejo.com 10.53.129.184
157.230.216.10 - - [30/Aug/2026:07:39:07 -0500] "GET /wp-content/uploads/2025/09/15-300x300.png HTTP/1.1" 200 64022 "https://floresyfloressincelejo.com/" "Mozilla/5.0 (Windows NT 10.0; Win64; x64) AppleWebKit/537.36 (KHTML, like Gecko) Chrome/124.0.0.0 Safari/537.36" floresyfloressincelejo.com 10.53.129.184
57.141.22.100 - - [30/Aug/2026:07:38:56 -0500] "GET /details/656166676366715167369 HTTP/2.0" 404 27217 "-" "Mozilla/5.0 (X11; Linux x86_64) AppleWebKit/537.36 (KHTML, like Gecko) Chrome/145.0.0.0 Safari/537.36 (compatible; meta-externalagent/1.1 (+https://developers.facebook.com/docs/sharing/webmasters/crawler))" floresyfloressincelejo.com 10.53.129.184
57.141.20.49 - - [30/Aug/2026:07:39:21 -0500] "GET / HTTP/2.0" 200 58175 "-" "facebookexternalhit/1.1 (+http://www.facebook.com/externalhit_uatext.php)" floresyfloressincelejo.com 10.53.129.184
