57.141.22.100 - - [30/Aug/2026:11:02:19 -0500] "GET /details/666361616570636311583 HTTP/2.0" 404 27216 "-" "Mozilla/5.0 (Macintosh; Intel Mac OS X 10_15_7) AppleWebKit/537.36 (KHTML, like Gecko) Chrome/145.0.0.0 Safari/537.36 (compatible; meta-externalagent/1.1 (+https://developers.facebook.com/docs/sharing/webmasters/crawler))" floresyfloressincelejo.com 10.53.129.184
216.73.217.1 - - [30/Aug/2026:11:02:27 -0500] "GET /details/637164716562623949522 HTTP/2.0" 404 27217 "-" "Mozilla/5.0 AppleWebKit/537.36 (KHTML, like Gecko; compatible; ClaudeBot/1.0; +claudebot@anthropic.com)" floresyfloressincelejo.com 10.53.129.184
57.141.22.92 - - [30/Aug/2026:11:02:28 -0500] "GET /unhealthfulxvh.xml HTTP/2.0" 200 27558 "-" "Mozilla/5.0 (X11; Linux x86_64) AppleWebKit/537.36 (KHTML, like Gecko) Chrome/145.0.0.0 Safari/537.36 (compatible; meta-externalagent/1.1 (+https://developers.facebook.com/docs/sharing/webmasters/crawler))" floresyfloressincelejo.com 10.53.129.184
216.73.217.1 - - [30/Aug/2026:11:02:30 -0500] "GET /details/646567607061614570811 HTTP/2.0" 404 27218 "-" "Mozilla/5.0 AppleWebKit/537.36 (KHTML, like Gecko; compatible; ClaudeBot/1.0; +claudebot@anthropic.com)" floresyfloressincelejo.com 10.53.129.184
66.249.65.7 - - [30/Aug/2026:11:02:32 -0500] "GET /ganancia-de-casino/ HTTP/1.1" 200 47686 "-" "Mozilla/5.0 (Linux; Android 6.0.1; Nexus 5X Build/MMB29P) AppleWebKit/537.36 (KHTML, like Gecko) Chrome/151.0.7922.173 Mobile Safari/537.36 (compatible; Googlebot/2.1; +http://www.google.com/bot.html)" floresyfloressincelejo.com 10.53.129.184
74.7.242.57 - - [30/Aug/2026:11:02:34 -0500] "GET /details/657164616270645941284 HTTP/2.0" 404 27218 "https://floresyfloressincelejo.com/sitemap.xml" "Mozilla/5.0 AppleWebKit/537.36 (KHTML, like Gecko; compatible; GPTBot/1.4; +https://openai.com/gptbot)" floresyfloressincelejo.com 10.53.129.184
57.141.22.115 - - [30/Aug/2026:11:02:38 -0500] "GET /details/656463707070675438887 HTTP/2.0" 404 27216 "-" "Mozilla/5.0 (Macintosh; Intel Mac OS X 10_15_7) AppleWebKit/537.36 (KHTML, like Gecko) Chrome/145.0.0.0 Safari/537.36 (compatible; meta-externalagent/1.1 (+https://developers.facebook.com/docs/sharing/webmasters/crawler))" floresyfloressincelejo.com 10.53.129.184
43.130.74.193 - - [30/Aug/2026:11:02:39 -0500] "GET / HTTP/1.1" 200 58173 "http://floresyfloressincelejo.com" "Mozilla/5.0 (iPhone; CPU iPhone OS 13_2_3 like Mac OS X) AppleWebKit/605.1.15 (KHTML, like Gecko) Version/13.0.3 Mobile/15E148 Safari/604.1" floresyfloressincelejo.com 10.53.129.184
216.73.217.1 - - [30/Aug/2026:11:02:39 -0500] "GET /details/656166656071665165096 HTTP/2.0" 404 27216 "-" "Mozilla/5.0 AppleWebKit/537.36 (KHTML, like Gecko; compatible; ClaudeBot/1.0; +claudebot@anthropic.com)" floresyfloressincelejo.com 10.53.129.184
57.141.22.34 - - [30/Aug/2026:11:02:46 -0500] "GET /details/666765657170636755983 HTTP/2.0" 404 27219 "-" "Mozilla/5.0 (Macintosh; Intel Mac OS X 10_15_7) AppleWebKit/537.36 (KHTML, like Gecko) Chrome/145.0.0.0 Safari/537.36 (compatible; meta-externalagent/1.1 (+https://developers.facebook.com/docs/sharing/webmasters/crawler))" floresyfloressincelejo.com 10.53.129.184
216.73.217.1 - - [30/Aug/2026:11:02:48 -0500] "GET /details/656764707062655748825 HTTP/2.0" 404 27219 "-" "Mozilla/5.0 AppleWebKit/537.36 (KHTML, like Gecko; compatible; ClaudeBot/1.0; +claudebot@anthropic.com)" floresyfloressincelejo.com 10.53.129.184
74.7.242.57 - - [30/Aug/2026:11:02:54 -0500] "GET /details/657060627071615802891 HTTP/2.0" 404 27217 "https://floresyfloressincelejo.com/sitemap-12.xml" "Mozilla/5.0 AppleWebKit/537.36 (KHTML, like Gecko; compatible; GPTBot/1.4; +https://openai.com/gptbot)" floresyfloressincelejo.com 10.53.129.184
57.141.22.115 - - [30/Aug/2026:11:02:55 -0500] "GET /details/646263716267714239279 HTTP/2.0" 404 27216 "-" "Mozilla/5.0 (Windows NT 10.0; Win64; x64) AppleWebKit/537.36 (KHTML, like Gecko) Chrome/145.0.0.0 Safari/537.36 (compatible; meta-externalagent/1.1 (+https://developers.facebook.com/docs/sharing/webmasters/crawler))" floresyfloressincelejo.com 10.53.129.184
216.73.217.1 - - [30/Aug/2026:11:02:57 -0500] "GET /details/647071636367634893373 HTTP/2.0" 404 27217 "-" "Mozilla/5.0 AppleWebKit/537.36 (KHTML, like Gecko; compatible; ClaudeBot/1.0; +claudebot@anthropic.com)" floresyfloressincelejo.com 10.53.129.184
216.73.217.1 - - [30/Aug/2026:11:03:01 -0500] "GET /details/647064626471624842492 HTTP/2.0" 404 27216 "-" "Mozilla/5.0 AppleWebKit/537.36 (KHTML, like Gecko; compatible; ClaudeBot/1.0; +claudebot@anthropic.com)" floresyfloressincelejo.com 10.53.129.184
57.141.24.121 - - [30/Aug/2026:11:03:05 -0500] "GET / HTTP/2.0" 200 58173 "-" "facebookexternalhit/1.1 (+http://www.facebook.com/externalhit_uatext.php)" floresyfloressincelejo.com 10.53.129.184
69.6.233.64 - - [30/Aug/2026:11:03:06 -0500] "POST /wp-cron.php?doing_wp_cron=1788105786.9793500900268554687500 HTTP/1.1" 200 - "-" "WordPress/7.1; https://floresyfloressincelejo.com" floresyfloressincelejo.com 10.53.129.184
57.141.22.0 - - [30/Aug/2026:11:03:04 -0500] "GET /details/656266656167715265179 HTTP/2.0" 404 27217 "-" "Mozilla/5.0 (Macintosh; Intel Mac OS X 10_15_7) AppleWebKit/537.36 (KHTML, like Gecko) Chrome/145.0.0.0 Safari/537.36 (compatible; meta-externalagent/1.1 (+https://developers.facebook.com/docs/sharing/webmasters/crawler))" floresyfloressincelejo.com 10.53.129.184
216.73.217.1 - - [30/Aug/2026:11:03:10 -0500] "GET /details/636470646363703484338 HTTP/2.0" 404 27216 "-" "Mozilla/5.0 AppleWebKit/537.36 (KHTML, like Gecko; compatible; ClaudeBot/1.0; +claudebot@anthropic.com)" floresyfloressincelejo.com 10.53.129.184
57.141.22.15 - - [30/Aug/2026:11:03:12 -0500] "GET /details/667065616763706851738 HTTP/2.0" 404 27217 "-" "Mozilla/5.0 (Windows NT 10.0; Win64; x64) AppleWebKit/537.36 (KHTML, like Gecko) Chrome/145.0.0.0 Safari/537.36 (compatible; meta-externalagent/1.1 (+https://developers.facebook.com/docs/sharing/webmasters/crawler))" floresyfloressincelejo.com 10.53.129.184
74.7.242.57 - - [30/Aug/2026:11:03:14 -0500] "GET /details/656764626570715742589 HTTP/2.0" 404 27219 "https://floresyfloressincelejo.com/sitemap-3.xml" "Mozilla/5.0 AppleWebKit/537.36 (KHTML, like Gecko; compatible; GPTBot/1.4; +https://openai.com/gptbot)" floresyfloressincelejo.com 10.53.129.184
216.73.217.1 - - [30/Aug/2026:11:03:19 -0500] "GET /details/656166646070625164082 HTTP/2.0" 404 27218 "-" "Mozilla/5.0 AppleWebKit/537.36 (KHTML, like Gecko; compatible; ClaudeBot/1.0; +claudebot@anthropic.com)" floresyfloressincelejo.com 10.53.129.184
57.141.22.22 - - [30/Aug/2026:11:03:21 -0500] "GET /details/666267656666646275664 HTTP/2.0" 404 27216 "-" "Mozilla/5.0 (Windows NT 10.0; Win64; x64) AppleWebKit/537.36 (KHTML, like Gecko) Chrome/145.0.0.0 Safari/537.36 (compatible; meta-externalagent/1.1 (+https://developers.facebook.com/docs/sharing/webmasters/crawler))" floresyfloressincelejo.com 10.53.129.184
66.249.65.9 - - [30/Aug/2026:11:03:28 -0500] "GET /details/646266607161664260916 HTTP/1.1" 200 45494 "-" "Mozilla/5.0 (Linux; Android 6.0.1; Nexus 5X Build/MMB29P) AppleWebKit/537.36 (KHTML, like Gecko) Chrome/151.0.7922.173 Mobile Safari/537.36 (compatible; Googlebot/2.1; +http://www.google.com/bot.html)" floresyfloressincelejo.com 10.53.129.184
216.73.217.1 - - [30/Aug/2026:11:03:28 -0500] "GET /details/636565627062643552824 HTTP/2.0" 404 27216 "-" "Mozilla/5.0 AppleWebKit/537.36 (KHTML, like Gecko; compatible; ClaudeBot/1.0; +claudebot@anthropic.com)" floresyfloressincelejo.com 10.53.129.184
57.141.22.103 - - [30/Aug/2026:11:03:30 -0500] "GET /details/637162606064603920040 HTTP/2.0" 404 27217 "-" "Mozilla/5.0 (Windows NT 10.0; Win64; x64) AppleWebKit/537.36 (KHTML, like Gecko) Chrome/145.0.0.0 Safari/537.36 (compatible; meta-externalagent/1.1 (+https://developers.facebook.com/docs/sharing/webmasters/crawler))" floresyfloressincelejo.com 10.53.129.184
74.7.242.57 - - [30/Aug/2026:11:03:34 -0500] "GET /details/646271667065654296855 HTTP/2.0" 404 27219 "https://floresyfloressincelejo.com/sitemap-7.xml" "Mozilla/5.0 AppleWebKit/537.36 (KHTML, like Gecko; compatible; GPTBot/1.4; +https://openai.com/gptbot)" floresyfloressincelejo.com 10.53.129.184
216.73.217.1 - - [30/Aug/2026:11:03:37 -0500] "GET /details/636660657060613605801 HTTP/2.0" 404 27216 "-" "Mozilla/5.0 AppleWebKit/537.36 (KHTML, like Gecko; compatible; ClaudeBot/1.0; +claudebot@anthropic.com)" floresyfloressincelejo.com 10.53.129.184
57.141.22.100 - - [30/Aug/2026:11:03:39 -0500] "GET /details/646465626765604452750 HTTP/2.0" 404 27216 "-" "Mozilla/5.0 (Macintosh; Intel Mac OS X 10_15_7) AppleWebKit/537.36 (KHTML, like Gecko) Chrome/145.0.0.0 Safari/537.36 (compatible; meta-externalagent/1.1 (+https://developers.facebook.com/docs/sharing/webmasters/crawler))" floresyfloressincelejo.com 10.53.129.184
216.73.217.1 - - [30/Aug/2026:11:03:40 -0500] "GET /details/656164656561615145511 HTTP/2.0" 404 27215 "-" "Mozilla/5.0 AppleWebKit/537.36 (KHTML, like Gecko; compatible; ClaudeBot/1.0; +claudebot@anthropic.com)" floresyfloressincelejo.com 10.53.129.184
57.141.22.44 - - [30/Aug/2026:11:03:47 -0500] "GET /details/636471677065613497851 HTTP/2.0" 404 27217 "-" "Mozilla/5.0 (Windows NT 10.0; Win64; x64) AppleWebKit/537.36 (KHTML, like Gecko) Chrome/145.0.0.0 Safari/537.36 (compatible; meta-externalagent/1.1 (+https://developers.facebook.com/docs/sharing/webmasters/crawler))" floresyfloressincelejo.com 10.53.129.184
216.73.217.1 - - [30/Aug/2026:11:03:49 -0500] "GET /details/666163636467616133471 HTTP/2.0" 404 27215 "-" "Mozilla/5.0 AppleWebKit/537.36 (KHTML, like Gecko; compatible; ClaudeBot/1.0; +claudebot@anthropic.com)" floresyfloressincelejo.com 10.53.129.184
74.7.242.57 - - [30/Aug/2026:11:03:54 -0500] "GET /details/657170606361675980317 HTTP/2.0" 404 27218 "https://floresyfloressincelejo.com/sitemap-1.xml" "Mozilla/5.0 AppleWebKit/537.36 (KHTML, like Gecko; compatible; GPTBot/1.4; +https://openai.com/gptbot)" floresyfloressincelejo.com 10.53.129.184
57.141.22.14 - - [30/Aug/2026:11:03:56 -0500] "GET /details/676261606161627210112 HTTP/2.0" 404 27216 "-" "Mozilla/5.0 (X11; Linux x86_64) AppleWebKit/537.36 (KHTML, like Gecko) Chrome/145.0.0.0 Safari/537.36 (compatible; meta-externalagent/1.1 (+https://developers.facebook.com/docs/sharing/webmasters/crawler))" floresyfloressincelejo.com 10.53.129.184
66.249.65.7 - - [30/Aug/2026:11:03:57 -0500] "GET /details/657062656762655825725 HTTP/1.1" 200 44525 "-" "Mozilla/5.0 (Linux; Android 6.0.1; Nexus 5X Build/MMB29P) AppleWebKit/537.36 (KHTML, like Gecko) Chrome/151.0.7922.173 Mobile Safari/537.36 (compatible; Googlebot/2.1; +http://www.google.com/bot.html)" floresyfloressincelejo.com 10.53.129.184
216.73.217.1 - - [30/Aug/2026:11:03:58 -0500] "GET /details/646170706367624188372 HTTP/2.0" 404 27218 "-" "Mozilla/5.0 AppleWebKit/537.36 (KHTML, like Gecko; compatible; ClaudeBot/1.0; +claudebot@anthropic.com)" floresyfloressincelejo.com 10.53.129.184
57.141.22.96 - - [30/Aug/2026:11:04:04 -0500] "GET /details/666060707070626008882 HTTP/2.0" 404 27215 "-" "Mozilla/5.0 (Macintosh; Intel Mac OS X 10_15_7) AppleWebKit/537.36 (KHTML, like Gecko) Chrome/145.0.0.0 Safari/537.36 (compatible; meta-externalagent/1.1 (+https://developers.facebook.com/docs/sharing/webmasters/crawler))" floresyfloressincelejo.com 10.53.129.184
69.6.233.64 - - [30/Aug/2026:11:04:06 -0500] "POST /wp-cron.php?doing_wp_cron=1788105846.3767530918121337890625 HTTP/1.1" 200 - "-" "WordPress/7.1; https://floresyfloressincelejo.com" floresyfloressincelejo.com 10.53.129.184
216.73.217.1 - - [30/Aug/2026:11:04:07 -0500] "GET /details/646364706161654348115 HTTP/2.0" 404 27216 "-" "Mozilla/5.0 AppleWebKit/537.36 (KHTML, like Gecko; compatible; ClaudeBot/1.0; +claudebot@anthropic.com)" floresyfloressincelejo.com 10.53.129.184
216.73.217.1 - - [30/Aug/2026:11:04:11 -0500] "GET /details/636460716567673409577 HTTP/2.0" 404 27219 "-" "Mozilla/5.0 AppleWebKit/537.36 (KHTML, like Gecko; compatible; ClaudeBot/1.0; +claudebot@anthropic.com)" floresyfloressincelejo.com 10.53.129.184
66.249.65.7 - - [30/Aug/2026:11:04:17 -0500] "GET /?details/656571706771715598799 HTTP/1.1" 200 58173 "-" "Mozilla/5.0 (Linux; Android 6.0.1; Nexus 5X Build/MMB29P) AppleWebKit/537.36 (KHTML, like Gecko) Chrome/151.0.7922.173 Mobile Safari/537.36 (compatible; Googlebot/2.1; +http://www.google.com/bot.html)" floresyfloressincelejo.com 10.53.129.184
57.141.22.96 - - [30/Aug/2026:11:04:13 -0500] "GET /details/656461666667655416675 HTTP/2.0" 404 27216 "-" "Mozilla/5.0 (Windows NT 10.0; Win64; x64) AppleWebKit/537.36 (KHTML, like Gecko) Chrome/145.0.0.0 Safari/537.36 (compatible; meta-externalagent/1.1 (+https://developers.facebook.com/docs/sharing/webmasters/crawler))" floresyfloressincelejo.com 10.53.129.184
74.7.242.57 - - [30/Aug/2026:11:04:14 -0500] "GET /details/657160626164645902144 HTTP/2.0" 404 27218 "https://floresyfloressincelejo.com/sitemap-17.xml" "Mozilla/5.0 AppleWebKit/537.36 (KHTML, like Gecko; compatible; GPTBot/1.4; +https://openai.com/gptbot)" floresyfloressincelejo.com 10.53.129.184
216.73.217.1 - - [30/Aug/2026:11:04:20 -0500] "GET /details/657062606167635820173 HTTP/2.0" 404 27218 "-" "Mozilla/5.0 AppleWebKit/537.36 (KHTML, like Gecko; compatible; ClaudeBot/1.0; +claudebot@anthropic.com)" floresyfloressincelejo.com 10.53.129.184
57.141.22.37 - - [30/Aug/2026:11:04:22 -0500] "GET /details/636761636270623713282 HTTP/2.0" 404 27217 "-" "Mozilla/5.0 (Windows NT 10.0; Win64; x64) AppleWebKit/537.36 (KHTML, like Gecko) Chrome/145.0.0.0 Safari/537.36 (compatible; meta-externalagent/1.1 (+https://developers.facebook.com/docs/sharing/webmasters/crawler))" floresyfloressincelejo.com 10.53.129.184
216.73.217.1 - - [30/Aug/2026:11:04:29 -0500] "GET /details/656164606566625140562 HTTP/2.0" 404 27217 "-" "Mozilla/5.0 AppleWebKit/537.36 (KHTML, like Gecko; compatible; ClaudeBot/1.0; +claudebot@anthropic.com)" floresyfloressincelejo.com 10.53.129.184
66.249.65.7 - - [30/Aug/2026:11:04:33 -0500] "GET /?details/666471646360716494309 HTTP/1.1" 200 58173 "-" "Mozilla/5.0 (Linux; Android 6.0.1; Nexus 5X Build/MMB29P) AppleWebKit/537.36 (KHTML, like Gecko) Chrome/151.0.7922.173 Mobile Safari/537.36 (compatible; Googlebot/2.1; +http://www.google.com/bot.html)" floresyfloressincelejo.com 10.53.129.184
57.141.22.126 - - [30/Aug/2026:11:04:30 -0500] "GET /details/646070607166624080962 HTTP/2.0" 404 27217 "-" "Mozilla/5.0 (Windows NT 10.0; Win64; x64) AppleWebKit/537.36 (KHTML, like Gecko) Chrome/145.0.0.0 Safari/537.36 (compatible; meta-externalagent/1.1 (+https://developers.facebook.com/docs/sharing/webmasters/crawler))" floresyfloressincelejo.com 10.53.129.184
74.7.242.57 - - [30/Aug/2026:11:04:34 -0500] "GET /details/636470626671613482691 HTTP/2.0" 404 27218 "https://floresyfloressincelejo.com/sitemap-4.xml" "Mozilla/5.0 AppleWebKit/537.36 (KHTML, like Gecko; compatible; GPTBot/1.4; +https://openai.com/gptbot)" floresyfloressincelejo.com 10.53.129.184
57.141.22.1 - - [30/Aug/2026:11:04:38 -0500] "GET /details/646260676770604207780 HTTP/2.0" 404 27218 "-" "Mozilla/5.0 (Macintosh; Intel Mac OS X 10_15_7) AppleWebKit/537.36 (KHTML, like Gecko) Chrome/145.0.0.0 Safari/537.36 (compatible; meta-externalagent/1.1 (+https://developers.facebook.com/docs/sharing/webmasters/crawler))" floresyfloressincelejo.com 10.53.129.184
216.73.217.1 - - [30/Aug/2026:11:04:39 -0500] "GET /details/666571706562626598522 HTTP/2.0" 404 27217 "-" "Mozilla/5.0 AppleWebKit/537.36 (KHTML, like Gecko; compatible; ClaudeBot/1.0; +claudebot@anthropic.com)" floresyfloressincelejo.com 10.53.129.184
66.249.65.7 - - [30/Aug/2026:11:04:43 -0500] "GET /?details/656662647064705624848 HTTP/1.1" 200 58173 "-" "Mozilla/5.0 (Linux; Android 6.0.1; Nexus 5X Build/MMB29P) AppleWebKit/537.36 (KHTML, like Gecko) Chrome/151.0.7922.173 Mobile Safari/537.36 (compatible; Googlebot/2.1; +http://www.google.com/bot.html)" floresyfloressincelejo.com 10.53.129.184
216.73.217.1 - - [30/Aug/2026:11:04:46 -0500] "GET /details/646464657064704445848 HTTP/2.0" 404 27216 "-" "Mozilla/5.0 AppleWebKit/537.36 (KHTML, like Gecko; compatible; ClaudeBot/1.0; +claudebot@anthropic.com)" floresyfloressincelejo.com 10.53.129.184
57.141.22.0 - - [30/Aug/2026:11:04:47 -0500] "GET /details/656470636161625483112 HTTP/2.0" 404 27217 "-" "Mozilla/5.0 (Windows NT 10.0; Win64; x64) AppleWebKit/537.36 (KHTML, like Gecko) Chrome/145.0.0.0 Safari/537.36 (compatible; meta-externalagent/1.1 (+https://developers.facebook.com/docs/sharing/webmasters/crawler))" floresyfloressincelejo.com 10.53.129.184
74.7.242.57 - - [30/Aug/2026:11:04:54 -0500] "GET /details/646063717061624039812 HTTP/2.0" 404 27218 "https://floresyfloressincelejo.com/sitemap-8.xml" "Mozilla/5.0 AppleWebKit/537.36 (KHTML, like Gecko; compatible; GPTBot/1.4; +https://openai.com/gptbot)" floresyfloressincelejo.com 10.53.129.184
216.73.217.1 - - [30/Aug/2026:11:04:54 -0500] "GET /details/656367626761645372714 HTTP/2.0" 404 27217 "-" "Mozilla/5.0 AppleWebKit/537.36 (KHTML, like Gecko; compatible; ClaudeBot/1.0; +claudebot@anthropic.com)" floresyfloressincelejo.com 10.53.129.184
57.141.22.119 - - [30/Aug/2026:11:04:56 -0500] "GET /details/646566706070624568082 HTTP/2.0" 404 27217 "-" "Mozilla/5.0 (Macintosh; Intel Mac OS X 10_15_7) AppleWebKit/537.36 (KHTML, like Gecko) Chrome/145.0.0.0 Safari/537.36 (compatible; meta-externalagent/1.1 (+https://developers.facebook.com/docs/sharing/webmasters/crawler))" floresyfloressincelejo.com 10.53.129.184
66.249.65.7 - - [30/Aug/2026:11:05:00 -0500] "GET /true-fortune-casino-bono-sin-deposito-codigo-exclusivo-2026/ HTTP/1.1" 200 47522 "-" "Mozilla/5.0 (Linux; Android 6.0.1; Nexus 5X Build/MMB29P) AppleWebKit/537.36 (KHTML, like Gecko) Chrome/151.0.7922.173 Mobile Safari/537.36 (compatible; Googlebot/2.1; +http://www.google.com/bot.html)" floresyfloressincelejo.com 10.53.129.184
216.73.217.1 - - [30/Aug/2026:11:05:03 -0500] "GET /details/656364646364655344345 HTTP/2.0" 404 27215 "-" "Mozilla/5.0 AppleWebKit/537.36 (KHTML, like Gecko; compatible; ClaudeBot/1.0; +claudebot@anthropic.com)" floresyfloressincelejo.com 10.53.129.184
57.141.22.45 - - [30/Aug/2026:11:05:04 -0500] "GET /details/647066646370604864380 HTTP/2.0" 404 27217 "-" "Mozilla/5.0 (Windows NT 10.0; Win64; x64) AppleWebKit/537.36 (KHTML, like Gecko) Chrome/145.0.0.0 Safari/537.36 (compatible; meta-externalagent/1.1 (+https://developers.facebook.com/docs/sharing/webmasters/crawler))" floresyfloressincelejo.com 10.53.129.184
69.6.233.64 - - [30/Aug/2026:11:05:06 -0500] "POST /wp-cron.php?doing_wp_cron=1788105906.1749711036682128906250 HTTP/1.1" 200 - "-" "WordPress/7.1; https://floresyfloressincelejo.com" floresyfloressincelejo.com 10.53.129.184
216.73.217.1 - - [30/Aug/2026:11:05:13 -0500] "GET /details/676060616062647001024 HTTP/2.0" 404 27216 "-" "Mozilla/5.0 AppleWebKit/537.36 (KHTML, like Gecko; compatible; ClaudeBot/1.0; +claudebot@anthropic.com)" floresyfloressincelejo.com 10.53.129.184
57.141.22.122 - - [30/Aug/2026:11:05:13 -0500] "GET /details/656161707065605118850 HTTP/2.0" 404 27216 "-" "Mozilla/5.0 (Macintosh; Intel Mac OS X 10_15_7) AppleWebKit/537.36 (KHTML, like Gecko) Chrome/145.0.0.0 Safari/537.36 (compatible; meta-externalagent/1.1 (+https://developers.facebook.com/docs/sharing/webmasters/crawler))" floresyfloressincelejo.com 10.53.129.184
74.7.242.57 - - [30/Aug/2026:11:05:14 -0500] "GET /details/646763656370704735388 HTTP/2.0" 404 27218 "https://floresyfloressincelejo.com/sitemap-7.xml" "Mozilla/5.0 AppleWebKit/537.36 (KHTML, like Gecko; compatible; GPTBot/1.4; +https://openai.com/gptbot)" floresyfloressincelejo.com 10.53.129.184
216.73.217.1 - - [30/Aug/2026:11:05:16 -0500] "GET /details/646567646264614574241 HTTP/2.0" 404 27215 "-" "Mozilla/5.0 AppleWebKit/537.36 (KHTML, like Gecko; compatible; ClaudeBot/1.0; +claudebot@anthropic.com)" floresyfloressincelejo.com 10.53.129.184
66.249.65.7 - - [30/Aug/2026:11:05:19 -0500] "GET /sic-bo-online-con-mastercard/ HTTP/1.1" 200 48220 "-" "Mozilla/5.0 (Linux; Android 6.0.1; Nexus 5X Build/MMB29P) AppleWebKit/537.36 (KHTML, like Gecko) Chrome/151.0.7922.173 Mobile Safari/537.36 (compatible; Googlebot/2.1; +http://www.google.com/bot.html)" floresyfloressincelejo.com 10.53.129.184
57.141.22.97 - - [30/Aug/2026:11:05:22 -0500] "GET /details/666163606060706130008 HTTP/2.0" 404 27215 "-" "Mozilla/5.0 (Macintosh; Intel Mac OS X 10_15_7) AppleWebKit/537.36 (KHTML, like Gecko) Chrome/145.0.0.0 Safari/537.36 (compatible; meta-externalagent/1.1 (+https://developers.facebook.com/docs/sharing/webmasters/crawler))" floresyfloressincelejo.com 10.53.129.184
216.73.217.1 - - [30/Aug/2026:11:05:26 -0500] "GET /details/667162646060676924007 HTTP/2.0" 404 27217 "-" "Mozilla/5.0 AppleWebKit/537.36 (KHTML, like Gecko; compatible; ClaudeBot/1.0; +claudebot@anthropic.com)" floresyfloressincelejo.com 10.53.129.184
57.141.22.54 - - [30/Aug/2026:11:05:31 -0500] "GET /details/676065716160637059103 HTTP/2.0" 404 27217 "-" "Mozilla/5.0 (Windows NT 10.0; Win64; x64) AppleWebKit/537.36 (KHTML, like Gecko) Chrome/145.0.0.0 Safari/537.36 (compatible; meta-externalagent/1.1 (+https://developers.facebook.com/docs/sharing/webmasters/crawler))" floresyfloressincelejo.com 10.53.129.184
74.7.242.57 - - [30/Aug/2026:11:05:34 -0500] "GET /details/656371646760605394700 HTTP/2.0" 404 27217 "https://floresyfloressincelejo.com/sitemap-7.xml" "Mozilla/5.0 AppleWebKit/537.36 (KHTML, like Gecko; compatible; GPTBot/1.4; +https://openai.com/gptbot)" floresyfloressincelejo.com 10.53.129.184
216.73.217.1 - - [30/Aug/2026:11:05:35 -0500] "GET /details/646664716071624649092 HTTP/2.0" 404 27216 "-" "Mozilla/5.0 AppleWebKit/537.36 (KHTML, like Gecko; compatible; ClaudeBot/1.0; +claudebot@anthropic.com)" floresyfloressincelejo.com 10.53.129.184
57.141.22.35 - - [30/Aug/2026:11:05:39 -0500] "GET /details/636771666470663796486 HTTP/2.0" 404 27219 "-" "Mozilla/5.0 (Windows NT 10.0; Win64; x64) AppleWebKit/537.36 (KHTML, like Gecko) Chrome/145.0.0.0 Safari/537.36 (compatible; meta-externalagent/1.1 (+https://developers.facebook.com/docs/sharing/webmasters/crawler))" floresyfloressincelejo.com 10.53.129.184
216.73.217.1 - - [30/Aug/2026:11:05:44 -0500] "GET /details/646260656162704205128 HTTP/2.0" 404 27217 "-" "Mozilla/5.0 AppleWebKit/537.36 (KHTML, like Gecko; compatible; ClaudeBot/1.0; +claudebot@anthropic.com)" floresyfloressincelejo.com 10.53.129.184
57.141.22.45 - - [30/Aug/2026:11:05:48 -0500] "GET /details/646365656367704355378 HTTP/2.0" 404 27217 "-" "Mozilla/5.0 (X11; Linux x86_64) AppleWebKit/537.36 (KHTML, like Gecko) Chrome/145.0.0.0 Safari/537.36 (compatible; meta-externalagent/1.1 (+https://developers.facebook.com/docs/sharing/webmasters/crawler))" floresyfloressincelejo.com 10.53.129.184
66.249.65.7 - - [30/Aug/2026:11:05:51 -0500] "GET /?details/666571626162646592124 HTTP/1.1" 200 58173 "-" "Mozilla/5.0 (Linux; Android 6.0.1; Nexus 5X Build/MMB29P) AppleWebKit/537.36 (KHTML, like Gecko) Chrome/151.0.7922.173 Mobile Safari/537.36 (compatible; Googlebot/2.1; +http://www.google.com/bot.html)" floresyfloressincelejo.com 10.53.129.184
216.73.217.1 - - [30/Aug/2026:11:05:53 -0500] "GET /details/656567606466645570464 HTTP/2.0" 404 27218 "-" "Mozilla/5.0 AppleWebKit/537.36 (KHTML, like Gecko; compatible; ClaudeBot/1.0; +claudebot@anthropic.com)" floresyfloressincelejo.com 10.53.129.184
74.7.242.57 - - [30/Aug/2026:11:05:54 -0500] "GET /details/636461706765633418753 HTTP/2.0" 404 27218 "https://floresyfloressincelejo.com/sitemap-5.xml" "Mozilla/5.0 AppleWebKit/537.36 (KHTML, like Gecko; compatible; GPTBot/1.4; +https://openai.com/gptbot)" floresyfloressincelejo.com 10.53.129.184
57.141.22.28 - - [30/Aug/2026:11:05:56 -0500] "GET /details/646270626560624282502 HTTP/2.0" 404 27217 "-" "Mozilla/5.0 (Macintosh; Intel Mac OS X 10_15_7) AppleWebKit/537.36 (KHTML, like Gecko) Chrome/145.0.0.0 Safari/537.36 (compatible; meta-externalagent/1.1 (+https://developers.facebook.com/docs/sharing/webmasters/crawler))" floresyfloressincelejo.com 10.53.129.184
66.249.65.7 - - [30/Aug/2026:11:05:57 -0500] "GET /details/666171607162676190927 HTTP/1.1" 200 44487 "-" "Mozilla/5.0 (Linux; Android 6.0.1; Nexus 5X Build/MMB29P) AppleWebKit/537.36 (KHTML, like Gecko) Chrome/151.0.7922.173 Mobile Safari/537.36 (compatible; Googlebot/2.1; +http://www.google.com/bot.html)" floresyfloressincelejo.com 10.53.129.184
216.73.217.1 - - [30/Aug/2026:11:05:57 -0500] "GET /details/657170666567675986577 HTTP/2.0" 404 27218 "-" "Mozilla/5.0 AppleWebKit/537.36 (KHTML, like Gecko; compatible; ClaudeBot/1.0; +claudebot@anthropic.com)" floresyfloressincelejo.com 10.53.129.184
66.249.65.7 - - [30/Aug/2026:11:05:59 -0500] "GET /details/656570676465625587452 HTTP/1.1" 200 47660 "-" "Mozilla/5.0 (Linux; Android 6.0.1; Nexus 5X Build/MMB29P) AppleWebKit/537.36 (KHTML, like Gecko) Chrome/151.0.7922.173 Mobile Safari/537.36 (compatible; Googlebot/2.1; +http://www.google.com/bot.html)" floresyfloressincelejo.com 10.53.129.184
57.141.22.107 - - [30/Aug/2026:11:06:06 -0500] "GET /details/666071647067606094870 HTTP/2.0" 404 27218 "-" "Mozilla/5.0 (Windows NT 10.0; Win64; x64) AppleWebKit/537.36 (KHTML, like Gecko) Chrome/145.0.0.0 Safari/537.36 (compatible; meta-externalagent/1.1 (+https://developers.facebook.com/docs/sharing/webmasters/crawler))" floresyfloressincelejo.com 10.53.129.184
216.73.217.1 - - [30/Aug/2026:11:06:06 -0500] "GET /details/657164646264605944240 HTTP/2.0" 404 27215 "-" "Mozilla/5.0 AppleWebKit/537.36 (KHTML, like Gecko; compatible; ClaudeBot/1.0; +claudebot@anthropic.com)" floresyfloressincelejo.com 10.53.129.184
57.141.18.111 - - [30/Aug/2026:11:06:09 -0500] "GET / HTTP/2.0" 200 58173 "-" "facebookexternalhit/1.1 (+http://www.facebook.com/externalhit_uatext.php)" floresyfloressincelejo.com 10.53.129.184
69.6.233.64 - - [30/Aug/2026:11:06:08 -0500] "POST /wp-cron.php?doing_wp_cron=1788105968.1523549556732177734375 HTTP/1.1" 200 - "-" "WordPress/7.1; https://floresyfloressincelejo.com" floresyfloressincelejo.com 10.53.129.184
66.249.65.7 - - [30/Aug/2026:11:06:10 -0500] "GET /details/656064646665665044656 HTTP/1.1" 200 45834 "-" "Mozilla/5.0 (Linux; Android 6.0.1; Nexus 5X Build/MMB29P) AppleWebKit/537.36 (KHTML, like Gecko) Chrome/151.0.7922.173 Mobile Safari/537.36 (compatible; Googlebot/2.1; +http://www.google.com/bot.html)" floresyfloressincelejo.com 10.53.129.184
74.7.242.57 - - [30/Aug/2026:11:06:14 -0500] "GET /details/636462716164713429149 HTTP/2.0" 404 27217 "https://floresyfloressincelejo.com/sitemap-9.xml" "Mozilla/5.0 AppleWebKit/537.36 (KHTML, like Gecko; compatible; GPTBot/1.4; +https://openai.com/gptbot)" floresyfloressincelejo.com 10.53.129.184
57.141.22.96 - - [30/Aug/2026:11:06:14 -0500] "GET /details/656367606667715370679 HTTP/2.0" 404 27219 "-" "Mozilla/5.0 (Windows NT 10.0; Win64; x64) AppleWebKit/537.36 (KHTML, like Gecko) Chrome/145.0.0.0 Safari/537.36 Edg/145.0.0.0 (compatible; meta-externalagent/1.1 (+https://developers.facebook.com/docs/sharing/webmasters/crawler))" floresyfloressincelejo.com 10.53.129.184
216.73.217.1 - - [30/Aug/2026:11:06:15 -0500] "GET /details/676064606160627040102 HTTP/2.0" 404 27215 "-" "Mozilla/5.0 AppleWebKit/537.36 (KHTML, like Gecko; compatible; ClaudeBot/1.0; +claudebot@anthropic.com)" floresyfloressincelejo.com 10.53.129.184
57.141.22.42 - - [30/Aug/2026:11:06:22 -0500] "GET /details/647160626067674902077 HTTP/2.0" 404 27216 "-" "Mozilla/5.0 (Windows NT 10.0; Win64; x64) AppleWebKit/537.36 (KHTML, like Gecko) Chrome/145.0.0.0 Safari/537.36 (compatible; meta-externalagent/1.1 (+https://developers.facebook.com/docs/sharing/webmasters/crawler))" floresyfloressincelejo.com 10.53.129.184
216.73.217.1 - - [30/Aug/2026:11:06:24 -0500] "GET /details/666371716565656399555 HTTP/2.0" 404 27215 "-" "Mozilla/5.0 AppleWebKit/537.36 (KHTML, like Gecko; compatible; ClaudeBot/1.0; +claudebot@anthropic.com)" floresyfloressincelejo.com 10.53.129.184
216.73.217.1 - - [30/Aug/2026:11:06:27 -0500] "GET /details/646661706567604618570 HTTP/2.0" 404 27219 "-" "Mozilla/5.0 AppleWebKit/537.36 (KHTML, like Gecko; compatible; ClaudeBot/1.0; +claudebot@anthropic.com)" floresyfloressincelejo.com 10.53.129.184
57.141.22.116 - - [30/Aug/2026:11:06:32 -0500] "GET /details/666460616670616401681 HTTP/2.0" 404 27215 "-" "Mozilla/5.0 (Windows NT 10.0; Win64; x64) AppleWebKit/537.36 (KHTML, like Gecko) Chrome/145.0.0.0 Safari/537.36 (compatible; meta-externalagent/1.1 (+https://developers.facebook.com/docs/sharing/webmasters/crawler))" floresyfloressincelejo.com 10.53.129.184
74.7.242.57 - - [30/Aug/2026:11:06:34 -0500] "GET /details/656467617060635471803 HTTP/2.0" 404 27218 "https://floresyfloressincelejo.com/sitemap-7.xml" "Mozilla/5.0 AppleWebKit/537.36 (KHTML, like Gecko; compatible; GPTBot/1.4; +https://openai.com/gptbot)" floresyfloressincelejo.com 10.53.129.184
216.73.217.1 - - [30/Aug/2026:11:06:36 -0500] "GET /details/666461706663626418632 HTTP/2.0" 404 27217 "-" "Mozilla/5.0 AppleWebKit/537.36 (KHTML, like Gecko; compatible; ClaudeBot/1.0; +claudebot@anthropic.com)" floresyfloressincelejo.com 10.53.129.184
57.141.22.121 - - [30/Aug/2026:11:06:40 -0500] "GET /details/666170636164706183148 HTTP/2.0" 404 27216 "-" "Mozilla/5.0 (Macintosh; Intel Mac OS X 10_15_7) AppleWebKit/537.36 (KHTML, like Gecko) Chrome/145.0.0.0 Safari/537.36 (compatible; meta-externalagent/1.1 (+https://developers.facebook.com/docs/sharing/webmasters/crawler))" floresyfloressincelejo.com 10.53.129.184
216.73.217.1 - - [30/Aug/2026:11:06:47 -0500] "GET /details/646062666165654026155 HTTP/2.0" 404 27218 "-" "Mozilla/5.0 AppleWebKit/537.36 (KHTML, like Gecko; compatible; ClaudeBot/1.0; +claudebot@anthropic.com)" floresyfloressincelejo.com 10.53.129.184
57.141.22.45 - - [30/Aug/2026:11:06:48 -0500] "GET /details/636671676165623697152 HTTP/2.0" 404 27218 "-" "Mozilla/5.0 (X11; Linux x86_64) AppleWebKit/537.36 (KHTML, like Gecko) Chrome/145.0.0.0 Safari/537.36 (compatible; meta-externalagent/1.1 (+https://developers.facebook.com/docs/sharing/webmasters/crawler))" floresyfloressincelejo.com 10.53.129.184
74.7.242.57 - - [30/Aug/2026:11:06:54 -0500] "GET /details/667067617165626871952 HTTP/2.0" 404 27218 "https://floresyfloressincelejo.com/sitemap-6.xml" "Mozilla/5.0 AppleWebKit/537.36 (KHTML, like Gecko; compatible; GPTBot/1.4; +https://openai.com/gptbot)" floresyfloressincelejo.com 10.53.129.184
57.141.22.120 - - [30/Aug/2026:11:06:57 -0500] "GET /casino-en-mallorca-espagne/ HTTP/2.0" 200 45097 "-" "Mozilla/5.0 (Macintosh; Intel Mac OS X 10_15_7) AppleWebKit/537.36 (KHTML, like Gecko) Chrome/145.0.0.0 Safari/537.36 (compatible; meta-externalagent/1.1 (+https://developers.facebook.com/docs/sharing/webmasters/crawler))" floresyfloressincelejo.com 10.53.129.184
216.73.217.1 - - [30/Aug/2026:11:06:57 -0500] "GET /details/646670656565604685550 HTTP/2.0" 404 27216 "-" "Mozilla/5.0 AppleWebKit/537.36 (KHTML, like Gecko; compatible; ClaudeBot/1.0; +claudebot@anthropic.com)" floresyfloressincelejo.com 10.53.129.184
69.6.233.64 - - [30/Aug/2026:11:07:04 -0500] "POST /wp-cron.php?doing_wp_cron=1788106024.1326711177825927734375 HTTP/1.1" 200 - "-" "WordPress/7.1; https://floresyfloressincelejo.com" floresyfloressincelejo.com 10.53.129.184
57.141.22.96 - - [30/Aug/2026:11:07:06 -0500] "GET /details/666367637067626373872 HTTP/2.0" 404 27216 "-" "Mozilla/5.0 (Windows NT 10.0; Win64; x64) AppleWebKit/537.36 (KHTML, like Gecko) Chrome/145.0.0.0 Safari/537.36 (compatible; meta-externalagent/1.1 (+https://developers.facebook.com/docs/sharing/webmasters/crawler))" floresyfloressincelejo.com 10.53.129.184
74.7.242.57 - - [30/Aug/2026:11:07:14 -0500] "GET /details/647070656461654885415 HTTP/2.0" 404 27219 "https://floresyfloressincelejo.com/sitemap-3.xml" "Mozilla/5.0 AppleWebKit/537.36 (KHTML, like Gecko; compatible; GPTBot/1.4; +https://openai.com/gptbot)" floresyfloressincelejo.com 10.53.129.184
57.141.22.117 - - [30/Aug/2026:11:07:14 -0500] "GET /details/666664656471656645495 HTTP/2.0" 404 27215 "-" "Mozilla/5.0 (Macintosh; Intel Mac OS X 10_15_7) AppleWebKit/537.36 (KHTML, like Gecko) Chrome/145.0.0.0 Safari/537.36 (compatible; meta-externalagent/1.1 (+https://developers.facebook.com/docs/sharing/webmasters/crawler))" floresyfloressincelejo.com 10.53.129.184
216.73.217.1 - - [30/Aug/2026:11:07:19 -0500] "GET /details/646770716464654789445 HTTP/2.0" 404 27218 "-" "Mozilla/5.0 AppleWebKit/537.36 (KHTML, like Gecko; compatible; ClaudeBot/1.0; +claudebot@anthropic.com)" floresyfloressincelejo.com 10.53.129.184
57.141.22.19 - - [30/Aug/2026:11:07:23 -0500] "GET /details/656162716361675129317 HTTP/2.0" 404 27217 "-" "Mozilla/5.0 (Macintosh; Intel Mac OS X 10_15_7) AppleWebKit/537.36 (KHTML, like Gecko) Chrome/145.0.0.0 Safari/537.36 (compatible; meta-externalagent/1.1 (+https://developers.facebook.com/docs/sharing/webmasters/crawler))" floresyfloressincelejo.com 10.53.129.184
216.73.217.1 - - [30/Aug/2026:11:07:27 -0500] "GET /details/646662656663654625635 HTTP/2.0" 404 27217 "-" "Mozilla/5.0 AppleWebKit/537.36 (KHTML, like Gecko; compatible; ClaudeBot/1.0; +claudebot@anthropic.com)" floresyfloressincelejo.com 10.53.129.184
57.141.22.125 - - [30/Aug/2026:11:07:30 -0500] "GET /details/666660646767656604775 HTTP/2.0" 404 27215 "-" "Mozilla/5.0 (Windows NT 10.0; Win64; x64) AppleWebKit/537.36 (KHTML, like Gecko) Chrome/145.0.0.0 Safari/537.36 (compatible; meta-externalagent/1.1 (+https://developers.facebook.com/docs/sharing/webmasters/crawler))" floresyfloressincelejo.com 10.53.129.184
74.7.242.57 - - [30/Aug/2026:11:07:34 -0500] "GET /details/636762647065643724854 HTTP/2.0" 404 27219 "https://floresyfloressincelejo.com/sitemap.xml" "Mozilla/5.0 AppleWebKit/537.36 (KHTML, like Gecko; compatible; GPTBot/1.4; +https://openai.com/gptbot)" floresyfloressincelejo.com 10.53.129.184
15.235.193.86 - - [30/Aug/2026:11:07:47 -0500] "GET /wp-login.php HTTP/2.0" 409 83 "-" "15.235.193.86" floresyfloressincelejo.com 10.53.129.184
15.235.193.86 - - [30/Aug/2026:11:07:49 -0500] "POST /wp-login.php HTTP/2.0" 409 83 "https://floresyfloressincelejo.com/wp-login.php" "15.235.193.86" floresyfloressincelejo.com 10.53.129.184
57.141.22.103 - - [30/Aug/2026:11:07:38 -0500] "GET /details/636763706067603738070 HTTP/2.0" 404 27217 "-" "Mozilla/5.0 (Macintosh; Intel Mac OS X 10_15_7) AppleWebKit/537.36 (KHTML, like Gecko) Chrome/145.0.0.0 Safari/537.36 (compatible; meta-externalagent/1.1 (+https://developers.facebook.com/docs/sharing/webmasters/crawler))" floresyfloressincelejo.com 10.53.129.184
57.141.22.89 - - [30/Aug/2026:11:07:47 -0500] "GET /details/666163706562616138521 HTTP/2.0" 404 - "-" "Mozilla/5.0 (Windows NT 10.0; Win64; x64) AppleWebKit/537.36 (KHTML, like Gecko) Chrome/145.0.0.0 Safari/537.36 (compatible; meta-externalagent/1.1 (+https://developers.facebook.com/docs/sharing/webmasters/crawler))" floresyfloressincelejo.com 10.53.129.184
216.73.217.1 - - [30/Aug/2026:11:07:49 -0500] "GET /details/647164676467664947476 HTTP/2.0" 404 - "-" "Mozilla/5.0 AppleWebKit/537.36 (KHTML, like Gecko; compatible; ClaudeBot/1.0; +claudebot@anthropic.com)" floresyfloressincelejo.com 10.53.129.184
74.7.242.57 - - [30/Aug/2026:11:07:54 -0500] "GET /details/667165707062646958824 HTTP/2.0" 404 27219 "https://floresyfloressincelejo.com/sitemap.xml" "Mozilla/5.0 AppleWebKit/537.36 (KHTML, like Gecko; compatible; GPTBot/1.4; +https://openai.com/gptbot)" floresyfloressincelejo.com 10.53.129.184
57.141.22.118 - - [30/Aug/2026:11:07:54 -0500] "GET /details/636560616161623501112 HTTP/2.0" 404 27215 "-" "Mozilla/5.0 (Windows NT 10.0; Win64; x64) AppleWebKit/537.36 (KHTML, like Gecko) Chrome/145.0.0.0 Safari/537.36 (compatible; meta-externalagent/1.1 (+https://developers.facebook.com/docs/sharing/webmasters/crawler))" floresyfloressincelejo.com 10.53.129.184
216.73.217.1 - - [30/Aug/2026:11:07:58 -0500] "GET /details/666463716671636439693 HTTP/2.0" 404 27217 "-" "Mozilla/5.0 AppleWebKit/537.36 (KHTML, like Gecko; compatible; ClaudeBot/1.0; +claudebot@anthropic.com)" floresyfloressincelejo.com 10.53.129.184
57.141.22.91 - - [30/Aug/2026:11:08:02 -0500] "GET /details/656065636767605053770 HTTP/2.0" 404 27216 "-" "Mozilla/5.0 (Windows NT 10.0; Win64; x64) AppleWebKit/537.36 (KHTML, like Gecko) Chrome/145.0.0.0 Safari/537.36 (compatible; meta-externalagent/1.1 (+https://developers.facebook.com/docs/sharing/webmasters/crawler))" floresyfloressincelejo.com 10.53.129.184
57.141.22.51 - - [30/Aug/2026:11:08:03 -0500] "GET /details/666064606667626040672 HTTP/2.0" 404 27217 "-" "Mozilla/5.0 (Macintosh; Intel Mac OS X 10_15_7) AppleWebKit/537.36 (KHTML, like Gecko) Chrome/145.0.0.0 Safari/537.36 (compatible; meta-externalagent/1.1 (+https://developers.facebook.com/docs/sharing/webmasters/crawler))" floresyfloressincelejo.com 10.53.129.184
69.6.233.64 - - [30/Aug/2026:11:08:04 -0500] "POST /wp-cron.php?doing_wp_cron=1788106084.4028499126434326171875 HTTP/1.1" 200 - "-" "WordPress/7.1; https://floresyfloressincelejo.com" floresyfloressincelejo.com 10.53.129.184
57.141.22.39 - - [30/Aug/2026:11:08:11 -0500] "GET /details/647164706770624948782 HTTP/2.0" 404 27215 "-" "Mozilla/5.0 (Windows NT 10.0; Win64; x64) AppleWebKit/537.36 (KHTML, like Gecko) Chrome/145.0.0.0 Safari/537.36 (compatible; meta-externalagent/1.1 (+https://developers.facebook.com/docs/sharing/webmasters/crawler))" floresyfloressincelejo.com 10.53.129.184
74.7.242.57 - - [30/Aug/2026:11:08:14 -0500] "GET /details/636462616270653421285 HTTP/2.0" 404 27218 "https://floresyfloressincelejo.com/sitemap.xml" "Mozilla/5.0 AppleWebKit/537.36 (KHTML, like Gecko; compatible; GPTBot/1.4; +https://openai.com/gptbot)" floresyfloressincelejo.com 10.53.129.184
57.141.22.47 - - [30/Aug/2026:11:08:21 -0500] "GET /details/637066716470603869480 HTTP/2.0" 404 27217 "-" "Mozilla/5.0 (Windows NT 10.0; Win64; x64) AppleWebKit/537.36 (KHTML, like Gecko) Chrome/145.0.0.0 Safari/537.36 (compatible; meta-externalagent/1.1 (+https://developers.facebook.com/docs/sharing/webmasters/crawler))" floresyfloressincelejo.com 10.53.129.184
66.249.65.8 - - [30/Aug/2026:11:08:24 -0500] "GET /?details/656261606461705210418 HTTP/1.1" 200 58173 "-" "Mozilla/5.0 (Linux; Android 6.0.1; Nexus 5X Build/MMB29P) AppleWebKit/537.36 (KHTML, like Gecko) Chrome/151.0.7922.173 Mobile Safari/537.36 (compatible; Googlebot/2.1; +http://www.google.com/bot.html)" floresyfloressincelejo.com 10.53.129.184
66.249.65.8 - - [30/Aug/2026:11:08:26 -0500] "GET /?details/646365616662644351624 HTTP/1.1" 200 58173 "-" "Mozilla/5.0 (Linux; Android 6.0.1; Nexus 5X Build/MMB29P) AppleWebKit/537.36 (KHTML, like Gecko) Chrome/151.0.7922.173 Mobile Safari/537.36 (compatible; Googlebot/2.1; +http://www.google.com/bot.html)" floresyfloressincelejo.com 10.53.129.184
66.249.65.9 - - [30/Aug/2026:11:08:27 -0500] "GET /?details/636470676270713487289 HTTP/1.1" 200 58173 "-" "Mozilla/5.0 (Linux; Android 6.0.1; Nexus 5X Build/MMB29P) AppleWebKit/537.36 (KHTML, like Gecko) Chrome/151.0.7922.173 Mobile Safari/537.36 (compatible; Googlebot/2.1; +http://www.google.com/bot.html)" floresyfloressincelejo.com 10.53.129.184
216.73.217.1 - - [30/Aug/2026:11:08:29 -0500] "GET /details/666567606171606570190 HTTP/2.0" 404 27216 "-" "Mozilla/5.0 AppleWebKit/537.36 (KHTML, like Gecko; compatible; ClaudeBot/1.0; +claudebot@anthropic.com)" floresyfloressincelejo.com 10.53.129.184
66.249.65.7 - - [30/Aug/2026:11:08:31 -0500] "GET /?details/666260616562716201529 HTTP/1.1" 200 58173 "-" "Mozilla/5.0 (Linux; Android 6.0.1; Nexus 5X Build/MMB29P) AppleWebKit/537.36 (KHTML, like Gecko) Chrome/151.0.7922.173 Mobile Safari/537.36 (compatible; Googlebot/2.1; +http://www.google.com/bot.html)" floresyfloressincelejo.com 10.53.129.184
57.141.22.27 - - [30/Aug/2026:11:08:30 -0500] "GET /details/666270606165646280154 HTTP/2.0" 404 27218 "-" "Mozilla/5.0 (Windows NT 10.0; Win64; x64) AppleWebKit/537.36 (KHTML, like Gecko) Chrome/145.0.0.0 Safari/537.36 (compatible; meta-externalagent/1.1 (+https://developers.facebook.com/docs/sharing/webmasters/crawler))" floresyfloressincelejo.com 10.53.129.184
66.249.65.7 - - [30/Aug/2026:11:08:33 -0500] "GET /details/666165707064666158846 HTTP/1.1" 200 48448 "-" "Mozilla/5.0 (Linux; Android 6.0.1; Nexus 5X Build/MMB29P) AppleWebKit/537.36 (KHTML, like Gecko) Chrome/151.0.7922.173 Mobile Safari/537.36 (compatible; Googlebot/2.1; +http://www.google.com/bot.html)" floresyfloressincelejo.com 10.53.129.184
74.7.242.57 - - [30/Aug/2026:11:08:34 -0500] "GET /details/676263627064707232848 HTTP/2.0" 404 27217 "https://floresyfloressincelejo.com/sitemap-3.xml" "Mozilla/5.0 AppleWebKit/537.36 (KHTML, like Gecko; compatible; GPTBot/1.4; +https://openai.com/gptbot)" floresyfloressincelejo.com 10.53.129.184
66.249.65.7 - - [30/Aug/2026:11:08:36 -0500] "GET /?details/636566706165643568154 HTTP/1.1" 200 58173 "-" "Mozilla/5.0 (Linux; Android 6.0.1; Nexus 5X Build/MMB29P) AppleWebKit/537.36 (KHTML, like Gecko) Chrome/151.0.7922.173 Mobile Safari/537.36 (compatible; Googlebot/2.1; +http://www.google.com/bot.html)" floresyfloressincelejo.com 10.53.129.184
57.141.22.40 - - [30/Aug/2026:11:08:38 -0500] "GET /details/647162706765714928759 HTTP/2.0" 404 27218 "-" "Mozilla/5.0 (Macintosh; Intel Mac OS X 10_15_7) AppleWebKit/537.36 (KHTML, like Gecko) Chrome/145.0.0.0 Safari/537.36 (compatible; meta-externalagent/1.1 (+https://developers.facebook.com/docs/sharing/webmasters/crawler))" floresyfloressincelejo.com 10.53.129.184
57.141.22.29 - - [30/Aug/2026:11:08:47 -0500] "GET /jugar-mini-ruleta-iphone/ HTTP/2.0" 200 47401 "-" "Mozilla/5.0 (Macintosh; Intel Mac OS X 10_15_7) AppleWebKit/537.36 (KHTML, like Gecko) Chrome/145.0.0.0 Safari/537.36 (compatible; meta-externalagent/1.1 (+https://developers.facebook.com/docs/sharing/webmasters/crawler))" floresyfloressincelejo.com 10.53.129.184
74.7.242.57 - - [30/Aug/2026:11:08:54 -0500] "GET /details/656460707163635408933 HTTP/2.0" 404 27218 "https://floresyfloressincelejo.com/sitemap-4.xml" "Mozilla/5.0 AppleWebKit/537.36 (KHTML, like Gecko; compatible; GPTBot/1.4; +https://openai.com/gptbot)" floresyfloressincelejo.com 10.53.129.184
57.141.22.87 - - [30/Aug/2026:11:08:55 -0500] "GET /details/646061706663674018637 HTTP/2.0" 404 27218 "-" "Mozilla/5.0 (Windows NT 10.0; Win64; x64) AppleWebKit/537.36 (KHTML, like Gecko) Chrome/145.0.0.0 Safari/537.36 (compatible; meta-externalagent/1.1 (+https://developers.facebook.com/docs/sharing/webmasters/crawler))" floresyfloressincelejo.com 10.53.129.184
66.249.65.7 - - [30/Aug/2026:11:08:58 -0500] "GET /?details/646564716662704549628 HTTP/1.1" 200 58173 "-" "Mozilla/5.0 (Linux; Android 6.0.1; Nexus 5X Build/MMB29P) AppleWebKit/537.36 (KHTML, like Gecko) Chrome/151.0.7922.173 Mobile Safari/537.36 (compatible; Googlebot/2.1; +http://www.google.com/bot.html)" floresyfloressincelejo.com 10.53.129.184
66.249.65.7 - - [30/Aug/2026:11:08:55 -0500] "GET /details/647163656765654935755 HTTP/1.1" 200 45997 "-" "Mozilla/5.0 (Linux; Android 6.0.1; Nexus 5X Build/MMB29P) AppleWebKit/537.36 (KHTML, like Gecko) Chrome/151.0.7922.173 Mobile Safari/537.36 (compatible; Googlebot/2.1; +http://www.google.com/bot.html)" floresyfloressincelejo.com 10.53.129.184
66.249.65.8 - - [30/Aug/2026:11:09:01 -0500] "GET /?details/666061617170626011982 HTTP/1.1" 200 58173 "-" "Mozilla/5.0 (Linux; Android 6.0.1; Nexus 5X Build/MMB29P) AppleWebKit/537.36 (KHTML, like Gecko) Chrome/151.0.7922.173 Mobile Safari/537.36 (compatible; Googlebot/2.1; +http://www.google.com/bot.html)" floresyfloressincelejo.com 10.53.129.184
216.73.217.1 - - [30/Aug/2026:11:09:00 -0500] "GET /details/636765716763703759738 HTTP/2.0" 404 27216 "-" "Mozilla/5.0 AppleWebKit/537.36 (KHTML, like Gecko; compatible; ClaudeBot/1.0; +claudebot@anthropic.com)" floresyfloressincelejo.com 10.53.129.184
66.249.65.8 - - [30/Aug/2026:11:09:07 -0500] "GET /?details/656061646365645014354 HTTP/1.1" 200 58173 "-" "Mozilla/5.0 (Linux; Android 6.0.1; Nexus 5X Build/MMB29P) AppleWebKit/537.36 (KHTML, like Gecko) Chrome/151.0.7922.173 Mobile Safari/537.36 (compatible; Googlebot/2.1; +http://www.google.com/bot.html)" floresyfloressincelejo.com 10.53.129.184
57.141.22.0 - - [30/Aug/2026:11:09:03 -0500] "GET /details/656466646763605464730 HTTP/2.0" 404 27217 "-" "Mozilla/5.0 (Windows NT 10.0; Win64; x64) AppleWebKit/537.36 (KHTML, like Gecko) Chrome/145.0.0.0 Safari/537.36 (compatible; meta-externalagent/1.1 (+https://developers.facebook.com/docs/sharing/webmasters/crawler))" floresyfloressincelejo.com 10.53.129.184
69.6.233.64 - - [30/Aug/2026:11:09:06 -0500] "POST /wp-cron.php?doing_wp_cron=1788106146.5932641029357910156250 HTTP/1.1" 200 - "-" "WordPress/7.1; https://floresyfloressincelejo.com" floresyfloressincelejo.com 10.53.129.184
57.141.22.103 - - [30/Aug/2026:11:09:12 -0500] "GET /details/657171656270645995284 HTTP/2.0" 404 27218 "-" "Mozilla/5.0 (Windows NT 10.0; Win64; x64) AppleWebKit/537.36 (KHTML, like Gecko) Chrome/145.0.0.0 Safari/537.36 (compatible; meta-externalagent/1.1 (+https://developers.facebook.com/docs/sharing/webmasters/crawler))" floresyfloressincelejo.com 10.53.129.184
74.7.242.57 - - [30/Aug/2026:11:09:14 -0500] "GET /details/676071616462657091425 HTTP/2.0" 404 27218 "https://floresyfloressincelejo.com/sitemap.xml" "Mozilla/5.0 AppleWebKit/537.36 (KHTML, like Gecko; compatible; GPTBot/1.4; +https://openai.com/gptbot)" floresyfloressincelejo.com 10.53.129.184
216.73.217.1 - - [30/Aug/2026:11:09:15 -0500] "GET /details/636762716565673729557 HTTP/2.0" 404 27217 "-" "Mozilla/5.0 AppleWebKit/537.36 (KHTML, like Gecko; compatible; ClaudeBot/1.0; +claudebot@anthropic.com)" floresyfloressincelejo.com 10.53.129.184
66.249.65.7 - - [30/Aug/2026:11:09:20 -0500] "GET /?details/656067616264615071241 HTTP/1.1" 200 58173 "-" "Mozilla/5.0 (Linux; Android 6.0.1; Nexus 5X Build/MMB29P) AppleWebKit/537.36 (KHTML, like Gecko) Chrome/151.0.7922.173 Mobile Safari/537.36 (compatible; Googlebot/2.1; +http://www.google.com/bot.html)" floresyfloressincelejo.com 10.53.129.184
66.249.65.7 - - [30/Aug/2026:11:09:20 -0500] "GET /wp-content/themes/flatsome/assets/js/chunk.tooltips.js?ver=3.20.1 HTTP/1.1" 200 13369 "https://floresyfloressincelejo.com/?details/666061617170626011982" "Mozilla/5.0 (Linux; Android 6.0.1; Nexus 5X Build/MMB29P) AppleWebKit/537.36 (KHTML, like Gecko) Chrome/151.0.7922.173 Mobile Safari/537.36 (compatible; Googlebot/2.1; +http://www.google.com/bot.html)" floresyfloressincelejo.com 10.53.129.184
57.141.22.35 - - [30/Aug/2026:11:09:20 -0500] "GET /details/666060667170666006986 HTTP/2.0" 404 27216 "-" "Mozilla/5.0 (Macintosh; Intel Mac OS X 10_15_7) AppleWebKit/537.36 (KHTML, like Gecko) Chrome/145.0.0.0 Safari/537.36 (compatible; meta-externalagent/1.1 (+https://developers.facebook.com/docs/sharing/webmasters/crawler))" floresyfloressincelejo.com 10.53.129.184
57.141.22.13 - - [30/Aug/2026:11:09:29 -0500] "GET /details/636562636763653523735 HTTP/2.0" 404 27215 "-" "Mozilla/5.0 (Windows NT 10.0; Win64; x64) AppleWebKit/537.36 (KHTML, like Gecko) Chrome/145.0.0.0 Safari/537.36 (compatible; meta-externalagent/1.1 (+https://developers.facebook.com/docs/sharing/webmasters/crawler))" floresyfloressincelejo.com 10.53.129.184
74.7.242.57 - - [30/Aug/2026:11:09:34 -0500] "GET /details/646061607165704010958 HTTP/2.0" 404 27217 "https://floresyfloressincelejo.com/sitemap-5.xml" "Mozilla/5.0 AppleWebKit/537.36 (KHTML, like Gecko; compatible; GPTBot/1.4; +https://openai.com/gptbot)" floresyfloressincelejo.com 10.53.129.184
57.141.22.31 - - [30/Aug/2026:11:09:37 -0500] "GET /details/637061716164663819146 HTTP/2.0" 404 27217 "-" "Mozilla/5.0 (Windows NT 10.0; Win64; x64) AppleWebKit/537.36 (KHTML, like Gecko) Chrome/145.0.0.0 Safari/537.36 (compatible; meta-externalagent/1.1 (+https://developers.facebook.com/docs/sharing/webmasters/crawler))" floresyfloressincelejo.com 10.53.129.184
216.73.217.1 - - [30/Aug/2026:11:09:45 -0500] "GET /details/656366646470645364484 HTTP/2.0" 404 27219 "-" "Mozilla/5.0 AppleWebKit/537.36 (KHTML, like Gecko; compatible; ClaudeBot/1.0; +claudebot@anthropic.com)" floresyfloressincelejo.com 10.53.129.184
57.141.22.5 - - [30/Aug/2026:11:09:45 -0500] "GET /details/666765626466606752460 HTTP/2.0" 404 27217 "-" "Mozilla/5.0 (Windows NT 10.0; Win64; x64) AppleWebKit/537.36 (KHTML, like Gecko) Chrome/145.0.0.0 Safari/537.36 (compatible; meta-externalagent/1.1 (+https://developers.facebook.com/docs/sharing/webmasters/crawler))" floresyfloressincelejo.com 10.53.129.184
57.141.22.120 - - [30/Aug/2026:11:09:53 -0500] "GET /details/666566646761626564712 HTTP/2.0" 404 27215 "-" "Mozilla/5.0 (Macintosh; Intel Mac OS X 10_15_7) AppleWebKit/537.36 (KHTML, like Gecko) Chrome/145.0.0.0 Safari/537.36 (compatible; meta-externalagent/1.1 (+https://developers.facebook.com/docs/sharing/webmasters/crawler))" floresyfloressincelejo.com 10.53.129.184
74.7.242.57 - - [30/Aug/2026:11:09:54 -0500] "GET /details/646265706365604258350 HTTP/2.0" 404 27218 "https://floresyfloressincelejo.com/sitemap-9.xml" "Mozilla/5.0 AppleWebKit/537.36 (KHTML, like Gecko; compatible; GPTBot/1.4; +https://openai.com/gptbot)" floresyfloressincelejo.com 10.53.129.184
66.249.65.7 - - [30/Aug/2026:11:10:01 -0500] "GET /tragamonedas-con-multiplicador-dinero-real/ HTTP/1.1" 200 52786 "-" "Mozilla/5.0 (Linux; Android 6.0.1; Nexus 5X Build/MMB29P) AppleWebKit/537.36 (KHTML, like Gecko) Chrome/151.0.7922.173 Mobile Safari/537.36 (compatible; Googlebot/2.1; +http://www.google.com/bot.html)" floresyfloressincelejo.com 10.53.129.184
57.141.22.106 - - [30/Aug/2026:11:10:01 -0500] "GET /details/666161667160626116902 HTTP/2.0" 404 27217 "-" "Mozilla/5.0 (Macintosh; Intel Mac OS X 10_15_7) AppleWebKit/537.36 (KHTML, like Gecko) Chrome/145.0.0.0 Safari/537.36 (compatible; meta-externalagent/1.1 (+https://developers.facebook.com/docs/sharing/webmasters/crawler))" floresyfloressincelejo.com 10.53.129.184
69.6.233.64 - - [30/Aug/2026:11:10:05 -0500] "POST /wp-cron.php?doing_wp_cron=1788106205.1291530132293701171875 HTTP/1.1" 200 - "-" "WordPress/7.1; https://floresyfloressincelejo.com" floresyfloressincelejo.com 10.53.129.184
