216.73.217.1 - - [30/Aug/2026:08:40:11 -0500] "GET /details/656762656565625725552 HTTP/2.0" 404 27215 "-" "Mozilla/5.0 AppleWebKit/537.36 (KHTML, like Gecko; compatible; ClaudeBot/1.0; +claudebot@anthropic.com)" floresyfloressincelejo.com 10.53.129.184
216.73.217.1 - - [30/Aug/2026:08:40:14 -0500] "GET /details/646166656064634165043 HTTP/2.0" 404 27217 "-" "Mozilla/5.0 AppleWebKit/537.36 (KHTML, like Gecko; compatible; ClaudeBot/1.0; +claudebot@anthropic.com)" floresyfloressincelejo.com 10.53.129.184
57.141.22.124 - - [30/Aug/2026:08:40:16 -0500] "GET /details/656062617066615021861 HTTP/2.0" 404 27217 "-" "Mozilla/5.0 (Windows NT 10.0; Win64; x64) AppleWebKit/537.36 (KHTML, like Gecko) Chrome/145.0.0.0 Safari/537.36 (compatible; meta-externalagent/1.1 (+https://developers.facebook.com/docs/sharing/webmasters/crawler))" floresyfloressincelejo.com 10.53.129.184
216.73.217.1 - - [30/Aug/2026:08:40:17 -0500] "GET /details/656771666664605796640 HTTP/2.0" 404 27216 "-" "Mozilla/5.0 AppleWebKit/537.36 (KHTML, like Gecko; compatible; ClaudeBot/1.0; +claudebot@anthropic.com)" floresyfloressincelejo.com 10.53.129.184
216.73.217.1 - - [30/Aug/2026:08:40:20 -0500] "GET /details/666066646163616064131 HTTP/2.0" 404 27215 "-" "Mozilla/5.0 AppleWebKit/537.36 (KHTML, like Gecko; compatible; ClaudeBot/1.0; +claudebot@anthropic.com)" floresyfloressincelejo.com 10.53.129.184
74.7.242.57 - - [30/Aug/2026:08:40:20 -0500] "GET /details/656370666063675386037 HTTP/2.0" 404 27218 "https://floresyfloressincelejo.com/sitemap-4.xml" "Mozilla/5.0 AppleWebKit/537.36 (KHTML, like Gecko; compatible; GPTBot/1.4; +https://openai.com/gptbot)" floresyfloressincelejo.com 10.53.129.184
57.141.22.27 - - [30/Aug/2026:08:40:24 -0500] "GET /details/657162676762675927727 HTTP/2.0" 404 27216 "-" "Mozilla/5.0 (Windows NT 10.0; Win64; x64) AppleWebKit/537.36 (KHTML, like Gecko) Chrome/145.0.0.0 Safari/537.36 (compatible; meta-externalagent/1.1 (+https://developers.facebook.com/docs/sharing/webmasters/crawler))" floresyfloressincelejo.com 10.53.129.184
216.73.217.1 - - [30/Aug/2026:08:40:24 -0500] "GET /details/676164676262607147220 HTTP/2.0" 404 27216 "-" "Mozilla/5.0 AppleWebKit/537.36 (KHTML, like Gecko; compatible; ClaudeBot/1.0; +claudebot@anthropic.com)" floresyfloressincelejo.com 10.53.129.184
216.73.217.1 - - [30/Aug/2026:08:40:27 -0500] "GET /details/666362606467706320478 HTTP/2.0" 404 27218 "-" "Mozilla/5.0 AppleWebKit/537.36 (KHTML, like Gecko; compatible; ClaudeBot/1.0; +claudebot@anthropic.com)" floresyfloressincelejo.com 10.53.129.184
216.73.217.1 - - [30/Aug/2026:08:40:29 -0500] "GET /details/646471616766704491768 HTTP/2.0" 404 27217 "-" "Mozilla/5.0 AppleWebKit/537.36 (KHTML, like Gecko; compatible; ClaudeBot/1.0; +claudebot@anthropic.com)" floresyfloressincelejo.com 10.53.129.184
57.141.22.54 - - [30/Aug/2026:08:40:31 -0500] "GET /details/667060606567626800572 HTTP/2.0" 404 27217 "-" "Mozilla/5.0 (Windows NT 10.0; Win64; x64) AppleWebKit/537.36 (KHTML, like Gecko) Chrome/145.0.0.0 Safari/537.36 (compatible; meta-externalagent/1.1 (+https://developers.facebook.com/docs/sharing/webmasters/crawler))" floresyfloressincelejo.com 10.53.129.184
216.73.217.1 - - [30/Aug/2026:08:40:35 -0500] "GET /details/667071646070716894089 HTTP/2.0" 404 27216 "-" "Mozilla/5.0 AppleWebKit/537.36 (KHTML, like Gecko; compatible; ClaudeBot/1.0; +claudebot@anthropic.com)" floresyfloressincelejo.com 10.53.129.184
57.141.22.47 - - [30/Aug/2026:08:40:37 -0500] "GET /details/637166626667713962679 HTTP/2.0" 404 27216 "-" "Mozilla/5.0 (Windows NT 10.0; Win64; x64) AppleWebKit/537.36 (KHTML, like Gecko) Chrome/145.0.0.0 Safari/537.36 (compatible; meta-externalagent/1.1 (+https://developers.facebook.com/docs/sharing/webmasters/crawler))" floresyfloressincelejo.com 10.53.129.184
216.73.217.1 - - [30/Aug/2026:08:40:38 -0500] "GET /details/646064717070674049887 HTTP/2.0" 404 27218 "-" "Mozilla/5.0 AppleWebKit/537.36 (KHTML, like Gecko; compatible; ClaudeBot/1.0; +claudebot@anthropic.com)" floresyfloressincelejo.com 10.53.129.184
74.7.242.57 - - [30/Aug/2026:08:40:40 -0500] "GET /details/666460676267716407279 HTTP/2.0" 404 27219 "https://floresyfloressincelejo.com/sitemap-5.xml" "Mozilla/5.0 AppleWebKit/537.36 (KHTML, like Gecko; compatible; GPTBot/1.4; +https://openai.com/gptbot)" floresyfloressincelejo.com 10.53.129.184
216.73.217.1 - - [30/Aug/2026:08:40:41 -0500] "GET /details/656070607060635080803 HTTP/2.0" 404 27214 "-" "Mozilla/5.0 AppleWebKit/537.36 (KHTML, like Gecko; compatible; ClaudeBot/1.0; +claudebot@anthropic.com)" floresyfloressincelejo.com 10.53.129.184
57.141.22.51 - - [30/Aug/2026:08:40:44 -0500] "GET /details/667070666265606886250 HTTP/2.0" 404 27218 "-" "Mozilla/5.0 (Macintosh; Intel Mac OS X 10_15_7) AppleWebKit/537.36 (KHTML, like Gecko) Chrome/145.0.0.0 Safari/537.36 (compatible; meta-externalagent/1.1 (+https://developers.facebook.com/docs/sharing/webmasters/crawler))" floresyfloressincelejo.com 10.53.129.184
216.73.217.1 - - [30/Aug/2026:08:40:44 -0500] "GET /details/636567716471703579498 HTTP/2.0" 404 27217 "-" "Mozilla/5.0 AppleWebKit/537.36 (KHTML, like Gecko; compatible; ClaudeBot/1.0; +claudebot@anthropic.com)" floresyfloressincelejo.com 10.53.129.184
216.73.217.1 - - [30/Aug/2026:08:40:47 -0500] "GET /details/656061676162655017125 HTTP/2.0" 404 27216 "-" "Mozilla/5.0 AppleWebKit/537.36 (KHTML, like Gecko; compatible; ClaudeBot/1.0; +claudebot@anthropic.com)" floresyfloressincelejo.com 10.53.129.184
216.73.217.1 - - [30/Aug/2026:08:40:50 -0500] "GET /details/666460607066656400865 HTTP/2.0" 404 27217 "-" "Mozilla/5.0 AppleWebKit/537.36 (KHTML, like Gecko; compatible; ClaudeBot/1.0; +claudebot@anthropic.com)" floresyfloressincelejo.com 10.53.129.184
57.141.22.90 - - [30/Aug/2026:08:40:51 -0500] "GET /details/666365616571656351595 HTTP/2.0" 404 27217 "-" "Mozilla/5.0 (Windows NT 10.0; Win64; x64) AppleWebKit/537.36 (KHTML, like Gecko) Chrome/145.0.0.0 Safari/537.36 (compatible; meta-externalagent/1.1 (+https://developers.facebook.com/docs/sharing/webmasters/crawler))" floresyfloressincelejo.com 10.53.129.184
216.73.217.1 - - [30/Aug/2026:08:40:53 -0500] "GET /details/647166656365664965356 HTTP/2.0" 404 27217 "-" "Mozilla/5.0 AppleWebKit/537.36 (KHTML, like Gecko; compatible; ClaudeBot/1.0; +claudebot@anthropic.com)" floresyfloressincelejo.com 10.53.129.184
216.73.217.1 - - [30/Aug/2026:08:40:55 -0500] "GET /details/676070626263637082233 HTTP/2.0" 404 27217 "-" "Mozilla/5.0 AppleWebKit/537.36 (KHTML, like Gecko; compatible; ClaudeBot/1.0; +claudebot@anthropic.com)" floresyfloressincelejo.com 10.53.129.184
216.73.217.1 - - [30/Aug/2026:08:40:57 -0500] "GET /details/646170636771644183794 HTTP/2.0" 404 27218 "-" "Mozilla/5.0 AppleWebKit/537.36 (KHTML, like Gecko; compatible; ClaudeBot/1.0; +claudebot@anthropic.com)" floresyfloressincelejo.com 10.53.129.184
57.141.22.0 - - [30/Aug/2026:08:40:58 -0500] "GET /details/646064626565614042551 HTTP/2.0" 404 27215 "-" "Mozilla/5.0 (Windows NT 10.0; Win64; x64) AppleWebKit/537.36 (KHTML, like Gecko) Chrome/145.0.0.0 Safari/537.36 (compatible; meta-externalagent/1.1 (+https://developers.facebook.com/docs/sharing/webmasters/crawler))" floresyfloressincelejo.com 10.53.129.184
216.73.217.1 - - [30/Aug/2026:08:40:58 -0500] "GET /details/646366666367654366375 HTTP/2.0" 404 27216 "-" "Mozilla/5.0 AppleWebKit/537.36 (KHTML, like Gecko; compatible; ClaudeBot/1.0; +claudebot@anthropic.com)" floresyfloressincelejo.com 10.53.129.184
74.7.242.57 - - [30/Aug/2026:08:41:00 -0500] "GET /details/636764606665703740658 HTTP/2.0" 404 27218 "https://floresyfloressincelejo.com/sitemap-8.xml" "Mozilla/5.0 AppleWebKit/537.36 (KHTML, like Gecko; compatible; GPTBot/1.4; +https://openai.com/gptbot)" floresyfloressincelejo.com 10.53.129.184
69.6.233.64 - - [30/Aug/2026:08:41:04 -0500] "POST /wp-cron.php?doing_wp_cron=1788097264.0562191009521484375000 HTTP/1.1" 200 - "-" "WordPress/7.1; https://floresyfloressincelejo.com" floresyfloressincelejo.com 10.53.129.184
216.73.217.1 - - [30/Aug/2026:08:41:01 -0500] "GET /details/656662606662625620622 HTTP/2.0" 404 27216 "-" "Mozilla/5.0 AppleWebKit/537.36 (KHTML, like Gecko; compatible; ClaudeBot/1.0; +claudebot@anthropic.com)" floresyfloressincelejo.com 10.53.129.184
216.73.217.1 - - [30/Aug/2026:08:41:01 -0500] "GET /details/667066646660616864601 HTTP/2.0" 404 27215 "-" "Mozilla/5.0 AppleWebKit/537.36 (KHTML, like Gecko; compatible; ClaudeBot/1.0; +claudebot@anthropic.com)" floresyfloressincelejo.com 10.53.129.184
216.73.217.1 - - [30/Aug/2026:08:41:04 -0500] "GET /details/637171677162623997922 HTTP/2.0" 404 27216 "-" "Mozilla/5.0 AppleWebKit/537.36 (KHTML, like Gecko; compatible; ClaudeBot/1.0; +claudebot@anthropic.com)" floresyfloressincelejo.com 10.53.129.184
57.141.22.47 - - [30/Aug/2026:08:41:04 -0500] "GET /details/666471656167666495176 HTTP/2.0" 404 27216 "-" "Mozilla/5.0 (Windows NT 10.0; Win64; x64) AppleWebKit/537.36 (KHTML, like Gecko) Chrome/145.0.0.0 Safari/537.36 (compatible; meta-externalagent/1.1 (+https://developers.facebook.com/docs/sharing/webmasters/crawler))" floresyfloressincelejo.com 10.53.129.184
216.73.217.1 - - [30/Aug/2026:08:41:05 -0500] "GET /details/676063607062627030822 HTTP/2.0" 404 27218 "-" "Mozilla/5.0 AppleWebKit/537.36 (KHTML, like Gecko; compatible; ClaudeBot/1.0; +claudebot@anthropic.com)" floresyfloressincelejo.com 10.53.129.184
69.6.233.64 - - [30/Aug/2026:08:41:09 -0500] "POST /wp-cron.php?doing_wp_cron=1788097269.2588210105895996093750 HTTP/1.1" 200 - "-" "WordPress/7.1; https://floresyfloressincelejo.com" floresyfloressincelejo.com 10.53.129.184
216.73.217.1 - - [30/Aug/2026:08:41:07 -0500] "GET /details/656667626670675672687 HTTP/2.0" 404 27218 "-" "Mozilla/5.0 AppleWebKit/537.36 (KHTML, like Gecko; compatible; ClaudeBot/1.0; +claudebot@anthropic.com)" floresyfloressincelejo.com 10.53.129.184
216.73.217.1 - - [30/Aug/2026:08:41:07 -0500] "GET /details/656061626165635012153 HTTP/2.0" 404 27217 "-" "Mozilla/5.0 AppleWebKit/537.36 (KHTML, like Gecko; compatible; ClaudeBot/1.0; +claudebot@anthropic.com)" floresyfloressincelejo.com 10.53.129.184
216.73.217.1 - - [30/Aug/2026:08:41:09 -0500] "GET /details/647170637063704983838 HTTP/2.0" 404 27212 "-" "Mozilla/5.0 AppleWebKit/537.36 (KHTML, like Gecko; compatible; ClaudeBot/1.0; +claudebot@anthropic.com)" floresyfloressincelejo.com 10.53.129.184
216.73.217.1 - - [30/Aug/2026:08:41:10 -0500] "GET /details/666171667164716196949 HTTP/2.0" 404 27216 "-" "Mozilla/5.0 AppleWebKit/537.36 (KHTML, like Gecko; compatible; ClaudeBot/1.0; +claudebot@anthropic.com)" floresyfloressincelejo.com 10.53.129.184
57.141.22.87 - - [30/Aug/2026:08:41:11 -0500] "GET /details/647163656563674935537 HTTP/2.0" 404 27217 "-" "Mozilla/5.0 (Macintosh; Intel Mac OS X 10_15_7) AppleWebKit/537.36 (KHTML, like Gecko) Chrome/145.0.0.0 Safari/537.36 (compatible; meta-externalagent/1.1 (+https://developers.facebook.com/docs/sharing/webmasters/crawler))" floresyfloressincelejo.com 10.53.129.184
216.73.217.1 - - [30/Aug/2026:08:41:12 -0500] "GET /details/656167676062705177028 HTTP/2.0" 404 27216 "-" "Mozilla/5.0 AppleWebKit/537.36 (KHTML, like Gecko; compatible; ClaudeBot/1.0; +claudebot@anthropic.com)" floresyfloressincelejo.com 10.53.129.184
216.73.217.1 - - [30/Aug/2026:08:41:13 -0500] "GET /details/656161646462605114420 HTTP/2.0" 404 27216 "-" "Mozilla/5.0 AppleWebKit/537.36 (KHTML, like Gecko; compatible; ClaudeBot/1.0; +claudebot@anthropic.com)" floresyfloressincelejo.com 10.53.129.184
216.73.217.1 - - [30/Aug/2026:08:41:14 -0500] "GET /details/646363656763704335738 HTTP/2.0" 404 27216 "-" "Mozilla/5.0 AppleWebKit/537.36 (KHTML, like Gecko; compatible; ClaudeBot/1.0; +claudebot@anthropic.com)" floresyfloressincelejo.com 10.53.129.184
216.73.217.1 - - [30/Aug/2026:08:41:15 -0500] "GET /details/666460606264646400244 HTTP/2.0" 404 27215 "-" "Mozilla/5.0 AppleWebKit/537.36 (KHTML, like Gecko; compatible; ClaudeBot/1.0; +claudebot@anthropic.com)" floresyfloressincelejo.com 10.53.129.184
57.141.22.114 - - [30/Aug/2026:08:41:18 -0500] "GET /details/646061706367664018376 HTTP/2.0" 404 27218 "-" "Mozilla/5.0 (Macintosh; Intel Mac OS X 10_15_7) AppleWebKit/537.36 (KHTML, like Gecko) Chrome/145.0.0.0 Safari/537.36 (compatible; meta-externalagent/1.1 (+https://developers.facebook.com/docs/sharing/webmasters/crawler))" floresyfloressincelejo.com 10.53.129.184
216.73.217.1 - - [30/Aug/2026:08:41:18 -0500] "GET /details/676164646670607144680 HTTP/2.0" 404 27217 "-" "Mozilla/5.0 AppleWebKit/537.36 (KHTML, like Gecko; compatible; ClaudeBot/1.0; +claudebot@anthropic.com)" floresyfloressincelejo.com 10.53.129.184
216.73.217.1 - - [30/Aug/2026:08:41:20 -0500] "GET /details/666262606462716220429 HTTP/2.0" 404 27217 "-" "Mozilla/5.0 AppleWebKit/537.36 (KHTML, like Gecko; compatible; ClaudeBot/1.0; +claudebot@anthropic.com)" floresyfloressincelejo.com 10.53.129.184
216.73.217.1 - - [30/Aug/2026:08:41:20 -0500] "GET /details/646465606760614450701 HTTP/2.0" 404 27215 "-" "Mozilla/5.0 AppleWebKit/537.36 (KHTML, like Gecko; compatible; ClaudeBot/1.0; +claudebot@anthropic.com)" floresyfloressincelejo.com 10.53.129.184
216.73.217.1 - - [30/Aug/2026:08:41:22 -0500] "GET /details/667166636570676963587 HTTP/2.0" 404 27219 "-" "Mozilla/5.0 AppleWebKit/537.36 (KHTML, like Gecko; compatible; ClaudeBot/1.0; +claudebot@anthropic.com)" floresyfloressincelejo.com 10.53.129.184
216.73.217.1 - - [30/Aug/2026:08:41:24 -0500] "GET /details/646162626767644122774 HTTP/2.0" 404 27216 "-" "Mozilla/5.0 AppleWebKit/537.36 (KHTML, like Gecko; compatible; ClaudeBot/1.0; +claudebot@anthropic.com)" floresyfloressincelejo.com 10.53.129.184
57.141.22.5 - - [30/Aug/2026:08:41:25 -0500] "GET /details/676067606460717070409 HTTP/2.0" 404 27216 "-" "Mozilla/5.0 (Windows NT 10.0; Win64; x64) AppleWebKit/537.36 (KHTML, like Gecko) Chrome/145.0.0.0 Safari/537.36 (compatible; meta-externalagent/1.1 (+https://developers.facebook.com/docs/sharing/webmasters/crawler))" floresyfloressincelejo.com 10.53.129.184
216.73.217.1 - - [30/Aug/2026:08:41:25 -0500] "GET /details/656567666161705576118 HTTP/2.0" 404 27216 "-" "Mozilla/5.0 AppleWebKit/537.36 (KHTML, like Gecko; compatible; ClaudeBot/1.0; +claudebot@anthropic.com)" floresyfloressincelejo.com 10.53.129.184
74.7.242.57 - - [30/Aug/2026:08:41:20 -0500] "GET /details/636661626071603612090 HTTP/2.0" 404 27217 "https://floresyfloressincelejo.com/sitemap-12.xml" "Mozilla/5.0 AppleWebKit/537.36 (KHTML, like Gecko; compatible; GPTBot/1.4; +https://openai.com/gptbot)" floresyfloressincelejo.com 10.53.129.184
216.73.217.1 - - [30/Aug/2026:08:41:26 -0500] "GET /details/646171676260664197206 HTTP/2.0" 404 27218 "-" "Mozilla/5.0 AppleWebKit/537.36 (KHTML, like Gecko; compatible; ClaudeBot/1.0; +claudebot@anthropic.com)" floresyfloressincelejo.com 10.53.129.184
216.73.217.1 - - [30/Aug/2026:08:41:27 -0500] "GET /details/656467676561655477515 HTTP/2.0" 404 27218 "-" "Mozilla/5.0 AppleWebKit/537.36 (KHTML, like Gecko; compatible; ClaudeBot/1.0; +claudebot@anthropic.com)" floresyfloressincelejo.com 10.53.129.184
57.141.10.60 - - [30/Aug/2026:08:41:34 -0500] "GET / HTTP/2.0" 200 58175 "-" "facebookexternalhit/1.1 (+http://www.facebook.com/externalhit_uatext.php)" floresyfloressincelejo.com 10.53.129.184
216.73.217.1 - - [30/Aug/2026:08:41:30 -0500] "GET /details/656161656761635115713 HTTP/2.0" 404 27216 "-" "Mozilla/5.0 AppleWebKit/537.36 (KHTML, like Gecko; compatible; ClaudeBot/1.0; +claudebot@anthropic.com)" floresyfloressincelejo.com 10.53.129.184
216.73.217.1 - - [30/Aug/2026:08:41:30 -0500] "GET /details/636567646566673574567 HTTP/2.0" 404 27216 "-" "Mozilla/5.0 AppleWebKit/537.36 (KHTML, like Gecko; compatible; ClaudeBot/1.0; +claudebot@anthropic.com)" floresyfloressincelejo.com 10.53.129.184
57.141.22.108 - - [30/Aug/2026:08:41:32 -0500] "GET /bono-sin-deposito-en-bitcoin-penguin-casino/ HTTP/2.0" 200 47831 "-" "Mozilla/5.0 (Macintosh; Intel Mac OS X 10_15_7) AppleWebKit/537.36 (KHTML, like Gecko) Chrome/145.0.0.0 Safari/537.36 (compatible; meta-externalagent/1.1 (+https://developers.facebook.com/docs/sharing/webmasters/crawler))" floresyfloressincelejo.com 10.53.129.184
216.73.217.1 - - [30/Aug/2026:08:41:35 -0500] "GET /details/646063617165664031956 HTTP/2.0" 404 27218 "-" "Mozilla/5.0 AppleWebKit/537.36 (KHTML, like Gecko; compatible; ClaudeBot/1.0; +claudebot@anthropic.com)" floresyfloressincelejo.com 10.53.129.184
216.73.217.1 - - [30/Aug/2026:08:41:35 -0500] "GET /details/646365607060644350804 HTTP/2.0" 404 27218 "-" "Mozilla/5.0 AppleWebKit/537.36 (KHTML, like Gecko; compatible; ClaudeBot/1.0; +claudebot@anthropic.com)" floresyfloressincelejo.com 10.53.129.184
216.73.217.1 - - [30/Aug/2026:08:41:38 -0500] "GET /details/666560637065706503858 HTTP/2.0" 404 27215 "-" "Mozilla/5.0 AppleWebKit/537.36 (KHTML, like Gecko; compatible; ClaudeBot/1.0; +claudebot@anthropic.com)" floresyfloressincelejo.com 10.53.129.184
216.73.217.1 - - [30/Aug/2026:08:41:38 -0500] "GET /details/666563666565666536556 HTTP/2.0" 404 27214 "-" "Mozilla/5.0 AppleWebKit/537.36 (KHTML, like Gecko; compatible; ClaudeBot/1.0; +claudebot@anthropic.com)" floresyfloressincelejo.com 10.53.129.184
57.141.22.111 - - [30/Aug/2026:08:41:39 -0500] "GET /details/647164666165674946157 HTTP/2.0" 404 27218 "-" "Mozilla/5.0 (Macintosh; Intel Mac OS X 10_15_7) AppleWebKit/537.36 (KHTML, like Gecko) Chrome/145.0.0.0 Safari/537.36 (compatible; meta-externalagent/1.1 (+https://developers.facebook.com/docs/sharing/webmasters/crawler))" floresyfloressincelejo.com 10.53.129.184
216.73.217.1 - - [30/Aug/2026:08:41:40 -0500] "GET /details/666370666571636386593 HTTP/2.0" 404 27217 "-" "Mozilla/5.0 AppleWebKit/537.36 (KHTML, like Gecko; compatible; ClaudeBot/1.0; +claudebot@anthropic.com)" floresyfloressincelejo.com 10.53.129.184
216.73.217.1 - - [30/Aug/2026:08:41:40 -0500] "GET /details/646063616064614031041 HTTP/2.0" 404 27216 "-" "Mozilla/5.0 AppleWebKit/537.36 (KHTML, like Gecko; compatible; ClaudeBot/1.0; +claudebot@anthropic.com)" floresyfloressincelejo.com 10.53.129.184
57.141.22.21 - - [30/Aug/2026:08:41:45 -0500] "GET /details/676166646660707164608 HTTP/2.0" 404 27215 "-" "Mozilla/5.0 (Windows NT 10.0; Win64; x64) AppleWebKit/537.36 (KHTML, like Gecko) Chrome/145.0.0.0 Safari/537.36 (compatible; meta-externalagent/1.1 (+https://developers.facebook.com/docs/sharing/webmasters/crawler))" floresyfloressincelejo.com 10.53.129.184
216.73.217.1 - - [30/Aug/2026:08:41:44 -0500] "GET /details/636665626471623652492 HTTP/2.0" 404 27218 "-" "Mozilla/5.0 AppleWebKit/537.36 (KHTML, like Gecko; compatible; ClaudeBot/1.0; +claudebot@anthropic.com)" floresyfloressincelejo.com 10.53.129.184
216.73.217.1 - - [30/Aug/2026:08:41:45 -0500] "GET /details/666071606567616090571 HTTP/2.0" 404 27217 "-" "Mozilla/5.0 AppleWebKit/537.36 (KHTML, like Gecko; compatible; ClaudeBot/1.0; +claudebot@anthropic.com)" floresyfloressincelejo.com 10.53.129.184
74.7.242.57 - - [30/Aug/2026:08:41:40 -0500] "GET /details/666167706760646178704 HTTP/2.0" 404 27219 "https://floresyfloressincelejo.com/sitemap-4.xml" "Mozilla/5.0 AppleWebKit/537.36 (KHTML, like Gecko; compatible; GPTBot/1.4; +https://openai.com/gptbot)" floresyfloressincelejo.com 10.53.129.184
216.73.217.1 - - [30/Aug/2026:08:41:48 -0500] "GET /details/676163626762707132728 HTTP/2.0" 404 27216 "-" "Mozilla/5.0 AppleWebKit/537.36 (KHTML, like Gecko; compatible; ClaudeBot/1.0; +claudebot@anthropic.com)" floresyfloressincelejo.com 10.53.129.184
216.73.217.1 - - [30/Aug/2026:08:41:47 -0500] "GET /details/666170646161616184111 HTTP/2.0" 404 27214 "-" "Mozilla/5.0 AppleWebKit/537.36 (KHTML, like Gecko; compatible; ClaudeBot/1.0; +claudebot@anthropic.com)" floresyfloressincelejo.com 10.53.129.184
216.73.217.1 - - [30/Aug/2026:08:41:50 -0500] "GET /details/646371636271644393294 HTTP/2.0" 404 27217 "-" "Mozilla/5.0 AppleWebKit/537.36 (KHTML, like Gecko; compatible; ClaudeBot/1.0; +claudebot@anthropic.com)" floresyfloressincelejo.com 10.53.129.184
216.73.217.1 - - [30/Aug/2026:08:41:51 -0500] "GET /details/636570646463703584438 HTTP/2.0" 404 27217 "-" "Mozilla/5.0 AppleWebKit/537.36 (KHTML, like Gecko; compatible; ClaudeBot/1.0; +claudebot@anthropic.com)" floresyfloressincelejo.com 10.53.129.184
57.141.22.21 - - [30/Aug/2026:08:41:52 -0500] "GET /details/656262617162615221921 HTTP/2.0" 404 27214 "-" "Mozilla/5.0 (Macintosh; Intel Mac OS X 10_15_7) AppleWebKit/537.36 (KHTML, like Gecko) Chrome/145.0.0.0 Safari/537.36 (compatible; meta-externalagent/1.1 (+https://developers.facebook.com/docs/sharing/webmasters/crawler))" floresyfloressincelejo.com 10.53.129.184
216.73.217.1 - - [30/Aug/2026:08:41:53 -0500] "GET /details/636564717067643549874 HTTP/2.0" 404 27218 "-" "Mozilla/5.0 AppleWebKit/537.36 (KHTML, like Gecko; compatible; ClaudeBot/1.0; +claudebot@anthropic.com)" floresyfloressincelejo.com 10.53.129.184
216.73.217.1 - - [30/Aug/2026:08:41:54 -0500] "GET /details/666370636260716383209 HTTP/2.0" 404 27218 "-" "Mozilla/5.0 AppleWebKit/537.36 (KHTML, like Gecko; compatible; ClaudeBot/1.0; +claudebot@anthropic.com)" floresyfloressincelejo.com 10.53.129.184
216.73.217.1 - - [30/Aug/2026:08:41:57 -0500] "GET /details/666464646064706444048 HTTP/2.0" 404 27214 "-" "Mozilla/5.0 AppleWebKit/537.36 (KHTML, like Gecko; compatible; ClaudeBot/1.0; +claudebot@anthropic.com)" floresyfloressincelejo.com 10.53.129.184
57.141.22.98 - - [30/Aug/2026:08:41:57 -0500] "GET /details/676060626366707002368 HTTP/2.0" 404 27216 "-" "Mozilla/5.0 (Windows NT 10.0; Win64; x64) AppleWebKit/537.36 (KHTML, like Gecko) Chrome/145.0.0.0 Safari/537.36 (compatible; meta-externalagent/1.1 (+https://developers.facebook.com/docs/sharing/webmasters/crawler))" floresyfloressincelejo.com 10.53.129.184
216.73.217.1 - - [30/Aug/2026:08:41:58 -0500] "GET /details/636761616470633711483 HTTP/2.0" 404 27217 "-" "Mozilla/5.0 AppleWebKit/537.36 (KHTML, like Gecko; compatible; ClaudeBot/1.0; +claudebot@anthropic.com)" floresyfloressincelejo.com 10.53.129.184
69.6.233.64 - - [30/Aug/2026:08:42:05 -0500] "POST /wp-cron.php?doing_wp_cron=1788097324.9550869464874267578125 HTTP/1.1" 200 - "-" "WordPress/7.1; https://floresyfloressincelejo.com" floresyfloressincelejo.com 10.53.129.184
74.7.242.57 - - [30/Aug/2026:08:42:00 -0500] "GET /details/646563676662654537625 HTTP/2.0" 404 27219 "https://floresyfloressincelejo.com/sitemap-8.xml" "Mozilla/5.0 AppleWebKit/537.36 (KHTML, like Gecko; compatible; GPTBot/1.4; +https://openai.com/gptbot)" floresyfloressincelejo.com 10.53.129.184
216.73.217.1 - - [30/Aug/2026:08:42:02 -0500] "GET /details/676071646265667094256 HTTP/2.0" 404 27219 "-" "Mozilla/5.0 AppleWebKit/537.36 (KHTML, like Gecko; compatible; ClaudeBot/1.0; +claudebot@anthropic.com)" floresyfloressincelejo.com 10.53.129.184
216.73.217.1 - - [30/Aug/2026:08:42:02 -0500] "GET /details/646665627062644652824 HTTP/2.0" 404 27219 "-" "Mozilla/5.0 AppleWebKit/537.36 (KHTML, like Gecko; compatible; ClaudeBot/1.0; +claudebot@anthropic.com)" floresyfloressincelejo.com 10.53.129.184
57.141.22.101 - - [30/Aug/2026:08:42:04 -0500] "GET /details/636563616360653531305 HTTP/2.0" 404 27215 "-" "Mozilla/5.0 (Macintosh; Intel Mac OS X 10_15_7) AppleWebKit/537.36 (KHTML, like Gecko) Chrome/145.0.0.0 Safari/537.36 (compatible; meta-externalagent/1.1 (+https://developers.facebook.com/docs/sharing/webmasters/crawler))" floresyfloressincelejo.com 10.53.129.184
216.73.217.1 - - [30/Aug/2026:08:42:09 -0500] "GET /details/646161646361644114314 HTTP/2.0" 404 27215 "-" "Mozilla/5.0 AppleWebKit/537.36 (KHTML, like Gecko; compatible; ClaudeBot/1.0; +claudebot@anthropic.com)" floresyfloressincelejo.com 10.53.129.184
57.141.22.102 - - [30/Aug/2026:08:42:10 -0500] "GET /details/656767646562675774527 HTTP/2.0" 404 27216 "-" "Mozilla/5.0 (Macintosh; Intel Mac OS X 10_15_7) AppleWebKit/537.36 (KHTML, like Gecko) Chrome/145.0.0.0 Safari/537.36 (compatible; meta-externalagent/1.1 (+https://developers.facebook.com/docs/sharing/webmasters/crawler))" floresyfloressincelejo.com 10.53.129.184
216.73.217.1 - - [30/Aug/2026:08:42:08 -0500] "GET /details/636462626262603422220 HTTP/2.0" 404 27213 "-" "Mozilla/5.0 AppleWebKit/537.36 (KHTML, like Gecko; compatible; ClaudeBot/1.0; +claudebot@anthropic.com)" floresyfloressincelejo.com 10.53.129.184
216.73.217.1 - - [30/Aug/2026:08:42:14 -0500] "GET /details/656070656564635085543 HTTP/2.0" 404 27217 "-" "Mozilla/5.0 AppleWebKit/537.36 (KHTML, like Gecko; compatible; ClaudeBot/1.0; +claudebot@anthropic.com)" floresyfloressincelejo.com 10.53.129.184
216.73.217.1 - - [30/Aug/2026:08:42:13 -0500] "GET /details/647170716561664989516 HTTP/2.0" 404 27218 "-" "Mozilla/5.0 AppleWebKit/537.36 (KHTML, like Gecko; compatible; ClaudeBot/1.0; +claudebot@anthropic.com)" floresyfloressincelejo.com 10.53.129.184
216.73.217.1 - - [30/Aug/2026:08:42:15 -0500] "GET /details/637063677163713837939 HTTP/2.0" 404 27217 "-" "Mozilla/5.0 AppleWebKit/537.36 (KHTML, like Gecko; compatible; ClaudeBot/1.0; +claudebot@anthropic.com)" floresyfloressincelejo.com 10.53.129.184
57.141.22.120 - - [30/Aug/2026:08:42:17 -0500] "GET /details/647163666261604936210 HTTP/2.0" 404 27217 "-" "Mozilla/5.0 (X11; Linux x86_64) AppleWebKit/537.36 (KHTML, like Gecko) Chrome/145.0.0.0 Safari/537.36 (compatible; meta-externalagent/1.1 (+https://developers.facebook.com/docs/sharing/webmasters/crawler))" floresyfloressincelejo.com 10.53.129.184
216.73.217.1 - - [30/Aug/2026:08:42:17 -0500] "GET /details/636762676165623727152 HTTP/2.0" 404 27217 "-" "Mozilla/5.0 AppleWebKit/537.36 (KHTML, like Gecko; compatible; ClaudeBot/1.0; +claudebot@anthropic.com)" floresyfloressincelejo.com 10.53.129.184
216.73.217.1 - - [30/Aug/2026:08:42:17 -0500] "GET /details/666060606367606000370 HTTP/2.0" 404 27214 "-" "Mozilla/5.0 AppleWebKit/537.36 (KHTML, like Gecko; compatible; ClaudeBot/1.0; +claudebot@anthropic.com)" floresyfloressincelejo.com 10.53.129.184
216.73.217.1 - - [30/Aug/2026:08:42:19 -0500] "GET /details/647061616464674811447 HTTP/2.0" 404 27216 "-" "Mozilla/5.0 AppleWebKit/537.36 (KHTML, like Gecko; compatible; ClaudeBot/1.0; +claudebot@anthropic.com)" floresyfloressincelejo.com 10.53.129.184
216.73.217.1 - - [30/Aug/2026:08:42:20 -0500] "GET /details/656065677062715057829 HTTP/2.0" 404 27217 "-" "Mozilla/5.0 AppleWebKit/537.36 (KHTML, like Gecko; compatible; ClaudeBot/1.0; +claudebot@anthropic.com)" floresyfloressincelejo.com 10.53.129.184
74.7.242.57 - - [30/Aug/2026:08:42:20 -0500] "GET /details/646660616670604601680 HTTP/2.0" 404 27218 "https://floresyfloressincelejo.com/sitemap-12.xml" "Mozilla/5.0 AppleWebKit/537.36 (KHTML, like Gecko; compatible; GPTBot/1.4; +https://openai.com/gptbot)" floresyfloressincelejo.com 10.53.129.184
216.73.217.1 - - [30/Aug/2026:08:42:21 -0500] "GET /details/656171656663645195634 HTTP/2.0" 404 27217 "-" "Mozilla/5.0 AppleWebKit/537.36 (KHTML, like Gecko; compatible; ClaudeBot/1.0; +claudebot@anthropic.com)" floresyfloressincelejo.com 10.53.129.184
216.73.217.1 - - [30/Aug/2026:08:42:23 -0500] "GET /details/646663617162654631925 HTTP/2.0" 404 27218 "-" "Mozilla/5.0 AppleWebKit/537.36 (KHTML, like Gecko; compatible; ClaudeBot/1.0; +claudebot@anthropic.com)" floresyfloressincelejo.com 10.53.129.184
57.141.22.17 - - [30/Aug/2026:08:42:24 -0500] "GET /details/636466616364713461349 HTTP/2.0" 404 27215 "-" "Mozilla/5.0 (Windows NT 10.0; Win64; x64) AppleWebKit/537.36 (KHTML, like Gecko) Chrome/145.0.0.0 Safari/537.36 Edg/145.0.0.0 (compatible; meta-externalagent/1.1 (+https://developers.facebook.com/docs/sharing/webmasters/crawler))" floresyfloressincelejo.com 10.53.129.184
216.73.217.1 - - [30/Aug/2026:08:42:27 -0500] "GET /details/667160707067626908872 HTTP/2.0" 404 27217 "-" "Mozilla/5.0 AppleWebKit/537.36 (KHTML, like Gecko; compatible; ClaudeBot/1.0; +claudebot@anthropic.com)" floresyfloressincelejo.com 10.53.129.184
57.141.22.30 - - [30/Aug/2026:08:42:30 -0500] "GET /details/647065646160714854109 HTTP/2.0" 404 27218 "-" "Mozilla/5.0 (Windows NT 10.0; Win64; x64) AppleWebKit/537.36 (KHTML, like Gecko) Chrome/145.0.0.0 Safari/537.36 (compatible; meta-externalagent/1.1 (+https://developers.facebook.com/docs/sharing/webmasters/crawler))" floresyfloressincelejo.com 10.53.129.184
216.73.217.1 - - [30/Aug/2026:08:42:32 -0500] "GET /details/646167666063674176037 HTTP/2.0" 404 27218 "-" "Mozilla/5.0 AppleWebKit/537.36 (KHTML, like Gecko; compatible; ClaudeBot/1.0; +claudebot@anthropic.com)" floresyfloressincelejo.com 10.53.129.184
51.178.22.57 - - [30/Aug/2026:08:42:41 -0500] "GET / HTTP/1.1" 200 188581 "-" "Mozilla/5.0 (Windows NT 10.0; Win64; x64) AppleWebKit/537.36 (KHTML, like Gecko) Chrome/126.0.0.0 Safari/537.36" floresyfloressincelejo.com 10.53.129.184
51.178.22.57 - - [30/Aug/2026:08:42:41 -0500] "GET / HTTP/1.1" 200 188581 "-" "Mozilla/5.0 (Windows NT 10.0; Win64; x64) AppleWebKit/537.36 (KHTML, like Gecko) Chrome/126.0.0.0 Safari/537.36" floresyfloressincelejo.com.floresyfloresibague.com 10.53.129.184
216.73.217.1 - - [30/Aug/2026:08:42:37 -0500] "GET /details/636771706760673798707 HTTP/2.0" 404 27217 "-" "Mozilla/5.0 AppleWebKit/537.36 (KHTML, like Gecko; compatible; ClaudeBot/1.0; +claudebot@anthropic.com)" floresyfloressincelejo.com 10.53.129.184
51.178.22.57 - - [30/Aug/2026:08:42:42 -0500] "POST /?rest_route=/batch/v1 HTTP/1.1" 406 226 "-" "Mozilla/5.0 (Windows NT 10.0; Win64; x64) AppleWebKit/537.36 (KHTML, like Gecko) Chrome/126.0.0.0 Safari/537.36" floresyfloressincelejo.com 10.53.129.184
57.141.22.23 - - [30/Aug/2026:08:42:37 -0500] "GET /details/676067606470627070482 HTTP/2.0" 404 27216 "-" "Mozilla/5.0 (Macintosh; Intel Mac OS X 10_15_7) AppleWebKit/537.36 (KHTML, like Gecko) Chrome/145.0.0.0 Safari/537.36 (compatible; meta-externalagent/1.1 (+https://developers.facebook.com/docs/sharing/webmasters/crawler))" floresyfloressincelejo.com 10.53.129.184
51.178.22.57 - - [30/Aug/2026:08:42:43 -0500] "POST /?rest_route=/batch/v1 HTTP/1.1" 406 226 "-" "Mozilla/5.0 (Windows NT 10.0; Win64; x64) AppleWebKit/537.36 (KHTML, like Gecko) Chrome/126.0.0.0 Safari/537.36" floresyfloressincelejo.com.floresyfloresibague.com 10.53.129.184
51.178.22.57 - - [30/Aug/2026:08:42:43 -0500] "POST /wp-json/batch/v1 HTTP/1.1" 406 226 "-" "Mozilla/5.0 (Windows NT 10.0; Win64; x64) AppleWebKit/537.36 (KHTML, like Gecko) Chrome/126.0.0.0 Safari/537.36" floresyfloressincelejo.com 10.53.129.184
51.178.22.57 - - [30/Aug/2026:08:42:43 -0500] "POST /index.php?rest_route=/batch/v1 HTTP/1.1" 409 83 "-" "Mozilla/5.0 (Windows NT 10.0; Win64; x64) AppleWebKit/537.36 (KHTML, like Gecko) Chrome/126.0.0.0 Safari/537.36" floresyfloressincelejo.com 10.53.129.184
51.178.22.57 - - [30/Aug/2026:08:42:44 -0500] "POST /wp-json/batch/v1 HTTP/1.1" 406 226 "-" "Mozilla/5.0 (Windows NT 10.0; Win64; x64) AppleWebKit/537.36 (KHTML, like Gecko) Chrome/126.0.0.0 Safari/537.36" floresyfloressincelejo.com.floresyfloresibague.com 10.53.129.184
51.178.22.57 - - [30/Aug/2026:08:42:44 -0500] "POST /index.php/wp-json/batch/v1 HTTP/1.1" 409 83 "-" "Mozilla/5.0 (Windows NT 10.0; Win64; x64) AppleWebKit/537.36 (KHTML, like Gecko) Chrome/126.0.0.0 Safari/537.36" floresyfloressincelejo.com 10.53.129.184
51.178.22.57 - - [30/Aug/2026:08:42:45 -0500] "POST /index.php?rest_route=/batch/v1 HTTP/1.1" 409 83 "-" "Mozilla/5.0 (Windows NT 10.0; Win64; x64) AppleWebKit/537.36 (KHTML, like Gecko) Chrome/126.0.0.0 Safari/537.36" floresyfloressincelejo.com.floresyfloresibague.com 10.53.129.184
74.7.242.57 - - [30/Aug/2026:08:42:40 -0500] "GET /details/656466606170605460180 HTTP/2.0" 404 27218 "https://floresyfloressincelejo.com/sitemap-6.xml" "Mozilla/5.0 AppleWebKit/537.36 (KHTML, like Gecko; compatible; GPTBot/1.4; +https://openai.com/gptbot)" floresyfloressincelejo.com 10.53.129.184
51.178.22.57 - - [30/Aug/2026:08:42:46 -0500] "POST /index.php/wp-json/batch/v1 HTTP/1.1" 409 83 "-" "Mozilla/5.0 (Windows NT 10.0; Win64; x64) AppleWebKit/537.36 (KHTML, like Gecko) Chrome/126.0.0.0 Safari/537.36" floresyfloressincelejo.com.floresyfloresibague.com 10.53.129.184
216.73.217.1 - - [30/Aug/2026:08:42:42 -0500] "GET /details/666464706360666448306 HTTP/2.0" 404 27217 "-" "Mozilla/5.0 AppleWebKit/537.36 (KHTML, like Gecko; compatible; ClaudeBot/1.0; +claudebot@anthropic.com)" floresyfloressincelejo.com 10.53.129.184
57.141.22.103 - - [30/Aug/2026:08:42:43 -0500] "GET /details/646470656360654485305 HTTP/2.0" 404 27217 "-" "Mozilla/5.0 (Windows NT 10.0; Win64; x64) AppleWebKit/537.36 (KHTML, like Gecko) Chrome/145.0.0.0 Safari/537.36 (compatible; meta-externalagent/1.1 (+https://developers.facebook.com/docs/sharing/webmasters/crawler))" floresyfloressincelejo.com 10.53.129.184
51.178.22.57 - - [30/Aug/2026:08:42:52 -0500] "POST /index.php HTTP/1.1" 409 83 "-" "Mozilla/5.0 (Windows NT 10.0; Win64; x64) AppleWebKit/537.36 (KHTML, like Gecko) Chrome/126.0.0.0 Safari/537.36" floresyfloressincelejo.com 10.53.129.184
51.178.22.57 - - [30/Aug/2026:08:42:54 -0500] "POST /index.php HTTP/1.1" 409 83 "-" "Mozilla/5.0 (Windows NT 10.0; Win64; x64) AppleWebKit/537.36 (KHTML, like Gecko) Chrome/126.0.0.0 Safari/537.36" floresyfloressincelejo.com.floresyfloresibague.com 10.53.129.184
57.141.22.110 - - [30/Aug/2026:08:42:49 -0500] "GET /details/666666646363676664337 HTTP/2.0" 404 27212 "-" "Mozilla/5.0 (Windows NT 10.0; Win64; x64) AppleWebKit/537.36 (KHTML, like Gecko) Chrome/145.0.0.0 Safari/537.36 (compatible; meta-externalagent/1.1 (+https://developers.facebook.com/docs/sharing/webmasters/crawler))" floresyfloressincelejo.com 10.53.129.184
51.178.22.57 - - [30/Aug/2026:08:42:47 -0500] "POST / HTTP/1.1" 207 431 "-" "Mozilla/5.0 (Windows NT 10.0; Win64; x64) AppleWebKit/537.36 (KHTML, like Gecko) Chrome/126.0.0.0 Safari/537.36" floresyfloressincelejo.com.floresyfloresibague.com 10.53.129.184
51.178.22.57 - - [30/Aug/2026:08:42:45 -0500] "POST / HTTP/1.1" 207 431 "-" "Mozilla/5.0 (Windows NT 10.0; Win64; x64) AppleWebKit/537.36 (KHTML, like Gecko) Chrome/126.0.0.0 Safari/537.36" floresyfloressincelejo.com 10.53.129.184
216.73.217.1 - - [30/Aug/2026:08:42:47 -0500] "GET /details/636661666265713616259 HTTP/2.0" 404 - "-" "Mozilla/5.0 AppleWebKit/537.36 (KHTML, like Gecko; compatible; ClaudeBot/1.0; +claudebot@anthropic.com)" floresyfloressincelejo.com 10.53.129.184
57.141.22.47 - - [30/Aug/2026:08:42:56 -0500] "GET /details/656464716664715449649 HTTP/2.0" 404 27216 "-" "Mozilla/5.0 (Windows NT 10.0; Win64; x64) AppleWebKit/537.36 (KHTML, like Gecko) Chrome/145.0.0.0 Safari/537.36 (compatible; meta-externalagent/1.1 (+https://developers.facebook.com/docs/sharing/webmasters/crawler))" floresyfloressincelejo.com 10.53.129.184
57.141.22.94 - - [30/Aug/2026:08:43:02 -0500] "GET /details/657161706562655918525 HTTP/2.0" 404 27218 "-" "Mozilla/5.0 (Windows NT 10.0; Win64; x64) AppleWebKit/537.36 (KHTML, like Gecko) Chrome/145.0.0.0 Safari/537.36 (compatible; meta-externalagent/1.1 (+https://developers.facebook.com/docs/sharing/webmasters/crawler))" floresyfloressincelejo.com 10.53.129.184
69.6.233.64 - - [30/Aug/2026:08:43:05 -0500] "POST /wp-cron.php?doing_wp_cron=1788097384.9943380355834960937500 HTTP/1.1" 200 - "-" "WordPress/7.1; https://floresyfloressincelejo.com" floresyfloressincelejo.com 10.53.129.184
216.73.217.1 - - [30/Aug/2026:08:42:57 -0500] "GET /details/666570646165636584153 HTTP/2.0" 404 27219 "-" "Mozilla/5.0 AppleWebKit/537.36 (KHTML, like Gecko; compatible; ClaudeBot/1.0; +claudebot@anthropic.com)" floresyfloressincelejo.com 10.53.129.184
74.7.242.57 - - [30/Aug/2026:08:43:00 -0500] "GET /details/656671637066635693863 HTTP/2.0" 404 27218 "https://floresyfloressincelejo.com/sitemap-12.xml" "Mozilla/5.0 AppleWebKit/537.36 (KHTML, like Gecko; compatible; GPTBot/1.4; +https://openai.com/gptbot)" floresyfloressincelejo.com 10.53.129.184
216.73.217.1 - - [30/Aug/2026:08:43:05 -0500] "GET /details/636561706467653518475 HTTP/2.0" 404 27219 "-" "Mozilla/5.0 AppleWebKit/537.36 (KHTML, like Gecko; compatible; ClaudeBot/1.0; +claudebot@anthropic.com)" floresyfloressincelejo.com 10.53.129.184
57.141.22.106 - - [30/Aug/2026:08:43:09 -0500] "GET /details/656261706664615218641 HTTP/2.0" 404 27218 "-" "Mozilla/5.0 (Windows NT 10.0; Win64; x64) AppleWebKit/537.36 (KHTML, like Gecko) Chrome/145.0.0.0 Safari/537.36 (compatible; meta-externalagent/1.1 (+https://developers.facebook.com/docs/sharing/webmasters/crawler))" floresyfloressincelejo.com 10.53.129.184
216.73.217.1 - - [30/Aug/2026:08:43:10 -0500] "GET /details/666370646071656384095 HTTP/2.0" 404 27218 "-" "Mozilla/5.0 AppleWebKit/537.36 (KHTML, like Gecko; compatible; ClaudeBot/1.0; +claudebot@anthropic.com)" floresyfloressincelejo.com 10.53.129.184
216.73.217.1 - - [30/Aug/2026:08:43:13 -0500] "GET /details/637165657062673955827 HTTP/2.0" 404 27218 "-" "Mozilla/5.0 AppleWebKit/537.36 (KHTML, like Gecko; compatible; ClaudeBot/1.0; +claudebot@anthropic.com)" floresyfloressincelejo.com 10.53.129.184
57.141.22.24 - - [30/Aug/2026:08:43:14 -0500] "GET /details/636567636164603573140 HTTP/2.0" 404 27216 "-" "Mozilla/5.0 (Macintosh; Intel Mac OS X 10_15_7) AppleWebKit/537.36 (KHTML, like Gecko) Chrome/145.0.0.0 Safari/537.36 (compatible; meta-externalagent/1.1 (+https://developers.facebook.com/docs/sharing/webmasters/crawler))" floresyfloressincelejo.com 10.53.129.184
216.73.217.1 - - [30/Aug/2026:08:43:17 -0500] "GET /details/646267607070704270888 HTTP/2.0" 404 27215 "-" "Mozilla/5.0 AppleWebKit/537.36 (KHTML, like Gecko; compatible; ClaudeBot/1.0; +claudebot@anthropic.com)" floresyfloressincelejo.com 10.53.129.184
74.7.242.57 - - [30/Aug/2026:08:43:20 -0500] "GET /details/666564717167646549974 HTTP/2.0" 404 27217 "https://floresyfloressincelejo.com/sitemap-1.xml" "Mozilla/5.0 AppleWebKit/537.36 (KHTML, like Gecko; compatible; GPTBot/1.4; +https://openai.com/gptbot)" floresyfloressincelejo.com 10.53.129.184
216.73.217.1 - - [30/Aug/2026:08:43:20 -0500] "GET /details/666370656061636385013 HTTP/2.0" 404 27218 "-" "Mozilla/5.0 AppleWebKit/537.36 (KHTML, like Gecko; compatible; ClaudeBot/1.0; +claudebot@anthropic.com)" floresyfloressincelejo.com 10.53.129.184
57.141.22.101 - - [30/Aug/2026:08:43:22 -0500] "GET /details/646571716464654599445 HTTP/2.0" 404 27216 "-" "Mozilla/5.0 (Windows NT 10.0; Win64; x64) AppleWebKit/537.36 (KHTML, like Gecko) Chrome/145.0.0.0 Safari/537.36 (compatible; meta-externalagent/1.1 (+https://developers.facebook.com/docs/sharing/webmasters/crawler))" floresyfloressincelejo.com 10.53.129.184
216.73.217.1 - - [30/Aug/2026:08:43:28 -0500] "GET /details/666464626667676442677 HTTP/2.0" 404 27215 "-" "Mozilla/5.0 AppleWebKit/537.36 (KHTML, like Gecko; compatible; ClaudeBot/1.0; +claudebot@anthropic.com)" floresyfloressincelejo.com 10.53.129.184
57.141.22.47 - - [30/Aug/2026:08:43:28 -0500] "GET /infinite-blackjack-bitcoin/ HTTP/2.0" 200 46874 "-" "Mozilla/5.0 (Macintosh; Intel Mac OS X 10_15_7) AppleWebKit/537.36 (KHTML, like Gecko) Chrome/145.0.0.0 Safari/537.36 (compatible; meta-externalagent/1.1 (+https://developers.facebook.com/docs/sharing/webmasters/crawler))" floresyfloressincelejo.com 10.53.129.184
57.141.22.52 - - [30/Aug/2026:08:43:35 -0500] "GET /details/646060677163654007935 HTTP/2.0" 404 27217 "-" "Mozilla/5.0 (Windows NT 10.0; Win64; x64) AppleWebKit/537.36 (KHTML, like Gecko) Chrome/145.0.0.0 Safari/537.36 (compatible; meta-externalagent/1.1 (+https://developers.facebook.com/docs/sharing/webmasters/crawler))" floresyfloressincelejo.com 10.53.129.184
216.73.217.1 - - [30/Aug/2026:08:43:36 -0500] "GET /details/646063657161654035915 HTTP/2.0" 404 27218 "-" "Mozilla/5.0 AppleWebKit/537.36 (KHTML, like Gecko; compatible; ClaudeBot/1.0; +claudebot@anthropic.com)" floresyfloressincelejo.com 10.53.129.184
57.141.22.98 - - [30/Aug/2026:08:43:40 -0500] "GET /does-casino-take-apple-pay/ HTTP/2.0" 200 47523 "-" "Mozilla/5.0 (Macintosh; Intel Mac OS X 10_15_7) AppleWebKit/537.36 (KHTML, like Gecko) Chrome/145.0.0.0 Safari/537.36 (compatible; meta-externalagent/1.1 (+https://developers.facebook.com/docs/sharing/webmasters/crawler))" floresyfloressincelejo.com 10.53.129.184
74.7.242.57 - - [30/Aug/2026:08:43:40 -0500] "GET /details/646165666067644156074 HTTP/2.0" 404 27219 "https://floresyfloressincelejo.com/sitemap-8.xml" "Mozilla/5.0 AppleWebKit/537.36 (KHTML, like Gecko; compatible; GPTBot/1.4; +https://openai.com/gptbot)" floresyfloressincelejo.com 10.53.129.184
216.73.217.1 - - [30/Aug/2026:08:43:45 -0500] "GET /sitemap.xml HTTP/2.0" 200 27518 "-" "Mozilla/5.0 AppleWebKit/537.36 (KHTML, like Gecko; compatible; ClaudeBot/1.0; +claudebot@anthropic.com)" floresyfloressincelejo.com 10.53.129.184
57.141.22.44 - - [30/Aug/2026:08:43:47 -0500] "GET /details/666261606760626210702 HTTP/2.0" 404 27217 "-" "Mozilla/5.0 (X11; Linux x86_64) AppleWebKit/537.36 (KHTML, like Gecko) Chrome/145.0.0.0 Safari/537.36 (compatible; meta-externalagent/1.1 (+https://developers.facebook.com/docs/sharing/webmasters/crawler))" floresyfloressincelejo.com 10.53.129.184
57.141.22.47 - - [30/Aug/2026:08:43:53 -0500] "GET /details/647070646371664884396 HTTP/2.0" 404 27219 "-" "Mozilla/5.0 (Windows NT 10.0; Win64; x64) AppleWebKit/537.36 (KHTML, like Gecko) Chrome/144.0.0.0 Safari/537.36 Edg/144.0.0.0 (compatible; meta-externalagent/1.1 (+https://developers.facebook.com/docs/sharing/webmasters/crawler))" floresyfloressincelejo.com 10.53.129.184
216.73.217.1 - - [30/Aug/2026:08:43:53 -0500] "GET /sitemap-2.xml HTTP/2.0" 200 27484 "-" "Mozilla/5.0 AppleWebKit/537.36 (KHTML, like Gecko; compatible; ClaudeBot/1.0; +claudebot@anthropic.com)" floresyfloressincelejo.com 10.53.129.184
57.141.22.54 - - [30/Aug/2026:08:43:58 -0500] "GET /details/646571676270644597284 HTTP/2.0" 404 27219 "-" "Mozilla/5.0 (Macintosh; Intel Mac OS X 10_15_7) AppleWebKit/537.36 (KHTML, like Gecko) Chrome/145.0.0.0 Safari/537.36 (compatible; meta-externalagent/1.1 (+https://developers.facebook.com/docs/sharing/webmasters/crawler))" floresyfloressincelejo.com 10.53.129.184
216.73.217.1 - - [30/Aug/2026:08:44:01 -0500] "GET /sitemap-3.xml HTTP/2.0" 200 27521 "-" "Mozilla/5.0 AppleWebKit/537.36 (KHTML, like Gecko; compatible; ClaudeBot/1.0; +claudebot@anthropic.com)" floresyfloressincelejo.com 10.53.129.184
74.7.242.57 - - [30/Aug/2026:08:44:00 -0500] "GET /details/666260676771706207798 HTTP/2.0" 404 27218 "https://floresyfloressincelejo.com/sitemap-1.xml" "Mozilla/5.0 AppleWebKit/537.36 (KHTML, like Gecko; compatible; GPTBot/1.4; +https://openai.com/gptbot)" floresyfloressincelejo.com 10.53.129.184
69.6.233.64 - - [30/Aug/2026:08:44:08 -0500] "POST /wp-cron.php?doing_wp_cron=1788097448.6948359012603759765625 HTTP/1.1" 200 - "-" "WordPress/7.1; https://floresyfloressincelejo.com" floresyfloressincelejo.com 10.53.129.184
57.141.22.101 - - [30/Aug/2026:08:44:04 -0500] "GET /details/657061657160675815907 HTTP/2.0" 404 27217 "-" "Mozilla/5.0 (Windows NT 10.0; Win64; x64) AppleWebKit/537.36 (KHTML, like Gecko) Chrome/145.0.0.0 Safari/537.36 (compatible; meta-externalagent/1.1 (+https://developers.facebook.com/docs/sharing/webmasters/crawler))" floresyfloressincelejo.com 10.53.129.184
216.73.217.1 - - [30/Aug/2026:08:44:09 -0500] "GET /sitemap-9.xml HTTP/2.0" 200 27569 "-" "Mozilla/5.0 AppleWebKit/537.36 (KHTML, like Gecko; compatible; ClaudeBot/1.0; +claudebot@anthropic.com)" floresyfloressincelejo.com 10.53.129.184
57.141.22.11 - - [30/Aug/2026:08:44:10 -0500] "GET /details/647161666266644916264 HTTP/2.0" 404 27215 "-" "Mozilla/5.0 (X11; Linux x86_64) AppleWebKit/537.36 (KHTML, like Gecko) Chrome/145.0.0.0 Safari/537.36 (compatible; meta-externalagent/1.1 (+https://developers.facebook.com/docs/sharing/webmasters/crawler))" floresyfloressincelejo.com 10.53.129.184
216.73.217.1 - - [30/Aug/2026:08:44:15 -0500] "GET /details/656461677064615417841 HTTP/2.0" 404 27216 "-" "Mozilla/5.0 AppleWebKit/537.36 (KHTML, like Gecko; compatible; ClaudeBot/1.0; +claudebot@anthropic.com)" floresyfloressincelejo.com 10.53.129.184
57.141.22.89 - - [30/Aug/2026:08:44:15 -0500] "GET /details/647163676161624937112 HTTP/2.0" 404 27216 "-" "Mozilla/5.0 (Macintosh; Intel Mac OS X 10_15_7) AppleWebKit/537.36 (KHTML, like Gecko) Chrome/145.0.0.0 Safari/537.36 (compatible; meta-externalagent/1.1 (+https://developers.facebook.com/docs/sharing/webmasters/crawler))" floresyfloressincelejo.com 10.53.129.184
74.7.242.57 - - [30/Aug/2026:08:44:20 -0500] "GET /details/647167636566654973565 HTTP/2.0" 404 27218 "https://floresyfloressincelejo.com/sitemap-3.xml" "Mozilla/5.0 AppleWebKit/537.36 (KHTML, like Gecko; compatible; GPTBot/1.4; +https://openai.com/gptbot)" floresyfloressincelejo.com 10.53.129.184
57.141.22.107 - - [30/Aug/2026:08:44:21 -0500] "GET /details/666464646071666444096 HTTP/2.0" 404 27214 "-" "Mozilla/5.0 (Macintosh; Intel Mac OS X 10_15_7) AppleWebKit/537.36 (KHTML, like Gecko) Chrome/145.0.0.0 Safari/537.36 (compatible; meta-externalagent/1.1 (+https://developers.facebook.com/docs/sharing/webmasters/crawler))" floresyfloressincelejo.com 10.53.129.184
216.73.217.1 - - [30/Aug/2026:08:44:24 -0500] "GET /details/636770716363703789338 HTTP/2.0" 404 27216 "-" "Mozilla/5.0 AppleWebKit/537.36 (KHTML, like Gecko; compatible; ClaudeBot/1.0; +claudebot@anthropic.com)" floresyfloressincelejo.com 10.53.129.184
57.141.22.14 - - [30/Aug/2026:08:44:28 -0500] "GET / HTTP/2.0" 200 58175 "-" "facebookexternalhit/1.1 (+http://www.facebook.com/externalhit_uatext.php)" floresyfloressincelejo.com 10.53.129.184
57.141.22.43 - - [30/Aug/2026:08:44:26 -0500] "GET /details/657170676263665987236 HTTP/2.0" 404 27218 "-" "Mozilla/5.0 (Macintosh; Intel Mac OS X 10_15_7) AppleWebKit/537.36 (KHTML, like Gecko) Chrome/145.0.0.0 Safari/537.36 (compatible; meta-externalagent/1.1 (+https://developers.facebook.com/docs/sharing/webmasters/crawler))" floresyfloressincelejo.com 10.53.129.184
216.73.217.1 - - [30/Aug/2026:08:44:31 -0500] "GET /details/656160606065645100054 HTTP/2.0" 404 27216 "-" "Mozilla/5.0 AppleWebKit/537.36 (KHTML, like Gecko; compatible; ClaudeBot/1.0; +claudebot@anthropic.com)" floresyfloressincelejo.com 10.53.129.184
57.141.22.87 - - [30/Aug/2026:08:44:33 -0500] "GET /mini-baccarat-ipad/ HTTP/2.0" 200 47181 "-" "Mozilla/5.0 (Macintosh; Intel Mac OS X 10_15_7) AppleWebKit/537.36 (KHTML, like Gecko) Chrome/145.0.0.0 Safari/537.36 (compatible; meta-externalagent/1.1 (+https://developers.facebook.com/docs/sharing/webmasters/crawler))" floresyfloressincelejo.com 10.53.129.184
57.141.22.104 - - [30/Aug/2026:08:44:38 -0500] "GET /details/646365646370614354381 HTTP/2.0" 404 27215 "-" "Mozilla/5.0 (Windows NT 10.0; Win64; x64) AppleWebKit/537.36 (KHTML, like Gecko) Chrome/145.0.0.0 Safari/537.36 (compatible; meta-externalagent/1.1 (+https://developers.facebook.com/docs/sharing/webmasters/crawler))" floresyfloressincelejo.com 10.53.129.184
74.7.242.57 - - [30/Aug/2026:08:44:40 -0500] "GET /details/646166606370614160381 HTTP/2.0" 404 27216 "https://floresyfloressincelejo.com/sitemap-5.xml" "Mozilla/5.0 AppleWebKit/537.36 (KHTML, like Gecko; compatible; GPTBot/1.4; +https://openai.com/gptbot)" floresyfloressincelejo.com 10.53.129.184
216.73.217.1 - - [30/Aug/2026:08:44:40 -0500] "GET /details/636463646166713434169 HTTP/2.0" 404 27215 "-" "Mozilla/5.0 AppleWebKit/537.36 (KHTML, like Gecko; compatible; ClaudeBot/1.0; +claudebot@anthropic.com)" floresyfloressincelejo.com 10.53.129.184
57.141.22.95 - - [30/Aug/2026:08:44:43 -0500] "GET /details/656166676570645167584 HTTP/2.0" 404 27219 "-" "Mozilla/5.0 (Windows NT 10.0; Win64; x64) AppleWebKit/537.36 (KHTML, like Gecko) Chrome/145.0.0.0 Safari/537.36 (compatible; meta-externalagent/1.1 (+https://developers.facebook.com/docs/sharing/webmasters/crawler))" floresyfloressincelejo.com 10.53.129.184
66.249.65.7 - - [30/Aug/2026:08:44:45 -0500] "GET /details/667163647170666934986 HTTP/1.1" 200 45859 "-" "Mozilla/5.0 (Linux; Android 6.0.1; Nexus 5X Build/MMB29P) AppleWebKit/537.36 (KHTML, like Gecko) Chrome/151.0.7922.173 Mobile Safari/537.36 (compatible; Googlebot/2.1; +http://www.google.com/bot.html)" floresyfloressincelejo.com 10.53.129.184
216.73.217.1 - - [30/Aug/2026:08:44:48 -0500] "GET /details/666771606671666790696 HTTP/2.0" 404 27215 "-" "Mozilla/5.0 AppleWebKit/537.36 (KHTML, like Gecko; compatible; ClaudeBot/1.0; +claudebot@anthropic.com)" floresyfloressincelejo.com 10.53.129.184
57.141.22.21 - - [30/Aug/2026:08:44:50 -0500] "GET /details/647065616263704851238 HTTP/2.0" 404 27217 "-" "Mozilla/5.0 (Windows NT 10.0; Win64; x64) AppleWebKit/537.36 (KHTML, like Gecko) Chrome/145.0.0.0 Safari/537.36 (compatible; meta-externalagent/1.1 (+https://developers.facebook.com/docs/sharing/webmasters/crawler))" floresyfloressincelejo.com 10.53.129.184
57.141.22.5 - - [30/Aug/2026:08:44:54 -0500] "GET /details/657163656070625935082 HTTP/2.0" 404 27218 "-" "Mozilla/5.0 (Macintosh; Intel Mac OS X 10_15_7) AppleWebKit/537.36 (KHTML, like Gecko) Chrome/145.0.0.0 Safari/537.36 (compatible; meta-externalagent/1.1 (+https://developers.facebook.com/docs/sharing/webmasters/crawler))" floresyfloressincelejo.com 10.53.129.184
216.73.217.1 - - [30/Aug/2026:08:44:56 -0500] "GET /details/646265706466604258460 HTTP/2.0" 404 27217 "-" "Mozilla/5.0 AppleWebKit/537.36 (KHTML, like Gecko; compatible; ClaudeBot/1.0; +claudebot@anthropic.com)" floresyfloressincelejo.com 10.53.129.184
57.141.22.15 - - [30/Aug/2026:08:45:00 -0500] "GET /details/676260606060667200006 HTTP/2.0" 404 27213 "-" "Mozilla/5.0 (Macintosh; Intel Mac OS X 10_15_7) AppleWebKit/537.36 (KHTML, like Gecko) Chrome/145.0.0.0 Safari/537.36 (compatible; meta-externalagent/1.1 (+https://developers.facebook.com/docs/sharing/webmasters/crawler))" floresyfloressincelejo.com 10.53.129.184
69.6.233.64 - - [30/Aug/2026:08:45:05 -0500] "POST /wp-cron.php?doing_wp_cron=1788097505.0315411090850830078125 HTTP/1.1" 200 - "-" "WordPress/7.1; https://floresyfloressincelejo.com" floresyfloressincelejo.com 10.53.129.184
