216.73.217.1 - - [30/Aug/2026:12:08:03 -0500] "GET /details/636664717161643649914 HTTP/2.0" 404 27217 "-" "Mozilla/5.0 AppleWebKit/537.36 (KHTML, like Gecko; compatible; ClaudeBot/1.0; +claudebot@anthropic.com)" floresyfloressincelejo.com 10.53.129.184
186.168.162.202 - - [30/Aug/2026:12:08:06 -0500] "GET /product-category/funebres-exequiales/ HTTP/2.0" 200 39343 "https://floresyfloressincelejo.com/" "Mozilla/5.0 (Macintosh; Intel Mac OS X 10_15_7) AppleWebKit/605.1.15 (KHTML, like Gecko) Version/26.5.2 Safari/605.1.15" floresyfloressincelejo.com 10.53.129.184
186.168.162.202 - - [30/Aug/2026:12:08:08 -0500] "GET /wp-content/uploads/2025/09/rosay-600x600.png HTTP/2.0" 200 156250 "https://floresyfloressincelejo.com/" "Mozilla/5.0 (Macintosh; Intel Mac OS X 10_15_7) AppleWebKit/605.1.15 (KHTML, like Gecko) Version/26.5.2 Safari/605.1.15" floresyfloressincelejo.com 10.53.129.184
186.168.162.202 - - [30/Aug/2026:12:08:08 -0500] "GET /wp-content/uploads/2025/09/coronaes-600x600.png HTTP/2.0" 200 168064 "https://floresyfloressincelejo.com/" "Mozilla/5.0 (Macintosh; Intel Mac OS X 10_15_7) AppleWebKit/605.1.15 (KHTML, like Gecko) Version/26.5.2 Safari/605.1.15" floresyfloressincelejo.com 10.53.129.184
186.168.162.202 - - [30/Aug/2026:12:08:08 -0500] "GET /wp-includes/js/jquery/ui/slider.min.js?ver=1.14.2 HTTP/2.0" 200 3730 "https://floresyfloressincelejo.com/product-category/funebres-exequiales/" "Mozilla/5.0 (Macintosh; Intel Mac OS X 10_15_7) AppleWebKit/605.1.15 (KHTML, like Gecko) Version/26.5.2 Safari/605.1.15" floresyfloressincelejo.com 10.53.129.184
186.168.162.202 - - [30/Aug/2026:12:08:08 -0500] "GET /wp-content/plugins/woocommerce/assets/js/jquery-ui-touch-punch/jquery-ui-touch-punch.min.js?ver=10.3.7 HTTP/2.0" 200 597 "https://floresyfloressincelejo.com/product-category/funebres-exequiales/" "Mozilla/5.0 (Macintosh; Intel Mac OS X 10_15_7) AppleWebKit/605.1.15 (KHTML, like Gecko) Version/26.5.2 Safari/605.1.15" floresyfloressincelejo.com 10.53.129.184
186.168.162.202 - - [30/Aug/2026:12:08:08 -0500] "GET /wp-content/plugins/woocommerce/assets/js/accounting/accounting.min.js?ver=0.4.2 HTTP/2.0" 200 1449 "https://floresyfloressincelejo.com/product-category/funebres-exequiales/" "Mozilla/5.0 (Macintosh; Intel Mac OS X 10_15_7) AppleWebKit/605.1.15 (KHTML, like Gecko) Version/26.5.2 Safari/605.1.15" floresyfloressincelejo.com 10.53.129.184
186.168.162.202 - - [30/Aug/2026:12:08:08 -0500] "GET /wp-includes/js/jquery/ui/mouse.min.js?ver=1.14.2 HTTP/2.0" 200 1166 "https://floresyfloressincelejo.com/product-category/funebres-exequiales/" "Mozilla/5.0 (Macintosh; Intel Mac OS X 10_15_7) AppleWebKit/605.1.15 (KHTML, like Gecko) Version/26.5.2 Safari/605.1.15" floresyfloressincelejo.com 10.53.129.184
186.168.162.202 - - [30/Aug/2026:12:08:08 -0500] "GET /wp-includes/js/wp-util.min.js?ver=7.1 HTTP/2.0" 200 758 "https://floresyfloressincelejo.com/product-category/funebres-exequiales/" "Mozilla/5.0 (Macintosh; Intel Mac OS X 10_15_7) AppleWebKit/605.1.15 (KHTML, like Gecko) Version/26.5.2 Safari/605.1.15" floresyfloressincelejo.com 10.53.129.184
186.168.162.202 - - [30/Aug/2026:12:08:08 -0500] "GET /wp-content/plugins/woocommerce/assets/js/frontend/price-slider.min.js?ver=10.3.7 HTTP/2.0" 200 640 "https://floresyfloressincelejo.com/product-category/funebres-exequiales/" "Mozilla/5.0 (Macintosh; Intel Mac OS X 10_15_7) AppleWebKit/605.1.15 (KHTML, like Gecko) Version/26.5.2 Safari/605.1.15" floresyfloressincelejo.com 10.53.129.184
186.168.162.202 - - [30/Aug/2026:12:08:08 -0500] "GET /wp-content/plugins/woocommerce/assets/js/frontend/add-to-cart-variation.min.js?ver=10.3.7 HTTP/2.0" 200 4946 "https://floresyfloressincelejo.com/product-category/funebres-exequiales/" "Mozilla/5.0 (Macintosh; Intel Mac OS X 10_15_7) AppleWebKit/605.1.15 (KHTML, like Gecko) Version/26.5.2 Safari/605.1.15" floresyfloressincelejo.com 10.53.129.184
186.168.162.202 - - [30/Aug/2026:12:08:08 -0500] "GET /wp-includes/js/underscore.min.js?ver=1.13.8 HTTP/2.0" 200 8350 "https://floresyfloressincelejo.com/product-category/funebres-exequiales/" "Mozilla/5.0 (Macintosh; Intel Mac OS X 10_15_7) AppleWebKit/605.1.15 (KHTML, like Gecko) Version/26.5.2 Safari/605.1.15" floresyfloressincelejo.com 10.53.129.184
186.168.162.202 - - [30/Aug/2026:12:08:08 -0500] "GET /wp-content/uploads/2025/09/corona1-600x600.png HTTP/2.0" 200 128336 "https://floresyfloressincelejo.com/" "Mozilla/5.0 (Macintosh; Intel Mac OS X 10_15_7) AppleWebKit/605.1.15 (KHTML, like Gecko) Version/26.5.2 Safari/605.1.15" floresyfloressincelejo.com 10.53.129.184
186.168.162.202 - - [30/Aug/2026:12:08:08 -0500] "GET /wp-content/uploads/2025/09/pedestal-de-amor-600x600.png HTTP/2.0" 200 131514 "https://floresyfloressincelejo.com/product-category/funebres-exequiales/" "Mozilla/5.0 (Macintosh; Intel Mac OS X 10_15_7) AppleWebKit/605.1.15 (KHTML, like Gecko) Version/26.5.2 Safari/605.1.15" floresyfloressincelejo.com 10.53.129.184
186.168.162.202 - - [30/Aug/2026:12:08:08 -0500] "GET /wp-content/uploads/2025/09/cruz-600x600.png HTTP/2.0" 200 97239 "https://floresyfloressincelejo.com/product-category/funebres-exequiales/" "Mozilla/5.0 (Macintosh; Intel Mac OS X 10_15_7) AppleWebKit/605.1.15 (KHTML, like Gecko) Version/26.5.2 Safari/605.1.15" floresyfloressincelejo.com 10.53.129.184
186.168.162.202 - - [30/Aug/2026:12:08:08 -0500] "GET /wp-content/uploads/2025/09/cubre-600x600.png HTTP/2.0" 200 98570 "https://floresyfloressincelejo.com/product-category/funebres-exequiales/" "Mozilla/5.0 (Macintosh; Intel Mac OS X 10_15_7) AppleWebKit/605.1.15 (KHTML, like Gecko) Version/26.5.2 Safari/605.1.15" floresyfloressincelejo.com 10.53.129.184
186.168.162.202 - - [30/Aug/2026:12:08:08 -0500] "GET /wp-content/uploads/2025/09/pedestal1-600x600.png HTTP/2.0" 200 126411 "https://floresyfloressincelejo.com/product-category/funebres-exequiales/" "Mozilla/5.0 (Macintosh; Intel Mac OS X 10_15_7) AppleWebKit/605.1.15 (KHTML, like Gecko) Version/26.5.2 Safari/605.1.15" floresyfloressincelejo.com 10.53.129.184
186.168.162.202 - - [30/Aug/2026:12:08:08 -0500] "GET /wp-content/uploads/2025/09/rose-600x600.png HTTP/2.0" 200 129248 "https://floresyfloressincelejo.com/product-category/funebres-exequiales/" "Mozilla/5.0 (Macintosh; Intel Mac OS X 10_15_7) AppleWebKit/605.1.15 (KHTML, like Gecko) Version/26.5.2 Safari/605.1.15" floresyfloressincelejo.com 10.53.129.184
186.168.162.202 - - [30/Aug/2026:12:08:08 -0500] "GET /wp-content/uploads/2025/09/sendero-600x600.png HTTP/2.0" 200 122152 "https://floresyfloressincelejo.com/product-category/funebres-exequiales/" "Mozilla/5.0 (Macintosh; Intel Mac OS X 10_15_7) AppleWebKit/605.1.15 (KHTML, like Gecko) Version/26.5.2 Safari/605.1.15" floresyfloressincelejo.com 10.53.129.184
186.168.162.202 - - [30/Aug/2026:12:08:08 -0500] "GET /wp-content/uploads/2025/09/especial2-600x600.png HTTP/2.0" 200 133787 "https://floresyfloressincelejo.com/product-category/funebres-exequiales/" "Mozilla/5.0 (Macintosh; Intel Mac OS X 10_15_7) AppleWebKit/605.1.15 (KHTML, like Gecko) Version/26.5.2 Safari/605.1.15" floresyfloressincelejo.com 10.53.129.184
186.168.162.202 - - [30/Aug/2026:12:08:08 -0500] "GET /wp-content/uploads/2025/09/pedestalamarillo-600x600.png HTTP/2.0" 200 132372 "https://floresyfloressincelejo.com/product-category/funebres-exequiales/" "Mozilla/5.0 (Macintosh; Intel Mac OS X 10_15_7) AppleWebKit/605.1.15 (KHTML, like Gecko) Version/26.5.2 Safari/605.1.15" floresyfloressincelejo.com 10.53.129.184
186.168.162.202 - - [30/Aug/2026:12:08:10 -0500] "GET /wp-content/uploads/2025/11/whaSINCELO.webp HTTP/2.0" 200 16294 "https://floresyfloressincelejo.com/product-category/funebres-exequiales/" "Mozilla/5.0 (Macintosh; Intel Mac OS X 10_15_7) AppleWebKit/605.1.15 (KHTML, like Gecko) Version/26.5.2 Safari/605.1.15" floresyfloressincelejo.com 10.53.129.184
69.6.233.64 - - [30/Aug/2026:12:08:10 -0500] "POST /wp-cron.php?doing_wp_cron=1788109690.9196100234985351562500 HTTP/1.1" 200 - "-" "WordPress/7.1; https://floresyfloressincelejo.com" floresyfloressincelejo.com 10.53.129.184
74.7.242.57 - - [30/Aug/2026:12:08:07 -0500] "GET /details/656670646271715684299 HTTP/2.0" 404 27218 "https://floresyfloressincelejo.com/sitemap.xml" "Mozilla/5.0 AppleWebKit/537.36 (KHTML, like Gecko; compatible; GPTBot/1.4; +https://openai.com/gptbot)" floresyfloressincelejo.com 10.53.129.184
186.168.162.202 - - [30/Aug/2026:12:08:08 -0500] "GET /home4/adrian81/floresyfloressincelejo.com/wp-content/fonts/open-sans/memvYaGs126MiZpBA-UvWbX2vVnXBbObj2OVTSumu1aB.woff2 HTTP/2.0" 404 27254 "https://floresyfloressincelejo.com/product-category/funebres-exequiales/" "Mozilla/5.0 (Macintosh; Intel Mac OS X 10_15_7) AppleWebKit/605.1.15 (KHTML, like Gecko) Version/26.5.2 Safari/605.1.15" floresyfloressincelejo.com 10.53.129.184
186.168.162.202 - - [30/Aug/2026:12:08:08 -0500] "GET /home4/adrian81/floresyfloressincelejo.com/wp-content/fonts/open-sans/memvYaGs126MiZpBA-UvWbX2vVnXBbObj2OVTS-muw.woff2 HTTP/2.0" 404 27252 "https://floresyfloressincelejo.com/product-category/funebres-exequiales/" "Mozilla/5.0 (Macintosh; Intel Mac OS X 10_15_7) AppleWebKit/605.1.15 (KHTML, like Gecko) Version/26.5.2 Safari/605.1.15" floresyfloressincelejo.com 10.53.129.184
186.168.162.202 - - [30/Aug/2026:12:08:08 -0500] "GET /home4/adrian81/floresyfloressincelejo.com/wp-content/fonts/open-sans/memvYaGs126MiZpBA-UvWbX2vVnXBbObj2OVTSGmu1aB.woff2 HTTP/2.0" 404 27255 "https://floresyfloressincelejo.com/product-category/funebres-exequiales/" "Mozilla/5.0 (Macintosh; Intel Mac OS X 10_15_7) AppleWebKit/605.1.15 (KHTML, like Gecko) Version/26.5.2 Safari/605.1.15" floresyfloressincelejo.com 10.53.129.184
57.141.22.29 - - [30/Aug/2026:12:08:11 -0500] "GET /details/656361606065635310053 HTTP/2.0" 404 27216 "-" "Mozilla/5.0 (Windows NT 10.0; Win64; x64) AppleWebKit/537.36 (KHTML, like Gecko) Chrome/145.0.0.0 Safari/537.36 (compatible; meta-externalagent/1.1 (+https://developers.facebook.com/docs/sharing/webmasters/crawler))" floresyfloressincelejo.com 10.53.129.184
186.168.162.202 - - [30/Aug/2026:12:08:12 -0500] "GET /home4/adrian81/floresyfloressincelejo.com/wp-content/fonts/open-sans/memvYaGs126MiZpBA-UvWbX2vVnXBbObj2OVTUGmu1aB.woff2 HTTP/2.0" 404 27255 "https://floresyfloressincelejo.com/product-category/funebres-exequiales/" "Mozilla/5.0 (Macintosh; Intel Mac OS X 10_15_7) AppleWebKit/605.1.15 (KHTML, like Gecko) Version/26.5.2 Safari/605.1.15" floresyfloressincelejo.com 10.53.129.184
186.168.162.202 - - [30/Aug/2026:12:08:13 -0500] "GET /home4/adrian81/floresyfloressincelejo.com/wp-content/fonts/open-sans/memvYaGs126MiZpBA-UvWbX2vVnXBbObj2OVTSCmu1aB.woff2 HTTP/2.0" 404 27254 "https://floresyfloressincelejo.com/product-category/funebres-exequiales/" "Mozilla/5.0 (Macintosh; Intel Mac OS X 10_15_7) AppleWebKit/605.1.15 (KHTML, like Gecko) Version/26.5.2 Safari/605.1.15" floresyfloressincelejo.com 10.53.129.184
186.168.162.202 - - [30/Aug/2026:12:08:16 -0500] "GET /home4/adrian81/floresyfloressincelejo.com/wp-content/fonts/open-sans/memvYaGs126MiZpBA-UvWbX2vVnXBbObj2OVTVOmu1aB.woff2 HTTP/2.0" 404 27255 "https://floresyfloressincelejo.com/product-category/funebres-exequiales/" "Mozilla/5.0 (Macintosh; Intel Mac OS X 10_15_7) AppleWebKit/605.1.15 (KHTML, like Gecko) Version/26.5.2 Safari/605.1.15" floresyfloressincelejo.com 10.53.129.184
186.168.162.202 - - [30/Aug/2026:12:08:18 -0500] "GET /home4/adrian81/floresyfloressincelejo.com/wp-content/fonts/open-sans/memvYaGs126MiZpBA-UvWbX2vVnXBbObj2OVTS2mu1aB.woff2 HTTP/2.0" 404 27254 "https://floresyfloressincelejo.com/product-category/funebres-exequiales/" "Mozilla/5.0 (Macintosh; Intel Mac OS X 10_15_7) AppleWebKit/605.1.15 (KHTML, like Gecko) Version/26.5.2 Safari/605.1.15" floresyfloressincelejo.com 10.53.129.184
186.168.162.202 - - [30/Aug/2026:12:08:19 -0500] "GET /home4/adrian81/floresyfloressincelejo.com/wp-content/fonts/open-sans/memvYaGs126MiZpBA-UvWbX2vVnXBbObj2OVTSymu1aB.woff2 HTTP/2.0" 404 27254 "https://floresyfloressincelejo.com/product-category/funebres-exequiales/" "Mozilla/5.0 (Macintosh; Intel Mac OS X 10_15_7) AppleWebKit/605.1.15 (KHTML, like Gecko) Version/26.5.2 Safari/605.1.15" floresyfloressincelejo.com 10.53.129.184
57.141.22.28 - - [30/Aug/2026:12:08:19 -0500] "GET /details/646763636071604733090 HTTP/2.0" 404 27217 "-" "Mozilla/5.0 (X11; Linux x86_64) AppleWebKit/537.36 (KHTML, like Gecko) Chrome/145.0.0.0 Safari/537.36 (compatible; meta-externalagent/1.1 (+https://developers.facebook.com/docs/sharing/webmasters/crawler))" floresyfloressincelejo.com 10.53.129.184
186.168.162.202 - - [30/Aug/2026:12:08:22 -0500] "GET /home4/adrian81/floresyfloressincelejo.com/wp-content/fonts/open-sans/memvYaGs126MiZpBA-UvWbX2vVnXBbObj2OVTSOmu1aB.woff2 HTTP/2.0" 404 27254 "https://floresyfloressincelejo.com/product-category/funebres-exequiales/" "Mozilla/5.0 (Macintosh; Intel Mac OS X 10_15_7) AppleWebKit/605.1.15 (KHTML, like Gecko) Version/26.5.2 Safari/605.1.15" floresyfloressincelejo.com 10.53.129.184
186.168.162.202 - - [30/Aug/2026:12:08:24 -0500] "GET /home4/adrian81/floresyfloressincelejo.com/wp-content/fonts/open-sans/memvYaGs126MiZpBA-UvWbX2vVnXBbObj2OVTSKmu1aB.woff2 HTTP/2.0" 404 27255 "https://floresyfloressincelejo.com/product-category/funebres-exequiales/" "Mozilla/5.0 (Macintosh; Intel Mac OS X 10_15_7) AppleWebKit/605.1.15 (KHTML, like Gecko) Version/26.5.2 Safari/605.1.15" floresyfloressincelejo.com 10.53.129.184
216.73.217.1 - - [30/Aug/2026:12:08:25 -0500] "GET /details/666167656563656175535 HTTP/2.0" 404 27216 "-" "Mozilla/5.0 AppleWebKit/537.36 (KHTML, like Gecko; compatible; ClaudeBot/1.0; +claudebot@anthropic.com)" floresyfloressincelejo.com 10.53.129.184
74.7.242.57 - - [30/Aug/2026:12:08:27 -0500] "GET /details/667170716270646989284 HTTP/2.0" 404 27218 "https://floresyfloressincelejo.com/sitemap-17.xml" "Mozilla/5.0 AppleWebKit/537.36 (KHTML, like Gecko; compatible; GPTBot/1.4; +https://openai.com/gptbot)" floresyfloressincelejo.com 10.53.129.184
57.141.22.4 - - [30/Aug/2026:12:08:29 -0500] "GET /details/636466647163643464934 HTTP/2.0" 404 27215 "-" "Mozilla/5.0 (X11; Linux x86_64) AppleWebKit/537.36 (KHTML, like Gecko) Chrome/145.0.0.0 Safari/537.36 (compatible; meta-externalagent/1.1 (+https://developers.facebook.com/docs/sharing/webmasters/crawler))" floresyfloressincelejo.com 10.53.129.184
57.141.22.27 - - [30/Aug/2026:12:08:38 -0500] "GET /details/646662656262614625221 HTTP/2.0" 404 27216 "-" "Mozilla/5.0 (Windows NT 10.0; Win64; x64) AppleWebKit/537.36 (KHTML, like Gecko) Chrome/145.0.0.0 Safari/537.36 (compatible; meta-externalagent/1.1 (+https://developers.facebook.com/docs/sharing/webmasters/crawler))" floresyfloressincelejo.com 10.53.129.184
74.7.242.57 - - [30/Aug/2026:12:08:47 -0500] "GET /details/647071716562604899520 HTTP/2.0" 404 27218 "https://floresyfloressincelejo.com/sitemap-3.xml" "Mozilla/5.0 AppleWebKit/537.36 (KHTML, like Gecko; compatible; GPTBot/1.4; +https://openai.com/gptbot)" floresyfloressincelejo.com 10.53.129.184
216.73.217.1 - - [30/Aug/2026:12:08:49 -0500] "GET /details/637060636764713803749 HTTP/2.0" 404 27217 "-" "Mozilla/5.0 AppleWebKit/537.36 (KHTML, like Gecko; compatible; ClaudeBot/1.0; +claudebot@anthropic.com)" floresyfloressincelejo.com 10.53.129.184
57.141.22.18 - - [30/Aug/2026:12:08:48 -0500] "GET /details/646466606661704460618 HTTP/2.0" 404 27214 "-" "Mozilla/5.0 (Windows NT 10.0; Win64; x64) AppleWebKit/537.36 (KHTML, like Gecko) Chrome/145.0.0.0 Safari/537.36 (compatible; meta-externalagent/1.1 (+https://developers.facebook.com/docs/sharing/webmasters/crawler))" floresyfloressincelejo.com 10.53.129.184
216.73.217.1 - - [30/Aug/2026:12:08:56 -0500] "GET /details/636461707160603418900 HTTP/2.0" 404 27218 "-" "Mozilla/5.0 AppleWebKit/537.36 (KHTML, like Gecko; compatible; ClaudeBot/1.0; +claudebot@anthropic.com)" floresyfloressincelejo.com 10.53.129.184
69.6.233.64 - - [30/Aug/2026:12:09:08 -0500] "POST /wp-cron.php?doing_wp_cron=1788109748.9600470066070556640625 HTTP/1.1" 200 - "-" "WordPress/7.1; https://floresyfloressincelejo.com" floresyfloressincelejo.com 10.53.129.184
57.141.22.42 - - [30/Aug/2026:12:09:06 -0500] "GET /details/656665656764645655744 HTTP/2.0" 404 27217 "-" "Mozilla/5.0 (Windows NT 10.0; Win64; x64) AppleWebKit/537.36 (KHTML, like Gecko) Chrome/145.0.0.0 Safari/537.36 (compatible; meta-externalagent/1.1 (+https://developers.facebook.com/docs/sharing/webmasters/crawler))" floresyfloressincelejo.com 10.53.129.184
74.7.242.57 - - [30/Aug/2026:12:09:07 -0500] "GET /details/657171636567705993578 HTTP/2.0" 404 27217 "https://floresyfloressincelejo.com/sitemap-3.xml" "Mozilla/5.0 AppleWebKit/537.36 (KHTML, like Gecko; compatible; GPTBot/1.4; +https://openai.com/gptbot)" floresyfloressincelejo.com 10.53.129.184
57.141.22.25 - - [30/Aug/2026:12:09:16 -0500] "GET /details/666261637062626213822 HTTP/2.0" 404 27216 "-" "Mozilla/5.0 (Windows NT 10.0; Win64; x64) AppleWebKit/537.36 (KHTML, like Gecko) Chrome/145.0.0.0 Safari/537.36 (compatible; meta-externalagent/1.1 (+https://developers.facebook.com/docs/sharing/webmasters/crawler))" floresyfloressincelejo.com 10.53.129.184
216.73.217.1 - - [30/Aug/2026:12:09:19 -0500] "GET /details/656563676267605537270 HTTP/2.0" 404 27216 "-" "Mozilla/5.0 AppleWebKit/537.36 (KHTML, like Gecko; compatible; ClaudeBot/1.0; +claudebot@anthropic.com)" floresyfloressincelejo.com 10.53.129.184
216.73.217.1 - - [30/Aug/2026:12:09:26 -0500] "GET /details/636760636061663703016 HTTP/2.0" 404 27217 "-" "Mozilla/5.0 AppleWebKit/537.36 (KHTML, like Gecko; compatible; ClaudeBot/1.0; +claudebot@anthropic.com)" floresyfloressincelejo.com 10.53.129.184
74.7.242.57 - - [30/Aug/2026:12:09:27 -0500] "GET /details/656070626362715082329 HTTP/2.0" 404 27218 "https://floresyfloressincelejo.com/sitemap-6.xml" "Mozilla/5.0 AppleWebKit/537.36 (KHTML, like Gecko; compatible; GPTBot/1.4; +https://openai.com/gptbot)" floresyfloressincelejo.com 10.53.129.184
57.141.22.117 - - [30/Aug/2026:12:09:34 -0500] "GET /details/657167647063625974832 HTTP/2.0" 404 27218 "-" "Mozilla/5.0 (Windows NT 10.0; Win64; x64) AppleWebKit/537.36 (KHTML, like Gecko) Chrome/145.0.0.0 Safari/537.36 (compatible; meta-externalagent/1.1 (+https://developers.facebook.com/docs/sharing/webmasters/crawler))" floresyfloressincelejo.com 10.53.129.184
216.73.217.1 - - [30/Aug/2026:12:09:40 -0500] "GET /details/656371606163645390134 HTTP/2.0" 404 27218 "-" "Mozilla/5.0 AppleWebKit/537.36 (KHTML, like Gecko; compatible; ClaudeBot/1.0; +claudebot@anthropic.com)" floresyfloressincelejo.com 10.53.129.184
216.73.217.1 - - [30/Aug/2026:12:09:43 -0500] "GET /details/646563626663634532633 HTTP/2.0" 404 27217 "-" "Mozilla/5.0 AppleWebKit/537.36 (KHTML, like Gecko; compatible; ClaudeBot/1.0; +claudebot@anthropic.com)" floresyfloressincelejo.com 10.53.129.184
57.141.22.32 - - [30/Aug/2026:12:09:44 -0500] "GET /details/646164647065674144857 HTTP/2.0" 404 27217 "-" "Mozilla/5.0 (Windows NT 10.0; Win64; x64) AppleWebKit/537.36 (KHTML, like Gecko) Chrome/145.0.0.0 Safari/537.36 (compatible; meta-externalagent/1.1 (+https://developers.facebook.com/docs/sharing/webmasters/crawler))" floresyfloressincelejo.com 10.53.129.184
74.7.242.57 - - [30/Aug/2026:12:09:47 -0500] "GET /details/656762707164625728942 HTTP/2.0" 404 27218 "https://floresyfloressincelejo.com/sitemap-1.xml" "Mozilla/5.0 AppleWebKit/537.36 (KHTML, like Gecko; compatible; GPTBot/1.4; +https://openai.com/gptbot)" floresyfloressincelejo.com 10.53.129.184
57.141.22.41 - - [30/Aug/2026:12:09:53 -0500] "GET /details/656160617067615101871 HTTP/2.0" 404 27217 "-" "Mozilla/5.0 (Windows NT 10.0; Win64; x64) AppleWebKit/537.36 (KHTML, like Gecko) Chrome/145.0.0.0 Safari/537.36 (compatible; meta-externalagent/1.1 (+https://developers.facebook.com/docs/sharing/webmasters/crawler))" floresyfloressincelejo.com 10.53.129.184
69.6.233.64 - - [30/Aug/2026:12:10:05 -0500] "POST /wp-cron.php?doing_wp_cron=1788109805.0922660827636718750000 HTTP/1.1" 200 - "-" "WordPress/7.1; https://floresyfloressincelejo.com" floresyfloressincelejo.com 10.53.129.184
57.141.22.50 - - [30/Aug/2026:12:10:03 -0500] "GET /details/656570656162645585124 HTTP/2.0" 404 27217 "-" "Mozilla/5.0 (Windows NT 10.0; Win64; x64) AppleWebKit/537.36 (KHTML, like Gecko) Chrome/145.0.0.0 Safari/537.36 (compatible; meta-externalagent/1.1 (+https://developers.facebook.com/docs/sharing/webmasters/crawler))" floresyfloressincelejo.com 10.53.129.184
216.73.217.1 - - [30/Aug/2026:12:10:07 -0500] "GET /details/646570677163654587935 HTTP/2.0" 404 27219 "-" "Mozilla/5.0 AppleWebKit/537.36 (KHTML, like Gecko; compatible; ClaudeBot/1.0; +claudebot@anthropic.com)" floresyfloressincelejo.com 10.53.129.184
74.7.242.57 - - [30/Aug/2026:12:10:07 -0500] "GET /details/647165657060614955801 HTTP/2.0" 404 27217 "https://floresyfloressincelejo.com/sitemap-5.xml" "Mozilla/5.0 AppleWebKit/537.36 (KHTML, like Gecko; compatible; GPTBot/1.4; +https://openai.com/gptbot)" floresyfloressincelejo.com 10.53.129.184
57.141.22.116 - - [30/Aug/2026:12:10:12 -0500] "GET /details/636662706270663628286 HTTP/2.0" 404 27214 "-" "Mozilla/5.0 (Macintosh; Intel Mac OS X 10_15_7) AppleWebKit/537.36 (KHTML, like Gecko) Chrome/145.0.0.0 Safari/537.36 (compatible; meta-externalagent/1.1 (+https://developers.facebook.com/docs/sharing/webmasters/crawler))" floresyfloressincelejo.com 10.53.129.184
216.73.217.1 - - [30/Aug/2026:12:10:13 -0500] "GET /details/657161706765715918759 HTTP/2.0" 404 27217 "-" "Mozilla/5.0 AppleWebKit/537.36 (KHTML, like Gecko; compatible; ClaudeBot/1.0; +claudebot@anthropic.com)" floresyfloressincelejo.com 10.53.129.184
57.141.22.97 - - [30/Aug/2026:12:10:21 -0500] "GET /details/656461666265655416255 HTTP/2.0" 404 27217 "-" "Mozilla/5.0 (Windows NT 10.0; Win64; x64) AppleWebKit/537.36 (KHTML, like Gecko) Chrome/145.0.0.0 Safari/537.36 (compatible; meta-externalagent/1.1 (+https://developers.facebook.com/docs/sharing/webmasters/crawler))" floresyfloressincelejo.com 10.53.129.184
74.7.242.57 - - [30/Aug/2026:12:10:27 -0500] "GET /details/636765706164653758145 HTTP/2.0" 404 27219 "https://floresyfloressincelejo.com/sitemap-1.xml" "Mozilla/5.0 AppleWebKit/537.36 (KHTML, like Gecko; compatible; GPTBot/1.4; +https://openai.com/gptbot)" floresyfloressincelejo.com 10.53.129.184
216.73.217.1 - - [30/Aug/2026:12:10:37 -0500] "GET /details/666366606067626360072 HTTP/2.0" 404 27215 "-" "Mozilla/5.0 AppleWebKit/537.36 (KHTML, like Gecko; compatible; ClaudeBot/1.0; +claudebot@anthropic.com)" floresyfloressincelejo.com 10.53.129.184
57.141.22.115 - - [30/Aug/2026:12:10:40 -0500] "GET /details/667161626266616912261 HTTP/2.0" 404 27215 "-" "Mozilla/5.0 (X11; Linux x86_64) AppleWebKit/537.36 (KHTML, like Gecko) Chrome/145.0.0.0 Safari/537.36 (compatible; meta-externalagent/1.1 (+https://developers.facebook.com/docs/sharing/webmasters/crawler))" floresyfloressincelejo.com 10.53.129.184
216.73.217.1 - - [30/Aug/2026:12:10:43 -0500] "GET /details/676263716370647239384 HTTP/2.0" 404 27217 "-" "Mozilla/5.0 AppleWebKit/537.36 (KHTML, like Gecko; compatible; ClaudeBot/1.0; +claudebot@anthropic.com)" floresyfloressincelejo.com 10.53.129.184
74.7.242.57 - - [30/Aug/2026:12:10:47 -0500] "GET /details/646071637061604093810 HTTP/2.0" 404 27218 "https://floresyfloressincelejo.com/sitemap-17.xml" "Mozilla/5.0 AppleWebKit/537.36 (KHTML, like Gecko; compatible; GPTBot/1.4; +https://openai.com/gptbot)" floresyfloressincelejo.com 10.53.129.184
216.73.217.1 - - [30/Aug/2026:12:10:57 -0500] "GET /details/646471647065674494857 HTTP/2.0" 404 27217 "-" "Mozilla/5.0 AppleWebKit/537.36 (KHTML, like Gecko; compatible; ClaudeBot/1.0; +claudebot@anthropic.com)" floresyfloressincelejo.com 10.53.129.184
57.141.22.23 - - [30/Aug/2026:12:10:59 -0500] "GET /details/666370607167706380978 HTTP/2.0" 404 27216 "-" "Mozilla/5.0 (X11; Linux x86_64) AppleWebKit/537.36 (KHTML, like Gecko) Chrome/145.0.0.0 Safari/537.36 (compatible; meta-externalagent/1.1 (+https://developers.facebook.com/docs/sharing/webmasters/crawler))" floresyfloressincelejo.com 10.53.129.184
69.6.233.64 - - [30/Aug/2026:12:11:10 -0500] "POST /wp-cron.php?doing_wp_cron=1788109870.9109640121459960937500 HTTP/1.1" 200 - "-" "WordPress/7.1; https://floresyfloressincelejo.com" floresyfloressincelejo.com 10.53.129.184
74.7.242.57 - - [30/Aug/2026:12:11:07 -0500] "GET /details/676165627063707152838 HTTP/2.0" 404 27217 "https://floresyfloressincelejo.com/sitemap-3.xml" "Mozilla/5.0 AppleWebKit/537.36 (KHTML, like Gecko; compatible; GPTBot/1.4; +https://openai.com/gptbot)" floresyfloressincelejo.com 10.53.129.184
57.141.22.104 - - [30/Aug/2026:12:11:08 -0500] "GET /details/656263667163645236934 HTTP/2.0" 404 27217 "-" "Mozilla/5.0 (Windows NT 10.0; Win64; x64) AppleWebKit/537.36 (KHTML, like Gecko) Chrome/145.0.0.0 Safari/537.36 (compatible; meta-externalagent/1.1 (+https://developers.facebook.com/docs/sharing/webmasters/crawler))" floresyfloressincelejo.com 10.53.129.184
57.141.22.98 - - [30/Aug/2026:12:11:18 -0500] "GET /details/646170677163624187932 HTTP/2.0" 404 27218 "-" "Mozilla/5.0 (Windows NT 10.0; Win64; x64) AppleWebKit/537.36 (KHTML, like Gecko) Chrome/145.0.0.0 Safari/537.36 (compatible; meta-externalagent/1.1 (+https://developers.facebook.com/docs/sharing/webmasters/crawler))" floresyfloressincelejo.com 10.53.129.184
216.73.217.1 - - [30/Aug/2026:12:11:21 -0500] "GET /details/657163626067705932078 HTTP/2.0" 404 27217 "-" "Mozilla/5.0 AppleWebKit/537.36 (KHTML, like Gecko; compatible; ClaudeBot/1.0; +claudebot@anthropic.com)" floresyfloressincelejo.com 10.53.129.184
74.7.242.57 - - [30/Aug/2026:12:11:27 -0500] "GET /details/647167706763604978730 HTTP/2.0" 404 27217 "https://floresyfloressincelejo.com/sitemap-4.xml" "Mozilla/5.0 AppleWebKit/537.36 (KHTML, like Gecko; compatible; GPTBot/1.4; +https://openai.com/gptbot)" floresyfloressincelejo.com 10.53.129.184
57.141.22.11 - - [30/Aug/2026:12:11:28 -0500] "GET /details/636466706765643468754 HTTP/2.0" 404 27218 "-" "Mozilla/5.0 (Windows NT 10.0; Win64; x64) AppleWebKit/537.36 (KHTML, like Gecko) Chrome/145.0.0.0 Safari/537.36 (compatible; meta-externalagent/1.1 (+https://developers.facebook.com/docs/sharing/webmasters/crawler))" floresyfloressincelejo.com 10.53.129.184
216.73.217.1 - - [30/Aug/2026:12:11:33 -0500] "GET /details/676061656671637015693 HTTP/2.0" 404 27218 "-" "Mozilla/5.0 AppleWebKit/537.36 (KHTML, like Gecko; compatible; ClaudeBot/1.0; +claudebot@anthropic.com)" floresyfloressincelejo.com 10.53.129.184
57.141.22.85 - - [30/Aug/2026:12:11:37 -0500] "GET /details/656261706063615218031 HTTP/2.0" 404 - "-" "Mozilla/5.0 (Windows NT 10.0; Win64; x64) AppleWebKit/537.36 (KHTML, like Gecko) Chrome/145.0.0.0 Safari/537.36 (compatible; meta-externalagent/1.1 (+https://developers.facebook.com/docs/sharing/webmasters/crawler))" floresyfloressincelejo.com 10.53.129.184
57.141.22.38 - - [30/Aug/2026:12:11:46 -0500] "GET /details/667066656762626865722 HTTP/2.0" 404 27218 "-" "Mozilla/5.0 (Windows NT 10.0; Win64; x64) AppleWebKit/537.36 (KHTML, like Gecko) Chrome/145.0.0.0 Safari/537.36 (compatible; meta-externalagent/1.1 (+https://developers.facebook.com/docs/sharing/webmasters/crawler))" floresyfloressincelejo.com 10.53.129.184
74.7.242.57 - - [30/Aug/2026:12:11:47 -0500] "GET /details/636567626271703572298 HTTP/2.0" 404 27217 "https://floresyfloressincelejo.com/sitemap-5.xml" "Mozilla/5.0 AppleWebKit/537.36 (KHTML, like Gecko; compatible; GPTBot/1.4; +https://openai.com/gptbot)" floresyfloressincelejo.com 10.53.129.184
57.141.22.7 - - [30/Aug/2026:12:11:47 -0500] "GET /details/646260677170624207982 HTTP/2.0" 404 27218 "-" "Mozilla/5.0 (Windows NT 10.0; Win64; x64) AppleWebKit/537.36 (KHTML, like Gecko) Chrome/145.0.0.0 Safari/537.36 (compatible; meta-externalagent/1.1 (+https://developers.facebook.com/docs/sharing/webmasters/crawler))" floresyfloressincelejo.com 10.53.129.184
216.73.217.1 - - [30/Aug/2026:12:11:57 -0500] "GET /details/656363707164675338947 HTTP/2.0" 404 27217 "-" "Mozilla/5.0 AppleWebKit/537.36 (KHTML, like Gecko; compatible; ClaudeBot/1.0; +claudebot@anthropic.com)" floresyfloressincelejo.com 10.53.129.184
57.141.22.44 - - [30/Aug/2026:12:11:58 -0500] "GET /details/676171717061627199812 HTTP/2.0" 404 27216 "-" "Mozilla/5.0 (Windows NT 10.0; Win64; x64) AppleWebKit/537.36 (KHTML, like Gecko) Chrome/145.0.0.0 Safari/537.36 (compatible; meta-externalagent/1.1 (+https://developers.facebook.com/docs/sharing/webmasters/crawler))" floresyfloressincelejo.com 10.53.129.184
69.6.233.64 - - [30/Aug/2026:12:12:07 -0500] "POST /wp-cron.php?doing_wp_cron=1788109927.0384581089019775390625 HTTP/1.1" 200 - "-" "WordPress/7.1; https://floresyfloressincelejo.com" floresyfloressincelejo.com 10.53.129.184
216.73.217.1 - - [30/Aug/2026:12:12:04 -0500] "GET /details/636664647163703644938 HTTP/2.0" 404 27217 "-" "Mozilla/5.0 AppleWebKit/537.36 (KHTML, like Gecko; compatible; ClaudeBot/1.0; +claudebot@anthropic.com)" floresyfloressincelejo.com 10.53.129.184
74.7.242.57 - - [30/Aug/2026:12:12:07 -0500] "GET /details/637162656364713925349 HTTP/2.0" 404 27217 "https://floresyfloressincelejo.com/sitemap-1.xml" "Mozilla/5.0 AppleWebKit/537.36 (KHTML, like Gecko; compatible; GPTBot/1.4; +https://openai.com/gptbot)" floresyfloressincelejo.com 10.53.129.184
57.141.22.126 - - [30/Aug/2026:12:12:18 -0500] "GET /details/656763626467625732472 HTTP/2.0" 404 27216 "-" "Mozilla/5.0 (Windows NT 10.0; Win64; x64) AppleWebKit/537.36 (KHTML, like Gecko) Chrome/145.0.0.0 Safari/537.36 (compatible; meta-externalagent/1.1 (+https://developers.facebook.com/docs/sharing/webmasters/crawler))" floresyfloressincelejo.com 10.53.129.184
74.7.242.57 - - [30/Aug/2026:12:12:27 -0500] "GET /details/656070717061645089814 HTTP/2.0" 404 27218 "https://floresyfloressincelejo.com/sitemap-6.xml" "Mozilla/5.0 AppleWebKit/537.36 (KHTML, like Gecko; compatible; GPTBot/1.4; +https://openai.com/gptbot)" floresyfloressincelejo.com 10.53.129.184
216.73.217.1 - - [30/Aug/2026:12:12:27 -0500] "GET /details/676067616160637071103 HTTP/2.0" 404 27216 "-" "Mozilla/5.0 AppleWebKit/537.36 (KHTML, like Gecko; compatible; ClaudeBot/1.0; +claudebot@anthropic.com)" floresyfloressincelejo.com 10.53.129.184
57.141.22.10 - - [30/Aug/2026:12:12:29 -0500] "GET /details/656062716164645029144 HTTP/2.0" 404 27218 "-" "Mozilla/5.0 (Windows NT 10.0; Win64; x64) AppleWebKit/537.36 (KHTML, like Gecko) Chrome/145.0.0.0 Safari/537.36 (compatible; meta-externalagent/1.1 (+https://developers.facebook.com/docs/sharing/webmasters/crawler))" floresyfloressincelejo.com 10.53.129.184
216.73.217.1 - - [30/Aug/2026:12:12:34 -0500] "GET /details/666262616360626221302 HTTP/2.0" 404 27214 "-" "Mozilla/5.0 AppleWebKit/537.36 (KHTML, like Gecko; compatible; ClaudeBot/1.0; +claudebot@anthropic.com)" floresyfloressincelejo.com 10.53.129.184
57.141.22.7 - - [30/Aug/2026:12:12:39 -0500] "GET /details/646560626562674502527 HTTP/2.0" 404 27217 "-" "Mozilla/5.0 (Macintosh; Intel Mac OS X 10_15_7) AppleWebKit/537.36 (KHTML, like Gecko) Chrome/145.0.0.0 Safari/537.36 (compatible; meta-externalagent/1.1 (+https://developers.facebook.com/docs/sharing/webmasters/crawler))" floresyfloressincelejo.com 10.53.129.184
74.7.242.57 - - [30/Aug/2026:12:12:47 -0500] "GET /details/637070667165633886953 HTTP/2.0" 404 27218 "https://floresyfloressincelejo.com/sitemap-1.xml" "Mozilla/5.0 AppleWebKit/537.36 (KHTML, like Gecko; compatible; GPTBot/1.4; +https://openai.com/gptbot)" floresyfloressincelejo.com 10.53.129.184
57.141.22.43 - - [30/Aug/2026:12:12:50 -0500] "GET /details/636671716671603699690 HTTP/2.0" 404 27216 "-" "Mozilla/5.0 (Macintosh; Intel Mac OS X 10_15_7) AppleWebKit/537.36 (KHTML, like Gecko) Chrome/145.0.0.0 Safari/537.36 (compatible; meta-externalagent/1.1 (+https://developers.facebook.com/docs/sharing/webmasters/crawler))" floresyfloressincelejo.com 10.53.129.184
216.73.217.1 - - [30/Aug/2026:12:12:58 -0500] "GET /details/666261667067646216874 HTTP/2.0" 404 27219 "-" "Mozilla/5.0 AppleWebKit/537.36 (KHTML, like Gecko; compatible; ClaudeBot/1.0; +claudebot@anthropic.com)" floresyfloressincelejo.com 10.53.129.184
57.141.22.98 - - [30/Aug/2026:12:13:00 -0500] "GET /details/637165627162633952923 HTTP/2.0" 404 27217 "-" "Mozilla/5.0 (Windows NT 10.0; Win64; x64) AppleWebKit/537.36 (KHTML, like Gecko) Chrome/145.0.0.0 Safari/537.36 (compatible; meta-externalagent/1.1 (+https://developers.facebook.com/docs/sharing/webmasters/crawler))" floresyfloressincelejo.com 10.53.129.184
69.6.233.64 - - [30/Aug/2026:12:13:07 -0500] "POST /wp-cron.php?doing_wp_cron=1788109987.2541348934173583984375 HTTP/1.1" 200 - "-" "WordPress/7.1; https://floresyfloressincelejo.com" floresyfloressincelejo.com 10.53.129.184
216.73.217.1 - - [30/Aug/2026:12:13:04 -0500] "GET /details/647061636065634813053 HTTP/2.0" 404 27218 "-" "Mozilla/5.0 AppleWebKit/537.36 (KHTML, like Gecko; compatible; ClaudeBot/1.0; +claudebot@anthropic.com)" floresyfloressincelejo.com 10.53.129.184
74.7.242.57 - - [30/Aug/2026:12:13:07 -0500] "GET /details/646761706362714718329 HTTP/2.0" 404 27217 "https://floresyfloressincelejo.com/sitemap-9.xml" "Mozilla/5.0 AppleWebKit/537.36 (KHTML, like Gecko; compatible; GPTBot/1.4; +https://openai.com/gptbot)" floresyfloressincelejo.com 10.53.129.184
57.141.22.116 - - [30/Aug/2026:12:13:11 -0500] "GET /details/646561707071664518896 HTTP/2.0" 404 27217 "-" "Mozilla/5.0 (Windows NT 10.0; Win64; x64) AppleWebKit/537.36 (KHTML, like Gecko) Chrome/145.0.0.0 Safari/537.36 (compatible; meta-externalagent/1.1 (+https://developers.facebook.com/docs/sharing/webmasters/crawler))" floresyfloressincelejo.com 10.53.129.184
57.141.22.90 - - [30/Aug/2026:12:13:21 -0500] "GET /details/646067636070664073086 HTTP/2.0" 404 27218 "-" "Mozilla/5.0 (Macintosh; Intel Mac OS X 10_15_7) AppleWebKit/537.36 (KHTML, like Gecko) Chrome/145.0.0.0 Safari/537.36 (compatible; meta-externalagent/1.1 (+https://developers.facebook.com/docs/sharing/webmasters/crawler))" floresyfloressincelejo.com 10.53.129.184
216.73.217.1 - - [30/Aug/2026:12:13:21 -0500] "GET /details/637065677060633857803 HTTP/2.0" 404 27217 "-" "Mozilla/5.0 AppleWebKit/537.36 (KHTML, like Gecko; compatible; ClaudeBot/1.0; +claudebot@anthropic.com)" floresyfloressincelejo.com 10.53.129.184
74.7.242.57 - - [30/Aug/2026:12:13:27 -0500] "GET /details/656770626164655782145 HTTP/2.0" 404 27219 "https://floresyfloressincelejo.com/sitemap-5.xml" "Mozilla/5.0 AppleWebKit/537.36 (KHTML, like Gecko; compatible; GPTBot/1.4; +https://openai.com/gptbot)" floresyfloressincelejo.com 10.53.129.184
57.141.22.9 - - [30/Aug/2026:12:13:32 -0500] "GET /details/636664646262713644229 HTTP/2.0" 404 27217 "-" "Mozilla/5.0 (Windows NT 10.0; Win64; x64) AppleWebKit/537.36 (KHTML, like Gecko) Chrome/145.0.0.0 Safari/537.36 (compatible; meta-externalagent/1.1 (+https://developers.facebook.com/docs/sharing/webmasters/crawler))" floresyfloressincelejo.com 10.53.129.184
57.141.22.102 - - [30/Aug/2026:12:13:41 -0500] "GET /details/636463666562613436521 HTTP/2.0" 404 27216 "-" "Mozilla/5.0 (Windows NT 10.0; Win64; x64) AppleWebKit/537.36 (KHTML, like Gecko) Chrome/145.0.0.0 Safari/537.36 (compatible; meta-externalagent/1.1 (+https://developers.facebook.com/docs/sharing/webmasters/crawler))" floresyfloressincelejo.com 10.53.129.184
216.73.217.1 - - [30/Aug/2026:12:13:45 -0500] "GET /details/666270717062606289820 HTTP/2.0" 404 27217 "-" "Mozilla/5.0 AppleWebKit/537.36 (KHTML, like Gecko; compatible; ClaudeBot/1.0; +claudebot@anthropic.com)" floresyfloressincelejo.com 10.53.129.184
74.7.242.57 - - [30/Aug/2026:12:13:47 -0500] "GET /details/656271676463655297435 HTTP/2.0" 404 27218 "https://floresyfloressincelejo.com/sitemap-1.xml" "Mozilla/5.0 AppleWebKit/537.36 (KHTML, like Gecko; compatible; GPTBot/1.4; +https://openai.com/gptbot)" floresyfloressincelejo.com 10.53.129.184
216.73.217.1 - - [30/Aug/2026:12:13:51 -0500] "GET /details/646167646363674174337 HTTP/2.0" 404 27216 "-" "Mozilla/5.0 AppleWebKit/537.36 (KHTML, like Gecko; compatible; ClaudeBot/1.0; +claudebot@anthropic.com)" floresyfloressincelejo.com 10.53.129.184
57.141.22.6 - - [30/Aug/2026:12:13:52 -0500] "GET /details/666667616663666671636 HTTP/2.0" 404 27212 "-" "Mozilla/5.0 (Windows NT 10.0; Win64; x64) AppleWebKit/537.36 (KHTML, like Gecko) Chrome/145.0.0.0 Safari/537.36 (compatible; meta-externalagent/1.1 (+https://developers.facebook.com/docs/sharing/webmasters/crawler))" floresyfloressincelejo.com 10.53.129.184
69.6.233.64 - - [30/Aug/2026:12:14:06 -0500] "POST /wp-cron.php?doing_wp_cron=1788110046.5270678997039794921875 HTTP/1.1" 200 - "-" "WordPress/7.1; https://floresyfloressincelejo.com" floresyfloressincelejo.com 10.53.129.184
57.141.22.37 - - [30/Aug/2026:12:14:03 -0500] "GET /details/666365716662706359628 HTTP/2.0" 404 27216 "-" "Mozilla/5.0 (Windows NT 10.0; Win64; x64) AppleWebKit/537.36 (KHTML, like Gecko) Chrome/145.0.0.0 Safari/537.36 (compatible; meta-externalagent/1.1 (+https://developers.facebook.com/docs/sharing/webmasters/crawler))" floresyfloressincelejo.com 10.53.129.184
74.7.242.57 - - [30/Aug/2026:12:14:07 -0500] "GET /details/647070626065704882058 HTTP/2.0" 404 27217 "https://floresyfloressincelejo.com/sitemap-9.xml" "Mozilla/5.0 AppleWebKit/537.36 (KHTML, like Gecko; compatible; GPTBot/1.4; +https://openai.com/gptbot)" floresyfloressincelejo.com 10.53.129.184
57.141.22.18 - - [30/Aug/2026:12:14:13 -0500] "GET /details/666070636760616083701 HTTP/2.0" 404 27217 "-" "Mozilla/5.0 (Macintosh; Intel Mac OS X 10_15_7) AppleWebKit/537.36 (KHTML, like Gecko) Chrome/145.0.0.0 Safari/537.36 (compatible; meta-externalagent/1.1 (+https://developers.facebook.com/docs/sharing/webmasters/crawler))" floresyfloressincelejo.com 10.53.129.184
216.73.217.1 - - [30/Aug/2026:12:14:15 -0500] "GET /details/656270647071605284890 HTTP/2.0" 404 27218 "-" "Mozilla/5.0 AppleWebKit/537.36 (KHTML, like Gecko; compatible; ClaudeBot/1.0; +claudebot@anthropic.com)" floresyfloressincelejo.com 10.53.129.184
216.73.217.1 - - [30/Aug/2026:12:14:22 -0500] "GET /details/637164656567643945574 HTTP/2.0" 404 27218 "-" "Mozilla/5.0 AppleWebKit/537.36 (KHTML, like Gecko; compatible; ClaudeBot/1.0; +claudebot@anthropic.com)" floresyfloressincelejo.com 10.53.129.184
57.141.22.52 - - [30/Aug/2026:12:14:24 -0500] "GET /details/676070646667667084676 HTTP/2.0" 404 27216 "-" "Mozilla/5.0 (Macintosh; Intel Mac OS X 10_15_7) AppleWebKit/537.36 (KHTML, like Gecko) Chrome/145.0.0.0 Safari/537.36 (compatible; meta-externalagent/1.1 (+https://developers.facebook.com/docs/sharing/webmasters/crawler))" floresyfloressincelejo.com 10.53.129.184
74.7.242.57 - - [30/Aug/2026:12:14:27 -0500] "GET /details/676065647164637054943 HTTP/2.0" 404 27218 "https://floresyfloressincelejo.com/sitemap-6.xml" "Mozilla/5.0 AppleWebKit/537.36 (KHTML, like Gecko; compatible; GPTBot/1.4; +https://openai.com/gptbot)" floresyfloressincelejo.com 10.53.129.184
57.141.22.23 - - [30/Aug/2026:12:14:34 -0500] "GET /details/646261617166634211963 HTTP/2.0" 404 27217 "-" "Mozilla/5.0 (Windows NT 10.0; Win64; x64) AppleWebKit/537.36 (KHTML, like Gecko) Chrome/145.0.0.0 Safari/537.36 (compatible; meta-externalagent/1.1 (+https://developers.facebook.com/docs/sharing/webmasters/crawler))" floresyfloressincelejo.com 10.53.129.184
57.141.22.117 - - [30/Aug/2026:12:14:45 -0500] "GET /details/666760656166626705162 HTTP/2.0" 404 27217 "-" "Mozilla/5.0 (Windows NT 10.0; Win64; x64) AppleWebKit/537.36 (KHTML, like Gecko) Chrome/145.0.0.0 Safari/537.36 Edg/145.0.0.0 (compatible; meta-externalagent/1.1 (+https://developers.facebook.com/docs/sharing/webmasters/crawler))" floresyfloressincelejo.com 10.53.129.184
216.73.217.1 - - [30/Aug/2026:12:14:46 -0500] "GET /details/656264626670675242687 HTTP/2.0" 404 27217 "-" "Mozilla/5.0 AppleWebKit/537.36 (KHTML, like Gecko; compatible; ClaudeBot/1.0; +claudebot@anthropic.com)" floresyfloressincelejo.com 10.53.129.184
74.7.242.57 - - [30/Aug/2026:12:14:47 -0500] "GET /details/646771607065714790859 HTTP/2.0" 404 27219 "https://floresyfloressincelejo.com/sitemap-12.xml" "Mozilla/5.0 AppleWebKit/537.36 (KHTML, like Gecko; compatible; GPTBot/1.4; +https://openai.com/gptbot)" floresyfloressincelejo.com 10.53.129.184
216.73.217.1 - - [30/Aug/2026:12:14:52 -0500] "GET /details/646667636470674673487 HTTP/2.0" 404 27219 "-" "Mozilla/5.0 AppleWebKit/537.36 (KHTML, like Gecko; compatible; ClaudeBot/1.0; +claudebot@anthropic.com)" floresyfloressincelejo.com 10.53.129.184
57.141.22.87 - - [30/Aug/2026:12:14:55 -0500] "GET /details/656060707060705008808 HTTP/2.0" 404 27215 "-" "Mozilla/5.0 (Macintosh; Intel Mac OS X 10_15_7) AppleWebKit/537.36 (KHTML, like Gecko) Chrome/145.0.0.0 Safari/537.36 (compatible; meta-externalagent/1.1 (+https://developers.facebook.com/docs/sharing/webmasters/crawler))" floresyfloressincelejo.com 10.53.129.184
69.6.233.64 - - [30/Aug/2026:12:15:08 -0500] "POST /wp-cron.php?doing_wp_cron=1788110108.0731039047241210937500 HTTP/1.1" 200 - "-" "WordPress/7.1; https://floresyfloressincelejo.com" floresyfloressincelejo.com 10.53.129.184
57.141.22.55 - - [30/Aug/2026:12:15:05 -0500] "GET /details/646164627064714142849 HTTP/2.0" 404 27216 "-" "Mozilla/5.0 (Macintosh; Intel Mac OS X 10_15_7) AppleWebKit/537.36 (KHTML, like Gecko) Chrome/145.0.0.0 Safari/537.36 (compatible; meta-externalagent/1.1 (+https://developers.facebook.com/docs/sharing/webmasters/crawler))" floresyfloressincelejo.com 10.53.129.184
74.7.242.57 - - [30/Aug/2026:12:15:07 -0500] "GET /details/646063676170654037185 HTTP/2.0" 404 27218 "https://floresyfloressincelejo.com/sitemap.xml" "Mozilla/5.0 AppleWebKit/537.36 (KHTML, like Gecko; compatible; GPTBot/1.4; +https://openai.com/gptbot)" floresyfloressincelejo.com 10.53.129.184
216.73.217.1 - - [30/Aug/2026:12:15:16 -0500] "GET /details/636470716563653489535 HTTP/2.0" 404 27217 "-" "Mozilla/5.0 AppleWebKit/537.36 (KHTML, like Gecko; compatible; ClaudeBot/1.0; +claudebot@anthropic.com)" floresyfloressincelejo.com 10.53.129.184
57.141.22.111 - - [30/Aug/2026:12:15:16 -0500] "GET /details/657071627061615892811 HTTP/2.0" 404 27217 "-" "Mozilla/5.0 (Macintosh; Intel Mac OS X 10_15_7) AppleWebKit/537.36 (KHTML, like Gecko) Chrome/145.0.0.0 Safari/537.36 (compatible; meta-externalagent/1.1 (+https://developers.facebook.com/docs/sharing/webmasters/crawler))" floresyfloressincelejo.com 10.53.129.184
216.73.217.1 - - [30/Aug/2026:12:15:22 -0500] "GET /details/666270656364656285345 HTTP/2.0" 404 27217 "-" "Mozilla/5.0 AppleWebKit/537.36 (KHTML, like Gecko; compatible; ClaudeBot/1.0; +claudebot@anthropic.com)" floresyfloressincelejo.com 10.53.129.184
57.141.22.11 - - [30/Aug/2026:12:15:26 -0500] "GET /details/636667676071603677090 HTTP/2.0" 404 27217 "-" "Mozilla/5.0 (Windows NT 10.0; Win64; x64) AppleWebKit/537.36 (KHTML, like Gecko) Chrome/145.0.0.0 Safari/537.36 (compatible; meta-externalagent/1.1 (+https://developers.facebook.com/docs/sharing/webmasters/crawler))" floresyfloressincelejo.com 10.53.129.184
74.7.242.57 - - [30/Aug/2026:12:15:27 -0500] "GET /details/646360657162714305929 HTTP/2.0" 404 27218 "https://floresyfloressincelejo.com/sitemap-7.xml" "Mozilla/5.0 AppleWebKit/537.36 (KHTML, like Gecko; compatible; GPTBot/1.4; +https://openai.com/gptbot)" floresyfloressincelejo.com 10.53.129.184
57.141.22.1 - - [30/Aug/2026:12:15:37 -0500] "GET /details/646560627171714502999 HTTP/2.0" 404 27216 "-" "Mozilla/5.0 (Windows NT 10.0; Win64; x64) AppleWebKit/537.36 (KHTML, like Gecko) Chrome/145.0.0.0 Safari/537.36 (compatible; meta-externalagent/1.1 (+https://developers.facebook.com/docs/sharing/webmasters/crawler))" floresyfloressincelejo.com 10.53.129.184
216.73.217.1 - - [30/Aug/2026:12:15:45 -0500] "GET /details/656567666562655576525 HTTP/2.0" 404 27217 "-" "Mozilla/5.0 AppleWebKit/537.36 (KHTML, like Gecko; compatible; ClaudeBot/1.0; +claudebot@anthropic.com)" floresyfloressincelejo.com 10.53.129.184
57.141.22.10 - - [30/Aug/2026:12:15:47 -0500] "GET /details/656367707162655378925 HTTP/2.0" 404 27218 "-" "Mozilla/5.0 (Windows NT 10.0; Win64; x64) AppleWebKit/537.36 (KHTML, like Gecko) Chrome/145.0.0.0 Safari/537.36 (compatible; meta-externalagent/1.1 (+https://developers.facebook.com/docs/sharing/webmasters/crawler))" floresyfloressincelejo.com 10.53.129.184
74.7.242.57 - - [30/Aug/2026:12:15:47 -0500] "GET /details/637067717161703879918 HTTP/2.0" 404 27216 "https://floresyfloressincelejo.com/sitemap-6.xml" "Mozilla/5.0 AppleWebKit/537.36 (KHTML, like Gecko; compatible; GPTBot/1.4; +https://openai.com/gptbot)" floresyfloressincelejo.com 10.53.129.184
57.141.22.18 - - [30/Aug/2026:12:15:57 -0500] "GET /details/667161616460636911403 HTTP/2.0" 404 27216 "-" "Mozilla/5.0 (Windows NT 10.0; Win64; x64) AppleWebKit/537.36 (KHTML, like Gecko) Chrome/145.0.0.0 Safari/537.36 (compatible; meta-externalagent/1.1 (+https://developers.facebook.com/docs/sharing/webmasters/crawler))" floresyfloressincelejo.com 10.53.129.184
69.6.233.64 - - [30/Aug/2026:12:16:08 -0500] "POST /wp-cron.php?doing_wp_cron=1788110168.9588959217071533203125 HTTP/1.1" 200 - "-" "WordPress/7.1; https://floresyfloressincelejo.com" floresyfloressincelejo.com 10.53.129.184
74.7.242.57 - - [30/Aug/2026:12:16:07 -0500] "GET /details/636561657162643515924 HTTP/2.0" 404 27218 "https://floresyfloressincelejo.com/sitemap.xml" "Mozilla/5.0 AppleWebKit/537.36 (KHTML, like Gecko; compatible; GPTBot/1.4; +https://openai.com/gptbot)" floresyfloressincelejo.com 10.53.129.184
216.73.217.1 - - [30/Aug/2026:12:16:08 -0500] "GET /details/656066656462715065429 HTTP/2.0" 404 27217 "-" "Mozilla/5.0 AppleWebKit/537.36 (KHTML, like Gecko; compatible; ClaudeBot/1.0; +claudebot@anthropic.com)" floresyfloressincelejo.com 10.53.129.184
57.141.22.94 - - [30/Aug/2026:12:16:08 -0500] "GET /details/647071617162714891929 HTTP/2.0" 404 27216 "-" "Mozilla/5.0 (Windows NT 10.0; Win64; x64) AppleWebKit/537.36 (KHTML, like Gecko) Chrome/145.0.0.0 Safari/537.36 (compatible; meta-externalagent/1.1 (+https://developers.facebook.com/docs/sharing/webmasters/crawler))" floresyfloressincelejo.com 10.53.129.184
57.141.22.54 - - [30/Aug/2026:12:16:19 -0500] "GET /details/656762676071665727096 HTTP/2.0" 404 27217 "-" "Mozilla/5.0 (Macintosh; Intel Mac OS X 10_15_7) AppleWebKit/537.36 (KHTML, like Gecko) Chrome/145.0.0.0 Safari/537.36 (compatible; meta-externalagent/1.1 (+https://developers.facebook.com/docs/sharing/webmasters/crawler))" floresyfloressincelejo.com 10.53.129.184
74.7.242.57 - - [30/Aug/2026:12:16:27 -0500] "GET /details/647165607065704950858 HTTP/2.0" 404 27217 "https://floresyfloressincelejo.com/sitemap-17.xml" "Mozilla/5.0 AppleWebKit/537.36 (KHTML, like Gecko; compatible; GPTBot/1.4; +https://openai.com/gptbot)" floresyfloressincelejo.com 10.53.129.184
57.141.22.103 - - [30/Aug/2026:12:16:29 -0500] "GET /details/656162626160655122105 HTTP/2.0" 404 27217 "-" "Mozilla/5.0 (Windows NT 10.0; Win64; x64) AppleWebKit/537.36 (KHTML, like Gecko) Chrome/145.0.0.0 Safari/537.36 (compatible; meta-externalagent/1.1 (+https://developers.facebook.com/docs/sharing/webmasters/crawler))" floresyfloressincelejo.com 10.53.129.184
216.73.217.1 - - [30/Aug/2026:12:16:32 -0500] "GET /details/657170716671635989693 HTTP/2.0" 404 27217 "-" "Mozilla/5.0 AppleWebKit/537.36 (KHTML, like Gecko; compatible; ClaudeBot/1.0; +claudebot@anthropic.com)" floresyfloressincelejo.com 10.53.129.184
216.73.217.1 - - [30/Aug/2026:12:16:38 -0500] "GET /details/646461716066654419065 HTTP/2.0" 404 27217 "-" "Mozilla/5.0 AppleWebKit/537.36 (KHTML, like Gecko; compatible; ClaudeBot/1.0; +claudebot@anthropic.com)" floresyfloressincelejo.com 10.53.129.184
216.73.217.1 - - [30/Aug/2026:12:16:38 -0500] "GET /details/656766616371705761398 HTTP/2.0" 404 27218 "-" "Mozilla/5.0 AppleWebKit/537.36 (KHTML, like Gecko; compatible; ClaudeBot/1.0; +claudebot@anthropic.com)" floresyfloressincelejo.com 10.53.129.184
57.141.22.108 - - [30/Aug/2026:12:16:40 -0500] "GET /details/676171716465617199451 HTTP/2.0" 404 27214 "-" "Mozilla/5.0 (X11; Linux x86_64) AppleWebKit/537.36 (KHTML, like Gecko) Chrome/145.0.0.0 Safari/537.36 (compatible; meta-externalagent/1.1 (+https://developers.facebook.com/docs/sharing/webmasters/crawler))" floresyfloressincelejo.com 10.53.129.184
216.73.217.1 - - [30/Aug/2026:12:16:41 -0500] "GET /details/667170616567676981577 HTTP/2.0" 404 27218 "-" "Mozilla/5.0 AppleWebKit/537.36 (KHTML, like Gecko; compatible; ClaudeBot/1.0; +claudebot@anthropic.com)" floresyfloressincelejo.com 10.53.129.184
216.73.217.1 - - [30/Aug/2026:12:16:41 -0500] "GET /details/647061666560714816509 HTTP/2.0" 404 27218 "-" "Mozilla/5.0 AppleWebKit/537.36 (KHTML, like Gecko; compatible; ClaudeBot/1.0; +claudebot@anthropic.com)" floresyfloressincelejo.com 10.53.129.184
216.73.217.1 - - [30/Aug/2026:12:16:44 -0500] "GET /details/656166616270715161289 HTTP/2.0" 404 27217 "-" "Mozilla/5.0 AppleWebKit/537.36 (KHTML, like Gecko; compatible; ClaudeBot/1.0; +claudebot@anthropic.com)" floresyfloressincelejo.com 10.53.129.184
216.73.217.1 - - [30/Aug/2026:12:16:45 -0500] "GET /details/656065706166615058161 HTTP/2.0" 404 27218 "-" "Mozilla/5.0 AppleWebKit/537.36 (KHTML, like Gecko; compatible; ClaudeBot/1.0; +claudebot@anthropic.com)" floresyfloressincelejo.com 10.53.129.184
216.73.217.1 - - [30/Aug/2026:12:16:47 -0500] "GET /details/656171636066645193064 HTTP/2.0" 404 27218 "-" "Mozilla/5.0 AppleWebKit/537.36 (KHTML, like Gecko; compatible; ClaudeBot/1.0; +claudebot@anthropic.com)" floresyfloressincelejo.com 10.53.129.184
74.7.242.57 - - [30/Aug/2026:12:16:47 -0500] "GET /details/656462636165705423158 HTTP/2.0" 404 27218 "https://floresyfloressincelejo.com/sitemap-7.xml" "Mozilla/5.0 AppleWebKit/537.36 (KHTML, like Gecko; compatible; GPTBot/1.4; +https://openai.com/gptbot)" floresyfloressincelejo.com 10.53.129.184
216.73.217.1 - - [30/Aug/2026:12:16:48 -0500] "GET /details/657161716170635919183 HTTP/2.0" 404 27215 "-" "Mozilla/5.0 AppleWebKit/537.36 (KHTML, like Gecko; compatible; ClaudeBot/1.0; +claudebot@anthropic.com)" floresyfloressincelejo.com 10.53.129.184
