57.141.22.48 - - [30/Aug/2026:07:49:01 -0500] "GET /details/666265636264626253242 HTTP/2.0" 404 - "-" "Mozilla/5.0 (Macintosh; Intel Mac OS X 10_15_7) AppleWebKit/537.36 (KHTML, like Gecko) Chrome/145.0.0.0 Safari/537.36 (compatible; meta-externalagent/1.1 (+https://developers.facebook.com/docs/sharing/webmasters/crawler))" floresyfloressincelejo.com 10.53.129.184
216.73.217.1 - - [30/Aug/2026:07:49:09 -0500] "GET /details/657071676462715897429 HTTP/2.0" 404 - "-" "Mozilla/5.0 AppleWebKit/537.36 (KHTML, like Gecko; compatible; ClaudeBot/1.0; +claudebot@anthropic.com)" floresyfloressincelejo.com 10.53.129.184
69.6.233.64 - - [30/Aug/2026:07:49:11 -0500] "POST /wp-cron.php?doing_wp_cron=1788094150.9908249378204345703125 HTTP/1.1" 200 - "-" "WordPress/7.1; https://floresyfloressincelejo.com" floresyfloressincelejo.com 10.53.129.184
57.141.22.54 - - [30/Aug/2026:07:49:14 -0500] "GET /details/667160656663666905636 HTTP/2.0" 404 - "-" "Mozilla/5.0 (Windows NT 10.0; Win64; x64) AppleWebKit/537.36 (KHTML, like Gecko) Chrome/145.0.0.0 Safari/537.36 (compatible; meta-externalagent/1.1 (+https://developers.facebook.com/docs/sharing/webmasters/crawler))" floresyfloressincelejo.com 10.53.129.184
74.7.242.57 - - [30/Aug/2026:07:49:16 -0500] "GET /details/656367716766605379760 HTTP/2.0" 404 27219 "https://floresyfloressincelejo.com/sitemap-6.xml" "Mozilla/5.0 AppleWebKit/537.36 (KHTML, like Gecko; compatible; GPTBot/1.4; +https://openai.com/gptbot)" floresyfloressincelejo.com 10.53.129.184
216.73.217.1 - - [30/Aug/2026:07:49:23 -0500] "GET /details/646263606563714230539 HTTP/2.0" 404 - "-" "Mozilla/5.0 AppleWebKit/537.36 (KHTML, like Gecko; compatible; ClaudeBot/1.0; +claudebot@anthropic.com)" floresyfloressincelejo.com 10.53.129.184
57.141.22.36 - - [30/Aug/2026:07:49:27 -0500] "GET /details/676260617161607201910 HTTP/2.0" 404 27217 "-" "Mozilla/5.0 (Macintosh; Intel Mac OS X 10_15_7) AppleWebKit/537.36 (KHTML, like Gecko) Chrome/145.0.0.0 Safari/537.36 (compatible; meta-externalagent/1.1 (+https://developers.facebook.com/docs/sharing/webmasters/crawler))" floresyfloressincelejo.com 10.53.129.184
216.73.217.1 - - [30/Aug/2026:07:49:39 -0500] "GET /details/646471706163604498130 HTTP/2.0" 404 - "-" "Mozilla/5.0 AppleWebKit/537.36 (KHTML, like Gecko; compatible; ClaudeBot/1.0; +claudebot@anthropic.com)" floresyfloressincelejo.com 10.53.129.184
57.141.22.20 - - [30/Aug/2026:07:49:40 -0500] "GET /details/656370716560655389505 HTTP/2.0" 404 27217 "-" "Mozilla/5.0 (Windows NT 10.0; Win64; x64) AppleWebKit/537.36 (KHTML, like Gecko) Chrome/145.0.0.0 Safari/537.36 (compatible; meta-externalagent/1.1 (+https://developers.facebook.com/docs/sharing/webmasters/crawler))" floresyfloressincelejo.com 10.53.129.184
74.7.242.57 - - [30/Aug/2026:07:49:40 -0500] "GET /details/637166616765663961756 HTTP/2.0" 404 27219 "https://floresyfloressincelejo.com/sitemap.xml" "Mozilla/5.0 AppleWebKit/537.36 (KHTML, like Gecko; compatible; GPTBot/1.4; +https://openai.com/gptbot)" floresyfloressincelejo.com 10.53.129.184
52.167.144.238 - - [30/Aug/2026:07:49:44 -0500] "GET /uncensorioussnn.xml HTTP/2.0" 200 27341 "-" "Mozilla/5.0 AppleWebKit/537.36 (KHTML, like Gecko; compatible; bingbot/2.0; +http://www.bing.com/bingbot.htm) Chrome/116.0.1938.76 Safari/537.36" www.floresyfloressincelejo.com 10.53.129.184
57.141.16.114 - - [30/Aug/2026:07:50:03 -0500] "GET / HTTP/2.0" 200 58175 "-" "facebookexternalhit/1.1 (+http://www.facebook.com/externalhit_uatext.php)" floresyfloressincelejo.com 10.53.129.184
57.141.22.17 - - [30/Aug/2026:07:49:52 -0500] "GET /details/666062626162626022122 HTTP/2.0" 404 27214 "-" "Mozilla/5.0 (X11; Linux x86_64) AppleWebKit/537.36 (KHTML, like Gecko) Chrome/145.0.0.0 Safari/537.36 (compatible; meta-externalagent/1.1 (+https://developers.facebook.com/docs/sharing/webmasters/crawler))" floresyfloressincelejo.com 10.53.129.184
216.73.217.1 - - [30/Aug/2026:07:49:53 -0500] "GET /details/636461677166703417968 HTTP/2.0" 404 - "-" "Mozilla/5.0 AppleWebKit/537.36 (KHTML, like Gecko; compatible; ClaudeBot/1.0; +claudebot@anthropic.com)" floresyfloressincelejo.com 10.53.129.184
74.7.242.57 - - [30/Aug/2026:07:50:00 -0500] "GET /details/637163646166603934160 HTTP/2.0" 404 27218 "https://floresyfloressincelejo.com/sitemap-1.xml" "Mozilla/5.0 AppleWebKit/537.36 (KHTML, like Gecko; compatible; GPTBot/1.4; +https://openai.com/gptbot)" floresyfloressincelejo.com 10.53.129.184
57.141.22.8 - - [30/Aug/2026:07:50:05 -0500] "GET /details/666765607061626750812 HTTP/2.0" 404 27218 "-" "Mozilla/5.0 (Windows NT 10.0; Win64; x64) AppleWebKit/537.36 (KHTML, like Gecko) Chrome/145.0.0.0 Safari/537.36 (compatible; meta-externalagent/1.1 (+https://developers.facebook.com/docs/sharing/webmasters/crawler))" floresyfloressincelejo.com 10.53.129.184
69.6.233.64 - - [30/Aug/2026:07:50:07 -0500] "POST /wp-cron.php?doing_wp_cron=1788094207.1751220226287841796875 HTTP/1.1" 200 - "-" "WordPress/7.1; https://floresyfloressincelejo.com" floresyfloressincelejo.com 10.53.129.184
216.73.217.1 - - [30/Aug/2026:07:50:09 -0500] "GET /details/656465676567715457579 HTTP/2.0" 404 - "-" "Mozilla/5.0 AppleWebKit/537.36 (KHTML, like Gecko; compatible; ClaudeBot/1.0; +claudebot@anthropic.com)" floresyfloressincelejo.com 10.53.129.184
57.141.22.5 - - [30/Aug/2026:07:50:18 -0500] "GET /details/666566646663606564630 HTTP/2.0" 404 27215 "-" "Mozilla/5.0 (Windows NT 10.0; Win64; x64) AppleWebKit/537.36 (KHTML, like Gecko) Chrome/145.0.0.0 Safari/537.36 (compatible; meta-externalagent/1.1 (+https://developers.facebook.com/docs/sharing/webmasters/crawler))" floresyfloressincelejo.com 10.53.129.184
74.7.242.57 - - [30/Aug/2026:07:50:20 -0500] "GET /details/666764617064716741849 HTTP/2.0" 404 27218 "https://floresyfloressincelejo.com/sitemap-5.xml" "Mozilla/5.0 AppleWebKit/537.36 (KHTML, like Gecko; compatible; GPTBot/1.4; +https://openai.com/gptbot)" floresyfloressincelejo.com 10.53.129.184
216.73.217.1 - - [30/Aug/2026:07:50:23 -0500] "GET /details/666363716765706339758 HTTP/2.0" 404 - "-" "Mozilla/5.0 AppleWebKit/537.36 (KHTML, like Gecko; compatible; ClaudeBot/1.0; +claudebot@anthropic.com)" floresyfloressincelejo.com 10.53.129.184
57.141.22.8 - - [30/Aug/2026:07:50:30 -0500] "GET /details/656062706063635028033 HTTP/2.0" 404 27217 "-" "Mozilla/5.0 (Windows NT 10.0; Win64; x64) AppleWebKit/537.36 (KHTML, like Gecko) Chrome/145.0.0.0 Safari/537.36 (compatible; meta-externalagent/1.1 (+https://developers.facebook.com/docs/sharing/webmasters/crawler))" floresyfloressincelejo.com 10.53.129.184
216.73.217.1 - - [30/Aug/2026:07:50:35 -0500] "GET /details/657063716664715839649 HTTP/2.0" 404 - "-" "Mozilla/5.0 AppleWebKit/537.36 (KHTML, like Gecko; compatible; ClaudeBot/1.0; +claudebot@anthropic.com)" floresyfloressincelejo.com 10.53.129.184
74.7.242.57 - - [30/Aug/2026:07:50:40 -0500] "GET /details/656167626660705172608 HTTP/2.0" 404 27218 "https://floresyfloressincelejo.com/sitemap-4.xml" "Mozilla/5.0 AppleWebKit/537.36 (KHTML, like Gecko; compatible; GPTBot/1.4; +https://openai.com/gptbot)" floresyfloressincelejo.com 10.53.129.184
57.141.22.111 - - [30/Aug/2026:07:50:42 -0500] "GET /details/637171716560713999509 HTTP/2.0" 404 27216 "-" "Mozilla/5.0 (Macintosh; Intel Mac OS X 10_15_7) AppleWebKit/537.36 (KHTML, like Gecko) Chrome/145.0.0.0 Safari/537.36 (compatible; meta-externalagent/1.1 (+https://developers.facebook.com/docs/sharing/webmasters/crawler))" floresyfloressincelejo.com 10.53.129.184
216.73.217.1 - - [30/Aug/2026:07:50:55 -0500] "GET /details/646566706171614568191 HTTP/2.0" 404 27217 "-" "Mozilla/5.0 AppleWebKit/537.36 (KHTML, like Gecko; compatible; ClaudeBot/1.0; +claudebot@anthropic.com)" floresyfloressincelejo.com 10.53.129.184
57.141.22.44 - - [30/Aug/2026:07:50:56 -0500] "GET /details/636761646464613714441 HTTP/2.0" 404 27215 "-" "Mozilla/5.0 (Windows NT 10.0; Win64; x64) AppleWebKit/537.36 (KHTML, like Gecko) Chrome/145.0.0.0 Safari/537.36 (compatible; meta-externalagent/1.1 (+https://developers.facebook.com/docs/sharing/webmasters/crawler))" floresyfloressincelejo.com 10.53.129.184
74.7.242.57 - - [30/Aug/2026:07:51:00 -0500] "GET /details/636661606770633610783 HTTP/2.0" 404 27218 "https://floresyfloressincelejo.com/sitemap-12.xml" "Mozilla/5.0 AppleWebKit/537.36 (KHTML, like Gecko; compatible; GPTBot/1.4; +https://openai.com/gptbot)" floresyfloressincelejo.com 10.53.129.184
69.6.233.64 - - [30/Aug/2026:07:51:04 -0500] "POST /wp-cron.php?doing_wp_cron=1788094264.4522199630737304687500 HTTP/1.1" 200 - "-" "WordPress/7.1; https://floresyfloressincelejo.com" floresyfloressincelejo.com 10.53.129.184
216.73.217.1 - - [30/Aug/2026:07:51:05 -0500] "GET /details/647066647070714864889 HTTP/2.0" 404 27216 "-" "Mozilla/5.0 AppleWebKit/537.36 (KHTML, like Gecko; compatible; ClaudeBot/1.0; +claudebot@anthropic.com)" floresyfloressincelejo.com 10.53.129.184
57.141.22.18 - - [30/Aug/2026:07:51:08 -0500] "GET /details/666467716770626479782 HTTP/2.0" 404 27217 "-" "Mozilla/5.0 (Windows NT 10.0; Win64; x64) AppleWebKit/537.36 (KHTML, like Gecko) Chrome/145.0.0.0 Safari/537.36 (compatible; meta-externalagent/1.1 (+https://developers.facebook.com/docs/sharing/webmasters/crawler))" floresyfloressincelejo.com 10.53.129.184
216.73.217.1 - - [30/Aug/2026:07:51:16 -0500] "GET /details/647167706363624978332 HTTP/2.0" 404 27216 "-" "Mozilla/5.0 AppleWebKit/537.36 (KHTML, like Gecko; compatible; ClaudeBot/1.0; +claudebot@anthropic.com)" floresyfloressincelejo.com 10.53.129.184
74.7.242.57 - - [30/Aug/2026:07:51:20 -0500] "GET /details/646766636265644763254 HTTP/2.0" 404 27219 "https://floresyfloressincelejo.com/sitemap-1.xml" "Mozilla/5.0 AppleWebKit/537.36 (KHTML, like Gecko; compatible; GPTBot/1.4; +https://openai.com/gptbot)" floresyfloressincelejo.com 10.53.129.184
57.141.22.107 - - [30/Aug/2026:07:51:21 -0500] "GET /details/646666716764624669742 HTTP/2.0" 404 27215 "-" "Mozilla/5.0 (Windows NT 10.0; Win64; x64) AppleWebKit/537.36 (KHTML, like Gecko) Chrome/145.0.0.0 Safari/537.36 (compatible; meta-externalagent/1.1 (+https://developers.facebook.com/docs/sharing/webmasters/crawler))" floresyfloressincelejo.com 10.53.129.184
216.73.217.1 - - [30/Aug/2026:07:51:30 -0500] "GET /details/656164606071655140095 HTTP/2.0" 404 - "-" "Mozilla/5.0 AppleWebKit/537.36 (KHTML, like Gecko; compatible; ClaudeBot/1.0; +claudebot@anthropic.com)" floresyfloressincelejo.com 10.53.129.184
57.141.22.7 - - [30/Aug/2026:07:51:34 -0500] "GET /details/666466607171646460994 HTTP/2.0" 404 27215 "-" "Mozilla/5.0 (Macintosh; Intel Mac OS X 10_15_7) AppleWebKit/537.36 (KHTML, like Gecko) Chrome/145.0.0.0 Safari/537.36 (compatible; meta-externalagent/1.1 (+https://developers.facebook.com/docs/sharing/webmasters/crawler))" floresyfloressincelejo.com 10.53.129.184
74.7.242.57 - - [30/Aug/2026:07:51:40 -0500] "GET /details/666361677060676317807 HTTP/2.0" 404 27218 "https://floresyfloressincelejo.com/sitemap-12.xml" "Mozilla/5.0 AppleWebKit/537.36 (KHTML, like Gecko; compatible; GPTBot/1.4; +https://openai.com/gptbot)" floresyfloressincelejo.com 10.53.129.184
57.141.22.51 - - [30/Aug/2026:07:51:46 -0500] "GET /details/656165716670605159680 HTTP/2.0" 404 27218 "-" "Mozilla/5.0 (Macintosh; Intel Mac OS X 10_15_7) AppleWebKit/537.36 (KHTML, like Gecko) Chrome/145.0.0.0 Safari/537.36 (compatible; meta-externalagent/1.1 (+https://developers.facebook.com/docs/sharing/webmasters/crawler))" floresyfloressincelejo.com 10.53.129.184
216.73.217.1 - - [30/Aug/2026:07:51:46 -0500] "GET /details/646565636560654553505 HTTP/2.0" 404 27216 "-" "Mozilla/5.0 AppleWebKit/537.36 (KHTML, like Gecko; compatible; ClaudeBot/1.0; +claudebot@anthropic.com)" floresyfloressincelejo.com 10.53.129.184
40.77.167.43 - - [30/Aug/2026:07:51:57 -0500] "GET /berninarym.xml HTTP/2.0" 200 27342 "-" "Mozilla/5.0 AppleWebKit/537.36 (KHTML, like Gecko; compatible; bingbot/2.0; +http://www.bing.com/bingbot.htm) Chrome/116.0.1938.76 Safari/537.36" www.floresyfloressincelejo.com 10.53.129.184
57.141.22.25 - - [30/Aug/2026:07:51:59 -0500] "GET /details/636662716370653629385 HTTP/2.0" 404 27218 "-" "Mozilla/5.0 (Windows NT 10.0; Win64; x64) AppleWebKit/537.36 (KHTML, like Gecko) Chrome/145.0.0.0 Safari/537.36 (compatible; meta-externalagent/1.1 (+https://developers.facebook.com/docs/sharing/webmasters/crawler))" floresyfloressincelejo.com 10.53.129.184
74.7.242.57 - - [30/Aug/2026:07:52:00 -0500] "GET /details/666765616261716751219 HTTP/2.0" 404 27218 "https://floresyfloressincelejo.com/sitemap-9.xml" "Mozilla/5.0 AppleWebKit/537.36 (KHTML, like Gecko; compatible; GPTBot/1.4; +https://openai.com/gptbot)" floresyfloressincelejo.com 10.53.129.184
216.73.217.1 - - [30/Aug/2026:07:52:03 -0500] "GET /details/666764707071636748893 HTTP/2.0" 404 - "-" "Mozilla/5.0 AppleWebKit/537.36 (KHTML, like Gecko; compatible; ClaudeBot/1.0; +claudebot@anthropic.com)" floresyfloressincelejo.com 10.53.129.184
69.6.233.64 - - [30/Aug/2026:07:52:10 -0500] "POST /wp-cron.php?doing_wp_cron=1788094330.7221748828887939453125 HTTP/1.1" 200 - "-" "WordPress/7.1; https://floresyfloressincelejo.com" floresyfloressincelejo.com 10.53.129.184
57.141.22.90 - - [30/Aug/2026:07:52:11 -0500] "GET /details/666360616667606301670 HTTP/2.0" 404 27216 "-" "Mozilla/5.0 (Windows NT 10.0; Win64; x64) AppleWebKit/537.36 (KHTML, like Gecko) Chrome/145.0.0.0 Safari/537.36 (compatible; meta-externalagent/1.1 (+https://developers.facebook.com/docs/sharing/webmasters/crawler))" floresyfloressincelejo.com 10.53.129.184
74.7.242.57 - - [30/Aug/2026:07:52:20 -0500] "GET /details/666571677064676597847 HTTP/2.0" 404 27219 "https://floresyfloressincelejo.com/sitemap-8.xml" "Mozilla/5.0 AppleWebKit/537.36 (KHTML, like Gecko; compatible; GPTBot/1.4; +https://openai.com/gptbot)" floresyfloressincelejo.com 10.53.129.184
216.73.217.1 - - [30/Aug/2026:07:52:21 -0500] "GET /details/646062646367644024374 HTTP/2.0" 404 - "-" "Mozilla/5.0 AppleWebKit/537.36 (KHTML, like Gecko; compatible; ClaudeBot/1.0; +claudebot@anthropic.com)" floresyfloressincelejo.com 10.53.129.184
57.141.22.0 - - [30/Aug/2026:07:52:24 -0500] "GET /details/657066657167705865978 HTTP/2.0" 404 27217 "-" "Mozilla/5.0 (Windows NT 10.0; Win64; x64) AppleWebKit/537.36 (KHTML, like Gecko) Chrome/145.0.0.0 Safari/537.36 (compatible; meta-externalagent/1.1 (+https://developers.facebook.com/docs/sharing/webmasters/crawler))" floresyfloressincelejo.com 10.53.129.184
216.73.217.1 - - [30/Aug/2026:07:52:31 -0500] "GET /details/656663676262665637226 HTTP/2.0" 404 - "-" "Mozilla/5.0 AppleWebKit/537.36 (KHTML, like Gecko; compatible; ClaudeBot/1.0; +claudebot@anthropic.com)" floresyfloressincelejo.com 10.53.129.184
57.141.22.21 - - [30/Aug/2026:07:52:37 -0500] "GET /details/666363616471656331495 HTTP/2.0" 404 27217 "-" "Mozilla/5.0 (Windows NT 10.0; Win64; x64) AppleWebKit/537.36 (KHTML, like Gecko) Chrome/145.0.0.0 Safari/537.36 (compatible; meta-externalagent/1.1 (+https://developers.facebook.com/docs/sharing/webmasters/crawler))" floresyfloressincelejo.com 10.53.129.184
74.7.242.57 - - [30/Aug/2026:07:52:40 -0500] "GET /details/656271666261675296217 HTTP/2.0" 404 27218 "https://floresyfloressincelejo.com/sitemap-6.xml" "Mozilla/5.0 AppleWebKit/537.36 (KHTML, like Gecko; compatible; GPTBot/1.4; +https://openai.com/gptbot)" floresyfloressincelejo.com 10.53.129.184
47.79.13.68 - - [30/Aug/2026:07:52:41 -0500] "GET /?p=1269 HTTP/1.1" 301 - "https://floresyfloressincelejo.com/" "Mozilla/5.0 (Macintosh; Intel Mac OS X 10_15_7) AppleWebKit/605.1.15 (KHTML, like Gecko) Version/14.1.2 Safari/605.1.15" floresyfloressincelejo.com 10.53.129.184
216.73.217.1 - - [30/Aug/2026:07:52:45 -0500] "GET /details/667164627171676942997 HTTP/2.0" 404 27217 "-" "Mozilla/5.0 AppleWebKit/537.36 (KHTML, like Gecko; compatible; ClaudeBot/1.0; +claudebot@anthropic.com)" floresyfloressincelejo.com 10.53.129.184
47.79.13.68 - - [30/Aug/2026:07:52:48 -0500] "GET /bingo-electronico-juegos-de-mesa/ HTTP/1.1" 200 767 "https://floresyfloressincelejo.com/" "Mozilla/5.0 (Macintosh; Intel Mac OS X 10_15_7) AppleWebKit/605.1.15 (KHTML, like Gecko) Version/14.1.2 Safari/605.1.15" floresyfloressincelejo.com 10.53.129.184
57.141.22.27 - - [30/Aug/2026:07:52:50 -0500] "GET /details/636771606660623790602 HTTP/2.0" 404 27217 "-" "Mozilla/5.0 (Windows NT 10.0; Win64; x64) AppleWebKit/537.36 (KHTML, like Gecko) Chrome/145.0.0.0 Safari/537.36 (compatible; meta-externalagent/1.1 (+https://developers.facebook.com/docs/sharing/webmasters/crawler))" floresyfloressincelejo.com 10.53.129.184
216.73.217.1 - - [30/Aug/2026:07:52:59 -0500] "GET /details/636464676466653447465 HTTP/2.0" 404 27216 "-" "Mozilla/5.0 AppleWebKit/537.36 (KHTML, like Gecko; compatible; ClaudeBot/1.0; +claudebot@anthropic.com)" floresyfloressincelejo.com 10.53.129.184
74.7.242.57 - - [30/Aug/2026:07:53:00 -0500] "GET /details/666165647171646154994 HTTP/2.0" 404 27217 "https://floresyfloressincelejo.com/sitemap-12.xml" "Mozilla/5.0 AppleWebKit/537.36 (KHTML, like Gecko; compatible; GPTBot/1.4; +https://openai.com/gptbot)" floresyfloressincelejo.com 10.53.129.184
216.73.217.1 - - [30/Aug/2026:07:53:01 -0500] "GET /details/656562627170705522988 HTTP/2.0" 404 - "-" "Mozilla/5.0 AppleWebKit/537.36 (KHTML, like Gecko; compatible; ClaudeBot/1.0; +claudebot@anthropic.com)" floresyfloressincelejo.com 10.53.129.184
57.141.22.0 - - [30/Aug/2026:07:53:03 -0500] "GET /details/656761636160635713103 HTTP/2.0" 404 27217 "-" "Mozilla/5.0 (Macintosh; Intel Mac OS X 10_15_7) AppleWebKit/537.36 (KHTML, like Gecko) Chrome/145.0.0.0 Safari/537.36 (compatible; meta-externalagent/1.1 (+https://developers.facebook.com/docs/sharing/webmasters/crawler))" floresyfloressincelejo.com 10.53.129.184
69.6.233.64 - - [30/Aug/2026:07:53:08 -0500] "POST /wp-cron.php?doing_wp_cron=1788094388.5279641151428222656250 HTTP/1.1" 200 - "-" "WordPress/7.1; https://floresyfloressincelejo.com" floresyfloressincelejo.com 10.53.129.184
57.141.22.51 - - [30/Aug/2026:07:53:15 -0500] "GET /details/656560606560645500504 HTTP/2.0" 404 27214 "-" "Mozilla/5.0 (Windows NT 10.0; Win64; x64) AppleWebKit/537.36 (KHTML, like Gecko) Chrome/145.0.0.0 Safari/537.36 (compatible; meta-externalagent/1.1 (+https://developers.facebook.com/docs/sharing/webmasters/crawler))" floresyfloressincelejo.com 10.53.129.184
216.73.217.1 - - [30/Aug/2026:07:53:15 -0500] "GET /details/636464616771713441799 HTTP/2.0" 404 27217 "-" "Mozilla/5.0 AppleWebKit/537.36 (KHTML, like Gecko; compatible; ClaudeBot/1.0; +claudebot@anthropic.com)" floresyfloressincelejo.com 10.53.129.184
74.7.242.57 - - [30/Aug/2026:07:53:20 -0500] "GET /details/666770616071636781093 HTTP/2.0" 404 27218 "https://floresyfloressincelejo.com/sitemap-8.xml" "Mozilla/5.0 AppleWebKit/537.36 (KHTML, like Gecko; compatible; GPTBot/1.4; +https://openai.com/gptbot)" floresyfloressincelejo.com 10.53.129.184
57.141.22.41 - - [30/Aug/2026:07:53:28 -0500] "GET /details/646362616460704321408 HTTP/2.0" 404 27216 "-" "Mozilla/5.0 (Windows NT 10.0; Win64; x64) AppleWebKit/537.36 (KHTML, like Gecko) Chrome/145.0.0.0 Safari/537.36 (compatible; meta-externalagent/1.1 (+https://developers.facebook.com/docs/sharing/webmasters/crawler))" floresyfloressincelejo.com 10.53.129.184
216.73.217.1 - - [30/Aug/2026:07:53:29 -0500] "GET /details/636764676270653747285 HTTP/2.0" 404 27216 "-" "Mozilla/5.0 AppleWebKit/537.36 (KHTML, like Gecko; compatible; ClaudeBot/1.0; +claudebot@anthropic.com)" floresyfloressincelejo.com 10.53.129.184
216.73.217.1 - - [30/Aug/2026:07:53:32 -0500] "GET /details/646763666170634736183 HTTP/2.0" 404 27218 "-" "Mozilla/5.0 AppleWebKit/537.36 (KHTML, like Gecko; compatible; ClaudeBot/1.0; +claudebot@anthropic.com)" floresyfloressincelejo.com 10.53.129.184
74.7.242.57 - - [30/Aug/2026:07:53:40 -0500] "GET /details/656766657063655765835 HTTP/2.0" 404 27219 "https://floresyfloressincelejo.com/sitemap-12.xml" "Mozilla/5.0 AppleWebKit/537.36 (KHTML, like Gecko; compatible; GPTBot/1.4; +https://openai.com/gptbot)" floresyfloressincelejo.com 10.53.129.184
57.141.22.127 - - [30/Aug/2026:07:53:41 -0500] "GET /details/636763607063673730837 HTTP/2.0" 404 27214 "-" "Mozilla/5.0 (Windows NT 10.0; Win64; x64) AppleWebKit/537.36 (KHTML, like Gecko) Chrome/145.0.0.0 Safari/537.36 (compatible; meta-externalagent/1.1 (+https://developers.facebook.com/docs/sharing/webmasters/crawler))" floresyfloressincelejo.com 10.53.129.184
216.73.217.1 - - [30/Aug/2026:07:53:46 -0500] "GET /details/636462636767623423772 HTTP/2.0" 404 27216 "-" "Mozilla/5.0 AppleWebKit/537.36 (KHTML, like Gecko; compatible; ClaudeBot/1.0; +claudebot@anthropic.com)" floresyfloressincelejo.com 10.53.129.184
57.141.22.123 - - [30/Aug/2026:07:53:53 -0500] "GET /details/656470676265715487259 HTTP/2.0" 404 27219 "-" "Mozilla/5.0 (X11; Linux x86_64) AppleWebKit/537.36 (KHTML, like Gecko) Chrome/145.0.0.0 Safari/537.36 (compatible; meta-externalagent/1.1 (+https://developers.facebook.com/docs/sharing/webmasters/crawler))" floresyfloressincelejo.com 10.53.129.184
216.73.217.1 - - [30/Aug/2026:07:54:00 -0500] "GET /details/646162646461674124417 HTTP/2.0" 404 - "-" "Mozilla/5.0 AppleWebKit/537.36 (KHTML, like Gecko; compatible; ClaudeBot/1.0; +claudebot@anthropic.com)" floresyfloressincelejo.com 10.53.129.184
74.7.242.57 - - [30/Aug/2026:07:54:00 -0500] "GET /details/646470626667654482675 HTTP/2.0" 404 27219 "https://floresyfloressincelejo.com/sitemap-17.xml" "Mozilla/5.0 AppleWebKit/537.36 (KHTML, like Gecko; compatible; GPTBot/1.4; +https://openai.com/gptbot)" floresyfloressincelejo.com 10.53.129.184
69.6.233.64 - - [30/Aug/2026:07:54:06 -0500] "POST /wp-cron.php?doing_wp_cron=1788094446.3026750087738037109375 HTTP/1.1" 200 - "-" "WordPress/7.1; https://floresyfloressincelejo.com" floresyfloressincelejo.com 10.53.129.184
57.141.22.56 - - [30/Aug/2026:07:54:06 -0500] "GET /details/646170606462704180428 HTTP/2.0" 404 27216 "-" "Mozilla/5.0 (Windows NT 10.0; Win64; x64) AppleWebKit/537.36 (KHTML, like Gecko) Chrome/145.0.0.0 Safari/537.36 (compatible; meta-externalagent/1.1 (+https://developers.facebook.com/docs/sharing/webmasters/crawler))" floresyfloressincelejo.com 10.53.129.184
216.73.217.1 - - [30/Aug/2026:07:54:16 -0500] "GET /details/666460646263676404237 HTTP/2.0" 404 27217 "-" "Mozilla/5.0 AppleWebKit/537.36 (KHTML, like Gecko; compatible; ClaudeBot/1.0; +claudebot@anthropic.com)" floresyfloressincelejo.com 10.53.129.184
57.141.22.20 - - [30/Aug/2026:07:54:18 -0500] "GET /details/636571626263633592233 HTTP/2.0" 404 27217 "-" "Mozilla/5.0 (Windows NT 10.0; Win64; x64) AppleWebKit/537.36 (KHTML, like Gecko) Chrome/145.0.0.0 Safari/537.36 (compatible; meta-externalagent/1.1 (+https://developers.facebook.com/docs/sharing/webmasters/crawler))" floresyfloressincelejo.com 10.53.129.184
74.7.242.57 - - [30/Aug/2026:07:54:20 -0500] "GET /details/637067606566623870562 HTTP/2.0" 404 27218 "https://floresyfloressincelejo.com/sitemap-17.xml" "Mozilla/5.0 AppleWebKit/537.36 (KHTML, like Gecko; compatible; GPTBot/1.4; +https://openai.com/gptbot)" floresyfloressincelejo.com 10.53.129.184
216.73.217.1 - - [30/Aug/2026:07:54:30 -0500] "GET /details/646263666565674236557 HTTP/2.0" 404 27218 "-" "Mozilla/5.0 AppleWebKit/537.36 (KHTML, like Gecko; compatible; ClaudeBot/1.0; +claudebot@anthropic.com)" floresyfloressincelejo.com 10.53.129.184
57.141.22.24 - - [30/Aug/2026:07:54:31 -0500] "GET /details/636562656262603525220 HTTP/2.0" 404 27215 "-" "Mozilla/5.0 (Windows NT 10.0; Win64; x64) AppleWebKit/537.36 (KHTML, like Gecko) Chrome/145.0.0.0 Safari/537.36 (compatible; meta-externalagent/1.1 (+https://developers.facebook.com/docs/sharing/webmasters/crawler))" floresyfloressincelejo.com 10.53.129.184
74.7.242.57 - - [30/Aug/2026:07:54:40 -0500] "GET /details/656467666362655476325 HTTP/2.0" 404 27219 "https://floresyfloressincelejo.com/sitemap-8.xml" "Mozilla/5.0 AppleWebKit/537.36 (KHTML, like Gecko; compatible; GPTBot/1.4; +https://openai.com/gptbot)" floresyfloressincelejo.com 10.53.129.184
57.141.22.124 - - [30/Aug/2026:07:54:44 -0500] "GET /details/666363716562646339524 HTTP/2.0" 404 27218 "-" "Mozilla/5.0 (Windows NT 10.0; Win64; x64) AppleWebKit/537.36 (KHTML, like Gecko) Chrome/145.0.0.0 Safari/537.36 (compatible; meta-externalagent/1.1 (+https://developers.facebook.com/docs/sharing/webmasters/crawler))" floresyfloressincelejo.com 10.53.129.184
216.73.217.1 - - [30/Aug/2026:07:54:44 -0500] "GET /details/666366656664666365646 HTTP/2.0" 404 27212 "-" "Mozilla/5.0 AppleWebKit/537.36 (KHTML, like Gecko; compatible; ClaudeBot/1.0; +claudebot@anthropic.com)" floresyfloressincelejo.com 10.53.129.184
216.73.217.1 - - [30/Aug/2026:07:54:47 -0500] "GET /details/646265646671664254696 HTTP/2.0" 404 27218 "-" "Mozilla/5.0 AppleWebKit/537.36 (KHTML, like Gecko; compatible; ClaudeBot/1.0; +claudebot@anthropic.com)" floresyfloressincelejo.com 10.53.129.184
57.141.22.99 - - [30/Aug/2026:07:54:56 -0500] "GET /details/676163656063717135039 HTTP/2.0" 404 27217 "-" "Mozilla/5.0 (Windows NT 10.0; Win64; x64) AppleWebKit/537.36 (KHTML, like Gecko) Chrome/145.0.0.0 Safari/537.36 (compatible; meta-externalagent/1.1 (+https://developers.facebook.com/docs/sharing/webmasters/crawler))" floresyfloressincelejo.com 10.53.129.184
74.7.242.57 - - [30/Aug/2026:07:55:00 -0500] "GET /details/667060656660716805609 HTTP/2.0" 404 27218 "https://floresyfloressincelejo.com/sitemap-17.xml" "Mozilla/5.0 AppleWebKit/537.36 (KHTML, like Gecko; compatible; GPTBot/1.4; +https://openai.com/gptbot)" floresyfloressincelejo.com 10.53.129.184
216.73.217.1 - - [30/Aug/2026:07:55:01 -0500] "GET /details/656764706571615748591 HTTP/2.0" 404 27218 "-" "Mozilla/5.0 AppleWebKit/537.36 (KHTML, like Gecko; compatible; ClaudeBot/1.0; +claudebot@anthropic.com)" floresyfloressincelejo.com 10.53.129.184
69.6.233.64 - - [30/Aug/2026:07:55:07 -0500] "POST /wp-cron.php?doing_wp_cron=1788094507.7237710952758789062500 HTTP/1.1" 200 - "-" "WordPress/7.1; https://floresyfloressincelejo.com" floresyfloressincelejo.com 10.53.129.184
57.141.22.90 - - [30/Aug/2026:07:55:09 -0500] "GET /details/666565656063706555038 HTTP/2.0" 404 27215 "-" "Mozilla/5.0 (Macintosh; Intel Mac OS X 10_15_7) AppleWebKit/537.36 (KHTML, like Gecko) Chrome/145.0.0.0 Safari/537.36 (compatible; meta-externalagent/1.1 (+https://developers.facebook.com/docs/sharing/webmasters/crawler))" floresyfloressincelejo.com 10.53.129.184
216.73.217.1 - - [30/Aug/2026:07:55:11 -0500] "GET /details/656567706263675578237 HTTP/2.0" 404 27217 "-" "Mozilla/5.0 AppleWebKit/537.36 (KHTML, like Gecko; compatible; ClaudeBot/1.0; +claudebot@anthropic.com)" floresyfloressincelejo.com 10.53.129.184
57.141.22.40 - - [30/Aug/2026:07:55:17 -0500] "GET /aredhmu.xml HTTP/2.0" 200 27555 "-" "Mozilla/5.0 (Windows NT 10.0; Win64; x64) AppleWebKit/537.36 (KHTML, like Gecko) Chrome/145.0.0.0 Safari/537.36 Edg/145.0.0.0 (compatible; meta-externalagent/1.1 (+https://developers.facebook.com/docs/sharing/webmasters/crawler))" floresyfloressincelejo.com 10.53.129.184
74.7.242.57 - - [30/Aug/2026:07:55:20 -0500] "GET /details/667164606663656940635 HTTP/2.0" 404 27219 "https://floresyfloressincelejo.com/sitemap-6.xml" "Mozilla/5.0 AppleWebKit/537.36 (KHTML, like Gecko; compatible; GPTBot/1.4; +https://openai.com/gptbot)" floresyfloressincelejo.com 10.53.129.184
57.141.22.9 - - [30/Aug/2026:07:55:22 -0500] "GET /details/646665657061614655811 HTTP/2.0" 404 27218 "-" "Mozilla/5.0 (Windows NT 10.0; Win64; x64) AppleWebKit/537.36 (KHTML, like Gecko) Chrome/145.0.0.0 Safari/537.36 (compatible; meta-externalagent/1.1 (+https://developers.facebook.com/docs/sharing/webmasters/crawler))" floresyfloressincelejo.com 10.53.129.184
216.73.217.1 - - [30/Aug/2026:07:55:25 -0500] "GET /details/657063646566655834565 HTTP/2.0" 404 27219 "-" "Mozilla/5.0 AppleWebKit/537.36 (KHTML, like Gecko; compatible; ClaudeBot/1.0; +claudebot@anthropic.com)" floresyfloressincelejo.com 10.53.129.184
57.141.22.21 - - [30/Aug/2026:07:55:35 -0500] "GET /details/667167636763636973733 HTTP/2.0" 404 27216 "-" "Mozilla/5.0 (Macintosh; Intel Mac OS X 10_15_7) AppleWebKit/537.36 (KHTML, like Gecko) Chrome/145.0.0.0 Safari/537.36 (compatible; meta-externalagent/1.1 (+https://developers.facebook.com/docs/sharing/webmasters/crawler))" floresyfloressincelejo.com 10.53.129.184
216.73.217.1 - - [30/Aug/2026:07:55:39 -0500] "GET /details/657170717060705989808 HTTP/2.0" 404 - "-" "Mozilla/5.0 AppleWebKit/537.36 (KHTML, like Gecko; compatible; ClaudeBot/1.0; +claudebot@anthropic.com)" floresyfloressincelejo.com 10.53.129.184
74.7.242.57 - - [30/Aug/2026:07:55:40 -0500] "GET /details/666760716770656709785 HTTP/2.0" 404 27219 "https://floresyfloressincelejo.com/sitemap-7.xml" "Mozilla/5.0 AppleWebKit/537.36 (KHTML, like Gecko; compatible; GPTBot/1.4; +https://openai.com/gptbot)" floresyfloressincelejo.com 10.53.129.184
216.73.217.1 - - [30/Aug/2026:07:55:47 -0500] "GET /details/676161647163607114930 HTTP/2.0" 404 - "-" "Mozilla/5.0 AppleWebKit/537.36 (KHTML, like Gecko; compatible; ClaudeBot/1.0; +claudebot@anthropic.com)" floresyfloressincelejo.com 10.53.129.184
57.141.22.120 - - [30/Aug/2026:07:55:48 -0500] "GET /vacancebpt.xml HTTP/2.0" 200 27520 "-" "Mozilla/5.0 (Windows NT 10.0; Win64; x64) AppleWebKit/537.36 (KHTML, like Gecko) Chrome/145.0.0.0 Safari/537.36 (compatible; meta-externalagent/1.1 (+https://developers.facebook.com/docs/sharing/webmasters/crawler))" floresyfloressincelejo.com 10.53.129.184
57.141.22.7 - - [30/Aug/2026:07:55:58 -0500] "GET /details/656770667162635786923 HTTP/2.0" 404 27218 "-" "Mozilla/5.0 (Windows NT 10.0; Win64; x64) AppleWebKit/537.36 (KHTML, like Gecko) Chrome/145.0.0.0 Safari/537.36 (compatible; meta-externalagent/1.1 (+https://developers.facebook.com/docs/sharing/webmasters/crawler))" floresyfloressincelejo.com 10.53.129.184
74.7.242.57 - - [30/Aug/2026:07:56:00 -0500] "GET /details/666261656671606215690 HTTP/2.0" 404 27218 "https://floresyfloressincelejo.com/sitemap-8.xml" "Mozilla/5.0 AppleWebKit/537.36 (KHTML, like Gecko; compatible; GPTBot/1.4; +https://openai.com/gptbot)" floresyfloressincelejo.com 10.53.129.184
216.73.217.1 - - [30/Aug/2026:07:56:01 -0500] "GET /details/647160676260614907201 HTTP/2.0" 404 - "-" "Mozilla/5.0 AppleWebKit/537.36 (KHTML, like Gecko; compatible; ClaudeBot/1.0; +claudebot@anthropic.com)" floresyfloressincelejo.com 10.53.129.184
57.141.12.27 - - [30/Aug/2026:07:56:17 -0500] "GET / HTTP/2.0" 200 58175 "-" "facebookexternalhit/1.1 (+http://www.facebook.com/externalhit_uatext.php)" floresyfloressincelejo.com 10.53.129.184
69.6.233.64 - - [30/Aug/2026:07:56:09 -0500] "POST /wp-cron.php?doing_wp_cron=1788094569.5872619152069091796875 HTTP/1.1" 200 - "-" "WordPress/7.1; https://floresyfloressincelejo.com" floresyfloressincelejo.com 10.53.129.184
57.141.22.50 - - [30/Aug/2026:07:56:10 -0500] "GET /details/656767666771615776791 HTTP/2.0" 404 27216 "-" "Mozilla/5.0 (Windows NT 10.0; Win64; x64) AppleWebKit/537.36 (KHTML, like Gecko) Chrome/145.0.0.0 Safari/537.36 (compatible; meta-externalagent/1.1 (+https://developers.facebook.com/docs/sharing/webmasters/crawler))" floresyfloressincelejo.com 10.53.129.184
216.73.217.1 - - [30/Aug/2026:07:56:17 -0500] "GET /details/646560626367634502373 HTTP/2.0" 404 27218 "-" "Mozilla/5.0 AppleWebKit/537.36 (KHTML, like Gecko; compatible; ClaudeBot/1.0; +claudebot@anthropic.com)" floresyfloressincelejo.com 10.53.129.184
57.141.22.112 - - [30/Aug/2026:07:56:20 -0500] "GET /details/666760607063656700835 HTTP/2.0" 404 27218 "-" "Mozilla/5.0 (Windows NT 10.0; Win64; x64) AppleWebKit/537.36 (KHTML, like Gecko) Chrome/145.0.0.0 Safari/537.36 (compatible; meta-externalagent/1.1 (+https://developers.facebook.com/docs/sharing/webmasters/crawler))" floresyfloressincelejo.com 10.53.129.184
74.7.242.57 - - [30/Aug/2026:07:56:20 -0500] "GET /details/676261666771617216791 HTTP/2.0" 404 27218 "https://floresyfloressincelejo.com/sitemap-4.xml" "Mozilla/5.0 AppleWebKit/537.36 (KHTML, like Gecko; compatible; GPTBot/1.4; +https://openai.com/gptbot)" floresyfloressincelejo.com 10.53.129.184
57.141.22.123 - - [30/Aug/2026:07:56:30 -0500] "GET /details/676065667065607056850 HTTP/2.0" 404 27217 "-" "Mozilla/5.0 (X11; Linux x86_64) AppleWebKit/537.36 (KHTML, like Gecko) Chrome/145.0.0.0 Safari/537.36 (compatible; meta-externalagent/1.1 (+https://developers.facebook.com/docs/sharing/webmasters/crawler))" floresyfloressincelejo.com 10.53.129.184
216.73.217.1 - - [30/Aug/2026:07:56:31 -0500] "GET /details/657167676066605977060 HTTP/2.0" 404 27217 "-" "Mozilla/5.0 AppleWebKit/537.36 (KHTML, like Gecko; compatible; ClaudeBot/1.0; +claudebot@anthropic.com)" floresyfloressincelejo.com 10.53.129.184
74.7.242.57 - - [30/Aug/2026:07:56:40 -0500] "GET /details/667071656070666895086 HTTP/2.0" 404 27219 "https://floresyfloressincelejo.com/sitemap-6.xml" "Mozilla/5.0 AppleWebKit/537.36 (KHTML, like Gecko; compatible; GPTBot/1.4; +https://openai.com/gptbot)" floresyfloressincelejo.com 10.53.129.184
57.141.22.121 - - [30/Aug/2026:07:56:40 -0500] "GET /details/666462666666606426660 HTTP/2.0" 404 27213 "-" "Mozilla/5.0 (Windows NT 10.0; Win64; x64) AppleWebKit/537.36 (KHTML, like Gecko) Chrome/145.0.0.0 Safari/537.36 (compatible; meta-externalagent/1.1 (+https://developers.facebook.com/docs/sharing/webmasters/crawler))" floresyfloressincelejo.com 10.53.129.184
216.73.217.1 - - [30/Aug/2026:07:56:45 -0500] "GET /details/646366656466604365460 HTTP/2.0" 404 27217 "-" "Mozilla/5.0 AppleWebKit/537.36 (KHTML, like Gecko; compatible; ClaudeBot/1.0; +claudebot@anthropic.com)" floresyfloressincelejo.com 10.53.129.184
216.73.217.1 - - [30/Aug/2026:07:56:48 -0500] "GET /details/637060666271713806299 HTTP/2.0" 404 27217 "-" "Mozilla/5.0 AppleWebKit/537.36 (KHTML, like Gecko; compatible; ClaudeBot/1.0; +claudebot@anthropic.com)" floresyfloressincelejo.com 10.53.129.184
57.141.22.16 - - [30/Aug/2026:07:56:51 -0500] "GET /details/667067646261676874217 HTTP/2.0" 404 27217 "-" "Mozilla/5.0 (X11; Linux x86_64) AppleWebKit/537.36 (KHTML, like Gecko) Chrome/145.0.0.0 Safari/537.36 (compatible; meta-externalagent/1.1 (+https://developers.facebook.com/docs/sharing/webmasters/crawler))" floresyfloressincelejo.com 10.53.129.184
40.77.167.43 - - [30/Aug/2026:07:56:59 -0500] "GET /aphodiusqfc.xml HTTP/2.0" 200 27360 "-" "Mozilla/5.0 AppleWebKit/537.36 (KHTML, like Gecko; compatible; bingbot/2.0; +http://www.bing.com/bingbot.htm) Chrome/116.0.1938.76 Safari/537.36" www.floresyfloressincelejo.com 10.53.129.184
57.141.22.41 - - [30/Aug/2026:07:57:00 -0500] "GET /details/667160716061606909010 HTTP/2.0" 404 27214 "-" "Mozilla/5.0 (Windows NT 10.0; Win64; x64) AppleWebKit/537.36 (KHTML, like Gecko) Chrome/145.0.0.0 Safari/537.36 (compatible; meta-externalagent/1.1 (+https://developers.facebook.com/docs/sharing/webmasters/crawler))" floresyfloressincelejo.com 10.53.129.184
74.7.242.57 - - [30/Aug/2026:07:57:00 -0500] "GET /details/647161636466674913467 HTTP/2.0" 404 27218 "https://floresyfloressincelejo.com/sitemap-6.xml" "Mozilla/5.0 AppleWebKit/537.36 (KHTML, like Gecko; compatible; GPTBot/1.4; +https://openai.com/gptbot)" floresyfloressincelejo.com 10.53.129.184
216.73.217.1 - - [30/Aug/2026:07:57:02 -0500] "GET /details/646471616270604491280 HTTP/2.0" 404 27217 "-" "Mozilla/5.0 AppleWebKit/537.36 (KHTML, like Gecko; compatible; ClaudeBot/1.0; +claudebot@anthropic.com)" floresyfloressincelejo.com 10.53.129.184
69.6.233.64 - - [30/Aug/2026:07:57:05 -0500] "POST /wp-cron.php?doing_wp_cron=1788094625.9488608837127685546875 HTTP/1.1" 200 - "-" "WordPress/7.1; https://floresyfloressincelejo.com" floresyfloressincelejo.com 10.53.129.184
57.141.2.1 - - [30/Aug/2026:07:57:16 -0500] "GET / HTTP/2.0" 200 58175 "-" "facebookexternalhit/1.1 (+http://www.facebook.com/externalhit_uatext.php)" floresyfloressincelejo.com 10.53.129.184
57.141.22.125 - - [30/Aug/2026:07:57:11 -0500] "GET /details/667163627071676932897 HTTP/2.0" 404 27217 "-" "Mozilla/5.0 (Windows NT 10.0; Win64; x64) AppleWebKit/537.36 (KHTML, like Gecko) Chrome/145.0.0.0 Safari/537.36 (compatible; meta-externalagent/1.1 (+https://developers.facebook.com/docs/sharing/webmasters/crawler))" floresyfloressincelejo.com 10.53.129.184
216.73.217.1 - - [30/Aug/2026:07:57:12 -0500] "GET /details/646065677061664057816 HTTP/2.0" 404 27219 "-" "Mozilla/5.0 AppleWebKit/537.36 (KHTML, like Gecko; compatible; ClaudeBot/1.0; +claudebot@anthropic.com)" floresyfloressincelejo.com 10.53.129.184
74.7.242.57 - - [30/Aug/2026:07:57:20 -0500] "GET /details/656661657070605615880 HTTP/2.0" 404 27218 "https://floresyfloressincelejo.com/sitemap-6.xml" "Mozilla/5.0 AppleWebKit/537.36 (KHTML, like Gecko; compatible; GPTBot/1.4; +https://openai.com/gptbot)" floresyfloressincelejo.com 10.53.129.184
57.141.22.40 - - [30/Aug/2026:07:57:21 -0500] "GET /details/657067606065675870057 HTTP/2.0" 404 27218 "-" "Mozilla/5.0 (Macintosh; Intel Mac OS X 10_15_7) AppleWebKit/537.36 (KHTML, like Gecko) Chrome/145.0.0.0 Safari/537.36 (compatible; meta-externalagent/1.1 (+https://developers.facebook.com/docs/sharing/webmasters/crawler))" floresyfloressincelejo.com 10.53.129.184
216.73.217.1 - - [30/Aug/2026:07:57:26 -0500] "GET /details/656267656760665275706 HTTP/2.0" 404 27217 "-" "Mozilla/5.0 AppleWebKit/537.36 (KHTML, like Gecko; compatible; ClaudeBot/1.0; +claudebot@anthropic.com)" floresyfloressincelejo.com 10.53.129.184
57.141.22.15 - - [30/Aug/2026:07:57:32 -0500] "GET /details/656467716564635479543 HTTP/2.0" 404 27216 "-" "Mozilla/5.0 (Macintosh; Intel Mac OS X 10_15_7) AppleWebKit/537.36 (KHTML, like Gecko) Chrome/145.0.0.0 Safari/537.36 (compatible; meta-externalagent/1.1 (+https://developers.facebook.com/docs/sharing/webmasters/crawler))" floresyfloressincelejo.com 10.53.129.184
216.73.217.1 - - [30/Aug/2026:07:57:40 -0500] "GET /details/646064676661664047616 HTTP/2.0" 404 27216 "-" "Mozilla/5.0 AppleWebKit/537.36 (KHTML, like Gecko; compatible; ClaudeBot/1.0; +claudebot@anthropic.com)" floresyfloressincelejo.com 10.53.129.184
74.7.242.57 - - [30/Aug/2026:07:57:40 -0500] "GET /details/656763617066635731863 HTTP/2.0" 404 27218 "https://floresyfloressincelejo.com/sitemap-3.xml" "Mozilla/5.0 AppleWebKit/537.36 (KHTML, like Gecko; compatible; GPTBot/1.4; +https://openai.com/gptbot)" floresyfloressincelejo.com 10.53.129.184
57.141.22.113 - - [30/Aug/2026:07:57:41 -0500] "GET /details/646365716564604359540 HTTP/2.0" 404 27217 "-" "Mozilla/5.0 (Macintosh; Intel Mac OS X 10_15_7) AppleWebKit/537.36 (KHTML, like Gecko) Chrome/145.0.0.0 Safari/537.36 (compatible; meta-externalagent/1.1 (+https://developers.facebook.com/docs/sharing/webmasters/crawler))" floresyfloressincelejo.com 10.53.129.184
216.73.217.1 - - [30/Aug/2026:07:57:43 -0500] "GET /details/646263706671674238697 HTTP/2.0" 404 - "-" "Mozilla/5.0 AppleWebKit/537.36 (KHTML, like Gecko; compatible; ClaudeBot/1.0; +claudebot@anthropic.com)" floresyfloressincelejo.com 10.53.129.184
57.141.22.87 - - [30/Aug/2026:07:57:51 -0500] "GET /details/636563716770713539789 HTTP/2.0" 404 27218 "-" "Mozilla/5.0 (Macintosh; Intel Mac OS X 10_15_7) AppleWebKit/537.36 (KHTML, like Gecko) Chrome/145.0.0.0 Safari/537.36 (compatible; meta-externalagent/1.1 (+https://developers.facebook.com/docs/sharing/webmasters/crawler))" floresyfloressincelejo.com 10.53.129.184
216.73.217.1 - - [30/Aug/2026:07:57:54 -0500] "GET /details/646262647061604224810 HTTP/2.0" 404 27217 "-" "Mozilla/5.0 AppleWebKit/537.36 (KHTML, like Gecko; compatible; ClaudeBot/1.0; +claudebot@anthropic.com)" floresyfloressincelejo.com 10.53.129.184
74.7.242.57 - - [30/Aug/2026:07:58:00 -0500] "GET /details/666060716564676009547 HTTP/2.0" 404 27219 "https://floresyfloressincelejo.com/sitemap-17.xml" "Mozilla/5.0 AppleWebKit/537.36 (KHTML, like Gecko; compatible; GPTBot/1.4; +https://openai.com/gptbot)" floresyfloressincelejo.com 10.53.129.184
57.141.22.56 - - [30/Aug/2026:07:58:01 -0500] "GET /details/666764656071626745092 HTTP/2.0" 404 27219 "-" "Mozilla/5.0 (Windows NT 10.0; Win64; x64) AppleWebKit/537.36 (KHTML, like Gecko) Chrome/145.0.0.0 Safari/537.36 (compatible; meta-externalagent/1.1 (+https://developers.facebook.com/docs/sharing/webmasters/crawler))" floresyfloressincelejo.com 10.53.129.184
69.6.233.64 - - [30/Aug/2026:07:58:04 -0500] "POST /wp-cron.php?doing_wp_cron=1788094684.2330451011657714843750 HTTP/1.1" 200 - "-" "WordPress/7.1; https://floresyfloressincelejo.com" floresyfloressincelejo.com 10.53.129.184
216.73.217.1 - - [30/Aug/2026:07:58:08 -0500] "GET /details/657071666470635896483 HTTP/2.0" 404 27219 "-" "Mozilla/5.0 AppleWebKit/537.36 (KHTML, like Gecko; compatible; ClaudeBot/1.0; +claudebot@anthropic.com)" floresyfloressincelejo.com 10.53.129.184
74.7.242.57 - - [30/Aug/2026:07:58:20 -0500] "GET /details/646660647163674604937 HTTP/2.0" 404 27218 "https://floresyfloressincelejo.com/sitemap-7.xml" "Mozilla/5.0 AppleWebKit/537.36 (KHTML, like Gecko; compatible; GPTBot/1.4; +https://openai.com/gptbot)" floresyfloressincelejo.com 10.53.129.184
57.141.22.0 - - [30/Aug/2026:07:58:22 -0500] "GET /details/666761606262716710229 HTTP/2.0" 404 27218 "-" "Mozilla/5.0 (Windows NT 10.0; Win64; x64) AppleWebKit/537.36 (KHTML, like Gecko) Chrome/145.0.0.0 Safari/537.36 (compatible; meta-externalagent/1.1 (+https://developers.facebook.com/docs/sharing/webmasters/crawler))" floresyfloressincelejo.com 10.53.129.184
216.73.217.1 - - [30/Aug/2026:07:58:22 -0500] "GET /details/656367666161605376110 HTTP/2.0" 404 27217 "-" "Mozilla/5.0 AppleWebKit/537.36 (KHTML, like Gecko; compatible; ClaudeBot/1.0; +claudebot@anthropic.com)" floresyfloressincelejo.com 10.53.129.184
216.73.217.1 - - [30/Aug/2026:07:58:25 -0500] "GET /details/666462717170716429989 HTTP/2.0" 404 27217 "-" "Mozilla/5.0 AppleWebKit/537.36 (KHTML, like Gecko; compatible; ClaudeBot/1.0; +claudebot@anthropic.com)" floresyfloressincelejo.com 10.53.129.184
216.73.217.1 - - [30/Aug/2026:07:58:26 -0500] "GET /details/656661637062715613829 HTTP/2.0" 404 27218 "-" "Mozilla/5.0 AppleWebKit/537.36 (KHTML, like Gecko; compatible; ClaudeBot/1.0; +claudebot@anthropic.com)" floresyfloressincelejo.com 10.53.129.184
57.141.22.95 - - [30/Aug/2026:07:58:31 -0500] "GET /details/676170716762617189721 HTTP/2.0" 404 27214 "-" "Mozilla/5.0 (Macintosh; Intel Mac OS X 10_15_7) AppleWebKit/537.36 (KHTML, like Gecko) Chrome/145.0.0.0 Safari/537.36 (compatible; meta-externalagent/1.1 (+https://developers.facebook.com/docs/sharing/webmasters/crawler))" floresyfloressincelejo.com 10.53.129.184
216.73.217.1 - - [30/Aug/2026:07:58:40 -0500] "GET /details/656771706261615798211 HTTP/2.0" 404 27218 "-" "Mozilla/5.0 AppleWebKit/537.36 (KHTML, like Gecko; compatible; ClaudeBot/1.0; +claudebot@anthropic.com)" floresyfloressincelejo.com 10.53.129.184
74.7.242.57 - - [30/Aug/2026:07:58:40 -0500] "GET /details/656366606162635360123 HTTP/2.0" 404 27218 "https://floresyfloressincelejo.com/sitemap.xml" "Mozilla/5.0 AppleWebKit/537.36 (KHTML, like Gecko; compatible; GPTBot/1.4; +https://openai.com/gptbot)" floresyfloressincelejo.com 10.53.129.184
57.141.22.35 - - [30/Aug/2026:07:58:42 -0500] "GET /details/656261676167715217179 HTTP/2.0" 404 27216 "-" "Mozilla/5.0 (Windows NT 10.0; Win64; x64) AppleWebKit/537.36 (KHTML, like Gecko) Chrome/145.0.0.0 Safari/537.36 (compatible; meta-externalagent/1.1 (+https://developers.facebook.com/docs/sharing/webmasters/crawler))" floresyfloressincelejo.com 10.53.129.184
216.73.217.1 - - [30/Aug/2026:07:58:53 -0500] "GET /robots.txt HTTP/2.0" 200 146 "-" "Mozilla/5.0 AppleWebKit/537.36 (KHTML, like Gecko; compatible; ClaudeBot/1.0; +claudebot@anthropic.com)" floresyfloressincelejo.com 10.53.129.184
216.73.217.1 - - [30/Aug/2026:07:58:50 -0500] "GET /details/656763636663665733636 HTTP/2.0" 404 27213 "-" "Mozilla/5.0 AppleWebKit/537.36 (KHTML, like Gecko; compatible; ClaudeBot/1.0; +claudebot@anthropic.com)" floresyfloressincelejo.com 10.53.129.184
57.141.22.106 - - [30/Aug/2026:07:58:52 -0500] "GET /details/676164707162647148924 HTTP/2.0" 404 27217 "-" "Mozilla/5.0 (Windows NT 10.0; Win64; x64) AppleWebKit/537.36 (KHTML, like Gecko) Chrome/145.0.0.0 Safari/537.36 (compatible; meta-externalagent/1.1 (+https://developers.facebook.com/docs/sharing/webmasters/crawler))" floresyfloressincelejo.com 10.53.129.184
216.73.217.1 - - [30/Aug/2026:07:58:55 -0500] "GET /details/636464676666613447661 HTTP/2.0" 404 27214 "-" "Mozilla/5.0 AppleWebKit/537.36 (KHTML, like Gecko; compatible; ClaudeBot/1.0; +claudebot@anthropic.com)" floresyfloressincelejo.com 10.53.129.184
57.141.6.67 - - [30/Aug/2026:07:59:04 -0500] "GET / HTTP/2.0" 200 58175 "-" "facebookexternalhit/1.1 (+http://www.facebook.com/externalhit_uatext.php)" floresyfloressincelejo.com 10.53.129.184
74.7.242.57 - - [30/Aug/2026:07:59:00 -0500] "GET /details/656162666367625126372 HTTP/2.0" 404 27218 "https://floresyfloressincelejo.com/sitemap-3.xml" "Mozilla/5.0 AppleWebKit/537.36 (KHTML, like Gecko; compatible; GPTBot/1.4; +https://openai.com/gptbot)" floresyfloressincelejo.com 10.53.129.184
57.141.22.105 - - [30/Aug/2026:07:59:01 -0500] "GET /details/656566646462625564422 HTTP/2.0" 404 27216 "-" "Mozilla/5.0 (Windows NT 10.0; Win64; x64) AppleWebKit/537.36 (KHTML, like Gecko) Chrome/145.0.0.0 Safari/537.36 (compatible; meta-externalagent/1.1 (+https://developers.facebook.com/docs/sharing/webmasters/crawler))" floresyfloressincelejo.com 10.53.129.184
69.6.233.64 - - [30/Aug/2026:07:59:04 -0500] "POST /wp-cron.php?doing_wp_cron=1788094744.4414439201354980468750 HTTP/1.1" 200 - "-" "WordPress/7.1; https://floresyfloressincelejo.com" floresyfloressincelejo.com 10.53.129.184
216.73.217.1 - - [30/Aug/2026:07:59:10 -0500] "GET /details/647170616662664981626 HTTP/2.0" 404 27217 "-" "Mozilla/5.0 AppleWebKit/537.36 (KHTML, like Gecko; compatible; ClaudeBot/1.0; +claudebot@anthropic.com)" floresyfloressincelejo.com 10.53.129.184
57.141.22.48 - - [30/Aug/2026:07:59:12 -0500] "GET /details/656262636363715223339 HTTP/2.0" 404 27215 "-" "Mozilla/5.0 (Windows NT 10.0; Win64; x64) AppleWebKit/537.36 (KHTML, like Gecko) Chrome/145.0.0.0 Safari/537.36 (compatible; meta-externalagent/1.1 (+https://developers.facebook.com/docs/sharing/webmasters/crawler))" floresyfloressincelejo.com 10.53.129.184
216.73.217.1 - - [30/Aug/2026:07:59:20 -0500] "GET /details/637167647066673974867 HTTP/2.0" 404 27219 "-" "Mozilla/5.0 AppleWebKit/537.36 (KHTML, like Gecko; compatible; ClaudeBot/1.0; +claudebot@anthropic.com)" floresyfloressincelejo.com 10.53.129.184
74.7.242.57 - - [30/Aug/2026:07:59:20 -0500] "GET /details/666167716062636179023 HTTP/2.0" 404 27218 "https://floresyfloressincelejo.com/sitemap.xml" "Mozilla/5.0 AppleWebKit/537.36 (KHTML, like Gecko; compatible; GPTBot/1.4; +https://openai.com/gptbot)" floresyfloressincelejo.com 10.53.129.184
57.141.22.41 - - [30/Aug/2026:07:59:23 -0500] "GET /details/646664716666704649668 HTTP/2.0" 404 27216 "-" "Mozilla/5.0 (Windows NT 10.0; Win64; x64) AppleWebKit/537.36 (KHTML, like Gecko) Chrome/145.0.0.0 Safari/537.36 (compatible; meta-externalagent/1.1 (+https://developers.facebook.com/docs/sharing/webmasters/crawler))" floresyfloressincelejo.com 10.53.129.184
57.141.22.2 - - [30/Aug/2026:07:59:32 -0500] "GET /details/646160707164714108949 HTTP/2.0" 404 27218 "-" "Mozilla/5.0 (Windows NT 10.0; Win64; x64) AppleWebKit/537.36 (KHTML, like Gecko) Chrome/145.0.0.0 Safari/537.36 (compatible; meta-externalagent/1.1 (+https://developers.facebook.com/docs/sharing/webmasters/crawler))" floresyfloressincelejo.com 10.53.129.184
216.73.217.1 - - [30/Aug/2026:07:59:34 -0500] "GET /details/646664607160704640908 HTTP/2.0" 404 27215 "-" "Mozilla/5.0 AppleWebKit/537.36 (KHTML, like Gecko; compatible; ClaudeBot/1.0; +claudebot@anthropic.com)" floresyfloressincelejo.com 10.53.129.184
74.7.242.57 - - [30/Aug/2026:07:59:40 -0500] "GET /details/656667706367675678377 HTTP/2.0" 404 27219 "https://floresyfloressincelejo.com/sitemap.xml" "Mozilla/5.0 AppleWebKit/537.36 (KHTML, like Gecko; compatible; GPTBot/1.4; +https://openai.com/gptbot)" floresyfloressincelejo.com 10.53.129.184
57.141.22.15 - - [30/Aug/2026:07:59:42 -0500] "GET /details/647064656164704845148 HTTP/2.0" 404 27216 "-" "Mozilla/5.0 (Macintosh; Intel Mac OS X 10_15_7) AppleWebKit/537.36 (KHTML, like Gecko) Chrome/145.0.0.0 Safari/537.36 (compatible; meta-externalagent/1.1 (+https://developers.facebook.com/docs/sharing/webmasters/crawler))" floresyfloressincelejo.com 10.53.129.184
216.73.217.1 - - [30/Aug/2026:07:59:48 -0500] "GET /details/656165626170605152180 HTTP/2.0" 404 27217 "-" "Mozilla/5.0 AppleWebKit/537.36 (KHTML, like Gecko; compatible; ClaudeBot/1.0; +claudebot@anthropic.com)" floresyfloressincelejo.com 10.53.129.184
216.73.217.1 - - [30/Aug/2026:07:59:51 -0500] "GET /details/656360716170635309183 HTTP/2.0" 404 27218 "-" "Mozilla/5.0 AppleWebKit/537.36 (KHTML, like Gecko; compatible; ClaudeBot/1.0; +claudebot@anthropic.com)" floresyfloressincelejo.com 10.53.129.184
57.141.22.105 - - [30/Aug/2026:07:59:51 -0500] "GET /details/646166617171634161993 HTTP/2.0" 404 27217 "-" "Mozilla/5.0 (Windows NT 10.0; Win64; x64) AppleWebKit/537.36 (KHTML, like Gecko) Chrome/145.0.0.0 Safari/537.36 Edg/145.0.0.0 (compatible; meta-externalagent/1.1 (+https://developers.facebook.com/docs/sharing/webmasters/crawler))" floresyfloressincelejo.com 10.53.129.184
74.7.242.57 - - [30/Aug/2026:08:00:00 -0500] "GET /details/646667617165614671951 HTTP/2.0" 404 27217 "https://floresyfloressincelejo.com/sitemap-5.xml" "Mozilla/5.0 AppleWebKit/537.36 (KHTML, like Gecko; compatible; GPTBot/1.4; +https://openai.com/gptbot)" floresyfloressincelejo.com 10.53.129.184
57.141.22.28 - - [30/Aug/2026:08:00:02 -0500] "GET /details/656061666471665016496 HTTP/2.0" 404 27218 "-" "Mozilla/5.0 (Macintosh; Intel Mac OS X 10_15_7) AppleWebKit/537.36 (KHTML, like Gecko) Chrome/145.0.0.0 Safari/537.36 (compatible; meta-externalagent/1.1 (+https://developers.facebook.com/docs/sharing/webmasters/crawler))" floresyfloressincelejo.com 10.53.129.184
