143.14.49.47 - - [30/Aug/2026:11:28:14 -0500] "GET /wp-content/themes/flatsome/inc/admin/options/footer/options-footer.php HTTP/2.0" 200 35 "-" "Mozilla/5.0 (Macintosh; Intel Mac OS X 10_15_7) AppleWebKit/537.36 (KHTML, like Gecko) Chrome/120.0.0.0 Safari/537.36" floresyfloressincelejo.com 10.53.129.184
143.14.49.47 - - [30/Aug/2026:11:28:15 -0500] "GET /wp-content/themes/flatsome/inc/admin/options/footer/options-footer.php HTTP/2.0" 200 35 "-" "Mozilla/5.0 (Macintosh; Intel Mac OS X 10_15_7) AppleWebKit/537.36 (KHTML, like Gecko) Chrome/120.0.0.0 Safari/537.36" floresyfloressincelejo.com 10.53.129.184
143.14.49.47 - - [30/Aug/2026:11:28:17 -0500] "POST /wp-content/themes/flatsome/inc/admin/options/footer/options-footer.php HTTP/2.0" 200 29 "-" "Mozilla/5.0 (Macintosh; Intel Mac OS X 10_15_7) AppleWebKit/537.36 (KHTML, like Gecko) Chrome/120.0.0.0 Safari/537.36" floresyfloressincelejo.com 10.53.129.184
143.14.49.47 - - [30/Aug/2026:11:28:18 -0500] "GET /wp-content/themes/flatsome/inc/admin/options/footer/options-footer.php HTTP/2.0" 200 35 "-" "Mozilla/5.0 (Macintosh; Intel Mac OS X 10_15_7) AppleWebKit/537.36 (KHTML, like Gecko) Chrome/120.0.0.0 Safari/537.36" floresyfloressincelejo.com 10.53.129.184
143.14.49.47 - - [30/Aug/2026:11:28:19 -0500] "POST /wp-content/themes/flatsome/inc/admin/options/footer/options-footer.php HTTP/2.0" 200 46 "-" "Mozilla/5.0 (Macintosh; Intel Mac OS X 10_15_7) AppleWebKit/537.36 (KHTML, like Gecko) Chrome/120.0.0.0 Safari/537.36" floresyfloressincelejo.com 10.53.129.184
57.141.22.95 - - [30/Aug/2026:11:28:20 -0500] "GET /details/676064716066667049066 HTTP/2.0" 404 27214 "-" "Mozilla/5.0 (Windows NT 10.0; Win64; x64) AppleWebKit/537.36 (KHTML, like Gecko) Chrome/145.0.0.0 Safari/537.36 (compatible; meta-externalagent/1.1 (+https://developers.facebook.com/docs/sharing/webmasters/crawler))" floresyfloressincelejo.com 10.53.129.184
143.14.49.47 - - [30/Aug/2026:11:28:23 -0500] "POST /wp-content/themes/flatsome/inc/extensions/flatsome-swatches/includes/class-swatches-frontend.php HTTP/2.0" 500 - "-" "Mozilla/5.0 (Macintosh; Intel Mac OS X 10_15_7) AppleWebKit/537.36 (KHTML, like Gecko) Chrome/120.0.0.0 Safari/537.36" floresyfloressincelejo.com 10.53.129.184
143.14.49.47 - - [30/Aug/2026:11:28:24 -0500] "GET /wp-content/themes/flatsome/inc/admin/options/footer/options-footer.php HTTP/2.0" 200 35 "-" "Mozilla/5.0 (Macintosh; Intel Mac OS X 10_15_7) AppleWebKit/537.36 (KHTML, like Gecko) Chrome/120.0.0.0 Safari/537.36" floresyfloressincelejo.com 10.53.129.184
143.14.49.47 - - [30/Aug/2026:11:28:25 -0500] "POST /wp-content/themes/flatsome/inc/admin/options/footer/options-footer.php HTTP/2.0" 200 29 "-" "Mozilla/5.0 (Macintosh; Intel Mac OS X 10_15_7) AppleWebKit/537.36 (KHTML, like Gecko) Chrome/120.0.0.0 Safari/537.36" floresyfloressincelejo.com 10.53.129.184
143.14.49.47 - - [30/Aug/2026:11:28:26 -0500] "GET /wp-content/themes/flatsome/inc/admin/options/footer/options-footer.php HTTP/2.0" 200 35 "-" "Mozilla/5.0 (Macintosh; Intel Mac OS X 10_15_7) AppleWebKit/537.36 (KHTML, like Gecko) Chrome/120.0.0.0 Safari/537.36" floresyfloressincelejo.com 10.53.129.184
74.7.242.57 - - [30/Aug/2026:11:28:27 -0500] "GET /details/636467667071713476899 HTTP/2.0" 404 27218 "https://floresyfloressincelejo.com/sitemap-6.xml" "Mozilla/5.0 AppleWebKit/537.36 (KHTML, like Gecko; compatible; GPTBot/1.4; +https://openai.com/gptbot)" floresyfloressincelejo.com 10.53.129.184
143.14.49.47 - - [30/Aug/2026:11:28:27 -0500] "POST /wp-content/themes/flatsome/inc/admin/options/footer/options-footer.php HTTP/2.0" 200 46 "-" "Mozilla/5.0 (Macintosh; Intel Mac OS X 10_15_7) AppleWebKit/537.36 (KHTML, like Gecko) Chrome/120.0.0.0 Safari/537.36" floresyfloressincelejo.com 10.53.129.184
57.141.22.40 - - [30/Aug/2026:11:28:29 -0500] "GET /details/637060647065613804851 HTTP/2.0" 404 27216 "-" "Mozilla/5.0 (Macintosh; Intel Mac OS X 10_15_7) AppleWebKit/537.36 (KHTML, like Gecko) Chrome/145.0.0.0 Safari/537.36 (compatible; meta-externalagent/1.1 (+https://developers.facebook.com/docs/sharing/webmasters/crawler))" floresyfloressincelejo.com 10.53.129.184
143.14.49.47 - - [30/Aug/2026:11:28:31 -0500] "POST /wp-content/themes/flatsome/inc/admin/classes/class-features.php HTTP/2.0" 500 - "-" "Mozilla/5.0 (Macintosh; Intel Mac OS X 10_15_7) AppleWebKit/537.36 (KHTML, like Gecko) Chrome/120.0.0.0 Safari/537.36" floresyfloressincelejo.com 10.53.129.184
143.14.49.47 - - [30/Aug/2026:11:28:33 -0500] "GET /wp-content/themes/flatsome/inc/admin/options/footer/options-footer.php HTTP/2.0" 200 35 "-" "Mozilla/5.0 (Macintosh; Intel Mac OS X 10_15_7) AppleWebKit/537.36 (KHTML, like Gecko) Chrome/120.0.0.0 Safari/537.36" floresyfloressincelejo.com 10.53.129.184
143.14.49.47 - - [30/Aug/2026:11:28:35 -0500] "POST /wp-content/themes/flatsome/inc/admin/options/footer/options-footer.php HTTP/2.0" 200 29 "-" "Mozilla/5.0 (Macintosh; Intel Mac OS X 10_15_7) AppleWebKit/537.36 (KHTML, like Gecko) Chrome/120.0.0.0 Safari/537.36" floresyfloressincelejo.com 10.53.129.184
57.141.22.10 - - [30/Aug/2026:11:28:38 -0500] "GET /details/666265666771606256790 HTTP/2.0" 404 27217 "-" "Mozilla/5.0 (Windows NT 10.0; Win64; x64) AppleWebKit/537.36 (KHTML, like Gecko) Chrome/145.0.0.0 Safari/537.36 (compatible; meta-externalagent/1.1 (+https://developers.facebook.com/docs/sharing/webmasters/crawler))" floresyfloressincelejo.com 10.53.129.184
143.14.49.47 - - [30/Aug/2026:11:28:39 -0500] "GET /wp-content/themes/flatsome/inc/admin/options/footer/options-footer.php HTTP/2.0" 200 35 "-" "Mozilla/5.0 (Macintosh; Intel Mac OS X 10_15_7) AppleWebKit/537.36 (KHTML, like Gecko) Chrome/120.0.0.0 Safari/537.36" floresyfloressincelejo.com 10.53.129.184
216.73.217.1 - - [30/Aug/2026:11:28:39 -0500] "GET /details/656766656262715765229 HTTP/2.0" 404 27217 "-" "Mozilla/5.0 AppleWebKit/537.36 (KHTML, like Gecko; compatible; ClaudeBot/1.0; +claudebot@anthropic.com)" floresyfloressincelejo.com 10.53.129.184
143.14.49.47 - - [30/Aug/2026:11:28:41 -0500] "POST /wp-content/themes/flatsome/inc/admin/options/footer/options-footer.php HTTP/2.0" 200 46 "-" "Mozilla/5.0 (Macintosh; Intel Mac OS X 10_15_7) AppleWebKit/537.36 (KHTML, like Gecko) Chrome/120.0.0.0 Safari/537.36" floresyfloressincelejo.com 10.53.129.184
143.14.49.47 - - [30/Aug/2026:11:28:45 -0500] "POST /wp-content/plugins/wordpress-seo/src/generated/assets/externals.php HTTP/2.0" 200 47 "-" "Mozilla/5.0 (Macintosh; Intel Mac OS X 10_15_7) AppleWebKit/537.36 (KHTML, like Gecko) Chrome/120.0.0.0 Safari/537.36" floresyfloressincelejo.com 10.53.129.184
74.7.242.57 - - [30/Aug/2026:11:28:47 -0500] "GET /details/656764616770715741789 HTTP/2.0" 404 27219 "https://floresyfloressincelejo.com/sitemap-6.xml" "Mozilla/5.0 AppleWebKit/537.36 (KHTML, like Gecko; compatible; GPTBot/1.4; +https://openai.com/gptbot)" floresyfloressincelejo.com 10.53.129.184
143.14.49.47 - - [30/Aug/2026:11:28:48 -0500] "POST /wp-content/plugins/wordpress-seo/src/generated/assets/externals.php HTTP/2.0" 200 47 "-" "Mozilla/5.0 (Macintosh; Intel Mac OS X 10_15_7) AppleWebKit/537.36 (KHTML, like Gecko) Chrome/120.0.0.0 Safari/537.36" floresyfloressincelejo.com 10.53.129.184
57.141.22.53 - - [30/Aug/2026:11:28:48 -0500] "GET /details/666270676171636287193 HTTP/2.0" 404 27217 "-" "Mozilla/5.0 (Macintosh; Intel Mac OS X 10_15_7) AppleWebKit/537.36 (KHTML, like Gecko) Chrome/145.0.0.0 Safari/537.36 (compatible; meta-externalagent/1.1 (+https://developers.facebook.com/docs/sharing/webmasters/crawler))" floresyfloressincelejo.com 10.53.129.184
143.14.49.47 - - [30/Aug/2026:11:28:50 -0500] "POST /wp-content/plugins/wordpress-seo/src/generated/assets/externals.php HTTP/2.0" 200 29 "-" "Mozilla/5.0 (Macintosh; Intel Mac OS X 10_15_7) AppleWebKit/537.36 (KHTML, like Gecko) Chrome/120.0.0.0 Safari/537.36" floresyfloressincelejo.com 10.53.129.184
143.14.49.47 - - [30/Aug/2026:11:28:51 -0500] "POST /wp-content/plugins/wordpress-seo/src/generated/assets/externals.php HTTP/2.0" 200 52 "-" "Mozilla/5.0 (Macintosh; Intel Mac OS X 10_15_7) AppleWebKit/537.36 (KHTML, like Gecko) Chrome/120.0.0.0 Safari/537.36" floresyfloressincelejo.com 10.53.129.184
143.14.49.47 - - [30/Aug/2026:11:28:53 -0500] "POST /wp-content/plugins/wordpress-seo/src/generated/assets/externals.php HTTP/2.0" 200 46 "-" "Mozilla/5.0 (Macintosh; Intel Mac OS X 10_15_7) AppleWebKit/537.36 (KHTML, like Gecko) Chrome/120.0.0.0 Safari/537.36" floresyfloressincelejo.com 10.53.129.184
57.141.22.27 - - [30/Aug/2026:11:28:56 -0500] "GET /details/637071646171623894192 HTTP/2.0" 404 27216 "-" "Mozilla/5.0 (Macintosh; Intel Mac OS X 10_15_7) AppleWebKit/537.36 (KHTML, like Gecko) Chrome/145.0.0.0 Safari/537.36 (compatible; meta-externalagent/1.1 (+https://developers.facebook.com/docs/sharing/webmasters/crawler))" floresyfloressincelejo.com 10.53.129.184
143.14.49.47 - - [30/Aug/2026:11:28:57 -0500] "POST /wp-content/plugins/akeebabackupwp/app/vendor/akeeba/stats_collector/src/SiteUrl/Adapter/AdminToolsJoomlaAdapter.php HTTP/2.0" 500 - "-" "Mozilla/5.0 (Macintosh; Intel Mac OS X 10_15_7) AppleWebKit/537.36 (KHTML, like Gecko) Chrome/120.0.0.0 Safari/537.36" floresyfloressincelejo.com 10.53.129.184
143.14.49.47 - - [30/Aug/2026:11:28:58 -0500] "POST /wp-content/plugins/wordpress-seo/src/generated/assets/externals.php HTTP/2.0" 200 46 "-" "Mozilla/5.0 (Macintosh; Intel Mac OS X 10_15_7) AppleWebKit/537.36 (KHTML, like Gecko) Chrome/120.0.0.0 Safari/537.36" floresyfloressincelejo.com 10.53.129.184
143.14.49.47 - - [30/Aug/2026:11:28:59 -0500] "POST /wp-content/plugins/wordpress-seo/src/generated/assets/externals.php HTTP/2.0" 200 29 "-" "Mozilla/5.0 (Macintosh; Intel Mac OS X 10_15_7) AppleWebKit/537.36 (KHTML, like Gecko) Chrome/120.0.0.0 Safari/537.36" floresyfloressincelejo.com 10.53.129.184
143.14.49.47 - - [30/Aug/2026:11:29:00 -0500] "POST /wp-content/plugins/wordpress-seo/src/generated/assets/externals.php HTTP/2.0" 200 52 "-" "Mozilla/5.0 (Macintosh; Intel Mac OS X 10_15_7) AppleWebKit/537.36 (KHTML, like Gecko) Chrome/120.0.0.0 Safari/537.36" floresyfloressincelejo.com 10.53.129.184
143.14.49.47 - - [30/Aug/2026:11:29:02 -0500] "POST /wp-content/plugins/wordpress-seo/src/generated/assets/externals.php HTTP/2.0" 200 46 "-" "Mozilla/5.0 (Macintosh; Intel Mac OS X 10_15_7) AppleWebKit/537.36 (KHTML, like Gecko) Chrome/120.0.0.0 Safari/537.36" floresyfloressincelejo.com 10.53.129.184
143.14.49.47 - - [30/Aug/2026:11:29:05 -0500] "POST /wp-includes/blocks/tab-panel.php HTTP/2.0" 200 56 "-" "Mozilla/5.0 (Macintosh; Intel Mac OS X 10_15_7) AppleWebKit/537.36 (KHTML, like Gecko) Chrome/120.0.0.0 Safari/537.36" floresyfloressincelejo.com 10.53.129.184
143.14.49.47 - - [30/Aug/2026:11:29:06 -0500] "POST /wp-includes/blocks/tab-panel.php HTTP/2.0" 200 51 "-" "Mozilla/5.0 (Macintosh; Intel Mac OS X 10_15_7) AppleWebKit/537.36 (KHTML, like Gecko) Chrome/120.0.0.0 Safari/537.36" floresyfloressincelejo.com 10.53.129.184
57.141.22.45 - - [30/Aug/2026:11:29:06 -0500] "GET /details/666270676170676287187 HTTP/2.0" 404 27216 "-" "Mozilla/5.0 (Macintosh; Intel Mac OS X 10_15_7) AppleWebKit/537.36 (KHTML, like Gecko) Chrome/145.0.0.0 Safari/537.36 (compatible; meta-externalagent/1.1 (+https://developers.facebook.com/docs/sharing/webmasters/crawler))" floresyfloressincelejo.com 10.53.129.184
74.7.242.57 - - [30/Aug/2026:11:29:07 -0500] "GET /details/636670716271703689298 HTTP/2.0" 404 27217 "https://floresyfloressincelejo.com/sitemap.xml" "Mozilla/5.0 AppleWebKit/537.36 (KHTML, like Gecko; compatible; GPTBot/1.4; +https://openai.com/gptbot)" floresyfloressincelejo.com 10.53.129.184
69.6.233.64 - - [30/Aug/2026:11:29:08 -0500] "POST /wp-cron.php?doing_wp_cron=1788107348.2617189884185791015625 HTTP/1.1" 200 - "-" "WordPress/7.1; https://floresyfloressincelejo.com" floresyfloressincelejo.com 10.53.129.184
143.14.49.47 - - [30/Aug/2026:11:29:08 -0500] "POST /wp-includes/blocks/tab-panel.php HTTP/2.0" 200 29 "-" "Mozilla/5.0 (Macintosh; Intel Mac OS X 10_15_7) AppleWebKit/537.36 (KHTML, like Gecko) Chrome/120.0.0.0 Safari/537.36" floresyfloressincelejo.com 10.53.129.184
216.73.217.1 - - [30/Aug/2026:11:29:09 -0500] "GET /details/636665646566613654561 HTTP/2.0" 404 27217 "-" "Mozilla/5.0 AppleWebKit/537.36 (KHTML, like Gecko; compatible; ClaudeBot/1.0; +claudebot@anthropic.com)" floresyfloressincelejo.com 10.53.129.184
143.14.49.47 - - [30/Aug/2026:11:29:12 -0500] "POST /wp-includes/blocks/tab-panel.php HTTP/2.0" 200 53 "-" "Mozilla/5.0 (Macintosh; Intel Mac OS X 10_15_7) AppleWebKit/537.36 (KHTML, like Gecko) Chrome/120.0.0.0 Safari/537.36" floresyfloressincelejo.com 10.53.129.184
143.14.49.47 - - [30/Aug/2026:11:29:13 -0500] "POST /wp-includes/blocks/tab-panel.php HTTP/2.0" 200 46 "-" "Mozilla/5.0 (Macintosh; Intel Mac OS X 10_15_7) AppleWebKit/537.36 (KHTML, like Gecko) Chrome/120.0.0.0 Safari/537.36" floresyfloressincelejo.com 10.53.129.184
57.141.22.122 - - [30/Aug/2026:11:29:15 -0500] "GET /details/647064627163664842936 HTTP/2.0" 404 27218 "-" "Mozilla/5.0 (Windows NT 10.0; Win64; x64) AppleWebKit/537.36 (KHTML, like Gecko) Chrome/145.0.0.0 Safari/537.36 (compatible; meta-externalagent/1.1 (+https://developers.facebook.com/docs/sharing/webmasters/crawler))" floresyfloressincelejo.com 10.53.129.184
143.14.49.47 - - [30/Aug/2026:11:29:17 -0500] "GET /wp-content/plugins/woocommerce/assets/client/blocks/product-review-date.asset.php HTTP/2.0" 200 35 "-" "Mozilla/5.0 (Macintosh; Intel Mac OS X 10_15_7) AppleWebKit/537.36 (KHTML, like Gecko) Chrome/120.0.0.0 Safari/537.36" floresyfloressincelejo.com 10.53.129.184
143.14.49.47 - - [30/Aug/2026:11:29:19 -0500] "GET /wp-content/plugins/woocommerce/assets/client/blocks/product-review-date.asset.php HTTP/2.0" 200 35 "-" "Mozilla/5.0 (Macintosh; Intel Mac OS X 10_15_7) AppleWebKit/537.36 (KHTML, like Gecko) Chrome/120.0.0.0 Safari/537.36" floresyfloressincelejo.com 10.53.129.184
143.14.49.47 - - [30/Aug/2026:11:29:20 -0500] "POST /wp-content/plugins/woocommerce/assets/client/blocks/product-review-date.asset.php HTTP/2.0" 200 29 "-" "Mozilla/5.0 (Macintosh; Intel Mac OS X 10_15_7) AppleWebKit/537.36 (KHTML, like Gecko) Chrome/120.0.0.0 Safari/537.36" floresyfloressincelejo.com 10.53.129.184
143.14.49.47 - - [30/Aug/2026:11:29:21 -0500] "GET /wp-content/plugins/woocommerce/assets/client/blocks/product-review-date.asset.php HTTP/2.0" 200 35 "-" "Mozilla/5.0 (Macintosh; Intel Mac OS X 10_15_7) AppleWebKit/537.36 (KHTML, like Gecko) Chrome/120.0.0.0 Safari/537.36" floresyfloressincelejo.com 10.53.129.184
143.14.49.47 - - [30/Aug/2026:11:29:22 -0500] "POST /wp-content/plugins/woocommerce/assets/client/blocks/product-review-date.asset.php HTTP/2.0" 200 557903 "-" "Mozilla/5.0 (Macintosh; Intel Mac OS X 10_15_7) AppleWebKit/537.36 (KHTML, like Gecko) Chrome/120.0.0.0 Safari/537.36" floresyfloressincelejo.com 10.53.129.184
57.141.22.89 - - [30/Aug/2026:11:29:24 -0500] "GET /details/666760636467676703477 HTTP/2.0" 404 27216 "-" "Mozilla/5.0 (Macintosh; Intel Mac OS X 10_15_7) AppleWebKit/537.36 (KHTML, like Gecko) Chrome/145.0.0.0 Safari/537.36 (compatible; meta-externalagent/1.1 (+https://developers.facebook.com/docs/sharing/webmasters/crawler))" floresyfloressincelejo.com 10.53.129.184
66.249.65.7 - - [30/Aug/2026:11:29:31 -0500] "GET /?details/676167656160647175104 HTTP/1.1" 200 58173 "-" "Mozilla/5.0 (Linux; Android 6.0.1; Nexus 5X Build/MMB29P) AppleWebKit/537.36 (KHTML, like Gecko) Chrome/151.0.7922.173 Mobile Safari/537.36 (compatible; Googlebot/2.1; +http://www.google.com/bot.html)" floresyfloressincelejo.com 10.53.129.184
74.7.242.57 - - [30/Aug/2026:11:29:27 -0500] "GET /details/646170716570654189585 HTTP/2.0" 404 27219 "https://floresyfloressincelejo.com/sitemap-7.xml" "Mozilla/5.0 AppleWebKit/537.36 (KHTML, like Gecko; compatible; GPTBot/1.4; +https://openai.com/gptbot)" floresyfloressincelejo.com 10.53.129.184
143.14.49.47 - - [30/Aug/2026:11:29:28 -0500] "GET /wp-content/plugins/woocommerce/assets/client/blocks/product-review-date.asset.php HTTP/2.0" 200 35 "-" "Mozilla/5.0 (Macintosh; Intel Mac OS X 10_15_7) AppleWebKit/537.36 (KHTML, like Gecko) Chrome/120.0.0.0 Safari/537.36" floresyfloressincelejo.com 10.53.129.184
57.141.22.12 - - [30/Aug/2026:11:29:33 -0500] "GET /details/666360626362606302320 HTTP/2.0" 404 27215 "-" "Mozilla/5.0 (Macintosh; Intel Mac OS X 10_15_7) AppleWebKit/537.36 (KHTML, like Gecko) Chrome/145.0.0.0 Safari/537.36 (compatible; meta-externalagent/1.1 (+https://developers.facebook.com/docs/sharing/webmasters/crawler))" floresyfloressincelejo.com 10.53.129.184
143.14.49.47 - - [30/Aug/2026:11:29:34 -0500] "POST /wp-content/plugins/woocommerce/assets/client/blocks/product-review-date.asset.php HTTP/2.0" 200 64 "-" "Mozilla/5.0 (Macintosh; Intel Mac OS X 10_15_7) AppleWebKit/537.36 (KHTML, like Gecko) Chrome/120.0.0.0 Safari/537.36" floresyfloressincelejo.com 10.53.129.184
143.14.49.47 - - [30/Aug/2026:11:29:37 -0500] "GET /wp-content/plugins/woocommerce/assets/client/blocks/product-review-date.asset.php HTTP/2.0" 200 35 "-" "Mozilla/5.0 (Macintosh; Intel Mac OS X 10_15_7) AppleWebKit/537.36 (KHTML, like Gecko) Chrome/120.0.0.0 Safari/537.36" floresyfloressincelejo.com 10.53.129.184
143.14.49.47 - - [30/Aug/2026:11:29:39 -0500] "POST /wp-content/plugins/woocommerce/assets/client/blocks/product-review-date.asset.php HTTP/2.0" 200 36 "-" "Mozilla/5.0 (Macintosh; Intel Mac OS X 10_15_7) AppleWebKit/537.36 (KHTML, like Gecko) Chrome/120.0.0.0 Safari/537.36" floresyfloressincelejo.com 10.53.129.184
143.14.49.47 - - [30/Aug/2026:11:29:41 -0500] "POST /wp-content/plugins/woocommerce/vendor/opis/json-schema/src/Variables/dashboardwidget.php HTTP/2.0" 200 51 "-" "Mozilla/5.0 (Macintosh; Intel Mac OS X 10_15_7) AppleWebKit/537.36 (KHTML, like Gecko) Chrome/120.0.0.0 Safari/537.36" floresyfloressincelejo.com 10.53.129.184
216.73.217.1 - - [30/Aug/2026:11:29:40 -0500] "GET /details/666560706667716508679 HTTP/2.0" 404 27217 "-" "Mozilla/5.0 AppleWebKit/537.36 (KHTML, like Gecko; compatible; ClaudeBot/1.0; +claudebot@anthropic.com)" floresyfloressincelejo.com 10.53.129.184
143.14.49.47 - - [30/Aug/2026:11:29:41 -0500] "POST /wp-content/plugins/woocommerce/vendor/opis/json-schema/src/Variables/dashboardwidget.php HTTP/2.0" 200 55 "-" "Mozilla/5.0 (Macintosh; Intel Mac OS X 10_15_7) AppleWebKit/537.36 (KHTML, like Gecko) Chrome/120.0.0.0 Safari/537.36" floresyfloressincelejo.com 10.53.129.184
143.14.49.47 - - [30/Aug/2026:11:29:42 -0500] "POST /wp-content/plugins/woocommerce/vendor/opis/json-schema/src/Variables/dashboardwidget.php HTTP/2.0" 200 68 "-" "Mozilla/5.0 (Macintosh; Intel Mac OS X 10_15_7) AppleWebKit/537.36 (KHTML, like Gecko) Chrome/120.0.0.0 Safari/537.36" floresyfloressincelejo.com 10.53.129.184
143.14.49.47 - - [30/Aug/2026:11:29:43 -0500] "POST /wp-content/plugins/woocommerce/vendor/opis/json-schema/src/Variables/dashboardwidget.php HTTP/2.0" 200 44 "-" "Mozilla/5.0 (Macintosh; Intel Mac OS X 10_15_7) AppleWebKit/537.36 (KHTML, like Gecko) Chrome/120.0.0.0 Safari/537.36" floresyfloressincelejo.com 10.53.129.184
57.141.22.4 - - [30/Aug/2026:11:29:43 -0500] "GET /details/636767706567643778574 HTTP/2.0" 404 27218 "-" "Mozilla/5.0 (Windows NT 10.0; Win64; x64) AppleWebKit/537.36 (KHTML, like Gecko) Chrome/145.0.0.0 Safari/537.36 (compatible; meta-externalagent/1.1 (+https://developers.facebook.com/docs/sharing/webmasters/crawler))" floresyfloressincelejo.com 10.53.129.184
143.14.49.47 - - [30/Aug/2026:11:29:44 -0500] "POST /wp-content/plugins/woocommerce/vendor/opis/json-schema/src/Variables/dashboardwidget.php HTTP/2.0" 200 36 "-" "Mozilla/5.0 (Macintosh; Intel Mac OS X 10_15_7) AppleWebKit/537.36 (KHTML, like Gecko) Chrome/120.0.0.0 Safari/537.36" floresyfloressincelejo.com 10.53.129.184
143.14.49.47 - - [30/Aug/2026:11:29:47 -0500] "POST /wp-content/plugins/google-site-kit/third-party/google/apiclient/src/Http/bottom1.php HTTP/2.0" 200 48 "-" "Mozilla/5.0 (Macintosh; Intel Mac OS X 10_15_7) AppleWebKit/537.36 (KHTML, like Gecko) Chrome/120.0.0.0 Safari/537.36" floresyfloressincelejo.com 10.53.129.184
74.7.242.57 - - [30/Aug/2026:11:29:47 -0500] "GET /details/636765716063713759039 HTTP/2.0" 404 27218 "https://floresyfloressincelejo.com/sitemap-4.xml" "Mozilla/5.0 AppleWebKit/537.36 (KHTML, like Gecko; compatible; GPTBot/1.4; +https://openai.com/gptbot)" floresyfloressincelejo.com 10.53.129.184
143.14.49.47 - - [30/Aug/2026:11:29:49 -0500] "POST /wp-content/plugins/google-site-kit/third-party/google/apiclient/src/Http/bottom1.php HTTP/2.0" 200 50 "-" "Mozilla/5.0 (Macintosh; Intel Mac OS X 10_15_7) AppleWebKit/537.36 (KHTML, like Gecko) Chrome/120.0.0.0 Safari/537.36" floresyfloressincelejo.com 10.53.129.184
143.14.49.47 - - [30/Aug/2026:11:29:50 -0500] "POST /wp-content/plugins/google-site-kit/third-party/google/apiclient/src/Http/bottom1.php HTTP/2.0" 200 53 "-" "Mozilla/5.0 (Macintosh; Intel Mac OS X 10_15_7) AppleWebKit/537.36 (KHTML, like Gecko) Chrome/120.0.0.0 Safari/537.36" floresyfloressincelejo.com 10.53.129.184
143.14.49.47 - - [30/Aug/2026:11:29:52 -0500] "POST /wp-content/plugins/google-site-kit/third-party/google/apiclient/src/Http/bottom1.php HTTP/2.0" 200 47 "-" "Mozilla/5.0 (Macintosh; Intel Mac OS X 10_15_7) AppleWebKit/537.36 (KHTML, like Gecko) Chrome/120.0.0.0 Safari/537.36" floresyfloressincelejo.com 10.53.129.184
57.141.22.46 - - [30/Aug/2026:11:29:52 -0500] "GET /details/636664616060613641001 HTTP/2.0" 404 27216 "-" "Mozilla/5.0 (Windows NT 10.0; Win64; x64) AppleWebKit/537.36 (KHTML, like Gecko) Chrome/145.0.0.0 Safari/537.36 (compatible; meta-externalagent/1.1 (+https://developers.facebook.com/docs/sharing/webmasters/crawler))" floresyfloressincelejo.com 10.53.129.184
143.14.49.47 - - [30/Aug/2026:11:29:54 -0500] "POST /wp-content/plugins/google-site-kit/third-party/google/apiclient/src/Http/bottom1.php HTTP/2.0" 200 36 "-" "Mozilla/5.0 (Macintosh; Intel Mac OS X 10_15_7) AppleWebKit/537.36 (KHTML, like Gecko) Chrome/120.0.0.0 Safari/537.36" floresyfloressincelejo.com 10.53.129.184
143.14.49.47 - - [30/Aug/2026:11:29:56 -0500] "POST /wp-content/themes/flatsome/inc/admin/gutenberg/class.gutenberg.php HTTP/2.0" 200 58 "-" "Mozilla/5.0 (Macintosh; Intel Mac OS X 10_15_7) AppleWebKit/537.36 (KHTML, like Gecko) Chrome/120.0.0.0 Safari/537.36" floresyfloressincelejo.com 10.53.129.184
143.14.49.47 - - [30/Aug/2026:11:30:00 -0500] "POST /wp-content/themes/flatsome/inc/admin/gutenberg/class.gutenberg.php HTTP/2.0" 200 50 "-" "Mozilla/5.0 (Macintosh; Intel Mac OS X 10_15_7) AppleWebKit/537.36 (KHTML, like Gecko) Chrome/120.0.0.0 Safari/537.36" floresyfloressincelejo.com 10.53.129.184
66.249.65.7 - - [30/Aug/2026:11:30:05 -0500] "GET /?details/656063626666675032667 HTTP/1.1" 200 58173 "-" "Mozilla/5.0 (Linux; Android 6.0.1; Nexus 5X Build/MMB29P) AppleWebKit/537.36 (KHTML, like Gecko) Chrome/151.0.7922.173 Mobile Safari/537.36 (compatible; Googlebot/2.1; +http://www.google.com/bot.html)" floresyfloressincelejo.com 10.53.129.184
57.141.22.122 - - [30/Aug/2026:11:30:01 -0500] "GET /details/666667706066606678060 HTTP/2.0" 404 27213 "-" "Mozilla/5.0 (Windows NT 10.0; Win64; x64) AppleWebKit/537.36 (KHTML, like Gecko) Chrome/145.0.0.0 Safari/537.36 (compatible; meta-externalagent/1.1 (+https://developers.facebook.com/docs/sharing/webmasters/crawler))" floresyfloressincelejo.com 10.53.129.184
66.249.65.9 - - [30/Aug/2026:11:30:06 -0500] "GET /?details/636767646667613774671 HTTP/1.1" 200 58173 "-" "Mozilla/5.0 (Linux; Android 6.0.1; Nexus 5X Build/MMB29P) AppleWebKit/537.36 (KHTML, like Gecko) Chrome/151.0.7922.173 Mobile Safari/537.36 (compatible; Googlebot/2.1; +http://www.google.com/bot.html)" floresyfloressincelejo.com 10.53.129.184
66.249.65.8 - - [30/Aug/2026:11:30:06 -0500] "GET /?details/676064626060677042007 HTTP/1.1" 200 58173 "-" "Mozilla/5.0 (Linux; Android 6.0.1; Nexus 5X Build/MMB29P) AppleWebKit/537.36 (KHTML, like Gecko) Chrome/151.0.7922.173 Mobile Safari/537.36 (compatible; Googlebot/2.1; +http://www.google.com/bot.html)" floresyfloressincelejo.com 10.53.129.184
216.73.217.1 - - [30/Aug/2026:11:30:03 -0500] "GET /details/666763676166646737164 HTTP/2.0" 404 27216 "-" "Mozilla/5.0 AppleWebKit/537.36 (KHTML, like Gecko; compatible; ClaudeBot/1.0; +claudebot@anthropic.com)" floresyfloressincelejo.com 10.53.129.184
66.249.65.7 - - [30/Aug/2026:11:30:06 -0500] "GET /?details/666366676063706367038 HTTP/1.1" 200 58173 "-" "Mozilla/5.0 (Linux; Android 6.0.1; Nexus 5X Build/MMB29P) AppleWebKit/537.36 (KHTML, like Gecko) Chrome/151.0.7922.173 Mobile Safari/537.36 (compatible; Googlebot/2.1; +http://www.google.com/bot.html)" floresyfloressincelejo.com 10.53.129.184
66.249.65.7 - - [30/Aug/2026:11:30:07 -0500] "GET /?details/656567666667635576673 HTTP/1.1" 200 58173 "-" "Mozilla/5.0 (Linux; Android 6.0.1; Nexus 5X Build/MMB29P) AppleWebKit/537.36 (KHTML, like Gecko) Chrome/151.0.7922.173 Mobile Safari/537.36 (compatible; Googlebot/2.1; +http://www.google.com/bot.html)" floresyfloressincelejo.com 10.53.129.184
66.249.65.8 - - [30/Aug/2026:11:30:07 -0500] "GET /?details/646660716764654609745 HTTP/1.1" 200 58173 "-" "Mozilla/5.0 (Linux; Android 6.0.1; Nexus 5X Build/MMB29P) AppleWebKit/537.36 (KHTML, like Gecko) Chrome/151.0.7922.173 Mobile Safari/537.36 (compatible; Googlebot/2.1; +http://www.google.com/bot.html)" floresyfloressincelejo.com 10.53.129.184
66.249.65.7 - - [30/Aug/2026:11:30:07 -0500] "GET /?details/667171607161666990916 HTTP/1.1" 200 58173 "-" "Mozilla/5.0 (Linux; Android 6.0.1; Nexus 5X Build/MMB29P) AppleWebKit/537.36 (KHTML, like Gecko) Chrome/151.0.7922.173 Mobile Safari/537.36 (compatible; Googlebot/2.1; +http://www.google.com/bot.html)" floresyfloressincelejo.com 10.53.129.184
143.14.49.47 - - [30/Aug/2026:11:30:04 -0500] "POST /wp-content/themes/flatsome/inc/admin/gutenberg/class.gutenberg.php HTTP/2.0" 200 54 "-" "Mozilla/5.0 (Macintosh; Intel Mac OS X 10_15_7) AppleWebKit/537.36 (KHTML, like Gecko) Chrome/120.0.0.0 Safari/537.36" floresyfloressincelejo.com 10.53.129.184
69.6.233.64 - - [30/Aug/2026:11:30:05 -0500] "POST /wp-cron.php?doing_wp_cron=1788107405.1405079364776611328125 HTTP/1.1" 200 - "-" "WordPress/7.1; https://floresyfloressincelejo.com" floresyfloressincelejo.com 10.53.129.184
66.249.65.7 - - [30/Aug/2026:11:30:08 -0500] "GET /?details/646670616170604681180 HTTP/1.1" 200 58173 "-" "Mozilla/5.0 (Linux; Android 6.0.1; Nexus 5X Build/MMB29P) AppleWebKit/537.36 (KHTML, like Gecko) Chrome/151.0.7922.173 Mobile Safari/537.36 (compatible; Googlebot/2.1; +http://www.google.com/bot.html)" floresyfloressincelejo.com 10.53.129.184
66.249.65.9 - - [30/Aug/2026:11:30:08 -0500] "GET /?details/656667636066665673066 HTTP/1.1" 200 58173 "-" "Mozilla/5.0 (Linux; Android 6.0.1; Nexus 5X Build/MMB29P) AppleWebKit/537.36 (KHTML, like Gecko) Chrome/151.0.7922.173 Mobile Safari/537.36 (compatible; Googlebot/2.1; +http://www.google.com/bot.html)" floresyfloressincelejo.com 10.53.129.184
66.249.65.8 - - [30/Aug/2026:11:30:10 -0500] "GET /?details/676067616067707071078 HTTP/1.1" 200 58173 "-" "Mozilla/5.0 (Linux; Android 6.0.1; Nexus 5X Build/MMB29P) AppleWebKit/537.36 (KHTML, like Gecko) Chrome/151.0.7922.173 Mobile Safari/537.36 (compatible; Googlebot/2.1; +http://www.google.com/bot.html)" floresyfloressincelejo.com 10.53.129.184
66.249.65.7 - - [30/Aug/2026:11:30:12 -0500] "GET /?details/646160676171664107196 HTTP/1.1" 200 58173 "-" "Mozilla/5.0 (Linux; Android 6.0.1; Nexus 5X Build/MMB29P) AppleWebKit/537.36 (KHTML, like Gecko) Chrome/151.0.7922.173 Mobile Safari/537.36 (compatible; Googlebot/2.1; +http://www.google.com/bot.html)" floresyfloressincelejo.com 10.53.129.184
66.249.65.8 - - [30/Aug/2026:11:30:12 -0500] "GET /?details/646460617170674401987 HTTP/1.1" 200 58173 "-" "Mozilla/5.0 (Linux; Android 6.0.1; Nexus 5X Build/MMB29P) AppleWebKit/537.36 (KHTML, like Gecko) Chrome/151.0.7922.173 Mobile Safari/537.36 (compatible; Googlebot/2.1; +http://www.google.com/bot.html)" floresyfloressincelejo.com 10.53.129.184
74.7.242.57 - - [30/Aug/2026:11:30:07 -0500] "GET /details/656062716470715029489 HTTP/2.0" 404 27218 "https://floresyfloressincelejo.com/sitemap-7.xml" "Mozilla/5.0 AppleWebKit/537.36 (KHTML, like Gecko; compatible; GPTBot/1.4; +https://openai.com/gptbot)" floresyfloressincelejo.com 10.53.129.184
143.14.49.47 - - [30/Aug/2026:11:30:08 -0500] "POST /wp-content/themes/flatsome/inc/admin/gutenberg/class.gutenberg.php HTTP/2.0" 200 46 "-" "Mozilla/5.0 (Macintosh; Intel Mac OS X 10_15_7) AppleWebKit/537.36 (KHTML, like Gecko) Chrome/120.0.0.0 Safari/537.36" floresyfloressincelejo.com 10.53.129.184
66.249.65.7 - - [30/Aug/2026:11:30:15 -0500] "GET /?details/646064626566714042569 HTTP/1.1" 200 58173 "-" "Mozilla/5.0 (Linux; Android 6.0.1; Nexus 5X Build/MMB29P) AppleWebKit/537.36 (KHTML, like Gecko) Chrome/151.0.7922.173 Mobile Safari/537.36 (compatible; Googlebot/2.1; +http://www.google.com/bot.html)" floresyfloressincelejo.com 10.53.129.184
57.141.22.18 - - [30/Aug/2026:11:30:10 -0500] "GET /details/656064716060665049006 HTTP/2.0" 404 27216 "-" "Mozilla/5.0 (Macintosh; Intel Mac OS X 10_15_7) AppleWebKit/537.36 (KHTML, like Gecko) Chrome/145.0.0.0 Safari/537.36 (compatible; meta-externalagent/1.1 (+https://developers.facebook.com/docs/sharing/webmasters/crawler))" floresyfloressincelejo.com 10.53.129.184
66.249.65.7 - - [30/Aug/2026:11:30:16 -0500] "GET /?details/667060666760636806703 HTTP/1.1" 200 58173 "-" "Mozilla/5.0 (Linux; Android 6.0.1; Nexus 5X Build/MMB29P) AppleWebKit/537.36 (KHTML, like Gecko) Chrome/151.0.7922.173 Mobile Safari/537.36 (compatible; Googlebot/2.1; +http://www.google.com/bot.html)" floresyfloressincelejo.com 10.53.129.184
66.249.65.7 - - [30/Aug/2026:11:30:17 -0500] "GET /?details/636662647163603624930 HTTP/1.1" 200 58173 "-" "Mozilla/5.0 (Linux; Android 6.0.1; Nexus 5X Build/MMB29P) AppleWebKit/537.36 (KHTML, like Gecko) Chrome/151.0.7922.173 Mobile Safari/537.36 (compatible; Googlebot/2.1; +http://www.google.com/bot.html)" floresyfloressincelejo.com 10.53.129.184
143.14.49.47 - - [30/Aug/2026:11:30:15 -0500] "POST /wp-content/themes/flatsome/inc/admin/gutenberg/class.gutenberg.php HTTP/2.0" 200 36 "-" "Mozilla/5.0 (Macintosh; Intel Mac OS X 10_15_7) AppleWebKit/537.36 (KHTML, like Gecko) Chrome/120.0.0.0 Safari/537.36" floresyfloressincelejo.com 10.53.129.184
143.14.49.47 - - [30/Aug/2026:11:30:18 -0500] "GET /wp-includes/sodium_compat/autoload.php7.php HTTP/2.0" 200 35 "-" "Mozilla/5.0 (Macintosh; Intel Mac OS X 10_15_7) AppleWebKit/537.36 (KHTML, like Gecko) Chrome/120.0.0.0 Safari/537.36" floresyfloressincelejo.com 10.53.129.184
143.14.49.47 - - [30/Aug/2026:11:30:19 -0500] "GET /wp-includes/sodium_compat/autoload.php7.php HTTP/2.0" 200 35 "-" "Mozilla/5.0 (Macintosh; Intel Mac OS X 10_15_7) AppleWebKit/537.36 (KHTML, like Gecko) Chrome/120.0.0.0 Safari/537.36" floresyfloressincelejo.com 10.53.129.184
216.73.217.1 - - [30/Aug/2026:11:30:18 -0500] "GET /details/646565716166614559161 HTTP/2.0" 404 27217 "-" "Mozilla/5.0 AppleWebKit/537.36 (KHTML, like Gecko; compatible; ClaudeBot/1.0; +claudebot@anthropic.com)" floresyfloressincelejo.com 10.53.129.184
66.249.65.8 - - [30/Aug/2026:11:30:20 -0500] "GET /?details/667170626061636982013 HTTP/1.1" 200 58173 "-" "Mozilla/5.0 (Linux; Android 6.0.1; Nexus 5X Build/MMB29P) AppleWebKit/537.36 (KHTML, like Gecko) Chrome/151.0.7922.173 Mobile Safari/537.36 (compatible; Googlebot/2.1; +http://www.google.com/bot.html)" floresyfloressincelejo.com 10.53.129.184
143.14.49.47 - - [30/Aug/2026:11:30:20 -0500] "POST /wp-includes/sodium_compat/autoload.php7.php HTTP/2.0" 200 36 "-" "Mozilla/5.0 (Macintosh; Intel Mac OS X 10_15_7) AppleWebKit/537.36 (KHTML, like Gecko) Chrome/120.0.0.0 Safari/537.36" floresyfloressincelejo.com 10.53.129.184
66.249.65.7 - - [30/Aug/2026:11:30:21 -0500] "GET /wp-content/themes/flatsome/assets/js/woocommerce.js?ver=1c9be63d628ff7c3ff4c HTTP/1.1" 200 10297 "https://floresyfloressincelejo.com/?details/656667636066665673066" "Mozilla/5.0 (Linux; Android 6.0.1; Nexus 5X Build/MMB29P) AppleWebKit/537.36 (KHTML, like Gecko) Chrome/151.0.7922.173 Mobile Safari/537.36 (compatible; Googlebot/2.1; +http://www.google.com/bot.html)" floresyfloressincelejo.com 10.53.129.184
66.249.65.8 - - [30/Aug/2026:11:30:21 -0500] "GET /?details/646362646061644324014 HTTP/1.1" 200 58173 "-" "Mozilla/5.0 (Linux; Android 6.0.1; Nexus 5X Build/MMB29P) AppleWebKit/537.36 (KHTML, like Gecko) Chrome/151.0.7922.173 Mobile Safari/537.36 (compatible; Googlebot/2.1; +http://www.google.com/bot.html)" floresyfloressincelejo.com 10.53.129.184
57.141.22.40 - - [30/Aug/2026:11:30:20 -0500] "GET /details/647167706570644978584 HTTP/2.0" 404 27217 "-" "Mozilla/5.0 (Windows NT 10.0; Win64; x64) AppleWebKit/537.36 (KHTML, like Gecko) Chrome/145.0.0.0 Safari/537.36 (compatible; meta-externalagent/1.1 (+https://developers.facebook.com/docs/sharing/webmasters/crawler))" floresyfloressincelejo.com 10.53.129.184
143.14.49.47 - - [30/Aug/2026:11:30:21 -0500] "POST /wp-content/plugins/woocommerce/assets/client/blocks/product-filter-removable-chips/ProtectorFilter.php HTTP/2.0" 200 46 "-" "Mozilla/5.0 (Macintosh; Intel Mac OS X 10_15_7) AppleWebKit/537.36 (KHTML, like Gecko) Chrome/120.0.0.0 Safari/537.36" floresyfloressincelejo.com 10.53.129.184
66.249.65.7 - - [30/Aug/2026:11:30:22 -0500] "GET /?details/646161637171704113998 HTTP/1.1" 200 58173 "-" "Mozilla/5.0 (Linux; Android 6.0.1; Nexus 5X Build/MMB29P) AppleWebKit/537.36 (KHTML, like Gecko) Chrome/151.0.7922.173 Mobile Safari/537.36 (compatible; Googlebot/2.1; +http://www.google.com/bot.html)" floresyfloressincelejo.com 10.53.129.184
66.249.65.8 - - [30/Aug/2026:11:30:27 -0500] "GET /?details/646071606663654090635 HTTP/1.1" 200 58173 "-" "Mozilla/5.0 (Linux; Android 6.0.1; Nexus 5X Build/MMB29P) AppleWebKit/537.36 (KHTML, like Gecko) Chrome/151.0.7922.173 Mobile Safari/537.36 (compatible; Googlebot/2.1; +http://www.google.com/bot.html)" floresyfloressincelejo.com 10.53.129.184
66.249.65.8 - - [30/Aug/2026:11:30:25 -0500] "GET /details/656161616160665111106 HTTP/1.1" 200 45834 "-" "Mozilla/5.0 (Linux; Android 6.0.1; Nexus 5X Build/MMB29P) AppleWebKit/537.36 (KHTML, like Gecko) Chrome/151.0.7922.173 Mobile Safari/537.36 (compatible; Googlebot/2.1; +http://www.google.com/bot.html)" floresyfloressincelejo.com 10.53.129.184
74.7.242.57 - - [30/Aug/2026:11:30:27 -0500] "GET /details/656467607161625470912 HTTP/2.0" 404 27218 "https://floresyfloressincelejo.com/sitemap-4.xml" "Mozilla/5.0 AppleWebKit/537.36 (KHTML, like Gecko; compatible; GPTBot/1.4; +https://openai.com/gptbot)" floresyfloressincelejo.com 10.53.129.184
66.249.65.9 - - [30/Aug/2026:11:30:29 -0500] "GET /?details/636662626370663622386 HTTP/1.1" 200 58173 "-" "Mozilla/5.0 (Linux; Android 6.0.1; Nexus 5X Build/MMB29P) AppleWebKit/537.36 (KHTML, like Gecko) Chrome/151.0.7922.173 Mobile Safari/537.36 (compatible; Googlebot/2.1; +http://www.google.com/bot.html)" floresyfloressincelejo.com 10.53.129.184
57.141.22.89 - - [30/Aug/2026:11:30:28 -0500] "GET /details/666460647162656404925 HTTP/2.0" 404 27218 "-" "Mozilla/5.0 (Macintosh; Intel Mac OS X 10_15_7) AppleWebKit/537.36 (KHTML, like Gecko) Chrome/145.0.0.0 Safari/537.36 (compatible; meta-externalagent/1.1 (+https://developers.facebook.com/docs/sharing/webmasters/crawler))" floresyfloressincelejo.com 10.53.129.184
57.141.22.114 - - [30/Aug/2026:11:30:38 -0500] "GET /details/656265716665715259659 HTTP/2.0" 404 27217 "-" "Mozilla/5.0 (Macintosh; Intel Mac OS X 10_15_7) AppleWebKit/537.36 (KHTML, like Gecko) Chrome/145.0.0.0 Safari/537.36 (compatible; meta-externalagent/1.1 (+https://developers.facebook.com/docs/sharing/webmasters/crawler))" floresyfloressincelejo.com 10.53.129.184
66.249.65.7 - - [30/Aug/2026:11:30:41 -0500] "GET /?details/646062647060704024808 HTTP/1.1" 200 58173 "-" "Mozilla/5.0 (Linux; Android 6.0.1; Nexus 5X Build/MMB29P) AppleWebKit/537.36 (KHTML, like Gecko) Chrome/151.0.7922.173 Mobile Safari/537.36 (compatible; Googlebot/2.1; +http://www.google.com/bot.html)" floresyfloressincelejo.com 10.53.129.184
74.7.242.57 - - [30/Aug/2026:11:30:47 -0500] "GET /details/647164606365704940358 HTTP/2.0" 404 27217 "https://floresyfloressincelejo.com/sitemap-4.xml" "Mozilla/5.0 AppleWebKit/537.36 (KHTML, like Gecko; compatible; GPTBot/1.4; +https://openai.com/gptbot)" floresyfloressincelejo.com 10.53.129.184
57.141.22.120 - - [30/Aug/2026:11:30:48 -0500] "GET /details/656460667064605406840 HTTP/2.0" 404 27217 "-" "Mozilla/5.0 (Windows NT 10.0; Win64; x64) AppleWebKit/537.36 (KHTML, like Gecko) Chrome/145.0.0.0 Safari/537.36 (compatible; meta-externalagent/1.1 (+https://developers.facebook.com/docs/sharing/webmasters/crawler))" floresyfloressincelejo.com 10.53.129.184
216.73.217.1 - - [30/Aug/2026:11:30:48 -0500] "GET /details/636760626260673702207 HTTP/2.0" 404 27217 "-" "Mozilla/5.0 AppleWebKit/537.36 (KHTML, like Gecko; compatible; ClaudeBot/1.0; +claudebot@anthropic.com)" floresyfloressincelejo.com 10.53.129.184
57.141.22.3 - - [30/Aug/2026:11:30:57 -0500] "GET /details/666764667066626746862 HTTP/2.0" 404 27216 "-" "Mozilla/5.0 (Windows NT 10.0; Win64; x64) AppleWebKit/537.36 (KHTML, like Gecko) Chrome/145.0.0.0 Safari/537.36 (compatible; meta-externalagent/1.1 (+https://developers.facebook.com/docs/sharing/webmasters/crawler))" floresyfloressincelejo.com 10.53.129.184
47.79.13.147 - - [30/Aug/2026:11:31:03 -0500] "GET /?p=3269 HTTP/1.1" 301 - "https://floresyfloressincelejo.com/" "Mozilla/5.0 (X11; Linux x86_64) AppleWebKit/537.36 (KHTML, like Gecko) Chrome/135.0.0.0 Safari/537.36" floresyfloressincelejo.com 10.53.129.184
69.6.233.64 - - [30/Aug/2026:11:31:06 -0500] "POST /wp-cron.php?doing_wp_cron=1788107466.0030679702758789062500 HTTP/1.1" 200 - "-" "WordPress/7.1; https://floresyfloressincelejo.com" floresyfloressincelejo.com 10.53.129.184
74.7.242.57 - - [30/Aug/2026:11:31:07 -0500] "GET /details/637067616071713871099 HTTP/2.0" 404 27217 "https://floresyfloressincelejo.com/sitemap-3.xml" "Mozilla/5.0 AppleWebKit/537.36 (KHTML, like Gecko; compatible; GPTBot/1.4; +https://openai.com/gptbot)" floresyfloressincelejo.com 10.53.129.184
47.79.13.147 - - [30/Aug/2026:11:31:07 -0500] "GET /programa-de-fidelidad-casino-espana/ HTTP/1.1" 200 772 "https://floresyfloressincelejo.com/" "Mozilla/5.0 (X11; Linux x86_64) AppleWebKit/537.36 (KHTML, like Gecko) Chrome/135.0.0.0 Safari/537.36" floresyfloressincelejo.com 10.53.129.184
57.141.22.43 - - [30/Aug/2026:11:31:16 -0500] "GET /details/646365617060664351806 HTTP/2.0" 404 27218 "-" "Mozilla/5.0 (Windows NT 10.0; Win64; x64) AppleWebKit/537.36 (KHTML, like Gecko) Chrome/145.0.0.0 Safari/537.36 (compatible; meta-externalagent/1.1 (+https://developers.facebook.com/docs/sharing/webmasters/crawler))" floresyfloressincelejo.com 10.53.129.184
216.73.217.1 - - [30/Aug/2026:11:31:19 -0500] "GET /details/656462656070675425087 HTTP/2.0" 404 27217 "-" "Mozilla/5.0 AppleWebKit/537.36 (KHTML, like Gecko; compatible; ClaudeBot/1.0; +claudebot@anthropic.com)" floresyfloressincelejo.com 10.53.129.184
57.141.22.99 - - [30/Aug/2026:11:31:26 -0500] "GET /details/656170616561635181513 HTTP/2.0" 404 27216 "-" "Mozilla/5.0 (Windows NT 10.0; Win64; x64) AppleWebKit/537.36 (KHTML, like Gecko) Chrome/145.0.0.0 Safari/537.36 (compatible; meta-externalagent/1.1 (+https://developers.facebook.com/docs/sharing/webmasters/crawler))" floresyfloressincelejo.com 10.53.129.184
74.7.242.57 - - [30/Aug/2026:11:31:27 -0500] "GET /details/647071616770654891785 HTTP/2.0" 404 27219 "https://floresyfloressincelejo.com/sitemap-6.xml" "Mozilla/5.0 AppleWebKit/537.36 (KHTML, like Gecko; compatible; GPTBot/1.4; +https://openai.com/gptbot)" floresyfloressincelejo.com 10.53.129.184
57.141.22.46 - - [30/Aug/2026:11:31:34 -0500] "GET /details/656563666267625536272 HTTP/2.0" 404 27217 "-" "Mozilla/5.0 (Macintosh; Intel Mac OS X 10_15_7) AppleWebKit/537.36 (KHTML, like Gecko) Chrome/145.0.0.0 Safari/537.36 (compatible; meta-externalagent/1.1 (+https://developers.facebook.com/docs/sharing/webmasters/crawler))" floresyfloressincelejo.com 10.53.129.184
57.141.22.29 - - [30/Aug/2026:11:31:43 -0500] "GET /details/647170656765644985754 HTTP/2.0" 404 27217 "-" "Mozilla/5.0 (Macintosh; Intel Mac OS X 10_15_7) AppleWebKit/537.36 (KHTML, like Gecko) Chrome/145.0.0.0 Safari/537.36 (compatible; meta-externalagent/1.1 (+https://developers.facebook.com/docs/sharing/webmasters/crawler))" floresyfloressincelejo.com 10.53.129.184
74.7.242.57 - - [30/Aug/2026:11:31:47 -0500] "GET /details/656570677171645587994 HTTP/2.0" 404 27218 "https://floresyfloressincelejo.com/sitemap-7.xml" "Mozilla/5.0 AppleWebKit/537.36 (KHTML, like Gecko; compatible; GPTBot/1.4; +https://openai.com/gptbot)" floresyfloressincelejo.com 10.53.129.184
216.73.217.1 - - [30/Aug/2026:11:31:49 -0500] "GET /details/647070656360614885301 HTTP/2.0" 404 27218 "-" "Mozilla/5.0 AppleWebKit/537.36 (KHTML, like Gecko; compatible; ClaudeBot/1.0; +claudebot@anthropic.com)" floresyfloressincelejo.com 10.53.129.184
57.141.8.37 - - [30/Aug/2026:11:31:58 -0500] "GET / HTTP/2.0" 200 58173 "-" "facebookexternalhit/1.1 (+http://www.facebook.com/externalhit_uatext.php)" floresyfloressincelejo.com 10.53.129.184
57.141.22.127 - - [30/Aug/2026:11:31:53 -0500] "GET /details/667171666561636996513 HTTP/2.0" 404 27218 "-" "Mozilla/5.0 (Windows NT 10.0; Win64; x64) AppleWebKit/537.36 (KHTML, like Gecko) Chrome/145.0.0.0 Safari/537.36 (compatible; meta-externalagent/1.1 (+https://developers.facebook.com/docs/sharing/webmasters/crawler))" floresyfloressincelejo.com 10.53.129.184
216.73.217.1 - - [30/Aug/2026:11:32:07 -0500] "GET /details/637065706170603858180 HTTP/2.0" 404 27215 "-" "Mozilla/5.0 AppleWebKit/537.36 (KHTML, like Gecko; compatible; ClaudeBot/1.0; +claudebot@anthropic.com)" floresyfloressincelejo.com 10.53.129.184
74.7.242.57 - - [30/Aug/2026:11:32:07 -0500] "GET /details/647163667064604936840 HTTP/2.0" 404 27218 "https://floresyfloressincelejo.com/sitemap.xml" "Mozilla/5.0 AppleWebKit/537.36 (KHTML, like Gecko; compatible; GPTBot/1.4; +https://openai.com/gptbot)" floresyfloressincelejo.com 10.53.129.184
66.249.65.8 - - [30/Aug/2026:11:32:15 -0500] "GET /?details/656066716362665069326 HTTP/1.1" 200 58173 "-" "Mozilla/5.0 (Linux; Android 6.0.1; Nexus 5X Build/MMB29P) AppleWebKit/537.36 (KHTML, like Gecko) Chrome/151.0.7922.173 Mobile Safari/537.36 (compatible; Googlebot/2.1; +http://www.google.com/bot.html)" floresyfloressincelejo.com 10.53.129.184
57.141.22.124 - - [30/Aug/2026:11:32:12 -0500] "GET /details/656765656566635755563 HTTP/2.0" 404 27216 "-" "Mozilla/5.0 (Windows NT 10.0; Win64; x64) AppleWebKit/537.36 (KHTML, like Gecko) Chrome/145.0.0.0 Safari/537.36 (compatible; meta-externalagent/1.1 (+https://developers.facebook.com/docs/sharing/webmasters/crawler))" floresyfloressincelejo.com 10.53.129.184
69.6.233.64 - - [30/Aug/2026:11:32:12 -0500] "POST /wp-cron.php?doing_wp_cron=1788107532.3316330909729003906250 HTTP/1.1" 200 - "-" "WordPress/7.1; https://floresyfloressincelejo.com" floresyfloressincelejo.com 10.53.129.184
66.249.65.9 - - [30/Aug/2026:11:32:18 -0500] "GET /?details/656763667065645736854 HTTP/1.1" 200 58173 "-" "Mozilla/5.0 (Linux; Android 6.0.1; Nexus 5X Build/MMB29P) AppleWebKit/537.36 (KHTML, like Gecko) Chrome/151.0.7922.173 Mobile Safari/537.36 (compatible; Googlebot/2.1; +http://www.google.com/bot.html)" floresyfloressincelejo.com 10.53.129.184
57.141.22.41 - - [30/Aug/2026:11:32:20 -0500] "GET /details/656671616562615691521 HTTP/2.0" 404 27216 "-" "Mozilla/5.0 (Macintosh; Intel Mac OS X 10_15_7) AppleWebKit/537.36 (KHTML, like Gecko) Chrome/145.0.0.0 Safari/537.36 (compatible; meta-externalagent/1.1 (+https://developers.facebook.com/docs/sharing/webmasters/crawler))" floresyfloressincelejo.com 10.53.129.184
74.7.242.57 - - [30/Aug/2026:11:32:27 -0500] "GET /details/657061617162645811924 HTTP/2.0" 404 27217 "https://floresyfloressincelejo.com/sitemap-3.xml" "Mozilla/5.0 AppleWebKit/537.36 (KHTML, like Gecko; compatible; GPTBot/1.4; +https://openai.com/gptbot)" floresyfloressincelejo.com 10.53.129.184
57.141.22.121 - - [30/Aug/2026:11:32:30 -0500] "GET /details/656660636364625603342 HTTP/2.0" 404 27217 "-" "Mozilla/5.0 (X11; Linux x86_64) AppleWebKit/537.36 (KHTML, like Gecko) Chrome/145.0.0.0 Safari/537.36 (compatible; meta-externalagent/1.1 (+https://developers.facebook.com/docs/sharing/webmasters/crawler))" floresyfloressincelejo.com 10.53.129.184
216.73.217.1 - - [30/Aug/2026:11:32:38 -0500] "GET /details/646361676560674317507 HTTP/2.0" 404 27218 "-" "Mozilla/5.0 AppleWebKit/537.36 (KHTML, like Gecko; compatible; ClaudeBot/1.0; +claudebot@anthropic.com)" floresyfloressincelejo.com 10.53.129.184
57.141.22.123 - - [30/Aug/2026:11:32:39 -0500] "GET /details/666262667167666226976 HTTP/2.0" 404 27216 "-" "Mozilla/5.0 (X11; Linux x86_64) AppleWebKit/537.36 (KHTML, like Gecko) Chrome/145.0.0.0 Safari/537.36 (compatible; meta-externalagent/1.1 (+https://developers.facebook.com/docs/sharing/webmasters/crawler))" floresyfloressincelejo.com 10.53.129.184
74.7.242.57 - - [30/Aug/2026:11:32:47 -0500] "GET /details/647163606370644930384 HTTP/2.0" 404 27217 "https://floresyfloressincelejo.com/sitemap-6.xml" "Mozilla/5.0 AppleWebKit/537.36 (KHTML, like Gecko; compatible; GPTBot/1.4; +https://openai.com/gptbot)" floresyfloressincelejo.com 10.53.129.184
57.141.22.106 - - [30/Aug/2026:11:32:49 -0500] "GET /details/656663646370635634383 HTTP/2.0" 404 27218 "-" "Mozilla/5.0 (Windows NT 10.0; Win64; x64) AppleWebKit/537.36 (KHTML, like Gecko) Chrome/145.0.0.0 Safari/537.36 (compatible; meta-externalagent/1.1 (+https://developers.facebook.com/docs/sharing/webmasters/crawler))" floresyfloressincelejo.com 10.53.129.184
57.141.22.46 - - [30/Aug/2026:11:32:58 -0500] "GET /details/656067627164635072943 HTTP/2.0" 404 27218 "-" "Mozilla/5.0 (Windows NT 10.0; Win64; x64) AppleWebKit/537.36 (KHTML, like Gecko) Chrome/145.0.0.0 Safari/537.36 (compatible; meta-externalagent/1.1 (+https://developers.facebook.com/docs/sharing/webmasters/crawler))" floresyfloressincelejo.com 10.53.129.184
74.7.242.57 - - [30/Aug/2026:11:33:07 -0500] "GET /details/637062636071663823096 HTTP/2.0" 404 27218 "https://floresyfloressincelejo.com/sitemap-6.xml" "Mozilla/5.0 AppleWebKit/537.36 (KHTML, like Gecko; compatible; GPTBot/1.4; +https://openai.com/gptbot)" floresyfloressincelejo.com 10.53.129.184
57.141.22.123 - - [30/Aug/2026:11:33:07 -0500] "GET /details/666462636767636423773 HTTP/2.0" 404 27217 "-" "Mozilla/5.0 (Windows NT 10.0; Win64; x64) AppleWebKit/537.36 (KHTML, like Gecko) Chrome/145.0.0.0 Safari/537.36 (compatible; meta-externalagent/1.1 (+https://developers.facebook.com/docs/sharing/webmasters/crawler))" floresyfloressincelejo.com 10.53.129.184
216.73.217.1 - - [30/Aug/2026:11:33:08 -0500] "GET /details/656565706065705558058 HTTP/2.0" 404 27214 "-" "Mozilla/5.0 AppleWebKit/537.36 (KHTML, like Gecko; compatible; ClaudeBot/1.0; +claudebot@anthropic.com)" floresyfloressincelejo.com 10.53.129.184
69.6.233.64 - - [30/Aug/2026:11:33:09 -0500] "POST /wp-cron.php?doing_wp_cron=1788107589.5507481098175048828125 HTTP/1.1" 200 - "-" "WordPress/7.1; https://floresyfloressincelejo.com" floresyfloressincelejo.com 10.53.129.184
57.141.22.85 - - [30/Aug/2026:11:33:16 -0500] "GET /details/637064717065713849859 HTTP/2.0" 404 27217 "-" "Mozilla/5.0 (Windows NT 10.0; Win64; x64) AppleWebKit/537.36 (KHTML, like Gecko) Chrome/145.0.0.0 Safari/537.36 (compatible; meta-externalagent/1.1 (+https://developers.facebook.com/docs/sharing/webmasters/crawler))" floresyfloressincelejo.com 10.53.129.184
57.141.22.23 - - [30/Aug/2026:11:33:25 -0500] "GET /details/676064636464717043449 HTTP/2.0" 404 27215 "-" "Mozilla/5.0 (Windows NT 10.0; Win64; x64) AppleWebKit/537.36 (KHTML, like Gecko) Chrome/145.0.0.0 Safari/537.36 (compatible; meta-externalagent/1.1 (+https://developers.facebook.com/docs/sharing/webmasters/crawler))" floresyfloressincelejo.com 10.53.129.184
74.7.242.57 - - [30/Aug/2026:11:33:27 -0500] "GET /details/646370616365604381350 HTTP/2.0" 404 27218 "https://floresyfloressincelejo.com/sitemap.xml" "Mozilla/5.0 AppleWebKit/537.36 (KHTML, like Gecko; compatible; GPTBot/1.4; +https://openai.com/gptbot)" floresyfloressincelejo.com 10.53.129.184
216.73.217.1 - - [30/Aug/2026:11:33:32 -0500] "GET /details/656662707170615628981 HTTP/2.0" 404 27217 "-" "Mozilla/5.0 AppleWebKit/537.36 (KHTML, like Gecko; compatible; ClaudeBot/1.0; +claudebot@anthropic.com)" floresyfloressincelejo.com 10.53.129.184
57.141.22.10 - - [30/Aug/2026:11:33:34 -0500] "GET /details/666266706066676268067 HTTP/2.0" 404 - "-" "Mozilla/5.0 (Windows NT 10.0; Win64; x64) AppleWebKit/537.36 (KHTML, like Gecko) Chrome/145.0.0.0 Safari/537.36 (compatible; meta-externalagent/1.1 (+https://developers.facebook.com/docs/sharing/webmasters/crawler))" floresyfloressincelejo.com 10.53.129.184
57.141.22.42 - - [30/Aug/2026:11:33:44 -0500] "GET /details/637170606370633980383 HTTP/2.0" 404 27215 "-" "Mozilla/5.0 (Windows NT 10.0; Win64; x64) AppleWebKit/537.36 (KHTML, like Gecko) Chrome/145.0.0.0 Safari/537.36 (compatible; meta-externalagent/1.1 (+https://developers.facebook.com/docs/sharing/webmasters/crawler))" floresyfloressincelejo.com 10.53.129.184
57.141.22.87 - - [30/Aug/2026:11:33:45 -0500] "GET /details/676161706362637118323 HTTP/2.0" 404 27218 "-" "Mozilla/5.0 (Windows NT 10.0; Win64; x64) AppleWebKit/537.36 (KHTML, like Gecko) Chrome/145.0.0.0 Safari/537.36 (compatible; meta-externalagent/1.1 (+https://developers.facebook.com/docs/sharing/webmasters/crawler))" floresyfloressincelejo.com 10.53.129.184
74.7.242.57 - - [30/Aug/2026:11:33:47 -0500] "GET /details/637161656260673915207 HTTP/2.0" 404 27218 "https://floresyfloressincelejo.com/sitemap.xml" "Mozilla/5.0 AppleWebKit/537.36 (KHTML, like Gecko; compatible; GPTBot/1.4; +https://openai.com/gptbot)" floresyfloressincelejo.com 10.53.129.184
